Aug 13 21:02:21.368388 np0000007265 systemd[1]: Starting devstack@n-api-meta.service - Devstack devstack@n-api-meta.service...
Aug 13 21:02:21.373625 np0000007265 devstack@n-api-meta.service[95964]: [uWSGI] getting INI configuration from /etc/nova/nova-metadata-uwsgi.ini
Aug 13 21:02:21.376085 np0000007265 devstack@n-api-meta.service[95964]: *** Starting uWSGI 2.0.24-debian (64bit) on [Thu Aug 13 21:02:21 2026] ***
Aug 13 21:02:21.376085 np0000007265 devstack@n-api-meta.service[95964]: compiled with version: 13.2.0 on 17 April 2024 16:23:48
Aug 13 21:02:21.376085 np0000007265 devstack@n-api-meta.service[95964]: os: Linux-6.8.0-100-generic #100-Ubuntu SMP PREEMPT_DYNAMIC Tue Jan 13 16:40:06 UTC 2026
Aug 13 21:02:21.376085 np0000007265 devstack@n-api-meta.service[95964]: nodename: np0000007265
Aug 13 21:02:21.376085 np0000007265 devstack@n-api-meta.service[95964]: machine: x86_64
Aug 13 21:02:21.376085 np0000007265 devstack@n-api-meta.service[95964]: clock source: unix
Aug 13 21:02:21.376085 np0000007265 devstack@n-api-meta.service[95964]: pcre jit disabled
Aug 13 21:02:21.376085 np0000007265 devstack@n-api-meta.service[95964]: detected number of CPU cores: 16
Aug 13 21:02:21.376085 np0000007265 devstack@n-api-meta.service[95964]: current working directory: /
Aug 13 21:02:21.376085 np0000007265 devstack@n-api-meta.service[95964]: detected binary path: /usr/bin/uwsgi-core
Aug 13 21:02:21.376085 np0000007265 devstack@n-api-meta.service[95964]: your processes number limit is 257052
Aug 13 21:02:21.376085 np0000007265 devstack@n-api-meta.service[95964]: your memory page size is 4096 bytes
Aug 13 21:02:21.376085 np0000007265 devstack@n-api-meta.service[95964]: detected max file descriptor number: 2048
Aug 13 21:02:21.376085 np0000007265 devstack@n-api-meta.service[95964]: lock engine: pthread robust mutexes
Aug 13 21:02:21.376564 np0000007265 devstack@n-api-meta.service[95964]: thunder lock: enabled
Aug 13 21:02:21.376564 np0000007265 devstack@n-api-meta.service[95964]: uWSGI http bound on 0.0.0.0:8775 fd 5
Aug 13 21:02:21.376564 np0000007265 devstack@n-api-meta.service[95964]: uwsgi socket 0 bound to TCP address 127.0.0.1:41567 (port auto-assigned) fd 4
Aug 13 21:02:21.376564 np0000007265 devstack@n-api-meta.service[95964]: Python version: 3.12.3 (main, Jun 19 2026, 12:46:00) [GCC 13.3.0]
Aug 13 21:02:21.376564 np0000007265 devstack@n-api-meta.service[95964]: PEP 405 virtualenv detected: /opt/stack/data/venv
Aug 13 21:02:21.376564 np0000007265 devstack@n-api-meta.service[95964]: Set PythonHome to /opt/stack/data/venv
Aug 13 21:02:21.408596 np0000007265 devstack@n-api-meta.service[95964]: Python main interpreter initialized at 0x747204ea4668
Aug 13 21:02:21.408596 np0000007265 devstack@n-api-meta.service[95964]: python threads support enabled
Aug 13 21:02:21.408596 np0000007265 devstack@n-api-meta.service[95964]: your server socket listen backlog is limited to 100 connections
Aug 13 21:02:21.408596 np0000007265 devstack@n-api-meta.service[95964]: your mercy for graceful operations on workers is 80 seconds
Aug 13 21:02:21.409131 np0000007265 devstack@n-api-meta.service[95964]: mapped 671795 bytes (656 KB) for 4 cores
Aug 13 21:02:21.409280 np0000007265 devstack@n-api-meta.service[95964]: *** Operational MODE: preforking ***
Aug 13 21:02:21.409454 np0000007265 devstack@n-api-meta.service[95964]: *** uWSGI is running in multiple interpreter mode ***
Aug 13 21:02:21.409454 np0000007265 devstack@n-api-meta.service[95964]: spawned uWSGI master process (pid: 95964)
Aug 13 21:02:21.409582 np0000007265 systemd[1]: Started devstack@n-api-meta.service - Devstack devstack@n-api-meta.service.
Aug 13 21:02:21.409944 np0000007265 devstack@n-api-meta.service[95964]: spawned uWSGI worker 1 (pid: 95965, cores: 1)
Aug 13 21:02:21.410452 np0000007265 devstack@n-api-meta.service[95964]: spawned uWSGI worker 2 (pid: 95966, cores: 1)
Aug 13 21:02:21.411078 np0000007265 devstack@n-api-meta.service[95964]: spawned uWSGI worker 3 (pid: 95967, cores: 1)
Aug 13 21:02:21.411486 np0000007265 devstack@n-api-meta.service[95964]: spawned uWSGI worker 4 (pid: 95968, cores: 1)
Aug 13 21:02:21.411899 np0000007265 devstack@n-api-meta.service[95964]: spawned uWSGI http 1 (pid: 95969)
Aug 13 21:02:21.411899 np0000007265 devstack@n-api-meta.service[95964]: running "unix_signal:15 gracefully_kill_them_all" (master-start)...
Aug 13 21:02:23.000683 np0000007265 devstack@n-api-meta.service[95965]: INFO dbcounter [None req-592dba4b-1642-441c-bea3-e71971484df2 None None] Registered counter for database nova_api
Aug 13 21:02:23.015641 np0000007265 devstack@n-api-meta.service[95968]: INFO dbcounter [None req-5993b263-3302-47f4-8c27-656a57634147 None None] Registered counter for database nova_api
Aug 13 21:02:23.022069 np0000007265 devstack@n-api-meta.service[95967]: INFO dbcounter [None req-8da4bee1-0139-417b-919d-c8d3ed42e2f2 None None] Registered counter for database nova_api
Aug 13 21:02:23.043088 np0000007265 devstack@n-api-meta.service[95965]: DEBUG oslo_db.sqlalchemy.engines [None req-592dba4b-1642-441c-bea3-e71971484df2 None None] MySQL server mode set to STRICT_TRANS_TABLES,STRICT_ALL_TABLES,NO_ZERO_IN_DATE,NO_ZERO_DATE,ERROR_FOR_DIVISION_BY_ZERO,TRADITIONAL,NO_ENGINE_SUBSTITUTION {{(pid=95965) _check_effective_sql_mode /opt/stack/data/venv/lib/python3.12/site-packages/oslo_db/sqlalchemy/engines.py:325}}
Aug 13 21:02:23.058937 np0000007265 devstack@n-api-meta.service[95968]: DEBUG oslo_db.sqlalchemy.engines [None req-5993b263-3302-47f4-8c27-656a57634147 None None] MySQL server mode set to STRICT_TRANS_TABLES,STRICT_ALL_TABLES,NO_ZERO_IN_DATE,NO_ZERO_DATE,ERROR_FOR_DIVISION_BY_ZERO,TRADITIONAL,NO_ENGINE_SUBSTITUTION {{(pid=95968) _check_effective_sql_mode /opt/stack/data/venv/lib/python3.12/site-packages/oslo_db/sqlalchemy/engines.py:325}}
Aug 13 21:02:23.068237 np0000007265 devstack@n-api-meta.service[95967]: DEBUG oslo_db.sqlalchemy.engines [None req-8da4bee1-0139-417b-919d-c8d3ed42e2f2 None None] MySQL server mode set to STRICT_TRANS_TABLES,STRICT_ALL_TABLES,NO_ZERO_IN_DATE,NO_ZERO_DATE,ERROR_FOR_DIVISION_BY_ZERO,TRADITIONAL,NO_ENGINE_SUBSTITUTION {{(pid=95967) _check_effective_sql_mode /opt/stack/data/venv/lib/python3.12/site-packages/oslo_db/sqlalchemy/engines.py:325}}
Aug 13 21:02:23.073853 np0000007265 devstack@n-api-meta.service[95965]: DEBUG dbcounter [-] [95965] Writer thread running {{(pid=95965) stat_writer /opt/stack/data/venv/lib/python3.12/site-packages/dbcounter.py:102}}
Aug 13 21:02:23.076185 np0000007265 devstack@n-api-meta.service[95965]: DEBUG nova.context [None req-592dba4b-1642-441c-bea3-e71971484df2 None None] Found 2 cells: 00000000-0000-0000-0000-000000000000(cell0),4f9f30c7-805e-47a2-9bda-7912863f880e(cell1) {{(pid=95965) load_cells /opt/stack/nova/nova/context.py:509}}
Aug 13 21:02:23.076451 np0000007265 devstack@n-api-meta.service[95965]: INFO nova.utils [None req-592dba4b-1642-441c-bea3-e71971484df2 None None] The cell worker thread pool MainProcess.cell_worker is initialized
Aug 13 21:02:23.078032 np0000007265 devstack@n-api-meta.service[95965]: DEBUG oslo_concurrency.lockutils [None req-592dba4b-1642-441c-bea3-e71971484df2 None None] Acquiring lock "00000000-0000-0000-0000-000000000000" by "nova.context.set_target_cell..get_or_set_cached_cell_and_set_connections" {{(pid=95965) inner /opt/stack/data/venv/lib/python3.12/site-packages/oslo_concurrency/lockutils.py:512}}
Aug 13 21:02:23.078183 np0000007265 devstack@n-api-meta.service[95965]: DEBUG oslo_concurrency.lockutils [None req-592dba4b-1642-441c-bea3-e71971484df2 None None] Lock "00000000-0000-0000-0000-000000000000" acquired by "nova.context.set_target_cell..get_or_set_cached_cell_and_set_connections" :: waited 0.000s {{(pid=95965) inner /opt/stack/data/venv/lib/python3.12/site-packages/oslo_concurrency/lockutils.py:525}}
Aug 13 21:02:23.078525 np0000007265 devstack@n-api-meta.service[95965]: DEBUG oslo_concurrency.lockutils [None req-592dba4b-1642-441c-bea3-e71971484df2 None None] Lock "00000000-0000-0000-0000-000000000000" "released" by "nova.context.set_target_cell..get_or_set_cached_cell_and_set_connections" :: held 0.000s {{(pid=95965) inner /opt/stack/data/venv/lib/python3.12/site-packages/oslo_concurrency/lockutils.py:544}}
Aug 13 21:02:23.079177 np0000007265 devstack@n-api-meta.service[95965]: DEBUG oslo_concurrency.lockutils [None req-592dba4b-1642-441c-bea3-e71971484df2 None None] Acquiring lock "4f9f30c7-805e-47a2-9bda-7912863f880e" by "nova.context.set_target_cell..get_or_set_cached_cell_and_set_connections" {{(pid=95965) inner /opt/stack/data/venv/lib/python3.12/site-packages/oslo_concurrency/lockutils.py:512}}
Aug 13 21:02:23.079329 np0000007265 devstack@n-api-meta.service[95965]: DEBUG oslo_concurrency.lockutils [None req-592dba4b-1642-441c-bea3-e71971484df2 None None] Lock "4f9f30c7-805e-47a2-9bda-7912863f880e" acquired by "nova.context.set_target_cell..get_or_set_cached_cell_and_set_connections" :: waited 0.000s {{(pid=95965) inner /opt/stack/data/venv/lib/python3.12/site-packages/oslo_concurrency/lockutils.py:525}}
Aug 13 21:02:23.081565 np0000007265 devstack@n-api-meta.service[95965]: INFO dbcounter [None req-592dba4b-1642-441c-bea3-e71971484df2 None None] Registered counter for database nova_cell0
Aug 13 21:02:23.082931 np0000007265 devstack@n-api-meta.service[95965]: DEBUG oslo_concurrency.lockutils [None req-592dba4b-1642-441c-bea3-e71971484df2 None None] Lock "4f9f30c7-805e-47a2-9bda-7912863f880e" "released" by "nova.context.set_target_cell..get_or_set_cached_cell_and_set_connections" :: held 0.002s {{(pid=95965) inner /opt/stack/data/venv/lib/python3.12/site-packages/oslo_concurrency/lockutils.py:544}}
Aug 13 21:02:23.085030 np0000007265 devstack@n-api-meta.service[95965]: INFO dbcounter [None req-592dba4b-1642-441c-bea3-e71971484df2 None None] Registered counter for database nova_cell1
Aug 13 21:02:23.092236 np0000007265 devstack@n-api-meta.service[95968]: DEBUG dbcounter [-] [95968] Writer thread running {{(pid=95968) stat_writer /opt/stack/data/venv/lib/python3.12/site-packages/dbcounter.py:102}}
Aug 13 21:02:23.095034 np0000007265 devstack@n-api-meta.service[95968]: DEBUG nova.context [None req-5993b263-3302-47f4-8c27-656a57634147 None None] Found 2 cells: 00000000-0000-0000-0000-000000000000(cell0),4f9f30c7-805e-47a2-9bda-7912863f880e(cell1) {{(pid=95968) load_cells /opt/stack/nova/nova/context.py:509}}
Aug 13 21:02:23.095362 np0000007265 devstack@n-api-meta.service[95968]: INFO nova.utils [None req-5993b263-3302-47f4-8c27-656a57634147 None None] The cell worker thread pool MainProcess.cell_worker is initialized
Aug 13 21:02:23.097359 np0000007265 devstack@n-api-meta.service[95967]: DEBUG dbcounter [-] [95967] Writer thread running {{(pid=95967) stat_writer /opt/stack/data/venv/lib/python3.12/site-packages/dbcounter.py:102}}
Aug 13 21:02:23.097606 np0000007265 devstack@n-api-meta.service[95968]: DEBUG oslo_concurrency.lockutils [None req-5993b263-3302-47f4-8c27-656a57634147 None None] Acquiring lock "00000000-0000-0000-0000-000000000000" by "nova.context.set_target_cell..get_or_set_cached_cell_and_set_connections" {{(pid=95968) inner /opt/stack/data/venv/lib/python3.12/site-packages/oslo_concurrency/lockutils.py:512}}
Aug 13 21:02:23.097814 np0000007265 devstack@n-api-meta.service[95968]: DEBUG oslo_concurrency.lockutils [None req-5993b263-3302-47f4-8c27-656a57634147 None None] Lock "00000000-0000-0000-0000-000000000000" acquired by "nova.context.set_target_cell..get_or_set_cached_cell_and_set_connections" :: waited 0.000s {{(pid=95968) inner /opt/stack/data/venv/lib/python3.12/site-packages/oslo_concurrency/lockutils.py:525}}
Aug 13 21:02:23.098330 np0000007265 devstack@n-api-meta.service[95968]: DEBUG oslo_concurrency.lockutils [None req-5993b263-3302-47f4-8c27-656a57634147 None None] Lock "00000000-0000-0000-0000-000000000000" "released" by "nova.context.set_target_cell..get_or_set_cached_cell_and_set_connections" :: held 0.000s {{(pid=95968) inner /opt/stack/data/venv/lib/python3.12/site-packages/oslo_concurrency/lockutils.py:544}}
Aug 13 21:02:23.099076 np0000007265 devstack@n-api-meta.service[95968]: DEBUG oslo_concurrency.lockutils [None req-5993b263-3302-47f4-8c27-656a57634147 None None] Acquiring lock "4f9f30c7-805e-47a2-9bda-7912863f880e" by "nova.context.set_target_cell..get_or_set_cached_cell_and_set_connections" {{(pid=95968) inner /opt/stack/data/venv/lib/python3.12/site-packages/oslo_concurrency/lockutils.py:512}}
Aug 13 21:02:23.099558 np0000007265 devstack@n-api-meta.service[95967]: DEBUG nova.context [None req-8da4bee1-0139-417b-919d-c8d3ed42e2f2 None None] Found 2 cells: 00000000-0000-0000-0000-000000000000(cell0),4f9f30c7-805e-47a2-9bda-7912863f880e(cell1) {{(pid=95967) load_cells /opt/stack/nova/nova/context.py:509}}
Aug 13 21:02:23.099782 np0000007265 devstack@n-api-meta.service[95967]: INFO nova.utils [None req-8da4bee1-0139-417b-919d-c8d3ed42e2f2 None None] The cell worker thread pool MainProcess.cell_worker is initialized
Aug 13 21:02:23.100478 np0000007265 devstack@n-api-meta.service[95968]: INFO dbcounter [None req-5993b263-3302-47f4-8c27-656a57634147 None None] Registered counter for database nova_cell0
Aug 13 21:02:23.101413 np0000007265 devstack@n-api-meta.service[95967]: DEBUG oslo_concurrency.lockutils [None req-8da4bee1-0139-417b-919d-c8d3ed42e2f2 None None] Acquiring lock "00000000-0000-0000-0000-000000000000" by "nova.context.set_target_cell..get_or_set_cached_cell_and_set_connections" {{(pid=95967) inner /opt/stack/data/venv/lib/python3.12/site-packages/oslo_concurrency/lockutils.py:512}}
Aug 13 21:02:23.101519 np0000007265 devstack@n-api-meta.service[95968]: DEBUG oslo_concurrency.lockutils [None req-5993b263-3302-47f4-8c27-656a57634147 None None] Lock "4f9f30c7-805e-47a2-9bda-7912863f880e" acquired by "nova.context.set_target_cell..get_or_set_cached_cell_and_set_connections" :: waited 0.001s {{(pid=95968) inner /opt/stack/data/venv/lib/python3.12/site-packages/oslo_concurrency/lockutils.py:525}}
Aug 13 21:02:23.101585 np0000007265 devstack@n-api-meta.service[95967]: DEBUG oslo_concurrency.lockutils [None req-8da4bee1-0139-417b-919d-c8d3ed42e2f2 None None] Lock "00000000-0000-0000-0000-000000000000" acquired by "nova.context.set_target_cell..get_or_set_cached_cell_and_set_connections" :: waited 0.000s {{(pid=95967) inner /opt/stack/data/venv/lib/python3.12/site-packages/oslo_concurrency/lockutils.py:525}}
Aug 13 21:02:23.101864 np0000007265 devstack@n-api-meta.service[95967]: DEBUG oslo_concurrency.lockutils [None req-8da4bee1-0139-417b-919d-c8d3ed42e2f2 None None] Lock "00000000-0000-0000-0000-000000000000" "released" by "nova.context.set_target_cell..get_or_set_cached_cell_and_set_connections" :: held 0.000s {{(pid=95967) inner /opt/stack/data/venv/lib/python3.12/site-packages/oslo_concurrency/lockutils.py:544}}
Aug 13 21:02:23.102496 np0000007265 devstack@n-api-meta.service[95967]: DEBUG oslo_concurrency.lockutils [None req-8da4bee1-0139-417b-919d-c8d3ed42e2f2 None None] Acquiring lock "4f9f30c7-805e-47a2-9bda-7912863f880e" by "nova.context.set_target_cell..get_or_set_cached_cell_and_set_connections" {{(pid=95967) inner /opt/stack/data/venv/lib/python3.12/site-packages/oslo_concurrency/lockutils.py:512}}
Aug 13 21:02:23.102935 np0000007265 devstack@n-api-meta.service[95968]: DEBUG oslo_concurrency.lockutils [None req-5993b263-3302-47f4-8c27-656a57634147 None None] Lock "4f9f30c7-805e-47a2-9bda-7912863f880e" "released" by "nova.context.set_target_cell..get_or_set_cached_cell_and_set_connections" :: held 0.002s {{(pid=95968) inner /opt/stack/data/venv/lib/python3.12/site-packages/oslo_concurrency/lockutils.py:544}}
Aug 13 21:02:23.106364 np0000007265 devstack@n-api-meta.service[95967]: INFO dbcounter [None req-8da4bee1-0139-417b-919d-c8d3ed42e2f2 None None] Registered counter for database nova_cell0
Aug 13 21:02:23.106428 np0000007265 devstack@n-api-meta.service[95968]: INFO dbcounter [None req-5993b263-3302-47f4-8c27-656a57634147 None None] Registered counter for database nova_cell1
Aug 13 21:02:23.106473 np0000007265 devstack@n-api-meta.service[95967]: DEBUG oslo_concurrency.lockutils [None req-8da4bee1-0139-417b-919d-c8d3ed42e2f2 None None] Lock "4f9f30c7-805e-47a2-9bda-7912863f880e" acquired by "nova.context.set_target_cell..get_or_set_cached_cell_and_set_connections" :: waited 0.001s {{(pid=95967) inner /opt/stack/data/venv/lib/python3.12/site-packages/oslo_concurrency/lockutils.py:525}}
Aug 13 21:02:23.106928 np0000007265 devstack@n-api-meta.service[95967]: DEBUG oslo_concurrency.lockutils [None req-8da4bee1-0139-417b-919d-c8d3ed42e2f2 None None] Lock "4f9f30c7-805e-47a2-9bda-7912863f880e" "released" by "nova.context.set_target_cell..get_or_set_cached_cell_and_set_connections" :: held 0.003s {{(pid=95967) inner /opt/stack/data/venv/lib/python3.12/site-packages/oslo_concurrency/lockutils.py:544}}
Aug 13 21:02:23.108523 np0000007265 devstack@n-api-meta.service[95967]: INFO dbcounter [None req-8da4bee1-0139-417b-919d-c8d3ed42e2f2 None None] Registered counter for database nova_cell1
Aug 13 21:02:23.112565 np0000007265 devstack@n-api-meta.service[95966]: INFO dbcounter [None req-4b763389-bd6d-4d9a-8915-06d9fa6f936f None None] Registered counter for database nova_api
Aug 13 21:02:23.122599 np0000007265 devstack@n-api-meta.service[95965]: DEBUG oslo_db.sqlalchemy.engines [None req-592dba4b-1642-441c-bea3-e71971484df2 None None] MySQL server mode set to STRICT_TRANS_TABLES,STRICT_ALL_TABLES,NO_ZERO_IN_DATE,NO_ZERO_DATE,ERROR_FOR_DIVISION_BY_ZERO,TRADITIONAL,NO_ENGINE_SUBSTITUTION {{(pid=95965) _check_effective_sql_mode /opt/stack/data/venv/lib/python3.12/site-packages/oslo_db/sqlalchemy/engines.py:325}}
Aug 13 21:02:23.144674 np0000007265 devstack@n-api-meta.service[95965]: DEBUG oslo_db.sqlalchemy.engines [None req-592dba4b-1642-441c-bea3-e71971484df2 None None] MySQL server mode set to STRICT_TRANS_TABLES,STRICT_ALL_TABLES,NO_ZERO_IN_DATE,NO_ZERO_DATE,ERROR_FOR_DIVISION_BY_ZERO,TRADITIONAL,NO_ENGINE_SUBSTITUTION {{(pid=95965) _check_effective_sql_mode /opt/stack/data/venv/lib/python3.12/site-packages/oslo_db/sqlalchemy/engines.py:325}}
Aug 13 21:02:23.155899 np0000007265 devstack@n-api-meta.service[95968]: DEBUG oslo_db.sqlalchemy.engines [None req-5993b263-3302-47f4-8c27-656a57634147 None None] MySQL server mode set to STRICT_TRANS_TABLES,STRICT_ALL_TABLES,NO_ZERO_IN_DATE,NO_ZERO_DATE,ERROR_FOR_DIVISION_BY_ZERO,TRADITIONAL,NO_ENGINE_SUBSTITUTION {{(pid=95968) _check_effective_sql_mode /opt/stack/data/venv/lib/python3.12/site-packages/oslo_db/sqlalchemy/engines.py:325}}
Aug 13 21:02:23.159260 np0000007265 devstack@n-api-meta.service[95968]: DEBUG oslo_db.sqlalchemy.engines [None req-5993b263-3302-47f4-8c27-656a57634147 None None] MySQL server mode set to STRICT_TRANS_TABLES,STRICT_ALL_TABLES,NO_ZERO_IN_DATE,NO_ZERO_DATE,ERROR_FOR_DIVISION_BY_ZERO,TRADITIONAL,NO_ENGINE_SUBSTITUTION {{(pid=95968) _check_effective_sql_mode /opt/stack/data/venv/lib/python3.12/site-packages/oslo_db/sqlalchemy/engines.py:325}}
Aug 13 21:02:23.163326 np0000007265 devstack@n-api-meta.service[95966]: DEBUG oslo_db.sqlalchemy.engines [None req-4b763389-bd6d-4d9a-8915-06d9fa6f936f None None] MySQL server mode set to STRICT_TRANS_TABLES,STRICT_ALL_TABLES,NO_ZERO_IN_DATE,NO_ZERO_DATE,ERROR_FOR_DIVISION_BY_ZERO,TRADITIONAL,NO_ENGINE_SUBSTITUTION {{(pid=95966) _check_effective_sql_mode /opt/stack/data/venv/lib/python3.12/site-packages/oslo_db/sqlalchemy/engines.py:325}}
Aug 13 21:02:23.166566 np0000007265 devstack@n-api-meta.service[95967]: DEBUG oslo_db.sqlalchemy.engines [None req-8da4bee1-0139-417b-919d-c8d3ed42e2f2 None None] MySQL server mode set to STRICT_TRANS_TABLES,STRICT_ALL_TABLES,NO_ZERO_IN_DATE,NO_ZERO_DATE,ERROR_FOR_DIVISION_BY_ZERO,TRADITIONAL,NO_ENGINE_SUBSTITUTION {{(pid=95967) _check_effective_sql_mode /opt/stack/data/venv/lib/python3.12/site-packages/oslo_db/sqlalchemy/engines.py:325}}
Aug 13 21:02:23.170957 np0000007265 devstack@n-api-meta.service[95967]: DEBUG oslo_db.sqlalchemy.engines [None req-8da4bee1-0139-417b-919d-c8d3ed42e2f2 None None] MySQL server mode set to STRICT_TRANS_TABLES,STRICT_ALL_TABLES,NO_ZERO_IN_DATE,NO_ZERO_DATE,ERROR_FOR_DIVISION_BY_ZERO,TRADITIONAL,NO_ENGINE_SUBSTITUTION {{(pid=95967) _check_effective_sql_mode /opt/stack/data/venv/lib/python3.12/site-packages/oslo_db/sqlalchemy/engines.py:325}}
Aug 13 21:02:23.202900 np0000007265 devstack@n-api-meta.service[95966]: DEBUG dbcounter [-] [95966] Writer thread running {{(pid=95966) stat_writer /opt/stack/data/venv/lib/python3.12/site-packages/dbcounter.py:102}}
Aug 13 21:02:23.206039 np0000007265 devstack@n-api-meta.service[95965]: DEBUG dbcounter [-] [95965] Writer thread running {{(pid=95965) stat_writer /opt/stack/data/venv/lib/python3.12/site-packages/dbcounter.py:102}}
Aug 13 21:02:23.207121 np0000007265 devstack@n-api-meta.service[95966]: DEBUG nova.context [None req-4b763389-bd6d-4d9a-8915-06d9fa6f936f None None] Found 2 cells: 00000000-0000-0000-0000-000000000000(cell0),4f9f30c7-805e-47a2-9bda-7912863f880e(cell1) {{(pid=95966) load_cells /opt/stack/nova/nova/context.py:509}}
Aug 13 21:02:23.207498 np0000007265 devstack@n-api-meta.service[95966]: INFO nova.utils [None req-4b763389-bd6d-4d9a-8915-06d9fa6f936f None None] The cell worker thread pool MainProcess.cell_worker is initialized
Aug 13 21:02:23.209770 np0000007265 devstack@n-api-meta.service[95966]: DEBUG oslo_concurrency.lockutils [None req-4b763389-bd6d-4d9a-8915-06d9fa6f936f None None] Acquiring lock "00000000-0000-0000-0000-000000000000" by "nova.context.set_target_cell..get_or_set_cached_cell_and_set_connections" {{(pid=95966) inner /opt/stack/data/venv/lib/python3.12/site-packages/oslo_concurrency/lockutils.py:512}}
Aug 13 21:02:23.210130 np0000007265 devstack@n-api-meta.service[95966]: DEBUG oslo_concurrency.lockutils [None req-4b763389-bd6d-4d9a-8915-06d9fa6f936f None None] Lock "00000000-0000-0000-0000-000000000000" acquired by "nova.context.set_target_cell..get_or_set_cached_cell_and_set_connections" :: waited 0.000s {{(pid=95966) inner /opt/stack/data/venv/lib/python3.12/site-packages/oslo_concurrency/lockutils.py:525}}
Aug 13 21:02:23.210518 np0000007265 devstack@n-api-meta.service[95966]: DEBUG oslo_concurrency.lockutils [None req-4b763389-bd6d-4d9a-8915-06d9fa6f936f None None] Lock "00000000-0000-0000-0000-000000000000" "released" by "nova.context.set_target_cell..get_or_set_cached_cell_and_set_connections" :: held 0.001s {{(pid=95966) inner /opt/stack/data/venv/lib/python3.12/site-packages/oslo_concurrency/lockutils.py:544}}
Aug 13 21:02:23.211333 np0000007265 devstack@n-api-meta.service[95966]: DEBUG oslo_concurrency.lockutils [None req-4b763389-bd6d-4d9a-8915-06d9fa6f936f None None] Acquiring lock "4f9f30c7-805e-47a2-9bda-7912863f880e" by "nova.context.set_target_cell..get_or_set_cached_cell_and_set_connections" {{(pid=95966) inner /opt/stack/data/venv/lib/python3.12/site-packages/oslo_concurrency/lockutils.py:512}}
Aug 13 21:02:23.211530 np0000007265 devstack@n-api-meta.service[95966]: DEBUG oslo_concurrency.lockutils [None req-4b763389-bd6d-4d9a-8915-06d9fa6f936f None None] Lock "4f9f30c7-805e-47a2-9bda-7912863f880e" acquired by "nova.context.set_target_cell..get_or_set_cached_cell_and_set_connections" :: waited 0.000s {{(pid=95966) inner /opt/stack/data/venv/lib/python3.12/site-packages/oslo_concurrency/lockutils.py:525}}
Aug 13 21:02:23.212659 np0000007265 devstack@n-api-meta.service[95966]: DEBUG oslo_concurrency.lockutils [None req-4b763389-bd6d-4d9a-8915-06d9fa6f936f None None] Lock "4f9f30c7-805e-47a2-9bda-7912863f880e" "released" by "nova.context.set_target_cell..get_or_set_cached_cell_and_set_connections" :: held 0.001s {{(pid=95966) inner /opt/stack/data/venv/lib/python3.12/site-packages/oslo_concurrency/lockutils.py:544}}
Aug 13 21:02:23.214461 np0000007265 devstack@n-api-meta.service[95966]: INFO dbcounter [None req-4b763389-bd6d-4d9a-8915-06d9fa6f936f None None] Registered counter for database nova_cell0
Aug 13 21:02:23.215595 np0000007265 devstack@n-api-meta.service[95965]: DEBUG dbcounter [-] [95965] Writer thread running {{(pid=95965) stat_writer /opt/stack/data/venv/lib/python3.12/site-packages/dbcounter.py:102}}
Aug 13 21:02:23.217355 np0000007265 devstack@n-api-meta.service[95966]: INFO dbcounter [None req-4b763389-bd6d-4d9a-8915-06d9fa6f936f None None] Registered counter for database nova_cell1
Aug 13 21:02:23.220869 np0000007265 devstack@n-api-meta.service[95965]: INFO dbcounter [None req-592dba4b-1642-441c-bea3-e71971484df2 None None] Registered counter for database nova_cell0
Aug 13 21:02:23.247770 np0000007265 devstack@n-api-meta.service[95968]: DEBUG dbcounter [-] [95968] Writer thread running {{(pid=95968) stat_writer /opt/stack/data/venv/lib/python3.12/site-packages/dbcounter.py:102}}
Aug 13 21:02:23.250283 np0000007265 devstack@n-api-meta.service[95968]: DEBUG dbcounter [-] [95968] Writer thread running {{(pid=95968) stat_writer /opt/stack/data/venv/lib/python3.12/site-packages/dbcounter.py:102}}
Aug 13 21:02:23.254714 np0000007265 devstack@n-api-meta.service[95968]: INFO dbcounter [None req-5993b263-3302-47f4-8c27-656a57634147 None None] Registered counter for database nova_cell0
Aug 13 21:02:23.260859 np0000007265 devstack@n-api-meta.service[95965]: DEBUG oslo_db.sqlalchemy.engines [None req-592dba4b-1642-441c-bea3-e71971484df2 None None] MySQL server mode set to STRICT_TRANS_TABLES,STRICT_ALL_TABLES,NO_ZERO_IN_DATE,NO_ZERO_DATE,ERROR_FOR_DIVISION_BY_ZERO,TRADITIONAL,NO_ENGINE_SUBSTITUTION {{(pid=95965) _check_effective_sql_mode /opt/stack/data/venv/lib/python3.12/site-packages/oslo_db/sqlalchemy/engines.py:325}}
Aug 13 21:02:23.266112 np0000007265 devstack@n-api-meta.service[95967]: DEBUG dbcounter [-] [95967] Writer thread running {{(pid=95967) stat_writer /opt/stack/data/venv/lib/python3.12/site-packages/dbcounter.py:102}}
Aug 13 21:02:23.270486 np0000007265 devstack@n-api-meta.service[95965]: DEBUG dbcounter [-] [95965] Writer thread running {{(pid=95965) stat_writer /opt/stack/data/venv/lib/python3.12/site-packages/dbcounter.py:102}}
Aug 13 21:02:23.272694 np0000007265 devstack@n-api-meta.service[95967]: DEBUG dbcounter [-] [95967] Writer thread running {{(pid=95967) stat_writer /opt/stack/data/venv/lib/python3.12/site-packages/dbcounter.py:102}}
Aug 13 21:02:23.273075 np0000007265 devstack@n-api-meta.service[95966]: DEBUG oslo_db.sqlalchemy.engines [None req-4b763389-bd6d-4d9a-8915-06d9fa6f936f None None] MySQL server mode set to STRICT_TRANS_TABLES,STRICT_ALL_TABLES,NO_ZERO_IN_DATE,NO_ZERO_DATE,ERROR_FOR_DIVISION_BY_ZERO,TRADITIONAL,NO_ENGINE_SUBSTITUTION {{(pid=95966) _check_effective_sql_mode /opt/stack/data/venv/lib/python3.12/site-packages/oslo_db/sqlalchemy/engines.py:325}}
Aug 13 21:02:23.276377 np0000007265 devstack@n-api-meta.service[95967]: INFO dbcounter [None req-8da4bee1-0139-417b-919d-c8d3ed42e2f2 None None] Registered counter for database nova_cell0
Aug 13 21:02:23.295156 np0000007265 devstack@n-api-meta.service[95966]: DEBUG oslo_db.sqlalchemy.engines [None req-4b763389-bd6d-4d9a-8915-06d9fa6f936f None None] MySQL server mode set to STRICT_TRANS_TABLES,STRICT_ALL_TABLES,NO_ZERO_IN_DATE,NO_ZERO_DATE,ERROR_FOR_DIVISION_BY_ZERO,TRADITIONAL,NO_ENGINE_SUBSTITUTION {{(pid=95966) _check_effective_sql_mode /opt/stack/data/venv/lib/python3.12/site-packages/oslo_db/sqlalchemy/engines.py:325}}
Aug 13 21:02:23.300932 np0000007265 devstack@n-api-meta.service[95968]: DEBUG oslo_db.sqlalchemy.engines [None req-5993b263-3302-47f4-8c27-656a57634147 None None] MySQL server mode set to STRICT_TRANS_TABLES,STRICT_ALL_TABLES,NO_ZERO_IN_DATE,NO_ZERO_DATE,ERROR_FOR_DIVISION_BY_ZERO,TRADITIONAL,NO_ENGINE_SUBSTITUTION {{(pid=95968) _check_effective_sql_mode /opt/stack/data/venv/lib/python3.12/site-packages/oslo_db/sqlalchemy/engines.py:325}}
Aug 13 21:02:23.308959 np0000007265 devstack@n-api-meta.service[95968]: DEBUG dbcounter [-] [95968] Writer thread running {{(pid=95968) stat_writer /opt/stack/data/venv/lib/python3.12/site-packages/dbcounter.py:102}}
Aug 13 21:02:23.324851 np0000007265 devstack@n-api-meta.service[95965]: WARNING nova.api.metadata.handler [None req-592dba4b-1642-441c-bea3-e71971484df2 None None] metadata_proxy_shared_secret is not configured, the metadata information returned by the proxy cannot be trusted
Aug 13 21:02:23.327526 np0000007265 devstack@n-api-meta.service[95965]: DEBUG nova.api.openstack.wsgi_app [None req-592dba4b-1642-441c-bea3-e71971484df2 None None] ******************************************************************************** {{(pid=95965) log_opt_values /opt/stack/data/venv/lib/python3.12/site-packages/oslo_config/cfg.py:3533}}
Aug 13 21:02:23.327640 np0000007265 devstack@n-api-meta.service[95965]: DEBUG nova.api.openstack.wsgi_app [None req-592dba4b-1642-441c-bea3-e71971484df2 None None] Configuration options gathered from: {{(pid=95965) log_opt_values /opt/stack/data/venv/lib/python3.12/site-packages/oslo_config/cfg.py:3534}}
Aug 13 21:02:23.327747 np0000007265 devstack@n-api-meta.service[95965]: DEBUG nova.api.openstack.wsgi_app [None req-592dba4b-1642-441c-bea3-e71971484df2 None None] command line args: [] {{(pid=95965) log_opt_values /opt/stack/data/venv/lib/python3.12/site-packages/oslo_config/cfg.py:3535}}
Aug 13 21:02:23.327890 np0000007265 devstack@n-api-meta.service[95965]: DEBUG nova.api.openstack.wsgi_app [None req-592dba4b-1642-441c-bea3-e71971484df2 None None] config files: ['/etc/nova/api-paste.ini', '/etc/nova/nova.conf'] {{(pid=95965) log_opt_values /opt/stack/data/venv/lib/python3.12/site-packages/oslo_config/cfg.py:3536}}
Aug 13 21:02:23.328419 np0000007265 devstack@n-api-meta.service[95965]: DEBUG nova.api.openstack.wsgi_app [None req-592dba4b-1642-441c-bea3-e71971484df2 None None] ================================================================================ {{(pid=95965) log_opt_values /opt/stack/data/venv/lib/python3.12/site-packages/oslo_config/cfg.py:3541}}
Aug 13 21:02:23.328597 np0000007265 devstack@n-api-meta.service[95965]: DEBUG nova.api.openstack.wsgi_app [None req-592dba4b-1642-441c-bea3-e71971484df2 None None] allow_resize_to_same_host = True {{(pid=95965) log_opt_values /opt/stack/data/venv/lib/python3.12/site-packages/oslo_config/cfg.py:3549}}
Aug 13 21:02:23.328760 np0000007265 devstack@n-api-meta.service[95965]: DEBUG nova.api.openstack.wsgi_app [None req-592dba4b-1642-441c-bea3-e71971484df2 None None] arq_binding_timeout = 300 {{(pid=95965) log_opt_values /opt/stack/data/venv/lib/python3.12/site-packages/oslo_config/cfg.py:3549}}
Aug 13 21:02:23.328900 np0000007265 devstack@n-api-meta.service[95965]: DEBUG nova.api.openstack.wsgi_app [None req-592dba4b-1642-441c-bea3-e71971484df2 None None] block_device_allocate_retries = 60 {{(pid=95965) log_opt_values /opt/stack/data/venv/lib/python3.12/site-packages/oslo_config/cfg.py:3549}}
Aug 13 21:02:23.329054 np0000007265 devstack@n-api-meta.service[95965]: DEBUG nova.api.openstack.wsgi_app [None req-592dba4b-1642-441c-bea3-e71971484df2 None None] block_device_allocate_retries_interval = 3 {{(pid=95965) log_opt_values /opt/stack/data/venv/lib/python3.12/site-packages/oslo_config/cfg.py:3549}}
Aug 13 21:02:23.329239 np0000007265 devstack@n-api-meta.service[95965]: DEBUG nova.api.openstack.wsgi_app [None req-592dba4b-1642-441c-bea3-e71971484df2 None None] cell_worker_thread_pool_size = 5 {{(pid=95965) log_opt_values /opt/stack/data/venv/lib/python3.12/site-packages/oslo_config/cfg.py:3549}}
Aug 13 21:02:23.329800 np0000007265 devstack@n-api-meta.service[95965]: DEBUG nova.api.openstack.wsgi_app [None req-592dba4b-1642-441c-bea3-e71971484df2 None None] cert = self.pem {{(pid=95965) log_opt_values /opt/stack/data/venv/lib/python3.12/site-packages/oslo_config/cfg.py:3549}}
Aug 13 21:02:23.330229 np0000007265 devstack@n-api-meta.service[95965]: DEBUG nova.api.openstack.wsgi_app [None req-592dba4b-1642-441c-bea3-e71971484df2 None None] compute_driver = libvirt.LibvirtDriver {{(pid=95965) log_opt_values /opt/stack/data/venv/lib/python3.12/site-packages/oslo_config/cfg.py:3549}}
Aug 13 21:02:23.330229 np0000007265 devstack@n-api-meta.service[95965]: DEBUG nova.api.openstack.wsgi_app [None req-592dba4b-1642-441c-bea3-e71971484df2 None None] compute_monitors = [] {{(pid=95965) log_opt_values /opt/stack/data/venv/lib/python3.12/site-packages/oslo_config/cfg.py:3549}}
Aug 13 21:02:23.330229 np0000007265 devstack@n-api-meta.service[95965]: DEBUG nova.api.openstack.wsgi_app [None req-592dba4b-1642-441c-bea3-e71971484df2 None None] concurrency_backend = auto {{(pid=95965) log_opt_values /opt/stack/data/venv/lib/python3.12/site-packages/oslo_config/cfg.py:3549}}
Aug 13 21:02:23.330399 np0000007265 devstack@n-api-meta.service[95965]: DEBUG nova.api.openstack.wsgi_app [None req-592dba4b-1642-441c-bea3-e71971484df2 None None] config_dir = [] {{(pid=95965) log_opt_values /opt/stack/data/venv/lib/python3.12/site-packages/oslo_config/cfg.py:3549}}
Aug 13 21:02:23.330623 np0000007265 devstack@n-api-meta.service[95965]: DEBUG nova.api.openstack.wsgi_app [None req-592dba4b-1642-441c-bea3-e71971484df2 None None] config_drive_format = iso9660 {{(pid=95965) log_opt_values /opt/stack/data/venv/lib/python3.12/site-packages/oslo_config/cfg.py:3549}}
Aug 13 21:02:23.330623 np0000007265 devstack@n-api-meta.service[95965]: DEBUG nova.api.openstack.wsgi_app [None req-592dba4b-1642-441c-bea3-e71971484df2 None None] config_file = ['/etc/nova/api-paste.ini', '/etc/nova/nova.conf'] {{(pid=95965) log_opt_values /opt/stack/data/venv/lib/python3.12/site-packages/oslo_config/cfg.py:3549}}
Aug 13 21:02:23.330812 np0000007265 devstack@n-api-meta.service[95965]: DEBUG nova.api.openstack.wsgi_app [None req-592dba4b-1642-441c-bea3-e71971484df2 None None] config_source = [] {{(pid=95965) log_opt_values /opt/stack/data/venv/lib/python3.12/site-packages/oslo_config/cfg.py:3549}}
Aug 13 21:02:23.330874 np0000007265 devstack@n-api-meta.service[95965]: DEBUG nova.api.openstack.wsgi_app [None req-592dba4b-1642-441c-bea3-e71971484df2 None None] console_host = np0000007265 {{(pid=95965) log_opt_values /opt/stack/data/venv/lib/python3.12/site-packages/oslo_config/cfg.py:3549}}
Aug 13 21:02:23.331045 np0000007265 devstack@n-api-meta.service[95965]: DEBUG nova.api.openstack.wsgi_app [None req-592dba4b-1642-441c-bea3-e71971484df2 None None] control_exchange = nova {{(pid=95965) log_opt_values /opt/stack/data/venv/lib/python3.12/site-packages/oslo_config/cfg.py:3549}}
Aug 13 21:02:23.331227 np0000007265 devstack@n-api-meta.service[95965]: DEBUG nova.api.openstack.wsgi_app [None req-592dba4b-1642-441c-bea3-e71971484df2 None None] cpu_allocation_ratio = None {{(pid=95965) log_opt_values /opt/stack/data/venv/lib/python3.12/site-packages/oslo_config/cfg.py:3549}}
Aug 13 21:02:23.331362 np0000007265 devstack@n-api-meta.service[95965]: DEBUG nova.api.openstack.wsgi_app [None req-592dba4b-1642-441c-bea3-e71971484df2 None None] daemon = False {{(pid=95965) log_opt_values /opt/stack/data/venv/lib/python3.12/site-packages/oslo_config/cfg.py:3549}}
Aug 13 21:02:23.331489 np0000007265 devstack@n-api-meta.service[95965]: DEBUG nova.api.openstack.wsgi_app [None req-592dba4b-1642-441c-bea3-e71971484df2 None None] debug = True {{(pid=95965) log_opt_values /opt/stack/data/venv/lib/python3.12/site-packages/oslo_config/cfg.py:3549}}
Aug 13 21:02:23.331691 np0000007265 devstack@n-api-meta.service[95965]: DEBUG nova.api.openstack.wsgi_app [None req-592dba4b-1642-441c-bea3-e71971484df2 None None] default_access_ip_network_name = None {{(pid=95965) log_opt_values /opt/stack/data/venv/lib/python3.12/site-packages/oslo_config/cfg.py:3549}}
Aug 13 21:02:23.331863 np0000007265 devstack@n-api-meta.service[95965]: DEBUG nova.api.openstack.wsgi_app [None req-592dba4b-1642-441c-bea3-e71971484df2 None None] default_availability_zone = nova {{(pid=95965) log_opt_values /opt/stack/data/venv/lib/python3.12/site-packages/oslo_config/cfg.py:3549}}
Aug 13 21:02:23.332037 np0000007265 devstack@n-api-meta.service[95967]: DEBUG oslo_db.sqlalchemy.engines [None req-8da4bee1-0139-417b-919d-c8d3ed42e2f2 None None] MySQL server mode set to STRICT_TRANS_TABLES,STRICT_ALL_TABLES,NO_ZERO_IN_DATE,NO_ZERO_DATE,ERROR_FOR_DIVISION_BY_ZERO,TRADITIONAL,NO_ENGINE_SUBSTITUTION {{(pid=95967) _check_effective_sql_mode /opt/stack/data/venv/lib/python3.12/site-packages/oslo_db/sqlalchemy/engines.py:325}}
Aug 13 21:02:23.332089 np0000007265 devstack@n-api-meta.service[95965]: DEBUG nova.api.openstack.wsgi_app [None req-592dba4b-1642-441c-bea3-e71971484df2 None None] default_ephemeral_format = ext4 {{(pid=95965) log_opt_values /opt/stack/data/venv/lib/python3.12/site-packages/oslo_config/cfg.py:3549}}
Aug 13 21:02:23.332709 np0000007265 devstack@n-api-meta.service[95965]: DEBUG nova.api.openstack.wsgi_app [None req-592dba4b-1642-441c-bea3-e71971484df2 None None] default_green_pool_size = 1000 {{(pid=95965) log_opt_values /opt/stack/data/venv/lib/python3.12/site-packages/oslo_config/cfg.py:3549}}
Aug 13 21:02:23.333060 np0000007265 devstack@n-api-meta.service[95965]: DEBUG nova.api.openstack.wsgi_app [None req-592dba4b-1642-441c-bea3-e71971484df2 None None] default_log_levels = ['amqp=WARN', 'boto=WARN', 'sqlalchemy=WARN', 'suds=INFO', 'oslo.messaging=INFO', 'oslo_messaging=INFO', 'iso8601=WARN', 'requests.packages.urllib3.connectionpool=WARN', 'urllib3.connectionpool=WARN', 'websocket=WARN', 'requests.packages.urllib3.util.retry=WARN', 'urllib3.util.retry=WARN', 'keystonemiddleware=WARN', 'routes.middleware=WARN', 'stevedore=WARN', 'taskflow=WARN', 'keystoneauth=WARN', 'oslo.cache=INFO', 'oslo_policy=INFO', 'dogpile.core.dogpile=INFO', 'glanceclient=WARN', 'oslo.privsep.daemon=INFO'] {{(pid=95965) log_opt_values /opt/stack/data/venv/lib/python3.12/site-packages/oslo_config/cfg.py:3549}}
Aug 13 21:02:23.333266 np0000007265 devstack@n-api-meta.service[95965]: DEBUG nova.api.openstack.wsgi_app [None req-592dba4b-1642-441c-bea3-e71971484df2 None None] default_schedule_zone = None {{(pid=95965) log_opt_values /opt/stack/data/venv/lib/python3.12/site-packages/oslo_config/cfg.py:3549}}
Aug 13 21:02:23.334068 np0000007265 devstack@n-api-meta.service[95965]: DEBUG nova.api.openstack.wsgi_app [None req-592dba4b-1642-441c-bea3-e71971484df2 None None] default_thread_pool_size = 10 {{(pid=95965) log_opt_values /opt/stack/data/venv/lib/python3.12/site-packages/oslo_config/cfg.py:3549}}
Aug 13 21:02:23.334068 np0000007265 devstack@n-api-meta.service[95965]: DEBUG nova.api.openstack.wsgi_app [None req-592dba4b-1642-441c-bea3-e71971484df2 None None] disk_allocation_ratio = None {{(pid=95965) log_opt_values /opt/stack/data/venv/lib/python3.12/site-packages/oslo_config/cfg.py:3549}}
Aug 13 21:02:23.334068 np0000007265 devstack@n-api-meta.service[95965]: DEBUG nova.api.openstack.wsgi_app [None req-592dba4b-1642-441c-bea3-e71971484df2 None None] enable_new_services = True {{(pid=95965) log_opt_values /opt/stack/data/venv/lib/python3.12/site-packages/oslo_config/cfg.py:3549}}
Aug 13 21:02:23.334068 np0000007265 devstack@n-api-meta.service[95965]: DEBUG nova.api.openstack.wsgi_app [None req-592dba4b-1642-441c-bea3-e71971484df2 None None] flat_injected = False {{(pid=95965) log_opt_values /opt/stack/data/venv/lib/python3.12/site-packages/oslo_config/cfg.py:3549}}
Aug 13 21:02:23.334780 np0000007265 devstack@n-api-meta.service[95965]: DEBUG nova.api.openstack.wsgi_app [None req-592dba4b-1642-441c-bea3-e71971484df2 None None] force_config_drive = True {{(pid=95965) log_opt_values /opt/stack/data/venv/lib/python3.12/site-packages/oslo_config/cfg.py:3549}}
Aug 13 21:02:23.334868 np0000007265 devstack@n-api-meta.service[95965]: DEBUG nova.api.openstack.wsgi_app [None req-592dba4b-1642-441c-bea3-e71971484df2 None None] force_raw_images = True {{(pid=95965) log_opt_values /opt/stack/data/venv/lib/python3.12/site-packages/oslo_config/cfg.py:3549}}
Aug 13 21:02:23.335073 np0000007265 devstack@n-api-meta.service[95965]: DEBUG nova.api.openstack.wsgi_app [None req-592dba4b-1642-441c-bea3-e71971484df2 None None] graceful_shutdown_timeout = 5 {{(pid=95965) log_opt_values /opt/stack/data/venv/lib/python3.12/site-packages/oslo_config/cfg.py:3549}}
Aug 13 21:02:23.335272 np0000007265 devstack@n-api-meta.service[95965]: DEBUG nova.api.openstack.wsgi_app [None req-592dba4b-1642-441c-bea3-e71971484df2 None None] heal_instance_info_cache_interval = -1 {{(pid=95965) log_opt_values /opt/stack/data/venv/lib/python3.12/site-packages/oslo_config/cfg.py:3549}}
Aug 13 21:02:23.335496 np0000007265 devstack@n-api-meta.service[95965]: DEBUG nova.api.openstack.wsgi_app [None req-592dba4b-1642-441c-bea3-e71971484df2 None None] host = np0000007265 {{(pid=95965) log_opt_values /opt/stack/data/venv/lib/python3.12/site-packages/oslo_config/cfg.py:3549}}
Aug 13 21:02:23.336153 np0000007265 devstack@n-api-meta.service[95965]: DEBUG nova.api.openstack.wsgi_app [None req-592dba4b-1642-441c-bea3-e71971484df2 None None] initial_cpu_allocation_ratio = 4.0 {{(pid=95965) log_opt_values /opt/stack/data/venv/lib/python3.12/site-packages/oslo_config/cfg.py:3549}}
Aug 13 21:02:23.336364 np0000007265 devstack@n-api-meta.service[95965]: DEBUG nova.api.openstack.wsgi_app [None req-592dba4b-1642-441c-bea3-e71971484df2 None None] initial_disk_allocation_ratio = 1.0 {{(pid=95965) log_opt_values /opt/stack/data/venv/lib/python3.12/site-packages/oslo_config/cfg.py:3549}}
Aug 13 21:02:23.336551 np0000007265 devstack@n-api-meta.service[95965]: DEBUG nova.api.openstack.wsgi_app [None req-592dba4b-1642-441c-bea3-e71971484df2 None None] initial_ram_allocation_ratio = 1.0 {{(pid=95965) log_opt_values /opt/stack/data/venv/lib/python3.12/site-packages/oslo_config/cfg.py:3549}}
Aug 13 21:02:23.337332 np0000007265 devstack@n-api-meta.service[95965]: DEBUG nova.api.openstack.wsgi_app [None req-592dba4b-1642-441c-bea3-e71971484df2 None None] injected_network_template = /opt/stack/nova/nova/virt/interfaces.template {{(pid=95965) log_opt_values /opt/stack/data/venv/lib/python3.12/site-packages/oslo_config/cfg.py:3549}}
Aug 13 21:02:23.337332 np0000007265 devstack@n-api-meta.service[95965]: DEBUG nova.api.openstack.wsgi_app [None req-592dba4b-1642-441c-bea3-e71971484df2 None None] instance_build_timeout = 0 {{(pid=95965) log_opt_values /opt/stack/data/venv/lib/python3.12/site-packages/oslo_config/cfg.py:3549}}
Aug 13 21:02:23.337332 np0000007265 devstack@n-api-meta.service[95965]: DEBUG nova.api.openstack.wsgi_app [None req-592dba4b-1642-441c-bea3-e71971484df2 None None] instance_delete_interval = 300 {{(pid=95965) log_opt_values /opt/stack/data/venv/lib/python3.12/site-packages/oslo_config/cfg.py:3549}}
Aug 13 21:02:23.337932 np0000007265 devstack@n-api-meta.service[95965]: DEBUG nova.api.openstack.wsgi_app [None req-592dba4b-1642-441c-bea3-e71971484df2 None None] instance_format = [instance: %(uuid)s] {{(pid=95965) log_opt_values /opt/stack/data/venv/lib/python3.12/site-packages/oslo_config/cfg.py:3549}}
Aug 13 21:02:23.337932 np0000007265 devstack@n-api-meta.service[95965]: DEBUG nova.api.openstack.wsgi_app [None req-592dba4b-1642-441c-bea3-e71971484df2 None None] instance_name_template = instance-%08x {{(pid=95965) log_opt_values /opt/stack/data/venv/lib/python3.12/site-packages/oslo_config/cfg.py:3549}}
Aug 13 21:02:23.337932 np0000007265 devstack@n-api-meta.service[95965]: DEBUG nova.api.openstack.wsgi_app [None req-592dba4b-1642-441c-bea3-e71971484df2 None None] instance_usage_audit = False {{(pid=95965) log_opt_values /opt/stack/data/venv/lib/python3.12/site-packages/oslo_config/cfg.py:3549}}
Aug 13 21:02:23.338164 np0000007265 devstack@n-api-meta.service[95965]: DEBUG nova.api.openstack.wsgi_app [None req-592dba4b-1642-441c-bea3-e71971484df2 None None] instance_usage_audit_period = month {{(pid=95965) log_opt_values /opt/stack/data/venv/lib/python3.12/site-packages/oslo_config/cfg.py:3549}}
Aug 13 21:02:23.338304 np0000007265 devstack@n-api-meta.service[95965]: DEBUG nova.api.openstack.wsgi_app [None req-592dba4b-1642-441c-bea3-e71971484df2 None None] instance_uuid_format = [instance: %(uuid)s] {{(pid=95965) log_opt_values /opt/stack/data/venv/lib/python3.12/site-packages/oslo_config/cfg.py:3549}}
Aug 13 21:02:23.338411 np0000007265 devstack@n-api-meta.service[95968]: WARNING nova.api.metadata.handler [None req-5993b263-3302-47f4-8c27-656a57634147 None None] metadata_proxy_shared_secret is not configured, the metadata information returned by the proxy cannot be trusted
Aug 13 21:02:23.338467 np0000007265 devstack@n-api-meta.service[95965]: DEBUG nova.api.openstack.wsgi_app [None req-592dba4b-1642-441c-bea3-e71971484df2 None None] instances_path = /opt/stack/data/nova/instances {{(pid=95965) log_opt_values /opt/stack/data/venv/lib/python3.12/site-packages/oslo_config/cfg.py:3549}}
Aug 13 21:02:23.338685 np0000007265 devstack@n-api-meta.service[95965]: DEBUG nova.api.openstack.wsgi_app [None req-592dba4b-1642-441c-bea3-e71971484df2 None None] internal_service_availability_zone = internal {{(pid=95965) log_opt_values /opt/stack/data/venv/lib/python3.12/site-packages/oslo_config/cfg.py:3549}}
Aug 13 21:02:23.338862 np0000007265 devstack@n-api-meta.service[95965]: DEBUG nova.api.openstack.wsgi_app [None req-592dba4b-1642-441c-bea3-e71971484df2 None None] key = None {{(pid=95965) log_opt_values /opt/stack/data/venv/lib/python3.12/site-packages/oslo_config/cfg.py:3549}}
Aug 13 21:02:23.339050 np0000007265 devstack@n-api-meta.service[95965]: DEBUG nova.api.openstack.wsgi_app [None req-592dba4b-1642-441c-bea3-e71971484df2 None None] live_migration_retry_count = 30 {{(pid=95965) log_opt_values /opt/stack/data/venv/lib/python3.12/site-packages/oslo_config/cfg.py:3549}}
Aug 13 21:02:23.339229 np0000007265 devstack@n-api-meta.service[95965]: DEBUG nova.api.openstack.wsgi_app [None req-592dba4b-1642-441c-bea3-e71971484df2 None None] log_color = False {{(pid=95965) log_opt_values /opt/stack/data/venv/lib/python3.12/site-packages/oslo_config/cfg.py:3549}}
Aug 13 21:02:23.339415 np0000007265 devstack@n-api-meta.service[95965]: DEBUG nova.api.openstack.wsgi_app [None req-592dba4b-1642-441c-bea3-e71971484df2 None None] log_config_append = None {{(pid=95965) log_opt_values /opt/stack/data/venv/lib/python3.12/site-packages/oslo_config/cfg.py:3549}}
Aug 13 21:02:23.339604 np0000007265 devstack@n-api-meta.service[95965]: DEBUG nova.api.openstack.wsgi_app [None req-592dba4b-1642-441c-bea3-e71971484df2 None None] log_date_format = %Y-%m-%d %H:%M:%S {{(pid=95965) log_opt_values /opt/stack/data/venv/lib/python3.12/site-packages/oslo_config/cfg.py:3549}}
Aug 13 21:02:23.339784 np0000007265 devstack@n-api-meta.service[95965]: DEBUG nova.api.openstack.wsgi_app [None req-592dba4b-1642-441c-bea3-e71971484df2 None None] log_dir = None {{(pid=95965) log_opt_values /opt/stack/data/venv/lib/python3.12/site-packages/oslo_config/cfg.py:3549}}
Aug 13 21:02:23.339921 np0000007265 devstack@n-api-meta.service[95967]: DEBUG dbcounter [-] [95967] Writer thread running {{(pid=95967) stat_writer /opt/stack/data/venv/lib/python3.12/site-packages/dbcounter.py:102}}
Aug 13 21:02:23.339953 np0000007265 devstack@n-api-meta.service[95965]: DEBUG nova.api.openstack.wsgi_app [None req-592dba4b-1642-441c-bea3-e71971484df2 None None] log_file = None {{(pid=95965) log_opt_values /opt/stack/data/venv/lib/python3.12/site-packages/oslo_config/cfg.py:3549}}
Aug 13 21:02:23.340108 np0000007265 devstack@n-api-meta.service[95965]: DEBUG nova.api.openstack.wsgi_app [None req-592dba4b-1642-441c-bea3-e71971484df2 None None] log_options = True {{(pid=95965) log_opt_values /opt/stack/data/venv/lib/python3.12/site-packages/oslo_config/cfg.py:3549}}
Aug 13 21:02:23.340266 np0000007265 devstack@n-api-meta.service[95965]: DEBUG nova.api.openstack.wsgi_app [None req-592dba4b-1642-441c-bea3-e71971484df2 None None] log_rotate_interval = 1 {{(pid=95965) log_opt_values /opt/stack/data/venv/lib/python3.12/site-packages/oslo_config/cfg.py:3549}}
Aug 13 21:02:23.340430 np0000007265 devstack@n-api-meta.service[95965]: DEBUG nova.api.openstack.wsgi_app [None req-592dba4b-1642-441c-bea3-e71971484df2 None None] log_rotate_interval_type = days {{(pid=95965) log_opt_values /opt/stack/data/venv/lib/python3.12/site-packages/oslo_config/cfg.py:3549}}
Aug 13 21:02:23.340934 np0000007265 devstack@n-api-meta.service[95965]: DEBUG nova.api.openstack.wsgi_app [None req-592dba4b-1642-441c-bea3-e71971484df2 None None] log_rotation_type = none {{(pid=95965) log_opt_values /opt/stack/data/venv/lib/python3.12/site-packages/oslo_config/cfg.py:3549}}
Aug 13 21:02:23.340934 np0000007265 devstack@n-api-meta.service[95965]: DEBUG nova.api.openstack.wsgi_app [None req-592dba4b-1642-441c-bea3-e71971484df2 None None] logging_context_format_string = %(color)s%(levelname)s %(name)s [%(global_request_id)s %(request_id)s %(project_name)s %(user_name)s%(color)s] %(instance)s%(color)s%(message)s {{(pid=95965) log_opt_values /opt/stack/data/venv/lib/python3.12/site-packages/oslo_config/cfg.py:3549}}
Aug 13 21:02:23.341025 np0000007265 devstack@n-api-meta.service[95968]: DEBUG nova.api.openstack.wsgi_app [None req-5993b263-3302-47f4-8c27-656a57634147 None None] ******************************************************************************** {{(pid=95968) log_opt_values /opt/stack/data/venv/lib/python3.12/site-packages/oslo_config/cfg.py:3533}}
Aug 13 21:02:23.341025 np0000007265 devstack@n-api-meta.service[95968]: DEBUG nova.api.openstack.wsgi_app [None req-5993b263-3302-47f4-8c27-656a57634147 None None] Configuration options gathered from: {{(pid=95968) log_opt_values /opt/stack/data/venv/lib/python3.12/site-packages/oslo_config/cfg.py:3534}}
Aug 13 21:02:23.341074 np0000007265 devstack@n-api-meta.service[95965]: DEBUG nova.api.openstack.wsgi_app [None req-592dba4b-1642-441c-bea3-e71971484df2 None None] logging_debug_format_suffix = {{(pid=%(process)d) %(funcName)s %(pathname)s:%(lineno)d}} {{(pid=95965) log_opt_values /opt/stack/data/venv/lib/python3.12/site-packages/oslo_config/cfg.py:3549}}
