Aug 12 14:48:53.901847 np0000007064 devstack@g-api.service[99807]: [pid: 99807|app: 0|req: 94/275] 127.0.0.1 () {44 vars in 1055 bytes} [Wed Aug 12 14:48:53 2026] GET /v2/schemas/image => generated 6083 bytes in 4 msecs (HTTP/1.1 200) 4 headers in 158 bytes (1 switches on core 0)
Aug 12 14:48:53.913821 np0000007064 devstack@g-api.service[99806]: DEBUG glance.api.middleware.version_negotiation [None req-9055d167-98a6-4394-985b-65e88f4a252f tempest-AttachVolumeShelveTestJSON-394918107 tempest-AttachVolumeShelveTestJSON-394918107-project-member] Determining version of request: POST /v2/images Accept: */* {{(pid=99806) process_request /opt/stack/glance/glance/api/middleware/version_negotiation.py:44}}
Aug 12 14:48:53.914246 np0000007064 devstack@g-api.service[99806]: DEBUG glance.api.middleware.version_negotiation [None req-9055d167-98a6-4394-985b-65e88f4a252f tempest-AttachVolumeShelveTestJSON-394918107 tempest-AttachVolumeShelveTestJSON-394918107-project-member] Using url versioning {{(pid=99806) process_request /opt/stack/glance/glance/api/middleware/version_negotiation.py:57}}
Aug 12 14:48:53.914246 np0000007064 devstack@g-api.service[99806]: DEBUG glance.api.middleware.version_negotiation [None req-9055d167-98a6-4394-985b-65e88f4a252f tempest-AttachVolumeShelveTestJSON-394918107 tempest-AttachVolumeShelveTestJSON-394918107-project-member] Matched version: v2 {{(pid=99806) process_request /opt/stack/glance/glance/api/middleware/version_negotiation.py:69}}
Aug 12 14:48:53.914443 np0000007064 devstack@g-api.service[99806]: DEBUG glance.api.middleware.version_negotiation [None req-9055d167-98a6-4394-985b-65e88f4a252f tempest-AttachVolumeShelveTestJSON-394918107 tempest-AttachVolumeShelveTestJSON-394918107-project-member] new path /v2/images {{(pid=99806) process_request /opt/stack/glance/glance/api/middleware/version_negotiation.py:70}}
Aug 12 14:48:54.623722 np0000007064 devstack@g-api.service[99806]: [pid: 99806|app: 0|req: 91/276] 127.0.0.1 () {46 vars in 1055 bytes} [Wed Aug 12 14:48:53 2026] POST /v2/images => generated 649 bytes in 710 msecs (HTTP/1.1 201) 6 headers in 315 bytes (1 switches on core 0)
Aug 12 14:48:54.642224 np0000007064 devstack@g-api.service[99805]: DEBUG glance.api.middleware.version_negotiation [None req-9055d167-98a6-4394-985b-65e88f4a252f tempest-AttachVolumeShelveTestJSON-394918107 tempest-AttachVolumeShelveTestJSON-394918107-project-member] Determining version of request: GET /v2/images/2e890294-969b-476b-9917-7aec023acac1 Accept: application/json {{(pid=99805) process_request /opt/stack/glance/glance/api/middleware/version_negotiation.py:44}}
Aug 12 14:48:54.642573 np0000007064 devstack@g-api.service[99805]: DEBUG glance.api.middleware.version_negotiation [None req-9055d167-98a6-4394-985b-65e88f4a252f tempest-AttachVolumeShelveTestJSON-394918107 tempest-AttachVolumeShelveTestJSON-394918107-project-member] Using url versioning {{(pid=99805) process_request /opt/stack/glance/glance/api/middleware/version_negotiation.py:57}}
Aug 12 14:48:54.642573 np0000007064 devstack@g-api.service[99805]: DEBUG glance.api.middleware.version_negotiation [None req-9055d167-98a6-4394-985b-65e88f4a252f tempest-AttachVolumeShelveTestJSON-394918107 tempest-AttachVolumeShelveTestJSON-394918107-project-member] Matched version: v2 {{(pid=99805) process_request /opt/stack/glance/glance/api/middleware/version_negotiation.py:69}}
Aug 12 14:48:54.642627 np0000007064 devstack@g-api.service[99805]: DEBUG glance.api.middleware.version_negotiation [None req-9055d167-98a6-4394-985b-65e88f4a252f tempest-AttachVolumeShelveTestJSON-394918107 tempest-AttachVolumeShelveTestJSON-394918107-project-member] new path /v2/images/2e890294-969b-476b-9917-7aec023acac1 {{(pid=99805) process_request /opt/stack/glance/glance/api/middleware/version_negotiation.py:70}}
Aug 12 14:48:54.652943 np0000007064 devstack@g-api.service[99805]: [pid: 99805|app: 0|req: 92/277] 127.0.0.1 () {40 vars in 838 bytes} [Wed Aug 12 14:48:54 2026] GET /v2/images/2e890294-969b-476b-9917-7aec023acac1 => generated 649 bytes in 11 msecs (HTTP/1.1 200) 4 headers in 157 bytes (1 switches on core 0)
Aug 12 14:48:54.965165 np0000007064 devstack@g-api.service[99807]: DEBUG glance.api.middleware.version_negotiation [None req-c80cd1a1-cc2c-4325-9ac6-c1a5179d6e01 tempest-TestImageHashVerification-1457017467 tempest-TestImageHashVerification-1457017467-project-member] Determining version of request: PUT /v2/images/2e890294-969b-476b-9917-7aec023acac1/file Accept: */* {{(pid=99807) process_request /opt/stack/glance/glance/api/middleware/version_negotiation.py:44}}
Aug 12 14:48:54.965904 np0000007064 devstack@g-api.service[99807]: DEBUG glance.api.middleware.version_negotiation [None req-c80cd1a1-cc2c-4325-9ac6-c1a5179d6e01 tempest-TestImageHashVerification-1457017467 tempest-TestImageHashVerification-1457017467-project-member] Using url versioning {{(pid=99807) process_request /opt/stack/glance/glance/api/middleware/version_negotiation.py:57}}
Aug 12 14:48:54.965904 np0000007064 devstack@g-api.service[99807]: DEBUG glance.api.middleware.version_negotiation [None req-c80cd1a1-cc2c-4325-9ac6-c1a5179d6e01 tempest-TestImageHashVerification-1457017467 tempest-TestImageHashVerification-1457017467-project-member] Matched version: v2 {{(pid=99807) process_request /opt/stack/glance/glance/api/middleware/version_negotiation.py:69}}
Aug 12 14:48:54.965904 np0000007064 devstack@g-api.service[99807]: DEBUG glance.api.middleware.version_negotiation [None req-c80cd1a1-cc2c-4325-9ac6-c1a5179d6e01 tempest-TestImageHashVerification-1457017467 tempest-TestImageHashVerification-1457017467-project-member] new path /v2/images/2e890294-969b-476b-9917-7aec023acac1/file {{(pid=99807) process_request /opt/stack/glance/glance/api/middleware/version_negotiation.py:70}}
Aug 12 14:48:55.493982 np0000007064 devstack@g-api.service[99807]: INFO glance.api.v2.image_data [None req-c80cd1a1-cc2c-4325-9ac6-c1a5179d6e01 tempest-TestImageHashVerification-1457017467 tempest-TestImageHashVerification-1457017467-project-member] Unable to create trust: no such option collect_timing in group [keystone_authtoken] Use the existing user token.
Aug 12 14:48:55.663005 np0000007064 devstack@g-api.service[99806]: DEBUG glance.api.middleware.version_negotiation [None req-c80cd1a1-cc2c-4325-9ac6-c1a5179d6e01 tempest-TestImageHashVerification-1457017467 tempest-TestImageHashVerification-1457017467-project-member] Determining version of request: GET /v2/images/2e890294-969b-476b-9917-7aec023acac1 Accept: application/json {{(pid=99806) process_request /opt/stack/glance/glance/api/middleware/version_negotiation.py:44}}
Aug 12 14:48:55.663486 np0000007064 devstack@g-api.service[99806]: DEBUG glance.api.middleware.version_negotiation [None req-c80cd1a1-cc2c-4325-9ac6-c1a5179d6e01 tempest-TestImageHashVerification-1457017467 tempest-TestImageHashVerification-1457017467-project-member] Using url versioning {{(pid=99806) process_request /opt/stack/glance/glance/api/middleware/version_negotiation.py:57}}
Aug 12 14:48:55.663486 np0000007064 devstack@g-api.service[99806]: DEBUG glance.api.middleware.version_negotiation [None req-c80cd1a1-cc2c-4325-9ac6-c1a5179d6e01 tempest-TestImageHashVerification-1457017467 tempest-TestImageHashVerification-1457017467-project-member] Matched version: v2 {{(pid=99806) process_request /opt/stack/glance/glance/api/middleware/version_negotiation.py:69}}
Aug 12 14:48:55.663486 np0000007064 devstack@g-api.service[99806]: DEBUG glance.api.middleware.version_negotiation [None req-c80cd1a1-cc2c-4325-9ac6-c1a5179d6e01 tempest-TestImageHashVerification-1457017467 tempest-TestImageHashVerification-1457017467-project-member] new path /v2/images/2e890294-969b-476b-9917-7aec023acac1 {{(pid=99806) process_request /opt/stack/glance/glance/api/middleware/version_negotiation.py:70}}
Aug 12 14:48:55.677045 np0000007064 devstack@g-api.service[99806]: [pid: 99806|app: 0|req: 92/278] 127.0.0.1 () {40 vars in 838 bytes} [Wed Aug 12 14:48:55 2026] GET /v2/images/2e890294-969b-476b-9917-7aec023acac1 => generated 649 bytes in 14 msecs (HTTP/1.1 200) 4 headers in 157 bytes (1 switches on core 0)
Aug 12 14:48:56.017355 np0000007064 devstack@g-api.service[99807]: DEBUG glance.location [None req-c80cd1a1-cc2c-4325-9ac6-c1a5179d6e01 tempest-TestImageHashVerification-1457017467 tempest-TestImageHashVerification-1457017467-project-member] Enabling in-flight format inspection for raw {{(pid=99807) set_data /opt/stack/glance/glance/location.py:596}}
Aug 12 14:48:56.017867 np0000007064 devstack@g-api.service[99807]: DEBUG glance_store.backend [None req-c80cd1a1-cc2c-4325-9ac6-c1a5179d6e01 tempest-TestImageHashVerification-1457017467 tempest-TestImageHashVerification-1457017467-project-member] Attempting to import store swift {{(pid=99807) _load_store /opt/stack/data/venv/lib/python3.12/site-packages/glance_store/backend.py:215}}
Aug 12 14:48:56.019147 np0000007064 devstack@g-api.service[99807]: DEBUG glance_store.capabilities [None req-c80cd1a1-cc2c-4325-9ac6-c1a5179d6e01 tempest-TestImageHashVerification-1457017467 tempest-TestImageHashVerification-1457017467-project-member] Store glance_store._drivers.swift.store.SingleTenantStore doesn't support updating dynamic storage capabilities. Please overwrite 'update_capabilities' method of the store to implement updating logics if needed. {{(pid=99807) update_capabilities /opt/stack/data/venv/lib/python3.12/site-packages/glance_store/capabilities.py:91}}
Aug 12 14:48:56.019259 np0000007064 devstack@g-api.service[99807]: DEBUG glance_store.driver [None req-c80cd1a1-cc2c-4325-9ac6-c1a5179d6e01 tempest-TestImageHashVerification-1457017467 tempest-TestImageHashVerification-1457017467-project-member] Late loading location class glance_store._drivers.swift.store.StoreLocation {{(pid=99807) get_store_location_class /opt/stack/data/venv/lib/python3.12/site-packages/glance_store/driver.py:134}}
Aug 12 14:48:56.019417 np0000007064 devstack@g-api.service[99807]: DEBUG glance_store.location [None req-c80cd1a1-cc2c-4325-9ac6-c1a5179d6e01 tempest-TestImageHashVerification-1457017467 tempest-TestImageHashVerification-1457017467-project-member] Registering scheme swift+https with {'store': , 'location_class': , 'store_entry': 'swift'} {{(pid=99807) register_scheme_map /opt/stack/data/venv/lib/python3.12/site-packages/glance_store/location.py:146}}
Aug 12 14:48:56.019526 np0000007064 devstack@g-api.service[99807]: DEBUG glance_store.location [None req-c80cd1a1-cc2c-4325-9ac6-c1a5179d6e01 tempest-TestImageHashVerification-1457017467 tempest-TestImageHashVerification-1457017467-project-member] Registering scheme swift+https with {'store': , 'location_class': , 'store_entry': 'swift'} {{(pid=99807) register_scheme_map /opt/stack/data/venv/lib/python3.12/site-packages/glance_store/location.py:146}}
Aug 12 14:48:56.019675 np0000007064 devstack@g-api.service[99807]: DEBUG glance_store.location [None req-c80cd1a1-cc2c-4325-9ac6-c1a5179d6e01 tempest-TestImageHashVerification-1457017467 tempest-TestImageHashVerification-1457017467-project-member] Registering scheme swift with {'store': , 'location_class': , 'store_entry': 'swift'} {{(pid=99807) register_scheme_map /opt/stack/data/venv/lib/python3.12/site-packages/glance_store/location.py:146}}
Aug 12 14:48:56.019774 np0000007064 devstack@g-api.service[99807]: DEBUG glance_store.location [None req-c80cd1a1-cc2c-4325-9ac6-c1a5179d6e01 tempest-TestImageHashVerification-1457017467 tempest-TestImageHashVerification-1457017467-project-member] Registering scheme swift+https with {'store': , 'location_class': , 'store_entry': 'swift'} {{(pid=99807) register_scheme_map /opt/stack/data/venv/lib/python3.12/site-packages/glance_store/location.py:146}}
Aug 12 14:48:56.019865 np0000007064 devstack@g-api.service[99807]: DEBUG glance_store.location [None req-c80cd1a1-cc2c-4325-9ac6-c1a5179d6e01 tempest-TestImageHashVerification-1457017467 tempest-TestImageHashVerification-1457017467-project-member] Registering scheme swift with {'store': , 'location_class': , 'store_entry': 'swift'} {{(pid=99807) register_scheme_map /opt/stack/data/venv/lib/python3.12/site-packages/glance_store/location.py:146}}
Aug 12 14:48:56.019940 np0000007064 devstack@g-api.service[99807]: DEBUG glance_store.location [None req-c80cd1a1-cc2c-4325-9ac6-c1a5179d6e01 tempest-TestImageHashVerification-1457017467 tempest-TestImageHashVerification-1457017467-project-member] Registering scheme swift+http with {'store': , 'location_class': , 'store_entry': 'swift'} {{(pid=99807) register_scheme_map /opt/stack/data/venv/lib/python3.12/site-packages/glance_store/location.py:146}}
Aug 12 14:48:56.020070 np0000007064 devstack@g-api.service[99807]: DEBUG glance_store.location [None req-c80cd1a1-cc2c-4325-9ac6-c1a5179d6e01 tempest-TestImageHashVerification-1457017467 tempest-TestImageHashVerification-1457017467-project-member] Registering scheme swift+https with {'store': , 'location_class': , 'store_entry': 'swift'} {{(pid=99807) register_scheme_map /opt/stack/data/venv/lib/python3.12/site-packages/glance_store/location.py:146}}
Aug 12 14:48:56.020126 np0000007064 devstack@g-api.service[99807]: DEBUG glance_store.location [None req-c80cd1a1-cc2c-4325-9ac6-c1a5179d6e01 tempest-TestImageHashVerification-1457017467 tempest-TestImageHashVerification-1457017467-project-member] Registering scheme swift with {'store': , 'location_class': , 'store_entry': 'swift'} {{(pid=99807) register_scheme_map /opt/stack/data/venv/lib/python3.12/site-packages/glance_store/location.py:146}}
Aug 12 14:48:56.020175 np0000007064 devstack@g-api.service[99807]: DEBUG glance_store.location [None req-c80cd1a1-cc2c-4325-9ac6-c1a5179d6e01 tempest-TestImageHashVerification-1457017467 tempest-TestImageHashVerification-1457017467-project-member] Registering scheme swift+http with {'store': , 'location_class': , 'store_entry': 'swift'} {{(pid=99807) register_scheme_map /opt/stack/data/venv/lib/python3.12/site-packages/glance_store/location.py:146}}
Aug 12 14:48:56.020235 np0000007064 devstack@g-api.service[99807]: DEBUG glance_store.location [None req-c80cd1a1-cc2c-4325-9ac6-c1a5179d6e01 tempest-TestImageHashVerification-1457017467 tempest-TestImageHashVerification-1457017467-project-member] Registering scheme swift+config with {'store': , 'location_class': , 'store_entry': 'swift'} {{(pid=99807) register_scheme_map /opt/stack/data/venv/lib/python3.12/site-packages/glance_store/location.py:146}}
Aug 12 14:48:56.135323 np0000007064 devstack@g-api.service[99807]: DEBUG swiftclient [None req-c80cd1a1-cc2c-4325-9ac6-c1a5179d6e01 tempest-TestImageHashVerification-1457017467 tempest-TestImageHashVerification-1457017467-project-member] REQ: curl -i https://10.4.3.138:8080/v1/AUTH_fb199618d91442d491063adf80de43bc/glance -I -H "X-Auth-Token: gAAAAABqfIfY5QAL..." {{(pid=99807) http_log /opt/stack/data/venv/lib/python3.12/site-packages/swiftclient/client.py:160}}
Aug 12 14:48:56.135525 np0000007064 devstack@g-api.service[99807]: DEBUG swiftclient [None req-c80cd1a1-cc2c-4325-9ac6-c1a5179d6e01 tempest-TestImageHashVerification-1457017467 tempest-TestImageHashVerification-1457017467-project-member] RESP STATUS: 204 No Content {{(pid=99807) http_log /opt/stack/data/venv/lib/python3.12/site-packages/swiftclient/client.py:161}}
Aug 12 14:48:56.135779 np0000007064 devstack@g-api.service[99807]: DEBUG swiftclient [None req-c80cd1a1-cc2c-4325-9ac6-c1a5179d6e01 tempest-TestImageHashVerification-1457017467 tempest-TestImageHashVerification-1457017467-project-member] RESP HEADERS: {'Date': 'Wed, 12 Aug 2026 14:48:56 GMT', 'Server': 'Apache/2.4.58 (Ubuntu)', 'Content-Type': 'text/plain; charset=utf-8', 'X-Container-Object-Count': '3', 'X-Container-Bytes-Used': '64356352', 'X-Timestamp': '1786545785.49737', 'Last-Modified': 'Wed, 12 Aug 2026 14:43:06 GMT', 'Accept-Ranges': 'bytes', 'X-Storage-Policy': 'Policy-0', 'X-Container-Sharding': 'False', 'Vary': 'Accept', 'X-Trans-Id': 'txad533ed579884a2bb932f-006a7c87d8', 'X-Openstack-Request-Id': 'txad533ed579884a2bb932f-006a7c87d8', 'Connection': 'close'} {{(pid=99807) http_log /opt/stack/data/venv/lib/python3.12/site-packages/swiftclient/client.py:162}}
Aug 12 14:48:56.136075 np0000007064 devstack@g-api.service[99807]: DEBUG glance_store._drivers.swift.store [None req-c80cd1a1-cc2c-4325-9ac6-c1a5179d6e01 tempest-TestImageHashVerification-1457017467 tempest-TestImageHashVerification-1457017467-project-member] Adding image object '2e890294-969b-476b-9917-7aec023acac1' to Swift {{(pid=99807) add /opt/stack/data/venv/lib/python3.12/site-packages/glance_store/_drivers/swift/store.py:970}}
Aug 12 14:48:56.136781 np0000007064 devstack@g-api.service[99807]: DEBUG glance_store._drivers.swift.store [None req-c80cd1a1-cc2c-4325-9ac6-c1a5179d6e01 tempest-TestImageHashVerification-1457017467 tempest-TestImageHashVerification-1457017467-project-member] Cannot determine image size because it is either not provided in the request or chunked-transfer encoding is used. Adding image as a segmented object to Swift. {{(pid=99807) add /opt/stack/data/venv/lib/python3.12/site-packages/glance_store/_drivers/swift/store.py:994}}
Aug 12 14:48:56.144727 np0000007064 devstack@g-api.service[99807]: DEBUG oslo_utils.imageutils.format_inspector [None req-c80cd1a1-cc2c-4325-9ac6-c1a5179d6e01 tempest-TestImageHashVerification-1457017467 tempest-TestImageHashVerification-1457017467-project-member] Format inspector for vmdk does not match, excluding from consideration (Signature KDMV not found: b'\x00\x00\x00\x00') {{(pid=99807) _process_chunk /opt/stack/data/venv/lib/python3.12/site-packages/oslo_utils/imageutils/format_inspector.py:1758}}
Aug 12 14:48:56.148891 np0000007064 devstack@g-api.service[99807]: DEBUG oslo_utils.imageutils.format_inspector [None req-c80cd1a1-cc2c-4325-9ac6-c1a5179d6e01 tempest-TestImageHashVerification-1457017467 tempest-TestImageHashVerification-1457017467-project-member] Format inspector for vhdx does not match, excluding from consideration (Region signature not found at 30000) {{(pid=99807) _process_chunk /opt/stack/data/venv/lib/python3.12/site-packages/oslo_utils/imageutils/format_inspector.py:1758}}
Aug 12 14:48:56.465349 np0000007064 devstack@g-api.service[99805]: DEBUG glance.api.middleware.version_negotiation [None req-88c3e0cd-72f8-427d-b51e-cb8336c56d38 tempest-TestImageHashVerification-1457017467 tempest-TestImageHashVerification-1457017467-project-member] Determining version of request: GET /v2/images/11b7f4db-4ee4-433a-85b9-1690d6e405f5 Accept: */* {{(pid=99805) process_request /opt/stack/glance/glance/api/middleware/version_negotiation.py:44}}
Aug 12 14:48:56.465852 np0000007064 devstack@g-api.service[99805]: DEBUG glance.api.middleware.version_negotiation [None req-88c3e0cd-72f8-427d-b51e-cb8336c56d38 tempest-TestImageHashVerification-1457017467 tempest-TestImageHashVerification-1457017467-project-member] Using url versioning {{(pid=99805) process_request /opt/stack/glance/glance/api/middleware/version_negotiation.py:57}}
Aug 12 14:48:56.465852 np0000007064 devstack@g-api.service[99805]: DEBUG glance.api.middleware.version_negotiation [None req-88c3e0cd-72f8-427d-b51e-cb8336c56d38 tempest-TestImageHashVerification-1457017467 tempest-TestImageHashVerification-1457017467-project-member] Matched version: v2 {{(pid=99805) process_request /opt/stack/glance/glance/api/middleware/version_negotiation.py:69}}
Aug 12 14:48:56.465852 np0000007064 devstack@g-api.service[99805]: DEBUG glance.api.middleware.version_negotiation [None req-88c3e0cd-72f8-427d-b51e-cb8336c56d38 tempest-TestImageHashVerification-1457017467 tempest-TestImageHashVerification-1457017467-project-member] new path /v2/images/11b7f4db-4ee4-433a-85b9-1690d6e405f5 {{(pid=99805) process_request /opt/stack/glance/glance/api/middleware/version_negotiation.py:70}}
Aug 12 14:48:56.483603 np0000007064 devstack@g-api.service[99805]: [pid: 99805|app: 0|req: 93/279] 127.0.0.1 () {44 vars in 1115 bytes} [Wed Aug 12 14:48:56 2026] GET /v2/images/11b7f4db-4ee4-433a-85b9-1690d6e405f5 => generated 1044 bytes in 18 msecs (HTTP/1.1 200) 4 headers in 158 bytes (1 switches on core 0)
Aug 12 14:48:56.534392 np0000007064 devstack@g-api.service[99806]: DEBUG glance.api.middleware.version_negotiation [None req-0c96ac28-d19e-42eb-972c-cc48adf22cf1 tempest-TestImageHashVerification-1457017467 tempest-TestImageHashVerification-1457017467-project-member] Determining version of request: GET /v2/schemas/image Accept: */* {{(pid=99806) process_request /opt/stack/glance/glance/api/middleware/version_negotiation.py:44}}
Aug 12 14:48:56.535184 np0000007064 devstack@g-api.service[99806]: DEBUG glance.api.middleware.version_negotiation [None req-0c96ac28-d19e-42eb-972c-cc48adf22cf1 tempest-TestImageHashVerification-1457017467 tempest-TestImageHashVerification-1457017467-project-member] Using url versioning {{(pid=99806) process_request /opt/stack/glance/glance/api/middleware/version_negotiation.py:57}}
Aug 12 14:48:56.535596 np0000007064 devstack@g-api.service[99806]: DEBUG glance.api.middleware.version_negotiation [None req-0c96ac28-d19e-42eb-972c-cc48adf22cf1 tempest-TestImageHashVerification-1457017467 tempest-TestImageHashVerification-1457017467-project-member] Matched version: v2 {{(pid=99806) process_request /opt/stack/glance/glance/api/middleware/version_negotiation.py:69}}
Aug 12 14:48:56.535596 np0000007064 devstack@g-api.service[99806]: DEBUG glance.api.middleware.version_negotiation [None req-0c96ac28-d19e-42eb-972c-cc48adf22cf1 tempest-TestImageHashVerification-1457017467 tempest-TestImageHashVerification-1457017467-project-member] new path /v2/schemas/image {{(pid=99806) process_request /opt/stack/glance/glance/api/middleware/version_negotiation.py:70}}
Aug 12 14:48:56.540544 np0000007064 devstack@g-api.service[99806]: [pid: 99806|app: 0|req: 93/280] 127.0.0.1 () {44 vars in 1055 bytes} [Wed Aug 12 14:48:56 2026] GET /v2/schemas/image => generated 6083 bytes in 6 msecs (HTTP/1.1 200) 4 headers in 158 bytes (1 switches on core 0)
Aug 12 14:48:56.689395 np0000007064 devstack@g-api.service[99805]: DEBUG glance.api.middleware.version_negotiation [None req-eed905a4-fac5-46de-a008-4793bed8574f tempest-VolumesBackupsTest-951302908 tempest-VolumesBackupsTest-951302908-project-member] Determining version of request: GET /v2/images/2e890294-969b-476b-9917-7aec023acac1 Accept: application/json {{(pid=99805) process_request /opt/stack/glance/glance/api/middleware/version_negotiation.py:44}}
Aug 12 14:48:56.689747 np0000007064 devstack@g-api.service[99805]: DEBUG glance.api.middleware.version_negotiation [None req-eed905a4-fac5-46de-a008-4793bed8574f tempest-VolumesBackupsTest-951302908 tempest-VolumesBackupsTest-951302908-project-member] Using url versioning {{(pid=99805) process_request /opt/stack/glance/glance/api/middleware/version_negotiation.py:57}}
Aug 12 14:48:56.689801 np0000007064 devstack@g-api.service[99805]: DEBUG glance.api.middleware.version_negotiation [None req-eed905a4-fac5-46de-a008-4793bed8574f tempest-VolumesBackupsTest-951302908 tempest-VolumesBackupsTest-951302908-project-member] Matched version: v2 {{(pid=99805) process_request /opt/stack/glance/glance/api/middleware/version_negotiation.py:69}}
Aug 12 14:48:56.690053 np0000007064 devstack@g-api.service[99805]: DEBUG glance.api.middleware.version_negotiation [None req-eed905a4-fac5-46de-a008-4793bed8574f tempest-VolumesBackupsTest-951302908 tempest-VolumesBackupsTest-951302908-project-member] new path /v2/images/2e890294-969b-476b-9917-7aec023acac1 {{(pid=99805) process_request /opt/stack/glance/glance/api/middleware/version_negotiation.py:70}}
Aug 12 14:48:56.714681 np0000007064 devstack@g-api.service[99805]: [pid: 99805|app: 0|req: 94/281] 127.0.0.1 () {40 vars in 838 bytes} [Wed Aug 12 14:48:56 2026] GET /v2/images/2e890294-969b-476b-9917-7aec023acac1 => generated 649 bytes in 25 msecs (HTTP/1.1 200) 4 headers in 157 bytes (1 switches on core 0)
Aug 12 14:48:57.728425 np0000007064 devstack@g-api.service[99806]: DEBUG glance.api.middleware.version_negotiation [None req-eed905a4-fac5-46de-a008-4793bed8574f tempest-VolumesBackupsTest-951302908 tempest-VolumesBackupsTest-951302908-project-member] Determining version of request: GET /v2/images/2e890294-969b-476b-9917-7aec023acac1 Accept: application/json {{(pid=99806) process_request /opt/stack/glance/glance/api/middleware/version_negotiation.py:44}}
Aug 12 14:48:57.728827 np0000007064 devstack@g-api.service[99806]: DEBUG glance.api.middleware.version_negotiation [None req-eed905a4-fac5-46de-a008-4793bed8574f tempest-VolumesBackupsTest-951302908 tempest-VolumesBackupsTest-951302908-project-member] Using url versioning {{(pid=99806) process_request /opt/stack/glance/glance/api/middleware/version_negotiation.py:57}}
Aug 12 14:48:57.728827 np0000007064 devstack@g-api.service[99806]: DEBUG glance.api.middleware.version_negotiation [None req-eed905a4-fac5-46de-a008-4793bed8574f tempest-VolumesBackupsTest-951302908 tempest-VolumesBackupsTest-951302908-project-member] Matched version: v2 {{(pid=99806) process_request /opt/stack/glance/glance/api/middleware/version_negotiation.py:69}}
Aug 12 14:48:57.732714 np0000007064 devstack@g-api.service[99806]: DEBUG glance.api.middleware.version_negotiation [None req-eed905a4-fac5-46de-a008-4793bed8574f tempest-VolumesBackupsTest-951302908 tempest-VolumesBackupsTest-951302908-project-member] new path /v2/images/2e890294-969b-476b-9917-7aec023acac1 {{(pid=99806) process_request /opt/stack/glance/glance/api/middleware/version_negotiation.py:70}}
Aug 12 14:48:57.748838 np0000007064 devstack@g-api.service[99806]: [pid: 99806|app: 0|req: 94/282] 127.0.0.1 () {40 vars in 838 bytes} [Wed Aug 12 14:48:57 2026] GET /v2/images/2e890294-969b-476b-9917-7aec023acac1 => generated 649 bytes in 21 msecs (HTTP/1.1 200) 4 headers in 157 bytes (1 switches on core 0)
Aug 12 14:48:58.418507 np0000007064 devstack@g-api.service[99807]: DEBUG swiftclient [None req-c80cd1a1-cc2c-4325-9ac6-c1a5179d6e01 tempest-TestImageHashVerification-1457017467 tempest-TestImageHashVerification-1457017467-project-member] REQ: curl -i https://10.4.3.138:8080/v1/AUTH_fb199618d91442d491063adf80de43bc/glance/2e890294-969b-476b-9917-7aec023acac1-00001 -X PUT -H "X-Auth-Token: gAAAAABqfIfY5QAL..." {{(pid=99807) http_log /opt/stack/data/venv/lib/python3.12/site-packages/swiftclient/client.py:160}}
Aug 12 14:48:58.418507 np0000007064 devstack@g-api.service[99807]: DEBUG swiftclient [None req-c80cd1a1-cc2c-4325-9ac6-c1a5179d6e01 tempest-TestImageHashVerification-1457017467 tempest-TestImageHashVerification-1457017467-project-member] RESP STATUS: 201 Created {{(pid=99807) http_log /opt/stack/data/venv/lib/python3.12/site-packages/swiftclient/client.py:161}}
Aug 12 14:48:58.418507 np0000007064 devstack@g-api.service[99807]: DEBUG swiftclient [None req-c80cd1a1-cc2c-4325-9ac6-c1a5179d6e01 tempest-TestImageHashVerification-1457017467 tempest-TestImageHashVerification-1457017467-project-member] RESP HEADERS: {'Date': 'Wed, 12 Aug 2026 14:48:58 GMT', 'Server': 'Apache/2.4.58 (Ubuntu)', 'Content-Type': 'text/html; charset=UTF-8', 'Content-Length': '0', 'Etag': 'eda9a9889837ac4bc81d6387d92c1bec', 'Last-Modified': 'Wed, 12 Aug 2026 14:48:57 GMT', 'X-Trans-Id': 'txe7a73c924d1a45b59d2e6-006a7c87d8', 'X-Openstack-Request-Id': 'txe7a73c924d1a45b59d2e6-006a7c87d8', 'Connection': 'close'} {{(pid=99807) http_log /opt/stack/data/venv/lib/python3.12/site-packages/swiftclient/client.py:162}}
Aug 12 14:48:58.418507 np0000007064 devstack@g-api.service[99807]: DEBUG glance_store._drivers.swift.store [None req-c80cd1a1-cc2c-4325-9ac6-c1a5179d6e01 tempest-TestImageHashVerification-1457017467 tempest-TestImageHashVerification-1457017467-project-member] Wrote chunk 2e890294-969b-476b-9917-7aec023acac1-00001 (1/?) of length 204800000 to Swift returning MD5 of content: eda9a9889837ac4bc81d6387d92c1bec {{(pid=99807) add /opt/stack/data/venv/lib/python3.12/site-packages/glance_store/_drivers/swift/store.py:1059}}
Aug 12 14:48:58.761744 np0000007064 devstack@g-api.service[99805]: DEBUG glance.api.middleware.version_negotiation [None req-acb60cf0-99d4-4908-a38a-7c554879db7e tempest-TestImageHashVerification-1457017467 tempest-TestImageHashVerification-1457017467-project-member] Determining version of request: GET /v2/images/2e890294-969b-476b-9917-7aec023acac1 Accept: application/json {{(pid=99805) process_request /opt/stack/glance/glance/api/middleware/version_negotiation.py:44}}
Aug 12 14:48:58.762265 np0000007064 devstack@g-api.service[99805]: DEBUG glance.api.middleware.version_negotiation [None req-acb60cf0-99d4-4908-a38a-7c554879db7e tempest-TestImageHashVerification-1457017467 tempest-TestImageHashVerification-1457017467-project-member] Using url versioning {{(pid=99805) process_request /opt/stack/glance/glance/api/middleware/version_negotiation.py:57}}
Aug 12 14:48:58.762265 np0000007064 devstack@g-api.service[99805]: DEBUG glance.api.middleware.version_negotiation [None req-acb60cf0-99d4-4908-a38a-7c554879db7e tempest-TestImageHashVerification-1457017467 tempest-TestImageHashVerification-1457017467-project-member] Matched version: v2 {{(pid=99805) process_request /opt/stack/glance/glance/api/middleware/version_negotiation.py:69}}
Aug 12 14:48:58.762265 np0000007064 devstack@g-api.service[99805]: DEBUG glance.api.middleware.version_negotiation [None req-acb60cf0-99d4-4908-a38a-7c554879db7e tempest-TestImageHashVerification-1457017467 tempest-TestImageHashVerification-1457017467-project-member] new path /v2/images/2e890294-969b-476b-9917-7aec023acac1 {{(pid=99805) process_request /opt/stack/glance/glance/api/middleware/version_negotiation.py:70}}
Aug 12 14:48:58.787342 np0000007064 devstack@g-api.service[99805]: [pid: 99805|app: 0|req: 95/283] 127.0.0.1 () {40 vars in 838 bytes} [Wed Aug 12 14:48:58 2026] GET /v2/images/2e890294-969b-476b-9917-7aec023acac1 => generated 649 bytes in 26 msecs (HTTP/1.1 200) 4 headers in 157 bytes (1 switches on core 0)
Aug 12 14:48:59.801240 np0000007064 devstack@g-api.service[99806]: DEBUG glance.api.middleware.version_negotiation [None req-78e3afee-ea46-4f36-9e64-468c378cd467 tempest-TestImageHashVerification-1457017467 tempest-TestImageHashVerification-1457017467-project-member] Determining version of request: GET /v2/images/2e890294-969b-476b-9917-7aec023acac1 Accept: application/json {{(pid=99806) process_request /opt/stack/glance/glance/api/middleware/version_negotiation.py:44}}
Aug 12 14:48:59.801754 np0000007064 devstack@g-api.service[99806]: DEBUG glance.api.middleware.version_negotiation [None req-78e3afee-ea46-4f36-9e64-468c378cd467 tempest-TestImageHashVerification-1457017467 tempest-TestImageHashVerification-1457017467-project-member] Using url versioning {{(pid=99806) process_request /opt/stack/glance/glance/api/middleware/version_negotiation.py:57}}
Aug 12 14:48:59.801754 np0000007064 devstack@g-api.service[99806]: DEBUG glance.api.middleware.version_negotiation [None req-78e3afee-ea46-4f36-9e64-468c378cd467 tempest-TestImageHashVerification-1457017467 tempest-TestImageHashVerification-1457017467-project-member] Matched version: v2 {{(pid=99806) process_request /opt/stack/glance/glance/api/middleware/version_negotiation.py:69}}
Aug 12 14:48:59.801754 np0000007064 devstack@g-api.service[99806]: DEBUG glance.api.middleware.version_negotiation [None req-78e3afee-ea46-4f36-9e64-468c378cd467 tempest-TestImageHashVerification-1457017467 tempest-TestImageHashVerification-1457017467-project-member] new path /v2/images/2e890294-969b-476b-9917-7aec023acac1 {{(pid=99806) process_request /opt/stack/glance/glance/api/middleware/version_negotiation.py:70}}
Aug 12 14:48:59.825004 np0000007064 devstack@g-api.service[99806]: [pid: 99806|app: 0|req: 95/284] 127.0.0.1 () {40 vars in 838 bytes} [Wed Aug 12 14:48:59 2026] GET /v2/images/2e890294-969b-476b-9917-7aec023acac1 => generated 649 bytes in 24 msecs (HTTP/1.1 200) 4 headers in 157 bytes (1 switches on core 0)
Aug 12 14:49:00.838781 np0000007064 devstack@g-api.service[99805]: DEBUG glance.api.middleware.version_negotiation [None req-8b07c4d1-bfc9-459d-92ff-4f041f01c55b tempest-TestImageHashVerification-1457017467 tempest-TestImageHashVerification-1457017467-project-member] Determining version of request: GET /v2/images/2e890294-969b-476b-9917-7aec023acac1 Accept: application/json {{(pid=99805) process_request /opt/stack/glance/glance/api/middleware/version_negotiation.py:44}}
Aug 12 14:49:00.839270 np0000007064 devstack@g-api.service[99805]: DEBUG glance.api.middleware.version_negotiation [None req-8b07c4d1-bfc9-459d-92ff-4f041f01c55b tempest-TestImageHashVerification-1457017467 tempest-TestImageHashVerification-1457017467-project-member] Using url versioning {{(pid=99805) process_request /opt/stack/glance/glance/api/middleware/version_negotiation.py:57}}
Aug 12 14:49:00.839270 np0000007064 devstack@g-api.service[99805]: DEBUG glance.api.middleware.version_negotiation [None req-8b07c4d1-bfc9-459d-92ff-4f041f01c55b tempest-TestImageHashVerification-1457017467 tempest-TestImageHashVerification-1457017467-project-member] Matched version: v2 {{(pid=99805) process_request /opt/stack/glance/glance/api/middleware/version_negotiation.py:69}}
Aug 12 14:49:00.839393 np0000007064 devstack@g-api.service[99805]: DEBUG glance.api.middleware.version_negotiation [None req-8b07c4d1-bfc9-459d-92ff-4f041f01c55b tempest-TestImageHashVerification-1457017467 tempest-TestImageHashVerification-1457017467-project-member] new path /v2/images/2e890294-969b-476b-9917-7aec023acac1 {{(pid=99805) process_request /opt/stack/glance/glance/api/middleware/version_negotiation.py:70}}
Aug 12 14:49:00.868103 np0000007064 devstack@g-api.service[99805]: [pid: 99805|app: 0|req: 96/285] 127.0.0.1 () {40 vars in 838 bytes} [Wed Aug 12 14:49:00 2026] GET /v2/images/2e890294-969b-476b-9917-7aec023acac1 => generated 649 bytes in 29 msecs (HTTP/1.1 200) 4 headers in 157 bytes (1 switches on core 0)
Aug 12 14:49:01.266717 np0000007064 devstack@g-api.service[99807]: DEBUG swiftclient [None req-c80cd1a1-cc2c-4325-9ac6-c1a5179d6e01 tempest-TestImageHashVerification-1457017467 tempest-TestImageHashVerification-1457017467-project-member] REQ: curl -i https://10.4.3.138:8080/v1/AUTH_fb199618d91442d491063adf80de43bc/glance/2e890294-969b-476b-9917-7aec023acac1-00002 -X PUT -H "X-Auth-Token: gAAAAABqfIfY5QAL..." {{(pid=99807) http_log /opt/stack/data/venv/lib/python3.12/site-packages/swiftclient/client.py:160}}
Aug 12 14:49:01.266717 np0000007064 devstack@g-api.service[99807]: DEBUG swiftclient [None req-c80cd1a1-cc2c-4325-9ac6-c1a5179d6e01 tempest-TestImageHashVerification-1457017467 tempest-TestImageHashVerification-1457017467-project-member] RESP STATUS: 201 Created {{(pid=99807) http_log /opt/stack/data/venv/lib/python3.12/site-packages/swiftclient/client.py:161}}
Aug 12 14:49:01.267138 np0000007064 devstack@g-api.service[99807]: DEBUG swiftclient [None req-c80cd1a1-cc2c-4325-9ac6-c1a5179d6e01 tempest-TestImageHashVerification-1457017467 tempest-TestImageHashVerification-1457017467-project-member] RESP HEADERS: {'Date': 'Wed, 12 Aug 2026 14:49:01 GMT', 'Server': 'Apache/2.4.58 (Ubuntu)', 'Content-Type': 'text/html; charset=UTF-8', 'Content-Length': '0', 'Etag': 'eda9a9889837ac4bc81d6387d92c1bec', 'Last-Modified': 'Wed, 12 Aug 2026 14:48:59 GMT', 'X-Trans-Id': 'txfa238c01dd584df3ad7e7-006a7c87da', 'X-Openstack-Request-Id': 'txfa238c01dd584df3ad7e7-006a7c87da', 'Connection': 'close'} {{(pid=99807) http_log /opt/stack/data/venv/lib/python3.12/site-packages/swiftclient/client.py:162}}
Aug 12 14:49:01.267138 np0000007064 devstack@g-api.service[99807]: DEBUG glance_store._drivers.swift.store [None req-c80cd1a1-cc2c-4325-9ac6-c1a5179d6e01 tempest-TestImageHashVerification-1457017467 tempest-TestImageHashVerification-1457017467-project-member] Wrote chunk 2e890294-969b-476b-9917-7aec023acac1-00002 (2/?) of length 204800000 to Swift returning MD5 of content: eda9a9889837ac4bc81d6387d92c1bec {{(pid=99807) add /opt/stack/data/venv/lib/python3.12/site-packages/glance_store/_drivers/swift/store.py:1059}}
Aug 12 14:49:01.886856 np0000007064 devstack@g-api.service[99806]: DEBUG glance.api.middleware.version_negotiation [None req-35efa3b7-78e7-4706-bd41-0aa4e3c5e482 tempest-TestImageHashVerification-1457017467 tempest-TestImageHashVerification-1457017467-project-member] Determining version of request: GET /v2/images/2e890294-969b-476b-9917-7aec023acac1 Accept: application/json {{(pid=99806) process_request /opt/stack/glance/glance/api/middleware/version_negotiation.py:44}}
Aug 12 14:49:01.886856 np0000007064 devstack@g-api.service[99806]: DEBUG glance.api.middleware.version_negotiation [None req-35efa3b7-78e7-4706-bd41-0aa4e3c5e482 tempest-TestImageHashVerification-1457017467 tempest-TestImageHashVerification-1457017467-project-member] Using url versioning {{(pid=99806) process_request /opt/stack/glance/glance/api/middleware/version_negotiation.py:57}}
Aug 12 14:49:01.886856 np0000007064 devstack@g-api.service[99806]: DEBUG glance.api.middleware.version_negotiation [None req-35efa3b7-78e7-4706-bd41-0aa4e3c5e482 tempest-TestImageHashVerification-1457017467 tempest-TestImageHashVerification-1457017467-project-member] Matched version: v2 {{(pid=99806) process_request /opt/stack/glance/glance/api/middleware/version_negotiation.py:69}}
Aug 12 14:49:01.886856 np0000007064 devstack@g-api.service[99806]: DEBUG glance.api.middleware.version_negotiation [None req-35efa3b7-78e7-4706-bd41-0aa4e3c5e482 tempest-TestImageHashVerification-1457017467 tempest-TestImageHashVerification-1457017467-project-member] new path /v2/images/2e890294-969b-476b-9917-7aec023acac1 {{(pid=99806) process_request /opt/stack/glance/glance/api/middleware/version_negotiation.py:70}}
Aug 12 14:49:01.910722 np0000007064 devstack@g-api.service[99806]: [pid: 99806|app: 0|req: 96/286] 127.0.0.1 () {40 vars in 838 bytes} [Wed Aug 12 14:49:01 2026] GET /v2/images/2e890294-969b-476b-9917-7aec023acac1 => generated 649 bytes in 25 msecs (HTTP/1.1 200) 4 headers in 157 bytes (1 switches on core 0)
Aug 12 14:49:02.920914 np0000007064 devstack@g-api.service[99805]: DEBUG glance.api.middleware.version_negotiation [None req-cad83af6-3f58-4259-acd2-518c80991fe7 tempest-TestImageHashVerification-1457017467 tempest-TestImageHashVerification-1457017467-project-member] Determining version of request: GET /v2/images/2e890294-969b-476b-9917-7aec023acac1 Accept: application/json {{(pid=99805) process_request /opt/stack/glance/glance/api/middleware/version_negotiation.py:44}}
Aug 12 14:49:02.920914 np0000007064 devstack@g-api.service[99805]: DEBUG glance.api.middleware.version_negotiation [None req-cad83af6-3f58-4259-acd2-518c80991fe7 tempest-TestImageHashVerification-1457017467 tempest-TestImageHashVerification-1457017467-project-member] Using url versioning {{(pid=99805) process_request /opt/stack/glance/glance/api/middleware/version_negotiation.py:57}}
Aug 12 14:49:02.920914 np0000007064 devstack@g-api.service[99805]: DEBUG glance.api.middleware.version_negotiation [None req-cad83af6-3f58-4259-acd2-518c80991fe7 tempest-TestImageHashVerification-1457017467 tempest-TestImageHashVerification-1457017467-project-member] Matched version: v2 {{(pid=99805) process_request /opt/stack/glance/glance/api/middleware/version_negotiation.py:69}}
Aug 12 14:49:02.920914 np0000007064 devstack@g-api.service[99805]: DEBUG glance.api.middleware.version_negotiation [None req-cad83af6-3f58-4259-acd2-518c80991fe7 tempest-TestImageHashVerification-1457017467 tempest-TestImageHashVerification-1457017467-project-member] new path /v2/images/2e890294-969b-476b-9917-7aec023acac1 {{(pid=99805) process_request /opt/stack/glance/glance/api/middleware/version_negotiation.py:70}}
Aug 12 14:49:02.940213 np0000007064 devstack@g-api.service[99805]: [pid: 99805|app: 0|req: 97/287] 127.0.0.1 () {40 vars in 838 bytes} [Wed Aug 12 14:49:02 2026] GET /v2/images/2e890294-969b-476b-9917-7aec023acac1 => generated 649 bytes in 20 msecs (HTTP/1.1 200) 4 headers in 157 bytes (1 switches on core 0)
Aug 12 14:49:03.954697 np0000007064 devstack@g-api.service[99806]: DEBUG glance.api.middleware.version_negotiation [None req-aa2b4bea-a4d9-4974-8fee-3f1b27b2d584 tempest-TestImageHashVerification-1457017467 tempest-TestImageHashVerification-1457017467-project-member] Determining version of request: GET /v2/images/2e890294-969b-476b-9917-7aec023acac1 Accept: application/json {{(pid=99806) process_request /opt/stack/glance/glance/api/middleware/version_negotiation.py:44}}
Aug 12 14:49:03.955640 np0000007064 devstack@g-api.service[99806]: DEBUG glance.api.middleware.version_negotiation [None req-aa2b4bea-a4d9-4974-8fee-3f1b27b2d584 tempest-TestImageHashVerification-1457017467 tempest-TestImageHashVerification-1457017467-project-member] Using url versioning {{(pid=99806) process_request /opt/stack/glance/glance/api/middleware/version_negotiation.py:57}}
Aug 12 14:49:03.955640 np0000007064 devstack@g-api.service[99806]: DEBUG glance.api.middleware.version_negotiation [None req-aa2b4bea-a4d9-4974-8fee-3f1b27b2d584 tempest-TestImageHashVerification-1457017467 tempest-TestImageHashVerification-1457017467-project-member] Matched version: v2 {{(pid=99806) process_request /opt/stack/glance/glance/api/middleware/version_negotiation.py:69}}
Aug 12 14:49:03.955640 np0000007064 devstack@g-api.service[99806]: DEBUG glance.api.middleware.version_negotiation [None req-aa2b4bea-a4d9-4974-8fee-3f1b27b2d584 tempest-TestImageHashVerification-1457017467 tempest-TestImageHashVerification-1457017467-project-member] new path /v2/images/2e890294-969b-476b-9917-7aec023acac1 {{(pid=99806) process_request /opt/stack/glance/glance/api/middleware/version_negotiation.py:70}}
Aug 12 14:49:03.993632 np0000007064 devstack@g-api.service[99806]: [pid: 99806|app: 0|req: 97/288] 127.0.0.1 () {40 vars in 838 bytes} [Wed Aug 12 14:49:03 2026] GET /v2/images/2e890294-969b-476b-9917-7aec023acac1 => generated 649 bytes in 39 msecs (HTTP/1.1 200) 4 headers in 157 bytes (1 switches on core 0)
Aug 12 14:49:04.173936 np0000007064 devstack@g-api.service[99807]: DEBUG swiftclient [None req-c80cd1a1-cc2c-4325-9ac6-c1a5179d6e01 tempest-TestImageHashVerification-1457017467 tempest-TestImageHashVerification-1457017467-project-member] REQ: curl -i https://10.4.3.138:8080/v1/AUTH_fb199618d91442d491063adf80de43bc/glance/2e890294-969b-476b-9917-7aec023acac1-00003 -X PUT -H "X-Auth-Token: gAAAAABqfIfY5QAL..." {{(pid=99807) http_log /opt/stack/data/venv/lib/python3.12/site-packages/swiftclient/client.py:160}}
Aug 12 14:49:04.173936 np0000007064 devstack@g-api.service[99807]: DEBUG swiftclient [None req-c80cd1a1-cc2c-4325-9ac6-c1a5179d6e01 tempest-TestImageHashVerification-1457017467 tempest-TestImageHashVerification-1457017467-project-member] RESP STATUS: 201 Created {{(pid=99807) http_log /opt/stack/data/venv/lib/python3.12/site-packages/swiftclient/client.py:161}}
Aug 12 14:49:04.174989 np0000007064 devstack@g-api.service[99807]: DEBUG swiftclient [None req-c80cd1a1-cc2c-4325-9ac6-c1a5179d6e01 tempest-TestImageHashVerification-1457017467 tempest-TestImageHashVerification-1457017467-project-member] RESP HEADERS: {'Date': 'Wed, 12 Aug 2026 14:49:04 GMT', 'Server': 'Apache/2.4.58 (Ubuntu)', 'Content-Type': 'text/html; charset=UTF-8', 'Content-Length': '0', 'Etag': 'eda9a9889837ac4bc81d6387d92c1bec', 'Last-Modified': 'Wed, 12 Aug 2026 14:49:02 GMT', 'X-Trans-Id': 'tx302902e253b34fdc89f63-006a7c87dd', 'X-Openstack-Request-Id': 'tx302902e253b34fdc89f63-006a7c87dd', 'Connection': 'close'} {{(pid=99807) http_log /opt/stack/data/venv/lib/python3.12/site-packages/swiftclient/client.py:162}}
Aug 12 14:49:04.174989 np0000007064 devstack@g-api.service[99807]: DEBUG glance_store._drivers.swift.store [None req-c80cd1a1-cc2c-4325-9ac6-c1a5179d6e01 tempest-TestImageHashVerification-1457017467 tempest-TestImageHashVerification-1457017467-project-member] Wrote chunk 2e890294-969b-476b-9917-7aec023acac1-00003 (3/?) of length 204800000 to Swift returning MD5 of content: eda9a9889837ac4bc81d6387d92c1bec {{(pid=99807) add /opt/stack/data/venv/lib/python3.12/site-packages/glance_store/_drivers/swift/store.py:1059}}
Aug 12 14:49:05.004998 np0000007064 devstack@g-api.service[99805]: DEBUG glance.api.middleware.version_negotiation [None req-fa54f4fb-04cd-44df-9612-6af9b6d208a4 tempest-TestImageHashVerification-1457017467 tempest-TestImageHashVerification-1457017467-project-member] Determining version of request: GET /v2/images/2e890294-969b-476b-9917-7aec023acac1 Accept: application/json {{(pid=99805) process_request /opt/stack/glance/glance/api/middleware/version_negotiation.py:44}}
Aug 12 14:49:05.006295 np0000007064 devstack@g-api.service[99805]: DEBUG glance.api.middleware.version_negotiation [None req-fa54f4fb-04cd-44df-9612-6af9b6d208a4 tempest-TestImageHashVerification-1457017467 tempest-TestImageHashVerification-1457017467-project-member] Using url versioning {{(pid=99805) process_request /opt/stack/glance/glance/api/middleware/version_negotiation.py:57}}
Aug 12 14:49:05.006295 np0000007064 devstack@g-api.service[99805]: DEBUG glance.api.middleware.version_negotiation [None req-fa54f4fb-04cd-44df-9612-6af9b6d208a4 tempest-TestImageHashVerification-1457017467 tempest-TestImageHashVerification-1457017467-project-member] Matched version: v2 {{(pid=99805) process_request /opt/stack/glance/glance/api/middleware/version_negotiation.py:69}}
Aug 12 14:49:05.006295 np0000007064 devstack@g-api.service[99805]: DEBUG glance.api.middleware.version_negotiation [None req-fa54f4fb-04cd-44df-9612-6af9b6d208a4 tempest-TestImageHashVerification-1457017467 tempest-TestImageHashVerification-1457017467-project-member] new path /v2/images/2e890294-969b-476b-9917-7aec023acac1 {{(pid=99805) process_request /opt/stack/glance/glance/api/middleware/version_negotiation.py:70}}
Aug 12 14:49:05.019429 np0000007064 devstack@g-api.service[99805]: [pid: 99805|app: 0|req: 98/289] 127.0.0.1 () {40 vars in 838 bytes} [Wed Aug 12 14:49:05 2026] GET /v2/images/2e890294-969b-476b-9917-7aec023acac1 => generated 649 bytes in 15 msecs (HTTP/1.1 200) 4 headers in 157 bytes (1 switches on core 0)
Aug 12 14:49:06.014750 np0000007064 devstack@g-api.service[99807]: DEBUG dbcounter [-] [99807] Writing DB stats glance:SELECT=27,glance:INSERT=20,glance:UPDATE=2 {{(pid=99807) stat_writer /opt/stack/data/venv/lib/python3.12/site-packages/dbcounter.py:115}}
Aug 12 14:49:06.029677 np0000007064 devstack@g-api.service[99806]: DEBUG glance.api.middleware.version_negotiation [None req-8c57c1d1-e280-4350-939a-414c1f12e27d tempest-TestImageHashVerification-1457017467 tempest-TestImageHashVerification-1457017467-project-member] Determining version of request: GET /v2/images/2e890294-969b-476b-9917-7aec023acac1 Accept: application/json {{(pid=99806) process_request /opt/stack/glance/glance/api/middleware/version_negotiation.py:44}}
Aug 12 14:49:06.030156 np0000007064 devstack@g-api.service[99806]: DEBUG glance.api.middleware.version_negotiation [None req-8c57c1d1-e280-4350-939a-414c1f12e27d tempest-TestImageHashVerification-1457017467 tempest-TestImageHashVerification-1457017467-project-member] Using url versioning {{(pid=99806) process_request /opt/stack/glance/glance/api/middleware/version_negotiation.py:57}}
Aug 12 14:49:06.030156 np0000007064 devstack@g-api.service[99806]: DEBUG glance.api.middleware.version_negotiation [None req-8c57c1d1-e280-4350-939a-414c1f12e27d tempest-TestImageHashVerification-1457017467 tempest-TestImageHashVerification-1457017467-project-member] Matched version: v2 {{(pid=99806) process_request /opt/stack/glance/glance/api/middleware/version_negotiation.py:69}}
Aug 12 14:49:06.030156 np0000007064 devstack@g-api.service[99806]: DEBUG glance.api.middleware.version_negotiation [None req-8c57c1d1-e280-4350-939a-414c1f12e27d tempest-TestImageHashVerification-1457017467 tempest-TestImageHashVerification-1457017467-project-member] new path /v2/images/2e890294-969b-476b-9917-7aec023acac1 {{(pid=99806) process_request /opt/stack/glance/glance/api/middleware/version_negotiation.py:70}}
Aug 12 14:49:06.045250 np0000007064 devstack@g-api.service[99806]: [pid: 99806|app: 0|req: 98/290] 127.0.0.1 () {40 vars in 838 bytes} [Wed Aug 12 14:49:06 2026] GET /v2/images/2e890294-969b-476b-9917-7aec023acac1 => generated 649 bytes in 16 msecs (HTTP/1.1 200) 4 headers in 157 bytes (1 switches on core 0)
Aug 12 14:49:06.532007 np0000007064 devstack@g-api.service[99807]: DEBUG swiftclient [None req-c80cd1a1-cc2c-4325-9ac6-c1a5179d6e01 tempest-TestImageHashVerification-1457017467 tempest-TestImageHashVerification-1457017467-project-member] REQ: curl -i https://10.4.3.138:8080/v1/AUTH_fb199618d91442d491063adf80de43bc/glance/2e890294-969b-476b-9917-7aec023acac1-00004 -X PUT -H "X-Auth-Token: gAAAAABqfIfY5QAL..." {{(pid=99807) http_log /opt/stack/data/venv/lib/python3.12/site-packages/swiftclient/client.py:160}}
Aug 12 14:49:06.533463 np0000007064 devstack@g-api.service[99807]: DEBUG swiftclient [None req-c80cd1a1-cc2c-4325-9ac6-c1a5179d6e01 tempest-TestImageHashVerification-1457017467 tempest-TestImageHashVerification-1457017467-project-member] RESP STATUS: 201 Created {{(pid=99807) http_log /opt/stack/data/venv/lib/python3.12/site-packages/swiftclient/client.py:161}}
Aug 12 14:49:06.533463 np0000007064 devstack@g-api.service[99807]: DEBUG swiftclient [None req-c80cd1a1-cc2c-4325-9ac6-c1a5179d6e01 tempest-TestImageHashVerification-1457017467 tempest-TestImageHashVerification-1457017467-project-member] RESP HEADERS: {'Date': 'Wed, 12 Aug 2026 14:49:06 GMT', 'Server': 'Apache/2.4.58 (Ubuntu)', 'Content-Type': 'text/html; charset=UTF-8', 'Content-Length': '0', 'Etag': 'eda9a9889837ac4bc81d6387d92c1bec', 'Last-Modified': 'Wed, 12 Aug 2026 14:49:05 GMT', 'X-Trans-Id': 'tx08a681fa921d49b8a1e1e-006a7c87e0', 'X-Openstack-Request-Id': 'tx08a681fa921d49b8a1e1e-006a7c87e0', 'Connection': 'close'} {{(pid=99807) http_log /opt/stack/data/venv/lib/python3.12/site-packages/swiftclient/client.py:162}}
