Jun 19 11:33:19.492616 np0000003278 systemd[1]: Starting devstack@n-api.service - Devstack devstack@n-api.service...
Jun 19 11:33:19.498632 np0000003278 devstack@n-api.service[86715]: [uWSGI] getting INI configuration from /etc/nova/nova-api-uwsgi.ini
Jun 19 11:33:19.501142 np0000003278 devstack@n-api.service[86715]: *** Starting uWSGI 2.0.24-debian (64bit) on [Fri Jun 19 11:33:19 2026] ***
Jun 19 11:33:19.501142 np0000003278 devstack@n-api.service[86715]: compiled with version: 13.2.0 on 17 April 2024 16:23:48
Jun 19 11:33:19.501142 np0000003278 devstack@n-api.service[86715]: os: Linux-6.8.0-100-generic #100-Ubuntu SMP PREEMPT_DYNAMIC Tue Jan 13 16:40:06 UTC 2026
Jun 19 11:33:19.501142 np0000003278 devstack@n-api.service[86715]: nodename: np0000003278
Jun 19 11:33:19.501142 np0000003278 devstack@n-api.service[86715]: machine: x86_64
Jun 19 11:33:19.501142 np0000003278 devstack@n-api.service[86715]: clock source: unix
Jun 19 11:33:19.501142 np0000003278 devstack@n-api.service[86715]: pcre jit disabled
Jun 19 11:33:19.501142 np0000003278 devstack@n-api.service[86715]: detected number of CPU cores: 12
Jun 19 11:33:19.501142 np0000003278 devstack@n-api.service[86715]: current working directory: /
Jun 19 11:33:19.501142 np0000003278 devstack@n-api.service[86715]: detected binary path: /usr/bin/uwsgi-core
Jun 19 11:33:19.501142 np0000003278 devstack@n-api.service[86715]: your processes number limit is 95969
Jun 19 11:33:19.501142 np0000003278 devstack@n-api.service[86715]: your memory page size is 4096 bytes
Jun 19 11:33:19.501142 np0000003278 devstack@n-api.service[86715]: detected max file descriptor number: 2048
Jun 19 11:33:19.501142 np0000003278 devstack@n-api.service[86715]: lock engine: pthread robust mutexes
Jun 19 11:33:19.501545 np0000003278 devstack@n-api.service[86715]: thunder lock: enabled
Jun 19 11:33:19.501545 np0000003278 devstack@n-api.service[86715]: uwsgi socket 0 bound to UNIX address /var/run/uwsgi/nova-api.socket fd 4
Jun 19 11:33:19.501545 np0000003278 devstack@n-api.service[86715]: Python version: 3.12.3 (main, Mar 23 2026, 19:04:32) [GCC 13.3.0]
Jun 19 11:33:19.501606 np0000003278 devstack@n-api.service[86715]: PEP 405 virtualenv detected: /opt/stack/data/venv
Jun 19 11:33:19.501606 np0000003278 devstack@n-api.service[86715]: Set PythonHome to /opt/stack/data/venv
Jun 19 11:33:19.538311 np0000003278 devstack@n-api.service[86715]: Python main interpreter initialized at 0x7b7968ea3668
Jun 19 11:33:19.538311 np0000003278 devstack@n-api.service[86715]: python threads support enabled
Jun 19 11:33:19.538311 np0000003278 devstack@n-api.service[86715]: your server socket listen backlog is limited to 100 connections
Jun 19 11:33:19.538311 np0000003278 devstack@n-api.service[86715]: your mercy for graceful operations on workers is 80 seconds
Jun 19 11:33:19.538746 np0000003278 devstack@n-api.service[86715]: mapped 537436 bytes (524 KB) for 3 cores
Jun 19 11:33:19.538869 np0000003278 devstack@n-api.service[86715]: *** Operational MODE: preforking ***
Jun 19 11:33:19.539059 np0000003278 devstack@n-api.service[86715]: *** uWSGI is running in multiple interpreter mode ***
Jun 19 11:33:19.539059 np0000003278 devstack@n-api.service[86715]: spawned uWSGI master process (pid: 86715)
Jun 19 11:33:19.539281 np0000003278 systemd[1]: Started devstack@n-api.service - Devstack devstack@n-api.service.
Jun 19 11:33:19.539679 np0000003278 devstack@n-api.service[86715]: spawned uWSGI worker 1 (pid: 86716, cores: 1)
Jun 19 11:33:19.540044 np0000003278 devstack@n-api.service[86715]: spawned uWSGI worker 2 (pid: 86717, cores: 1)
Jun 19 11:33:19.540461 np0000003278 devstack@n-api.service[86715]: spawned uWSGI worker 3 (pid: 86718, cores: 1)
Jun 19 11:33:19.540512 np0000003278 devstack@n-api.service[86715]: running "unix_signal:15 gracefully_kill_them_all" (master-start)...
Jun 19 11:33:21.170137 np0000003278 devstack@n-api.service[86717]: INFO dbcounter [None req-724df2fe-347b-4034-a1dc-ac00be969256 None None] Registered counter for database nova_api
Jun 19 11:33:21.198193 np0000003278 devstack@n-api.service[86716]: INFO dbcounter [None req-b1fd246f-58d7-4a99-9bb1-597ce4606822 None None] Registered counter for database nova_api
Jun 19 11:33:21.205504 np0000003278 devstack@n-api.service[86718]: INFO dbcounter [None req-5003eb0a-3366-4ab6-a37d-f72143806a63 None None] Registered counter for database nova_api
Jun 19 11:33:21.212501 np0000003278 devstack@n-api.service[86717]: DEBUG oslo_db.sqlalchemy.engines [None req-724df2fe-347b-4034-a1dc-ac00be969256 None None] MySQL server mode set to STRICT_TRANS_TABLES,STRICT_ALL_TABLES,NO_ZERO_IN_DATE,NO_ZERO_DATE,ERROR_FOR_DIVISION_BY_ZERO,TRADITIONAL,NO_ENGINE_SUBSTITUTION {{(pid=86717) _check_effective_sql_mode /opt/stack/data/venv/lib/python3.12/site-packages/oslo_db/sqlalchemy/engines.py:325}}
Jun 19 11:33:21.237042 np0000003278 devstack@n-api.service[86716]: DEBUG oslo_db.sqlalchemy.engines [None req-b1fd246f-58d7-4a99-9bb1-597ce4606822 None None] MySQL server mode set to STRICT_TRANS_TABLES,STRICT_ALL_TABLES,NO_ZERO_IN_DATE,NO_ZERO_DATE,ERROR_FOR_DIVISION_BY_ZERO,TRADITIONAL,NO_ENGINE_SUBSTITUTION {{(pid=86716) _check_effective_sql_mode /opt/stack/data/venv/lib/python3.12/site-packages/oslo_db/sqlalchemy/engines.py:325}}
Jun 19 11:33:21.241920 np0000003278 devstack@n-api.service[86717]: DEBUG dbcounter [-] [86717] Writer thread running {{(pid=86717) stat_writer /opt/stack/data/venv/lib/python3.12/site-packages/dbcounter.py:102}}
Jun 19 11:33:21.244597 np0000003278 devstack@n-api.service[86717]: DEBUG nova.context [None req-724df2fe-347b-4034-a1dc-ac00be969256 None None] Found 2 cells: 00000000-0000-0000-0000-000000000000(cell0),7144946e-9d00-4f58-b37f-5d3f45839f99(cell1) {{(pid=86717) load_cells /opt/stack/nova/nova/context.py:509}}
Jun 19 11:33:21.244892 np0000003278 devstack@n-api.service[86717]: INFO nova.utils [None req-724df2fe-347b-4034-a1dc-ac00be969256 None None] The cell worker thread pool MainProcess.cell_worker is initialized
Jun 19 11:33:21.246743 np0000003278 devstack@n-api.service[86717]: DEBUG oslo_concurrency.lockutils [None req-724df2fe-347b-4034-a1dc-ac00be969256 None None] Acquiring lock "00000000-0000-0000-0000-000000000000" by "nova.context.set_target_cell..get_or_set_cached_cell_and_set_connections" {{(pid=86717) inner /opt/stack/data/venv/lib/python3.12/site-packages/oslo_concurrency/lockutils.py:511}}
Jun 19 11:33:21.246903 np0000003278 devstack@n-api.service[86717]: DEBUG oslo_concurrency.lockutils [None req-724df2fe-347b-4034-a1dc-ac00be969256 None None] Lock "00000000-0000-0000-0000-000000000000" acquired by "nova.context.set_target_cell..get_or_set_cached_cell_and_set_connections" :: waited 0.000s {{(pid=86717) inner /opt/stack/data/venv/lib/python3.12/site-packages/oslo_concurrency/lockutils.py:524}}
Jun 19 11:33:21.247013 np0000003278 devstack@n-api.service[86718]: DEBUG oslo_db.sqlalchemy.engines [None req-5003eb0a-3366-4ab6-a37d-f72143806a63 None None] MySQL server mode set to STRICT_TRANS_TABLES,STRICT_ALL_TABLES,NO_ZERO_IN_DATE,NO_ZERO_DATE,ERROR_FOR_DIVISION_BY_ZERO,TRADITIONAL,NO_ENGINE_SUBSTITUTION {{(pid=86718) _check_effective_sql_mode /opt/stack/data/venv/lib/python3.12/site-packages/oslo_db/sqlalchemy/engines.py:325}}
Jun 19 11:33:21.247240 np0000003278 devstack@n-api.service[86717]: DEBUG oslo_concurrency.lockutils [None req-724df2fe-347b-4034-a1dc-ac00be969256 None None] Lock "00000000-0000-0000-0000-000000000000" "released" by "nova.context.set_target_cell..get_or_set_cached_cell_and_set_connections" :: held 0.000s {{(pid=86717) inner /opt/stack/data/venv/lib/python3.12/site-packages/oslo_concurrency/lockutils.py:543}}
Jun 19 11:33:21.247881 np0000003278 devstack@n-api.service[86717]: DEBUG oslo_concurrency.lockutils [None req-724df2fe-347b-4034-a1dc-ac00be969256 None None] Acquiring lock "7144946e-9d00-4f58-b37f-5d3f45839f99" by "nova.context.set_target_cell..get_or_set_cached_cell_and_set_connections" {{(pid=86717) inner /opt/stack/data/venv/lib/python3.12/site-packages/oslo_concurrency/lockutils.py:511}}
Jun 19 11:33:21.248013 np0000003278 devstack@n-api.service[86717]: DEBUG oslo_concurrency.lockutils [None req-724df2fe-347b-4034-a1dc-ac00be969256 None None] Lock "7144946e-9d00-4f58-b37f-5d3f45839f99" acquired by "nova.context.set_target_cell..get_or_set_cached_cell_and_set_connections" :: waited 0.000s {{(pid=86717) inner /opt/stack/data/venv/lib/python3.12/site-packages/oslo_concurrency/lockutils.py:524}}
Jun 19 11:33:21.248848 np0000003278 devstack@n-api.service[86717]: DEBUG oslo_concurrency.lockutils [None req-724df2fe-347b-4034-a1dc-ac00be969256 None None] Lock "7144946e-9d00-4f58-b37f-5d3f45839f99" "released" by "nova.context.set_target_cell..get_or_set_cached_cell_and_set_connections" :: held 0.001s {{(pid=86717) inner /opt/stack/data/venv/lib/python3.12/site-packages/oslo_concurrency/lockutils.py:543}}
Jun 19 11:33:21.250491 np0000003278 devstack@n-api.service[86717]: INFO dbcounter [None req-724df2fe-347b-4034-a1dc-ac00be969256 None None] Registered counter for database nova_cell0
Jun 19 11:33:21.253301 np0000003278 devstack@n-api.service[86717]: INFO dbcounter [None req-724df2fe-347b-4034-a1dc-ac00be969256 None None] Registered counter for database nova_cell1
Jun 19 11:33:21.266741 np0000003278 devstack@n-api.service[86716]: DEBUG dbcounter [-] [86716] Writer thread running {{(pid=86716) stat_writer /opt/stack/data/venv/lib/python3.12/site-packages/dbcounter.py:102}}
Jun 19 11:33:21.268993 np0000003278 devstack@n-api.service[86716]: DEBUG nova.context [None req-b1fd246f-58d7-4a99-9bb1-597ce4606822 None None] Found 2 cells: 00000000-0000-0000-0000-000000000000(cell0),7144946e-9d00-4f58-b37f-5d3f45839f99(cell1) {{(pid=86716) load_cells /opt/stack/nova/nova/context.py:509}}
Jun 19 11:33:21.269203 np0000003278 devstack@n-api.service[86716]: INFO nova.utils [None req-b1fd246f-58d7-4a99-9bb1-597ce4606822 None None] The cell worker thread pool MainProcess.cell_worker is initialized
Jun 19 11:33:21.270849 np0000003278 devstack@n-api.service[86716]: DEBUG oslo_concurrency.lockutils [None req-b1fd246f-58d7-4a99-9bb1-597ce4606822 None None] Acquiring lock "00000000-0000-0000-0000-000000000000" by "nova.context.set_target_cell..get_or_set_cached_cell_and_set_connections" {{(pid=86716) inner /opt/stack/data/venv/lib/python3.12/site-packages/oslo_concurrency/lockutils.py:511}}
Jun 19 11:33:21.271016 np0000003278 devstack@n-api.service[86716]: DEBUG oslo_concurrency.lockutils [None req-b1fd246f-58d7-4a99-9bb1-597ce4606822 None None] Lock "00000000-0000-0000-0000-000000000000" acquired by "nova.context.set_target_cell..get_or_set_cached_cell_and_set_connections" :: waited 0.000s {{(pid=86716) inner /opt/stack/data/venv/lib/python3.12/site-packages/oslo_concurrency/lockutils.py:524}}
Jun 19 11:33:21.271337 np0000003278 devstack@n-api.service[86716]: DEBUG oslo_concurrency.lockutils [None req-b1fd246f-58d7-4a99-9bb1-597ce4606822 None None] Lock "00000000-0000-0000-0000-000000000000" "released" by "nova.context.set_target_cell..get_or_set_cached_cell_and_set_connections" :: held 0.000s {{(pid=86716) inner /opt/stack/data/venv/lib/python3.12/site-packages/oslo_concurrency/lockutils.py:543}}
Jun 19 11:33:21.271936 np0000003278 devstack@n-api.service[86716]: DEBUG oslo_concurrency.lockutils [None req-b1fd246f-58d7-4a99-9bb1-597ce4606822 None None] Acquiring lock "7144946e-9d00-4f58-b37f-5d3f45839f99" by "nova.context.set_target_cell..get_or_set_cached_cell_and_set_connections" {{(pid=86716) inner /opt/stack/data/venv/lib/python3.12/site-packages/oslo_concurrency/lockutils.py:511}}
Jun 19 11:33:21.272108 np0000003278 devstack@n-api.service[86716]: DEBUG oslo_concurrency.lockutils [None req-b1fd246f-58d7-4a99-9bb1-597ce4606822 None None] Lock "7144946e-9d00-4f58-b37f-5d3f45839f99" acquired by "nova.context.set_target_cell..get_or_set_cached_cell_and_set_connections" :: waited 0.000s {{(pid=86716) inner /opt/stack/data/venv/lib/python3.12/site-packages/oslo_concurrency/lockutils.py:524}}
Jun 19 11:33:21.272872 np0000003278 devstack@n-api.service[86716]: DEBUG oslo_concurrency.lockutils [None req-b1fd246f-58d7-4a99-9bb1-597ce4606822 None None] Lock "7144946e-9d00-4f58-b37f-5d3f45839f99" "released" by "nova.context.set_target_cell..get_or_set_cached_cell_and_set_connections" :: held 0.001s {{(pid=86716) inner /opt/stack/data/venv/lib/python3.12/site-packages/oslo_concurrency/lockutils.py:543}}
Jun 19 11:33:21.274636 np0000003278 devstack@n-api.service[86716]: INFO dbcounter [None req-b1fd246f-58d7-4a99-9bb1-597ce4606822 None None] Registered counter for database nova_cell0
Jun 19 11:33:21.277033 np0000003278 devstack@n-api.service[86718]: DEBUG dbcounter [-] [86718] Writer thread running {{(pid=86718) stat_writer /opt/stack/data/venv/lib/python3.12/site-packages/dbcounter.py:102}}
Jun 19 11:33:21.277658 np0000003278 devstack@n-api.service[86716]: INFO dbcounter [None req-b1fd246f-58d7-4a99-9bb1-597ce4606822 None None] Registered counter for database nova_cell1
Jun 19 11:33:21.279409 np0000003278 devstack@n-api.service[86718]: DEBUG nova.context [None req-5003eb0a-3366-4ab6-a37d-f72143806a63 None None] Found 2 cells: 00000000-0000-0000-0000-000000000000(cell0),7144946e-9d00-4f58-b37f-5d3f45839f99(cell1) {{(pid=86718) load_cells /opt/stack/nova/nova/context.py:509}}
Jun 19 11:33:21.279661 np0000003278 devstack@n-api.service[86718]: INFO nova.utils [None req-5003eb0a-3366-4ab6-a37d-f72143806a63 None None] The cell worker thread pool MainProcess.cell_worker is initialized
Jun 19 11:33:21.281462 np0000003278 devstack@n-api.service[86718]: DEBUG oslo_concurrency.lockutils [None req-5003eb0a-3366-4ab6-a37d-f72143806a63 None None] Acquiring lock "00000000-0000-0000-0000-000000000000" by "nova.context.set_target_cell..get_or_set_cached_cell_and_set_connections" {{(pid=86718) inner /opt/stack/data/venv/lib/python3.12/site-packages/oslo_concurrency/lockutils.py:511}}
Jun 19 11:33:21.281643 np0000003278 devstack@n-api.service[86718]: DEBUG oslo_concurrency.lockutils [None req-5003eb0a-3366-4ab6-a37d-f72143806a63 None None] Lock "00000000-0000-0000-0000-000000000000" acquired by "nova.context.set_target_cell..get_or_set_cached_cell_and_set_connections" :: waited 0.000s {{(pid=86718) inner /opt/stack/data/venv/lib/python3.12/site-packages/oslo_concurrency/lockutils.py:524}}
Jun 19 11:33:21.282019 np0000003278 devstack@n-api.service[86718]: DEBUG oslo_concurrency.lockutils [None req-5003eb0a-3366-4ab6-a37d-f72143806a63 None None] Lock "00000000-0000-0000-0000-000000000000" "released" by "nova.context.set_target_cell..get_or_set_cached_cell_and_set_connections" :: held 0.000s {{(pid=86718) inner /opt/stack/data/venv/lib/python3.12/site-packages/oslo_concurrency/lockutils.py:543}}
Jun 19 11:33:21.282684 np0000003278 devstack@n-api.service[86718]: DEBUG oslo_concurrency.lockutils [None req-5003eb0a-3366-4ab6-a37d-f72143806a63 None None] Acquiring lock "7144946e-9d00-4f58-b37f-5d3f45839f99" by "nova.context.set_target_cell..get_or_set_cached_cell_and_set_connections" {{(pid=86718) inner /opt/stack/data/venv/lib/python3.12/site-packages/oslo_concurrency/lockutils.py:511}}
Jun 19 11:33:21.282849 np0000003278 devstack@n-api.service[86718]: DEBUG oslo_concurrency.lockutils [None req-5003eb0a-3366-4ab6-a37d-f72143806a63 None None] Lock "7144946e-9d00-4f58-b37f-5d3f45839f99" acquired by "nova.context.set_target_cell..get_or_set_cached_cell_and_set_connections" :: waited 0.000s {{(pid=86718) inner /opt/stack/data/venv/lib/python3.12/site-packages/oslo_concurrency/lockutils.py:524}}
Jun 19 11:33:21.283685 np0000003278 devstack@n-api.service[86718]: DEBUG oslo_concurrency.lockutils [None req-5003eb0a-3366-4ab6-a37d-f72143806a63 None None] Lock "7144946e-9d00-4f58-b37f-5d3f45839f99" "released" by "nova.context.set_target_cell..get_or_set_cached_cell_and_set_connections" :: held 0.001s {{(pid=86718) inner /opt/stack/data/venv/lib/python3.12/site-packages/oslo_concurrency/lockutils.py:543}}
Jun 19 11:33:21.285458 np0000003278 devstack@n-api.service[86718]: INFO dbcounter [None req-5003eb0a-3366-4ab6-a37d-f72143806a63 None None] Registered counter for database nova_cell0
Jun 19 11:33:21.288384 np0000003278 devstack@n-api.service[86718]: INFO dbcounter [None req-5003eb0a-3366-4ab6-a37d-f72143806a63 None None] Registered counter for database nova_cell1
Jun 19 11:33:21.302560 np0000003278 devstack@n-api.service[86717]: DEBUG oslo_db.sqlalchemy.engines [None req-724df2fe-347b-4034-a1dc-ac00be969256 None None] MySQL server mode set to STRICT_TRANS_TABLES,STRICT_ALL_TABLES,NO_ZERO_IN_DATE,NO_ZERO_DATE,ERROR_FOR_DIVISION_BY_ZERO,TRADITIONAL,NO_ENGINE_SUBSTITUTION {{(pid=86717) _check_effective_sql_mode /opt/stack/data/venv/lib/python3.12/site-packages/oslo_db/sqlalchemy/engines.py:325}}
Jun 19 11:33:21.311990 np0000003278 devstack@n-api.service[86717]: DEBUG oslo_db.sqlalchemy.engines [None req-724df2fe-347b-4034-a1dc-ac00be969256 None None] MySQL server mode set to STRICT_TRANS_TABLES,STRICT_ALL_TABLES,NO_ZERO_IN_DATE,NO_ZERO_DATE,ERROR_FOR_DIVISION_BY_ZERO,TRADITIONAL,NO_ENGINE_SUBSTITUTION {{(pid=86717) _check_effective_sql_mode /opt/stack/data/venv/lib/python3.12/site-packages/oslo_db/sqlalchemy/engines.py:325}}
Jun 19 11:33:21.329619 np0000003278 devstack@n-api.service[86716]: DEBUG oslo_db.sqlalchemy.engines [None req-b1fd246f-58d7-4a99-9bb1-597ce4606822 None None] MySQL server mode set to STRICT_TRANS_TABLES,STRICT_ALL_TABLES,NO_ZERO_IN_DATE,NO_ZERO_DATE,ERROR_FOR_DIVISION_BY_ZERO,TRADITIONAL,NO_ENGINE_SUBSTITUTION {{(pid=86716) _check_effective_sql_mode /opt/stack/data/venv/lib/python3.12/site-packages/oslo_db/sqlalchemy/engines.py:325}}
Jun 19 11:33:21.333080 np0000003278 devstack@n-api.service[86716]: DEBUG oslo_db.sqlalchemy.engines [None req-b1fd246f-58d7-4a99-9bb1-597ce4606822 None None] MySQL server mode set to STRICT_TRANS_TABLES,STRICT_ALL_TABLES,NO_ZERO_IN_DATE,NO_ZERO_DATE,ERROR_FOR_DIVISION_BY_ZERO,TRADITIONAL,NO_ENGINE_SUBSTITUTION {{(pid=86716) _check_effective_sql_mode /opt/stack/data/venv/lib/python3.12/site-packages/oslo_db/sqlalchemy/engines.py:325}}
Jun 19 11:33:21.342676 np0000003278 devstack@n-api.service[86718]: DEBUG oslo_db.sqlalchemy.engines [None req-5003eb0a-3366-4ab6-a37d-f72143806a63 None None] MySQL server mode set to STRICT_TRANS_TABLES,STRICT_ALL_TABLES,NO_ZERO_IN_DATE,NO_ZERO_DATE,ERROR_FOR_DIVISION_BY_ZERO,TRADITIONAL,NO_ENGINE_SUBSTITUTION {{(pid=86718) _check_effective_sql_mode /opt/stack/data/venv/lib/python3.12/site-packages/oslo_db/sqlalchemy/engines.py:325}}
Jun 19 11:33:21.351793 np0000003278 devstack@n-api.service[86718]: DEBUG oslo_db.sqlalchemy.engines [None req-5003eb0a-3366-4ab6-a37d-f72143806a63 None None] MySQL server mode set to STRICT_TRANS_TABLES,STRICT_ALL_TABLES,NO_ZERO_IN_DATE,NO_ZERO_DATE,ERROR_FOR_DIVISION_BY_ZERO,TRADITIONAL,NO_ENGINE_SUBSTITUTION {{(pid=86718) _check_effective_sql_mode /opt/stack/data/venv/lib/python3.12/site-packages/oslo_db/sqlalchemy/engines.py:325}}
Jun 19 11:33:21.405554 np0000003278 devstack@n-api.service[86717]: DEBUG dbcounter [-] [86717] Writer thread running {{(pid=86717) stat_writer /opt/stack/data/venv/lib/python3.12/site-packages/dbcounter.py:102}}
Jun 19 11:33:21.409601 np0000003278 devstack@n-api.service[86717]: DEBUG dbcounter [-] [86717] Writer thread running {{(pid=86717) stat_writer /opt/stack/data/venv/lib/python3.12/site-packages/dbcounter.py:102}}
Jun 19 11:33:21.413340 np0000003278 devstack@n-api.service[86717]: INFO dbcounter [None req-724df2fe-347b-4034-a1dc-ac00be969256 None None] Registered counter for database nova_cell0
Jun 19 11:33:21.424739 np0000003278 devstack@n-api.service[86716]: DEBUG dbcounter [-] [86716] Writer thread running {{(pid=86716) stat_writer /opt/stack/data/venv/lib/python3.12/site-packages/dbcounter.py:102}}
Jun 19 11:33:21.429187 np0000003278 devstack@n-api.service[86716]: DEBUG dbcounter [-] [86716] Writer thread running {{(pid=86716) stat_writer /opt/stack/data/venv/lib/python3.12/site-packages/dbcounter.py:102}}
Jun 19 11:33:21.431554 np0000003278 devstack@n-api.service[86718]: DEBUG dbcounter [-] [86718] Writer thread running {{(pid=86718) stat_writer /opt/stack/data/venv/lib/python3.12/site-packages/dbcounter.py:102}}
Jun 19 11:33:21.432024 np0000003278 devstack@n-api.service[86716]: INFO dbcounter [None req-b1fd246f-58d7-4a99-9bb1-597ce4606822 None None] Registered counter for database nova_cell0
Jun 19 11:33:21.435593 np0000003278 devstack@n-api.service[86718]: DEBUG dbcounter [-] [86718] Writer thread running {{(pid=86718) stat_writer /opt/stack/data/venv/lib/python3.12/site-packages/dbcounter.py:102}}
Jun 19 11:33:21.438422 np0000003278 devstack@n-api.service[86718]: INFO dbcounter [None req-5003eb0a-3366-4ab6-a37d-f72143806a63 None None] Registered counter for database nova_cell0
Jun 19 11:33:21.454802 np0000003278 devstack@n-api.service[86717]: DEBUG oslo_db.sqlalchemy.engines [None req-724df2fe-347b-4034-a1dc-ac00be969256 None None] MySQL server mode set to STRICT_TRANS_TABLES,STRICT_ALL_TABLES,NO_ZERO_IN_DATE,NO_ZERO_DATE,ERROR_FOR_DIVISION_BY_ZERO,TRADITIONAL,NO_ENGINE_SUBSTITUTION {{(pid=86717) _check_effective_sql_mode /opt/stack/data/venv/lib/python3.12/site-packages/oslo_db/sqlalchemy/engines.py:325}}
Jun 19 11:33:21.460310 np0000003278 devstack@n-api.service[86717]: DEBUG dbcounter [-] [86717] Writer thread running {{(pid=86717) stat_writer /opt/stack/data/venv/lib/python3.12/site-packages/dbcounter.py:102}}
Jun 19 11:33:21.473396 np0000003278 devstack@n-api.service[86718]: DEBUG oslo_db.sqlalchemy.engines [None req-5003eb0a-3366-4ab6-a37d-f72143806a63 None None] MySQL server mode set to STRICT_TRANS_TABLES,STRICT_ALL_TABLES,NO_ZERO_IN_DATE,NO_ZERO_DATE,ERROR_FOR_DIVISION_BY_ZERO,TRADITIONAL,NO_ENGINE_SUBSTITUTION {{(pid=86718) _check_effective_sql_mode /opt/stack/data/venv/lib/python3.12/site-packages/oslo_db/sqlalchemy/engines.py:325}}
Jun 19 11:33:21.476828 np0000003278 devstack@n-api.service[86716]: DEBUG oslo_db.sqlalchemy.engines [None req-b1fd246f-58d7-4a99-9bb1-597ce4606822 None None] MySQL server mode set to STRICT_TRANS_TABLES,STRICT_ALL_TABLES,NO_ZERO_IN_DATE,NO_ZERO_DATE,ERROR_FOR_DIVISION_BY_ZERO,TRADITIONAL,NO_ENGINE_SUBSTITUTION {{(pid=86716) _check_effective_sql_mode /opt/stack/data/venv/lib/python3.12/site-packages/oslo_db/sqlalchemy/engines.py:325}}
Jun 19 11:33:21.479726 np0000003278 devstack@n-api.service[86718]: DEBUG dbcounter [-] [86718] Writer thread running {{(pid=86718) stat_writer /opt/stack/data/venv/lib/python3.12/site-packages/dbcounter.py:102}}
Jun 19 11:33:21.484297 np0000003278 devstack@n-api.service[86716]: DEBUG dbcounter [-] [86716] Writer thread running {{(pid=86716) stat_writer /opt/stack/data/venv/lib/python3.12/site-packages/dbcounter.py:102}}
Jun 19 11:33:21.817863 np0000003278 devstack@n-api.service[86716]: DEBUG oslo_concurrency.processutils [None req-b1fd246f-58d7-4a99-9bb1-597ce4606822 None None] Running cmd (subprocess): grep -F node.session.scan /sbin/iscsiadm {{(pid=86716) execute /opt/stack/data/venv/lib/python3.12/site-packages/oslo_concurrency/processutils.py:440}}
Jun 19 11:33:21.821865 np0000003278 devstack@n-api.service[86717]: DEBUG oslo_concurrency.processutils [None req-724df2fe-347b-4034-a1dc-ac00be969256 None None] Running cmd (subprocess): grep -F node.session.scan /sbin/iscsiadm {{(pid=86717) execute /opt/stack/data/venv/lib/python3.12/site-packages/oslo_concurrency/processutils.py:440}}
Jun 19 11:33:21.822065 np0000003278 devstack@n-api.service[86718]: DEBUG oslo_concurrency.processutils [None req-5003eb0a-3366-4ab6-a37d-f72143806a63 None None] Running cmd (subprocess): grep -F node.session.scan /sbin/iscsiadm {{(pid=86718) execute /opt/stack/data/venv/lib/python3.12/site-packages/oslo_concurrency/processutils.py:440}}
Jun 19 11:33:21.829002 np0000003278 devstack@n-api.service[86716]: DEBUG oslo_concurrency.processutils [None req-b1fd246f-58d7-4a99-9bb1-597ce4606822 None None] CMD "grep -F node.session.scan /sbin/iscsiadm" returned: 0 in 0.011s {{(pid=86716) execute /opt/stack/data/venv/lib/python3.12/site-packages/oslo_concurrency/processutils.py:468}}
Jun 19 11:33:21.832164 np0000003278 devstack@n-api.service[86717]: DEBUG oslo_concurrency.processutils [None req-724df2fe-347b-4034-a1dc-ac00be969256 None None] CMD "grep -F node.session.scan /sbin/iscsiadm" returned: 0 in 0.010s {{(pid=86717) execute /opt/stack/data/venv/lib/python3.12/site-packages/oslo_concurrency/processutils.py:468}}
Jun 19 11:33:21.833403 np0000003278 devstack@n-api.service[86718]: DEBUG oslo_concurrency.processutils [None req-5003eb0a-3366-4ab6-a37d-f72143806a63 None None] CMD "grep -F node.session.scan /sbin/iscsiadm" returned: 0 in 0.011s {{(pid=86718) execute /opt/stack/data/venv/lib/python3.12/site-packages/oslo_concurrency/processutils.py:468}}
Jun 19 11:33:22.385746 np0000003278 devstack@n-api.service[86717]: DEBUG nova.api.openstack.wsgi_app [None req-724df2fe-347b-4034-a1dc-ac00be969256 None None] ******************************************************************************** {{(pid=86717) log_opt_values /opt/stack/data/venv/lib/python3.12/site-packages/oslo_config/cfg.py:3226}}
Jun 19 11:33:22.386209 np0000003278 devstack@n-api.service[86717]: DEBUG nova.api.openstack.wsgi_app [None req-724df2fe-347b-4034-a1dc-ac00be969256 None None] Configuration options gathered from: {{(pid=86717) log_opt_values /opt/stack/data/venv/lib/python3.12/site-packages/oslo_config/cfg.py:3227}}
Jun 19 11:33:22.386209 np0000003278 devstack@n-api.service[86717]: DEBUG nova.api.openstack.wsgi_app [None req-724df2fe-347b-4034-a1dc-ac00be969256 None None] command line args: [] {{(pid=86717) log_opt_values /opt/stack/data/venv/lib/python3.12/site-packages/oslo_config/cfg.py:3228}}
Jun 19 11:33:22.386419 np0000003278 devstack@n-api.service[86717]: DEBUG nova.api.openstack.wsgi_app [None req-724df2fe-347b-4034-a1dc-ac00be969256 None None] config files: ['/etc/nova/api-paste.ini', '/etc/nova/nova.conf'] {{(pid=86717) log_opt_values /opt/stack/data/venv/lib/python3.12/site-packages/oslo_config/cfg.py:3229}}
Jun 19 11:33:22.386489 np0000003278 devstack@n-api.service[86717]: DEBUG nova.api.openstack.wsgi_app [None req-724df2fe-347b-4034-a1dc-ac00be969256 None None] ================================================================================ {{(pid=86717) log_opt_values /opt/stack/data/venv/lib/python3.12/site-packages/oslo_config/cfg.py:3234}}
Jun 19 11:33:22.386684 np0000003278 devstack@n-api.service[86717]: DEBUG nova.api.openstack.wsgi_app [None req-724df2fe-347b-4034-a1dc-ac00be969256 None None] allow_resize_to_same_host = True {{(pid=86717) log_opt_values /opt/stack/data/venv/lib/python3.12/site-packages/oslo_config/cfg.py:3242}}
Jun 19 11:33:22.386816 np0000003278 devstack@n-api.service[86717]: DEBUG nova.api.openstack.wsgi_app [None req-724df2fe-347b-4034-a1dc-ac00be969256 None None] arq_binding_timeout = 300 {{(pid=86717) log_opt_values /opt/stack/data/venv/lib/python3.12/site-packages/oslo_config/cfg.py:3242}}
Jun 19 11:33:22.386939 np0000003278 devstack@n-api.service[86717]: DEBUG nova.api.openstack.wsgi_app [None req-724df2fe-347b-4034-a1dc-ac00be969256 None None] block_device_allocate_retries = 60 {{(pid=86717) log_opt_values /opt/stack/data/venv/lib/python3.12/site-packages/oslo_config/cfg.py:3242}}
Jun 19 11:33:22.387060 np0000003278 devstack@n-api.service[86717]: DEBUG nova.api.openstack.wsgi_app [None req-724df2fe-347b-4034-a1dc-ac00be969256 None None] block_device_allocate_retries_interval = 3 {{(pid=86717) log_opt_values /opt/stack/data/venv/lib/python3.12/site-packages/oslo_config/cfg.py:3242}}
Jun 19 11:33:22.387171 np0000003278 devstack@n-api.service[86717]: DEBUG nova.api.openstack.wsgi_app [None req-724df2fe-347b-4034-a1dc-ac00be969256 None None] cell_worker_thread_pool_size = 5 {{(pid=86717) log_opt_values /opt/stack/data/venv/lib/python3.12/site-packages/oslo_config/cfg.py:3242}}
Jun 19 11:33:22.387342 np0000003278 devstack@n-api.service[86717]: DEBUG nova.api.openstack.wsgi_app [None req-724df2fe-347b-4034-a1dc-ac00be969256 None None] cert = self.pem {{(pid=86717) log_opt_values /opt/stack/data/venv/lib/python3.12/site-packages/oslo_config/cfg.py:3242}}
Jun 19 11:33:22.387457 np0000003278 devstack@n-api.service[86717]: DEBUG nova.api.openstack.wsgi_app [None req-724df2fe-347b-4034-a1dc-ac00be969256 None None] compute_driver = libvirt.LibvirtDriver {{(pid=86717) log_opt_values /opt/stack/data/venv/lib/python3.12/site-packages/oslo_config/cfg.py:3242}}
Jun 19 11:33:22.387590 np0000003278 devstack@n-api.service[86717]: DEBUG nova.api.openstack.wsgi_app [None req-724df2fe-347b-4034-a1dc-ac00be969256 None None] compute_monitors = [] {{(pid=86717) log_opt_values /opt/stack/data/venv/lib/python3.12/site-packages/oslo_config/cfg.py:3242}}
Jun 19 11:33:22.387709 np0000003278 devstack@n-api.service[86717]: DEBUG nova.api.openstack.wsgi_app [None req-724df2fe-347b-4034-a1dc-ac00be969256 None None] config_dir = [] {{(pid=86717) log_opt_values /opt/stack/data/venv/lib/python3.12/site-packages/oslo_config/cfg.py:3242}}
Jun 19 11:33:22.387829 np0000003278 devstack@n-api.service[86717]: DEBUG nova.api.openstack.wsgi_app [None req-724df2fe-347b-4034-a1dc-ac00be969256 None None] config_drive_format = iso9660 {{(pid=86717) log_opt_values /opt/stack/data/venv/lib/python3.12/site-packages/oslo_config/cfg.py:3242}}
Jun 19 11:33:22.387929 np0000003278 devstack@n-api.service[86717]: DEBUG nova.api.openstack.wsgi_app [None req-724df2fe-347b-4034-a1dc-ac00be969256 None None] config_file = ['/etc/nova/api-paste.ini', '/etc/nova/nova.conf'] {{(pid=86717) log_opt_values /opt/stack/data/venv/lib/python3.12/site-packages/oslo_config/cfg.py:3242}}
Jun 19 11:33:22.388050 np0000003278 devstack@n-api.service[86717]: DEBUG nova.api.openstack.wsgi_app [None req-724df2fe-347b-4034-a1dc-ac00be969256 None None] config_source = [] {{(pid=86717) log_opt_values /opt/stack/data/venv/lib/python3.12/site-packages/oslo_config/cfg.py:3242}}
Jun 19 11:33:22.388167 np0000003278 devstack@n-api.service[86717]: DEBUG nova.api.openstack.wsgi_app [None req-724df2fe-347b-4034-a1dc-ac00be969256 None None] console_host = np0000003278 {{(pid=86717) log_opt_values /opt/stack/data/venv/lib/python3.12/site-packages/oslo_config/cfg.py:3242}}
Jun 19 11:33:22.388362 np0000003278 devstack@n-api.service[86717]: DEBUG nova.api.openstack.wsgi_app [None req-724df2fe-347b-4034-a1dc-ac00be969256 None None] control_exchange = nova {{(pid=86717) log_opt_values /opt/stack/data/venv/lib/python3.12/site-packages/oslo_config/cfg.py:3242}}
Jun 19 11:33:22.388445 np0000003278 devstack@n-api.service[86717]: DEBUG nova.api.openstack.wsgi_app [None req-724df2fe-347b-4034-a1dc-ac00be969256 None None] cpu_allocation_ratio = None {{(pid=86717) log_opt_values /opt/stack/data/venv/lib/python3.12/site-packages/oslo_config/cfg.py:3242}}
Jun 19 11:33:22.388588 np0000003278 devstack@n-api.service[86717]: DEBUG nova.api.openstack.wsgi_app [None req-724df2fe-347b-4034-a1dc-ac00be969256 None None] daemon = False {{(pid=86717) log_opt_values /opt/stack/data/venv/lib/python3.12/site-packages/oslo_config/cfg.py:3242}}
Jun 19 11:33:22.388723 np0000003278 devstack@n-api.service[86717]: DEBUG nova.api.openstack.wsgi_app [None req-724df2fe-347b-4034-a1dc-ac00be969256 None None] debug = True {{(pid=86717) log_opt_values /opt/stack/data/venv/lib/python3.12/site-packages/oslo_config/cfg.py:3242}}
Jun 19 11:33:22.388839 np0000003278 devstack@n-api.service[86717]: DEBUG nova.api.openstack.wsgi_app [None req-724df2fe-347b-4034-a1dc-ac00be969256 None None] default_access_ip_network_name = None {{(pid=86717) log_opt_values /opt/stack/data/venv/lib/python3.12/site-packages/oslo_config/cfg.py:3242}}
Jun 19 11:33:22.388957 np0000003278 devstack@n-api.service[86717]: DEBUG nova.api.openstack.wsgi_app [None req-724df2fe-347b-4034-a1dc-ac00be969256 None None] default_availability_zone = nova {{(pid=86717) log_opt_values /opt/stack/data/venv/lib/python3.12/site-packages/oslo_config/cfg.py:3242}}
Jun 19 11:33:22.389077 np0000003278 devstack@n-api.service[86717]: DEBUG nova.api.openstack.wsgi_app [None req-724df2fe-347b-4034-a1dc-ac00be969256 None None] default_ephemeral_format = ext4 {{(pid=86717) log_opt_values /opt/stack/data/venv/lib/python3.12/site-packages/oslo_config/cfg.py:3242}}
Jun 19 11:33:22.389188 np0000003278 devstack@n-api.service[86717]: DEBUG nova.api.openstack.wsgi_app [None req-724df2fe-347b-4034-a1dc-ac00be969256 None None] default_green_pool_size = 1000 {{(pid=86717) log_opt_values /opt/stack/data/venv/lib/python3.12/site-packages/oslo_config/cfg.py:3242}}
Jun 19 11:33:22.389404 np0000003278 devstack@n-api.service[86717]: DEBUG nova.api.openstack.wsgi_app [None req-724df2fe-347b-4034-a1dc-ac00be969256 None None] default_log_levels = ['amqp=WARN', 'boto=WARN', 'sqlalchemy=WARN', 'suds=INFO', 'oslo.messaging=INFO', 'oslo_messaging=INFO', 'iso8601=WARN', 'requests.packages.urllib3.connectionpool=WARN', 'urllib3.connectionpool=WARN', 'websocket=WARN', 'requests.packages.urllib3.util.retry=WARN', 'urllib3.util.retry=WARN', 'keystonemiddleware=WARN', 'routes.middleware=WARN', 'stevedore=WARN', 'taskflow=WARN', 'keystoneauth=WARN', 'oslo.cache=INFO', 'oslo_policy=INFO', 'dogpile.core.dogpile=INFO', 'glanceclient=WARN', 'oslo.privsep.daemon=INFO'] {{(pid=86717) log_opt_values /opt/stack/data/venv/lib/python3.12/site-packages/oslo_config/cfg.py:3242}}
Jun 19 11:33:22.389506 np0000003278 devstack@n-api.service[86717]: DEBUG nova.api.openstack.wsgi_app [None req-724df2fe-347b-4034-a1dc-ac00be969256 None None] default_schedule_zone = None {{(pid=86717) log_opt_values /opt/stack/data/venv/lib/python3.12/site-packages/oslo_config/cfg.py:3242}}
Jun 19 11:33:22.389619 np0000003278 devstack@n-api.service[86717]: DEBUG nova.api.openstack.wsgi_app [None req-724df2fe-347b-4034-a1dc-ac00be969256 None None] default_thread_pool_size = 10 {{(pid=86717) log_opt_values /opt/stack/data/venv/lib/python3.12/site-packages/oslo_config/cfg.py:3242}}
Jun 19 11:33:22.389727 np0000003278 devstack@n-api.service[86717]: DEBUG nova.api.openstack.wsgi_app [None req-724df2fe-347b-4034-a1dc-ac00be969256 None None] disk_allocation_ratio = None {{(pid=86717) log_opt_values /opt/stack/data/venv/lib/python3.12/site-packages/oslo_config/cfg.py:3242}}
Jun 19 11:33:22.389845 np0000003278 devstack@n-api.service[86717]: DEBUG nova.api.openstack.wsgi_app [None req-724df2fe-347b-4034-a1dc-ac00be969256 None None] enable_new_services = True {{(pid=86717) log_opt_values /opt/stack/data/venv/lib/python3.12/site-packages/oslo_config/cfg.py:3242}}
Jun 19 11:33:22.389959 np0000003278 devstack@n-api.service[86717]: DEBUG nova.api.openstack.wsgi_app [None req-724df2fe-347b-4034-a1dc-ac00be969256 None None] flat_injected = False {{(pid=86717) log_opt_values /opt/stack/data/venv/lib/python3.12/site-packages/oslo_config/cfg.py:3242}}
Jun 19 11:33:22.390077 np0000003278 devstack@n-api.service[86717]: DEBUG nova.api.openstack.wsgi_app [None req-724df2fe-347b-4034-a1dc-ac00be969256 None None] force_config_drive = True {{(pid=86717) log_opt_values /opt/stack/data/venv/lib/python3.12/site-packages/oslo_config/cfg.py:3242}}
Jun 19 11:33:22.390187 np0000003278 devstack@n-api.service[86717]: DEBUG nova.api.openstack.wsgi_app [None req-724df2fe-347b-4034-a1dc-ac00be969256 None None] force_raw_images = True {{(pid=86717) log_opt_values /opt/stack/data/venv/lib/python3.12/site-packages/oslo_config/cfg.py:3242}}
Jun 19 11:33:22.390349 np0000003278 devstack@n-api.service[86717]: DEBUG nova.api.openstack.wsgi_app [None req-724df2fe-347b-4034-a1dc-ac00be969256 None None] graceful_shutdown_timeout = 5 {{(pid=86717) log_opt_values /opt/stack/data/venv/lib/python3.12/site-packages/oslo_config/cfg.py:3242}}
Jun 19 11:33:22.390459 np0000003278 devstack@n-api.service[86717]: DEBUG nova.api.openstack.wsgi_app [None req-724df2fe-347b-4034-a1dc-ac00be969256 None None] heal_instance_info_cache_interval = -1 {{(pid=86717) log_opt_values /opt/stack/data/venv/lib/python3.12/site-packages/oslo_config/cfg.py:3242}}
Jun 19 11:33:22.390657 np0000003278 devstack@n-api.service[86717]: DEBUG nova.api.openstack.wsgi_app [None req-724df2fe-347b-4034-a1dc-ac00be969256 None None] host = np0000003278 {{(pid=86717) log_opt_values /opt/stack/data/venv/lib/python3.12/site-packages/oslo_config/cfg.py:3242}}
Jun 19 11:33:22.390787 np0000003278 devstack@n-api.service[86717]: DEBUG nova.api.openstack.wsgi_app [None req-724df2fe-347b-4034-a1dc-ac00be969256 None None] initial_cpu_allocation_ratio = 4.0 {{(pid=86717) log_opt_values /opt/stack/data/venv/lib/python3.12/site-packages/oslo_config/cfg.py:3242}}
Jun 19 11:33:22.390904 np0000003278 devstack@n-api.service[86717]: DEBUG nova.api.openstack.wsgi_app [None req-724df2fe-347b-4034-a1dc-ac00be969256 None None] initial_disk_allocation_ratio = 1.0 {{(pid=86717) log_opt_values /opt/stack/data/venv/lib/python3.12/site-packages/oslo_config/cfg.py:3242}}
Jun 19 11:33:22.391029 np0000003278 devstack@n-api.service[86717]: DEBUG nova.api.openstack.wsgi_app [None req-724df2fe-347b-4034-a1dc-ac00be969256 None None] initial_ram_allocation_ratio = 1.0 {{(pid=86717) log_opt_values /opt/stack/data/venv/lib/python3.12/site-packages/oslo_config/cfg.py:3242}}
Jun 19 11:33:22.391187 np0000003278 devstack@n-api.service[86717]: DEBUG nova.api.openstack.wsgi_app [None req-724df2fe-347b-4034-a1dc-ac00be969256 None None] injected_network_template = /opt/stack/nova/nova/virt/interfaces.template {{(pid=86717) log_opt_values /opt/stack/data/venv/lib/python3.12/site-packages/oslo_config/cfg.py:3242}}
Jun 19 11:33:22.391332 np0000003278 devstack@n-api.service[86717]: DEBUG nova.api.openstack.wsgi_app [None req-724df2fe-347b-4034-a1dc-ac00be969256 None None] instance_build_timeout = 0 {{(pid=86717) log_opt_values /opt/stack/data/venv/lib/python3.12/site-packages/oslo_config/cfg.py:3242}}
Jun 19 11:33:22.391457 np0000003278 devstack@n-api.service[86717]: DEBUG nova.api.openstack.wsgi_app [None req-724df2fe-347b-4034-a1dc-ac00be969256 None None] instance_delete_interval = 300 {{(pid=86717) log_opt_values /opt/stack/data/venv/lib/python3.12/site-packages/oslo_config/cfg.py:3242}}
Jun 19 11:33:22.391572 np0000003278 devstack@n-api.service[86717]: DEBUG nova.api.openstack.wsgi_app [None req-724df2fe-347b-4034-a1dc-ac00be969256 None None] instance_format = [instance: %(uuid)s] {{(pid=86717) log_opt_values /opt/stack/data/venv/lib/python3.12/site-packages/oslo_config/cfg.py:3242}}
Jun 19 11:33:22.391689 np0000003278 devstack@n-api.service[86717]: DEBUG nova.api.openstack.wsgi_app [None req-724df2fe-347b-4034-a1dc-ac00be969256 None None] instance_name_template = instance-%08x {{(pid=86717) log_opt_values /opt/stack/data/venv/lib/python3.12/site-packages/oslo_config/cfg.py:3242}}
Jun 19 11:33:22.391816 np0000003278 devstack@n-api.service[86717]: DEBUG nova.api.openstack.wsgi_app [None req-724df2fe-347b-4034-a1dc-ac00be969256 None None] instance_usage_audit = False {{(pid=86717) log_opt_values /opt/stack/data/venv/lib/python3.12/site-packages/oslo_config/cfg.py:3242}}
Jun 19 11:33:22.391940 np0000003278 devstack@n-api.service[86717]: DEBUG nova.api.openstack.wsgi_app [None req-724df2fe-347b-4034-a1dc-ac00be969256 None None] instance_usage_audit_period = month {{(pid=86717) log_opt_values /opt/stack/data/venv/lib/python3.12/site-packages/oslo_config/cfg.py:3242}}
Jun 19 11:33:22.392054 np0000003278 devstack@n-api.service[86717]: DEBUG nova.api.openstack.wsgi_app [None req-724df2fe-347b-4034-a1dc-ac00be969256 None None] instance_uuid_format = [instance: %(uuid)s] {{(pid=86717) log_opt_values /opt/stack/data/venv/lib/python3.12/site-packages/oslo_config/cfg.py:3242}}
Jun 19 11:33:22.392169 np0000003278 devstack@n-api.service[86717]: DEBUG nova.api.openstack.wsgi_app [None req-724df2fe-347b-4034-a1dc-ac00be969256 None None] instances_path = /opt/stack/data/nova/instances {{(pid=86717) log_opt_values /opt/stack/data/venv/lib/python3.12/site-packages/oslo_config/cfg.py:3242}}
Jun 19 11:33:22.392368 np0000003278 devstack@n-api.service[86717]: DEBUG nova.api.openstack.wsgi_app [None req-724df2fe-347b-4034-a1dc-ac00be969256 None None] internal_service_availability_zone = internal {{(pid=86717) log_opt_values /opt/stack/data/venv/lib/python3.12/site-packages/oslo_config/cfg.py:3242}}
Jun 19 11:33:22.392418 np0000003278 devstack@n-api.service[86717]: DEBUG nova.api.openstack.wsgi_app [None req-724df2fe-347b-4034-a1dc-ac00be969256 None None] key = None {{(pid=86717) log_opt_values /opt/stack/data/venv/lib/python3.12/site-packages/oslo_config/cfg.py:3242}}
Jun 19 11:33:22.392571 np0000003278 devstack@n-api.service[86717]: DEBUG nova.api.openstack.wsgi_app [None req-724df2fe-347b-4034-a1dc-ac00be969256 None None] live_migration_retry_count = 30 {{(pid=86717) log_opt_values /opt/stack/data/venv/lib/python3.12/site-packages/oslo_config/cfg.py:3242}}
Jun 19 11:33:22.392713 np0000003278 devstack@n-api.service[86717]: DEBUG nova.api.openstack.wsgi_app [None req-724df2fe-347b-4034-a1dc-ac00be969256 None None] log_color = False {{(pid=86717) log_opt_values /opt/stack/data/venv/lib/python3.12/site-packages/oslo_config/cfg.py:3242}}
Jun 19 11:33:22.392830 np0000003278 devstack@n-api.service[86717]: DEBUG nova.api.openstack.wsgi_app [None req-724df2fe-347b-4034-a1dc-ac00be969256 None None] log_config_append = None {{(pid=86717) log_opt_values /opt/stack/data/venv/lib/python3.12/site-packages/oslo_config/cfg.py:3242}}
Jun 19 11:33:22.392946 np0000003278 devstack@n-api.service[86717]: DEBUG nova.api.openstack.wsgi_app [None req-724df2fe-347b-4034-a1dc-ac00be969256 None None] log_date_format = %Y-%m-%d %H:%M:%S {{(pid=86717) log_opt_values /opt/stack/data/venv/lib/python3.12/site-packages/oslo_config/cfg.py:3242}}
Jun 19 11:33:22.393060 np0000003278 devstack@n-api.service[86717]: DEBUG nova.api.openstack.wsgi_app [None req-724df2fe-347b-4034-a1dc-ac00be969256 None None] log_dir = None {{(pid=86717) log_opt_values /opt/stack/data/venv/lib/python3.12/site-packages/oslo_config/cfg.py:3242}}
Jun 19 11:33:22.393166 np0000003278 devstack@n-api.service[86717]: DEBUG nova.api.openstack.wsgi_app [None req-724df2fe-347b-4034-a1dc-ac00be969256 None None] log_file = None {{(pid=86717) log_opt_values /opt/stack/data/venv/lib/python3.12/site-packages/oslo_config/cfg.py:3242}}
Jun 19 11:33:22.393257 np0000003278 devstack@n-api.service[86717]: DEBUG nova.api.openstack.wsgi_app [None req-724df2fe-347b-4034-a1dc-ac00be969256 None None] log_options = True {{(pid=86717) log_opt_values /opt/stack/data/venv/lib/python3.12/site-packages/oslo_config/cfg.py:3242}}
Jun 19 11:33:22.393395 np0000003278 devstack@n-api.service[86717]: DEBUG nova.api.openstack.wsgi_app [None req-724df2fe-347b-4034-a1dc-ac00be969256 None None] log_rotate_interval = 1 {{(pid=86717) log_opt_values /opt/stack/data/venv/lib/python3.12/site-packages/oslo_config/cfg.py:3242}}
Jun 19 11:33:22.393513 np0000003278 devstack@n-api.service[86717]: DEBUG nova.api.openstack.wsgi_app [None req-724df2fe-347b-4034-a1dc-ac00be969256 None None] log_rotate_interval_type = days {{(pid=86717) log_opt_values /opt/stack/data/venv/lib/python3.12/site-packages/oslo_config/cfg.py:3242}}
Jun 19 11:33:22.393627 np0000003278 devstack@n-api.service[86717]: DEBUG nova.api.openstack.wsgi_app [None req-724df2fe-347b-4034-a1dc-ac00be969256 None None] log_rotation_type = none {{(pid=86717) log_opt_values /opt/stack/data/venv/lib/python3.12/site-packages/oslo_config/cfg.py:3242}}
Jun 19 11:33:22.393729 np0000003278 devstack@n-api.service[86717]: DEBUG nova.api.openstack.wsgi_app [None req-724df2fe-347b-4034-a1dc-ac00be969256 None None] logging_context_format_string = %(color)s%(levelname)s %(name)s [%(global_request_id)s %(request_id)s %(project_name)s %(user_name)s%(color)s] %(instance)s%(color)s%(message)s {{(pid=86717) log_opt_values /opt/stack/data/venv/lib/python3.12/site-packages/oslo_config/cfg.py:3242}}
Jun 19 11:33:22.393819 np0000003278 devstack@n-api.service[86717]: DEBUG nova.api.openstack.wsgi_app [None req-724df2fe-347b-4034-a1dc-ac00be969256 None None] logging_debug_format_suffix = {{(pid=%(process)d) %(funcName)s %(pathname)s:%(lineno)d}} {{(pid=86717) log_opt_values /opt/stack/data/venv/lib/python3.12/site-packages/oslo_config/cfg.py:3242}}
Jun 19 11:33:22.393936 np0000003278 devstack@n-api.service[86717]: DEBUG nova.api.openstack.wsgi_app [None req-724df2fe-347b-4034-a1dc-ac00be969256 None None] logging_default_format_string = %(color)s%(levelname)s %(name)s [-%(color)s] %(instance)s%(color)s%(message)s {{(pid=86717) log_opt_values /opt/stack/data/venv/lib/python3.12/site-packages/oslo_config/cfg.py:3242}}
Jun 19 11:33:22.394058 np0000003278 devstack@n-api.service[86717]: DEBUG nova.api.openstack.wsgi_app [None req-724df2fe-347b-4034-a1dc-ac00be969256 None None] logging_exception_prefix = ERROR %(name)s %(instance)s {{(pid=86717) log_opt_values /opt/stack/data/venv/lib/python3.12/site-packages/oslo_config/cfg.py:3242}}
Jun 19 11:33:22.394147 np0000003278 devstack@n-api.service[86717]: DEBUG nova.api.openstack.wsgi_app [None req-724df2fe-347b-4034-a1dc-ac00be969256 None None] logging_user_identity_format = %(user)s %(project)s %(domain)s %(system_scope)s %(user_domain)s %(project_domain)s {{(pid=86717) log_opt_values /opt/stack/data/venv/lib/python3.12/site-packages/oslo_config/cfg.py:3242}}
Jun 19 11:33:22.394280 np0000003278 devstack@n-api.service[86717]: DEBUG nova.api.openstack.wsgi_app [None req-724df2fe-347b-4034-a1dc-ac00be969256 None None] long_rpc_timeout = 1800 {{(pid=86717) log_opt_values /opt/stack/data/venv/lib/python3.12/site-packages/oslo_config/cfg.py:3242}}
Jun 19 11:33:22.394408 np0000003278 devstack@n-api.service[86717]: DEBUG nova.api.openstack.wsgi_app [None req-724df2fe-347b-4034-a1dc-ac00be969256 None None] manager_shutdown_timeout = 160 {{(pid=86717) log_opt_values /opt/stack/data/venv/lib/python3.12/site-packages/oslo_config/cfg.py:3242}}
Jun 19 11:33:22.394550 np0000003278 devstack@n-api.service[86717]: DEBUG nova.api.openstack.wsgi_app [None req-724df2fe-347b-4034-a1dc-ac00be969256 None None] max_concurrent_builds = 10 {{(pid=86717) log_opt_values /opt/stack/data/venv/lib/python3.12/site-packages/oslo_config/cfg.py:3242}}
Jun 19 11:33:22.394699 np0000003278 devstack@n-api.service[86717]: DEBUG nova.api.openstack.wsgi_app [None req-724df2fe-347b-4034-a1dc-ac00be969256 None None] max_concurrent_live_migrations = 1 {{(pid=86717) log_opt_values /opt/stack/data/venv/lib/python3.12/site-packages/oslo_config/cfg.py:3242}}
Jun 19 11:33:22.394813 np0000003278 devstack@n-api.service[86717]: DEBUG nova.api.openstack.wsgi_app [None req-724df2fe-347b-4034-a1dc-ac00be969256 None None] max_concurrent_snapshots = 5 {{(pid=86717) log_opt_values /opt/stack/data/venv/lib/python3.12/site-packages/oslo_config/cfg.py:3242}}
Jun 19 11:33:22.394924 np0000003278 devstack@n-api.service[86717]: DEBUG nova.api.openstack.wsgi_app [None req-724df2fe-347b-4034-a1dc-ac00be969256 None None] max_local_block_devices = 3 {{(pid=86717) log_opt_values /opt/stack/data/venv/lib/python3.12/site-packages/oslo_config/cfg.py:3242}}
Jun 19 11:33:22.394968 np0000003278 devstack@n-api.service[86718]: DEBUG nova.api.openstack.wsgi_app [None req-5003eb0a-3366-4ab6-a37d-f72143806a63 None None] ******************************************************************************** {{(pid=86718) log_opt_values /opt/stack/data/venv/lib/python3.12/site-packages/oslo_config/cfg.py:3226}}
Jun 19 11:33:22.395240 np0000003278 devstack@n-api.service[86717]: DEBUG nova.api.openstack.wsgi_app [None req-724df2fe-347b-4034-a1dc-ac00be969256 None None] max_logfile_count = 30 {{(pid=86717) log_opt_values /opt/stack/data/venv/lib/python3.12/site-packages/oslo_config/cfg.py:3242}}
Jun 19 11:33:22.395352 np0000003278 devstack@n-api.service[86718]: DEBUG nova.api.openstack.wsgi_app [None req-5003eb0a-3366-4ab6-a37d-f72143806a63 None None] Configuration options gathered from: {{(pid=86718) log_opt_values /opt/stack/data/venv/lib/python3.12/site-packages/oslo_config/cfg.py:3227}}
Jun 19 11:33:22.395402 np0000003278 devstack@n-api.service[86717]: DEBUG nova.api.openstack.wsgi_app [None req-724df2fe-347b-4034-a1dc-ac00be969256 None None] max_logfile_size_mb = 200 {{(pid=86717) log_opt_values /opt/stack/data/venv/lib/python3.12/site-packages/oslo_config/cfg.py:3242}}
Jun 19 11:33:22.395402 np0000003278 devstack@n-api.service[86717]: DEBUG nova.api.openstack.wsgi_app [None req-724df2fe-347b-4034-a1dc-ac00be969256 None None] maximum_instance_delete_attempts = 5 {{(pid=86717) log_opt_values /opt/stack/data/venv/lib/python3.12/site-packages/oslo_config/cfg.py:3242}}
Jun 19 11:33:22.395402 np0000003278 devstack@n-api.service[86717]: DEBUG nova.api.openstack.wsgi_app [None req-724df2fe-347b-4034-a1dc-ac00be969256 None None] migrate_max_retries = -1 {{(pid=86717) log_opt_values /opt/stack/data/venv/lib/python3.12/site-packages/oslo_config/cfg.py:3242}}
Jun 19 11:33:22.395536 np0000003278 devstack@n-api.service[86718]: DEBUG nova.api.openstack.wsgi_app [None req-5003eb0a-3366-4ab6-a37d-f72143806a63 None None] command line args: [] {{(pid=86718) log_opt_values /opt/stack/data/venv/lib/python3.12/site-packages/oslo_config/cfg.py:3228}}
Jun 19 11:33:22.395586 np0000003278 devstack@n-api.service[86717]: DEBUG nova.api.openstack.wsgi_app [None req-724df2fe-347b-4034-a1dc-ac00be969256 None None] mkisofs_cmd = genisoimage {{(pid=86717) log_opt_values /opt/stack/data/venv/lib/python3.12/site-packages/oslo_config/cfg.py:3242}}
Jun 19 11:33:22.395640 np0000003278 devstack@n-api.service[86718]: DEBUG nova.api.openstack.wsgi_app [None req-5003eb0a-3366-4ab6-a37d-f72143806a63 None None] config files: ['/etc/nova/api-paste.ini', '/etc/nova/nova.conf'] {{(pid=86718) log_opt_values /opt/stack/data/venv/lib/python3.12/site-packages/oslo_config/cfg.py:3229}}
Jun 19 11:33:22.395686 np0000003278 devstack@n-api.service[86717]: DEBUG nova.api.openstack.wsgi_app [None req-724df2fe-347b-4034-a1dc-ac00be969256 None None] my_block_storage_ip = 10.4.3.237 {{(pid=86717) log_opt_values /opt/stack/data/venv/lib/python3.12/site-packages/oslo_config/cfg.py:3242}}
