Jul 20 11:57:10.198950 np0000005495 devstack@c-api.service[96919]: DEBUG cinder.api.openstack.wsgi [None req-feff71b4-e0ec-4f48-aef8-39d468b7837c tempest-UserMessagesTest-182580652 tempest-UserMessagesTest-182580652-project-member] Calling method 'show' {{(pid=96919) _process_stack /opt/stack/cinder/cinder/api/openstack/wsgi.py:878}}
Jul 20 11:57:10.207366 np0000005495 devstack@c-api.service[96919]: /opt/stack/data/venv/lib/python3.12/site-packages/oslo_context/context.py:102: DeprecationWarning: Policy enforcement is depending on the value of is_admin. This key is deprecated. Please update your policy file to use the standard policy values.
Jul 20 11:57:10.207366 np0000005495 devstack@c-api.service[96919]: warnings.warn(
Jul 20 11:57:10.214303 np0000005495 devstack@c-api.service[96919]: INFO cinder.volume.api [None req-feff71b4-e0ec-4f48-aef8-39d468b7837c tempest-UserMessagesTest-182580652 tempest-UserMessagesTest-182580652-project-member] Volume info retrieved successfully.
Jul 20 11:57:10.222665 np0000005495 devstack@c-api.service[96918]: DEBUG cinder.api.middleware.request_id [None req-136509dd-ce39-41b7-9ec2-82c2e82efb98 None None] RequestId filter calling following filter/app {{(pid=96918) _context_setter /opt/stack/cinder/cinder/api/middleware/request_id.py:62}}
Jul 20 11:57:10.223934 np0000005495 devstack@c-api.service[96919]: INFO cinder.api.openstack.wsgi [None req-feff71b4-e0ec-4f48-aef8-39d468b7837c tempest-UserMessagesTest-182580652 tempest-UserMessagesTest-182580652-project-member] https://10.4.3.198/volume/v3/volumes/bf32f41f-6f48-47b4-956d-b58287e8f906 returned with HTTP 200
Jul 20 11:57:10.224544 np0000005495 devstack@c-api.service[96919]: [pid: 96919|app: 0|req: 94/274] 10.4.3.198 () {68 vars in 1388 bytes} [Mon Jul 20 11:57:10 2026] GET /volume/v3/volumes/bf32f41f-6f48-47b4-956d-b58287e8f906 => generated 873 bytes in 29 msecs (HTTP/1.1 200) 7 headers in 285 bytes (1 switches on core 0)
Jul 20 11:57:10.226854 np0000005495 devstack@c-api.service[96918]: INFO cinder.api.openstack.wsgi [None req-136509dd-ce39-41b7-9ec2-82c2e82efb98 tempest-TaggedBootDevicesTest_v242-1722032233 tempest-TaggedBootDevicesTest_v242-1722032233-project-member] GET https://10.4.3.198/volume/v3/volumes/ccb21767-57f2-4f12-ad11-361de2bec5d8
Jul 20 11:57:10.227892 np0000005495 devstack@c-api.service[96918]: DEBUG cinder.api.openstack.wsgi [None req-136509dd-ce39-41b7-9ec2-82c2e82efb98 tempest-TaggedBootDevicesTest_v242-1722032233 tempest-TaggedBootDevicesTest_v242-1722032233-project-member] Empty body provided in request {{(pid=96918) get_body /opt/stack/cinder/cinder/api/openstack/wsgi.py:725}}
Jul 20 11:57:10.227892 np0000005495 devstack@c-api.service[96918]: DEBUG cinder.api.openstack.wsgi [None req-136509dd-ce39-41b7-9ec2-82c2e82efb98 tempest-TaggedBootDevicesTest_v242-1722032233 tempest-TaggedBootDevicesTest_v242-1722032233-project-member] Calling method 'show' {{(pid=96918) _process_stack /opt/stack/cinder/cinder/api/openstack/wsgi.py:878}}
Jul 20 11:57:10.239883 np0000005495 devstack@c-api.service[96918]: INFO cinder.api.openstack.wsgi [None req-136509dd-ce39-41b7-9ec2-82c2e82efb98 tempest-TaggedBootDevicesTest_v242-1722032233 tempest-TaggedBootDevicesTest_v242-1722032233-project-member] https://10.4.3.198/volume/v3/volumes/ccb21767-57f2-4f12-ad11-361de2bec5d8 returned with HTTP 404
Jul 20 11:57:10.240648 np0000005495 devstack@c-api.service[96918]: [pid: 96918|app: 0|req: 94/275] 10.4.3.198 () {66 vars in 1348 bytes} [Mon Jul 20 11:57:10 2026] GET /volume/v3/volumes/ccb21767-57f2-4f12-ad11-361de2bec5d8 => generated 109 bytes in 19 msecs (HTTP/1.1 404) 7 headers in 292 bytes (1 switches on core 0)
Jul 20 11:57:10.244872 np0000005495 devstack@c-api.service[96920]: DEBUG cinder.api.middleware.request_id [None req-ebd4de1d-07b4-4dee-9401-d19ff30204b6 None None] RequestId filter calling following filter/app {{(pid=96920) _context_setter /opt/stack/cinder/cinder/api/middleware/request_id.py:62}}
Jul 20 11:57:10.249563 np0000005495 devstack@c-api.service[96920]: INFO cinder.api.openstack.wsgi [None req-ebd4de1d-07b4-4dee-9401-d19ff30204b6 tempest-UserMessagesTest-182580652 tempest-UserMessagesTest-182580652-project-member] GET https://10.4.3.198/volume/v3/messages
Jul 20 11:57:10.249804 np0000005495 devstack@c-api.service[96919]: DEBUG cinder.api.middleware.request_id [None req-bf6e8890-a2f6-49f2-9ef8-257da96175c1 None None] RequestId filter calling following filter/app {{(pid=96919) _context_setter /opt/stack/cinder/cinder/api/middleware/request_id.py:62}}
Jul 20 11:57:10.249899 np0000005495 devstack@c-api.service[96920]: DEBUG cinder.api.openstack.wsgi [None req-ebd4de1d-07b4-4dee-9401-d19ff30204b6 tempest-UserMessagesTest-182580652 tempest-UserMessagesTest-182580652-project-member] Empty body provided in request {{(pid=96920) get_body /opt/stack/cinder/cinder/api/openstack/wsgi.py:725}}
Jul 20 11:57:10.250245 np0000005495 devstack@c-api.service[96920]: DEBUG cinder.api.openstack.wsgi [None req-ebd4de1d-07b4-4dee-9401-d19ff30204b6 tempest-UserMessagesTest-182580652 tempest-UserMessagesTest-182580652-project-member] Calling method 'version_select' {{(pid=96920) _process_stack /opt/stack/cinder/cinder/api/openstack/wsgi.py:878}}
Jul 20 11:57:10.255624 np0000005495 devstack@c-api.service[96919]: INFO cinder.api.openstack.wsgi [None req-bf6e8890-a2f6-49f2-9ef8-257da96175c1 tempest-TaggedBootDevicesTest_v242-1722032233 tempest-TaggedBootDevicesTest_v242-1722032233-project-member] DELETE https://10.4.3.198/volume/v3/volumes/e94612e0-ae26-4ed5-aacd-32d7b976b236
Jul 20 11:57:10.255624 np0000005495 devstack@c-api.service[96919]: DEBUG cinder.api.openstack.wsgi [None req-bf6e8890-a2f6-49f2-9ef8-257da96175c1 tempest-TaggedBootDevicesTest_v242-1722032233 tempest-TaggedBootDevicesTest_v242-1722032233-project-member] Empty body provided in request {{(pid=96919) get_body /opt/stack/cinder/cinder/api/openstack/wsgi.py:725}}
Jul 20 11:57:10.255624 np0000005495 devstack@c-api.service[96919]: DEBUG cinder.api.openstack.wsgi [None req-bf6e8890-a2f6-49f2-9ef8-257da96175c1 tempest-TaggedBootDevicesTest_v242-1722032233 tempest-TaggedBootDevicesTest_v242-1722032233-project-member] Calling method 'delete' {{(pid=96919) _process_stack /opt/stack/cinder/cinder/api/openstack/wsgi.py:878}}
Jul 20 11:57:10.255724 np0000005495 devstack@c-api.service[96919]: INFO cinder.api.v3.volumes [None req-bf6e8890-a2f6-49f2-9ef8-257da96175c1 tempest-TaggedBootDevicesTest_v242-1722032233 tempest-TaggedBootDevicesTest_v242-1722032233-project-member] Delete volume with id: e94612e0-ae26-4ed5-aacd-32d7b976b236
Jul 20 11:57:10.267169 np0000005495 devstack@c-api.service[96919]: /opt/stack/data/venv/lib/python3.12/site-packages/oslo_context/context.py:102: DeprecationWarning: Policy enforcement is depending on the value of is_admin. This key is deprecated. Please update your policy file to use the standard policy values.
Jul 20 11:57:10.267169 np0000005495 devstack@c-api.service[96919]: warnings.warn(
Jul 20 11:57:10.267874 np0000005495 devstack@c-api.service[96919]: INFO cinder.volume.api [None req-bf6e8890-a2f6-49f2-9ef8-257da96175c1 tempest-TaggedBootDevicesTest_v242-1722032233 tempest-TaggedBootDevicesTest_v242-1722032233-project-member] Volume info retrieved successfully.
Jul 20 11:57:10.273774 np0000005495 devstack@c-api.service[96920]: INFO cinder.api.openstack.wsgi [None req-ebd4de1d-07b4-4dee-9401-d19ff30204b6 tempest-UserMessagesTest-182580652 tempest-UserMessagesTest-182580652-project-member] https://10.4.3.198/volume/v3/messages returned with HTTP 200
Jul 20 11:57:10.275270 np0000005495 devstack@c-api.service[96920]: [pid: 96920|app: 0|req: 88/276] 10.4.3.198 () {68 vars in 1280 bytes} [Mon Jul 20 11:57:10 2026] GET /volume/v3/messages => generated 670 bytes in 30 msecs (HTTP/1.1 200) 7 headers in 285 bytes (1 switches on core 0)
Jul 20 11:57:10.291273 np0000005495 devstack@c-api.service[96918]: DEBUG cinder.api.middleware.request_id [None req-27d3e14f-3371-4c66-8769-92c13e8c7c2f None None] RequestId filter calling following filter/app {{(pid=96918) _context_setter /opt/stack/cinder/cinder/api/middleware/request_id.py:62}}
Jul 20 11:57:10.293190 np0000005495 devstack@c-api.service[96918]: INFO cinder.api.openstack.wsgi [None req-27d3e14f-3371-4c66-8769-92c13e8c7c2f tempest-UserMessagesTest-182580652 tempest-UserMessagesTest-182580652-project-member] DELETE https://10.4.3.198/volume/v3/messages/3f70c601-02f5-49ca-9a4f-2d10347b6d54
Jul 20 11:57:10.296603 np0000005495 devstack@c-api.service[96918]: DEBUG cinder.api.openstack.wsgi [None req-27d3e14f-3371-4c66-8769-92c13e8c7c2f tempest-UserMessagesTest-182580652 tempest-UserMessagesTest-182580652-project-member] Empty body provided in request {{(pid=96918) get_body /opt/stack/cinder/cinder/api/openstack/wsgi.py:725}}
Jul 20 11:57:10.297427 np0000005495 devstack@c-api.service[96918]: DEBUG cinder.api.openstack.wsgi [None req-27d3e14f-3371-4c66-8769-92c13e8c7c2f tempest-UserMessagesTest-182580652 tempest-UserMessagesTest-182580652-project-member] Calling method 'version_select' {{(pid=96918) _process_stack /opt/stack/cinder/cinder/api/openstack/wsgi.py:878}}
Jul 20 11:57:10.303914 np0000005495 devstack@c-api.service[96918]: /opt/stack/data/venv/lib/python3.12/site-packages/oslo_context/context.py:102: DeprecationWarning: Policy enforcement is depending on the value of is_admin. This key is deprecated. Please update your policy file to use the standard policy values.
Jul 20 11:57:10.303914 np0000005495 devstack@c-api.service[96918]: warnings.warn(
Jul 20 11:57:10.318296 np0000005495 devstack@c-api.service[96918]: INFO cinder.api.openstack.wsgi [None req-27d3e14f-3371-4c66-8769-92c13e8c7c2f tempest-UserMessagesTest-182580652 tempest-UserMessagesTest-182580652-project-member] https://10.4.3.198/volume/v3/messages/3f70c601-02f5-49ca-9a4f-2d10347b6d54 returned with HTTP 204
Jul 20 11:57:10.319803 np0000005495 devstack@c-api.service[96918]: [pid: 96918|app: 0|req: 95/277] 10.4.3.198 () {68 vars in 1394 bytes} [Mon Jul 20 11:57:10 2026] DELETE /volume/v3/messages/3f70c601-02f5-49ca-9a4f-2d10347b6d54 => generated 0 bytes in 30 msecs (HTTP/1.1 204) 6 headers in 235 bytes (1 switches on core 0)
Jul 20 11:57:10.332599 np0000005495 devstack@c-api.service[96919]: INFO cinder.volume.api [None req-bf6e8890-a2f6-49f2-9ef8-257da96175c1 tempest-TaggedBootDevicesTest_v242-1722032233 tempest-TaggedBootDevicesTest_v242-1722032233-project-member] Delete volume request issued successfully.
Jul 20 11:57:10.334104 np0000005495 devstack@c-api.service[96919]: INFO cinder.api.openstack.wsgi [None req-bf6e8890-a2f6-49f2-9ef8-257da96175c1 tempest-TaggedBootDevicesTest_v242-1722032233 tempest-TaggedBootDevicesTest_v242-1722032233-project-member] https://10.4.3.198/volume/v3/volumes/e94612e0-ae26-4ed5-aacd-32d7b976b236 returned with HTTP 202
Jul 20 11:57:10.334257 np0000005495 devstack@c-api.service[96920]: DEBUG cinder.api.middleware.request_id [None req-d94b16b8-cbbb-4164-b427-5fd75741e1a4 None None] RequestId filter calling following filter/app {{(pid=96920) _context_setter /opt/stack/cinder/cinder/api/middleware/request_id.py:62}}
Jul 20 11:57:10.334310 np0000005495 devstack@c-api.service[96919]: [pid: 96919|app: 0|req: 95/278] 10.4.3.198 () {66 vars in 1351 bytes} [Mon Jul 20 11:57:10 2026] DELETE /volume/v3/volumes/e94612e0-ae26-4ed5-aacd-32d7b976b236 => generated 0 bytes in 84 msecs (HTTP/1.1 202) 6 headers in 233 bytes (1 switches on core 0)
Jul 20 11:57:10.336629 np0000005495 devstack@c-api.service[96920]: INFO cinder.api.openstack.wsgi [None req-d94b16b8-cbbb-4164-b427-5fd75741e1a4 tempest-UserMessagesTest-182580652 tempest-UserMessagesTest-182580652-project-member] GET https://10.4.3.198/volume/v3/messages/3f70c601-02f5-49ca-9a4f-2d10347b6d54
Jul 20 11:57:10.336947 np0000005495 devstack@c-api.service[96920]: DEBUG cinder.api.openstack.wsgi [None req-d94b16b8-cbbb-4164-b427-5fd75741e1a4 tempest-UserMessagesTest-182580652 tempest-UserMessagesTest-182580652-project-member] Empty body provided in request {{(pid=96920) get_body /opt/stack/cinder/cinder/api/openstack/wsgi.py:725}}
Jul 20 11:57:10.337253 np0000005495 devstack@c-api.service[96920]: DEBUG cinder.api.openstack.wsgi [None req-d94b16b8-cbbb-4164-b427-5fd75741e1a4 tempest-UserMessagesTest-182580652 tempest-UserMessagesTest-182580652-project-member] Calling method 'version_select' {{(pid=96920) _process_stack /opt/stack/cinder/cinder/api/openstack/wsgi.py:878}}
Jul 20 11:57:10.343262 np0000005495 devstack@c-api.service[96918]: DEBUG cinder.api.middleware.request_id [None req-56a910af-a418-46a8-a257-f9fec6973704 None None] RequestId filter calling following filter/app {{(pid=96918) _context_setter /opt/stack/cinder/cinder/api/middleware/request_id.py:62}}
Jul 20 11:57:10.344289 np0000005495 devstack@c-api.service[96920]: INFO cinder.api.openstack.wsgi [None req-d94b16b8-cbbb-4164-b427-5fd75741e1a4 tempest-UserMessagesTest-182580652 tempest-UserMessagesTest-182580652-project-member] https://10.4.3.198/volume/v3/messages/3f70c601-02f5-49ca-9a4f-2d10347b6d54 returned with HTTP 404
Jul 20 11:57:10.345128 np0000005495 devstack@c-api.service[96920]: [pid: 96920|app: 0|req: 89/279] 10.4.3.198 () {68 vars in 1391 bytes} [Mon Jul 20 11:57:10 2026] GET /volume/v3/messages/3f70c601-02f5-49ca-9a4f-2d10347b6d54 => generated 110 bytes in 15 msecs (HTTP/1.1 404) 7 headers in 292 bytes (1 switches on core 0)
Jul 20 11:57:10.347968 np0000005495 devstack@c-api.service[96918]: INFO cinder.api.openstack.wsgi [None req-56a910af-a418-46a8-a257-f9fec6973704 tempest-TaggedBootDevicesTest_v242-1722032233 tempest-TaggedBootDevicesTest_v242-1722032233-project-member] GET https://10.4.3.198/volume/v3/volumes/e94612e0-ae26-4ed5-aacd-32d7b976b236
Jul 20 11:57:10.348297 np0000005495 devstack@c-api.service[96918]: DEBUG cinder.api.openstack.wsgi [None req-56a910af-a418-46a8-a257-f9fec6973704 tempest-TaggedBootDevicesTest_v242-1722032233 tempest-TaggedBootDevicesTest_v242-1722032233-project-member] Empty body provided in request {{(pid=96918) get_body /opt/stack/cinder/cinder/api/openstack/wsgi.py:725}}
Jul 20 11:57:10.348634 np0000005495 devstack@c-api.service[96918]: DEBUG cinder.api.openstack.wsgi [None req-56a910af-a418-46a8-a257-f9fec6973704 tempest-TaggedBootDevicesTest_v242-1722032233 tempest-TaggedBootDevicesTest_v242-1722032233-project-member] Calling method 'show' {{(pid=96918) _process_stack /opt/stack/cinder/cinder/api/openstack/wsgi.py:878}}
Jul 20 11:57:10.355555 np0000005495 devstack@c-api.service[96919]: DEBUG cinder.api.middleware.request_id [None req-75ad021c-2199-4567-bf82-7ef6fc2bb146 None None] RequestId filter calling following filter/app {{(pid=96919) _context_setter /opt/stack/cinder/cinder/api/middleware/request_id.py:62}}
Jul 20 11:57:10.359062 np0000005495 devstack@c-api.service[96918]: /opt/stack/data/venv/lib/python3.12/site-packages/oslo_context/context.py:102: DeprecationWarning: Policy enforcement is depending on the value of is_admin. This key is deprecated. Please update your policy file to use the standard policy values.
Jul 20 11:57:10.359062 np0000005495 devstack@c-api.service[96918]: warnings.warn(
Jul 20 11:57:10.359502 np0000005495 devstack@c-api.service[96919]: INFO cinder.api.openstack.wsgi [None req-75ad021c-2199-4567-bf82-7ef6fc2bb146 tempest-UserMessagesTest-182580652 tempest-UserMessagesTest-182580652-project-member] GET https://10.4.3.198/volume/v3/volumes/bf32f41f-6f48-47b4-956d-b58287e8f906
Jul 20 11:57:10.359541 np0000005495 devstack@c-api.service[96919]: DEBUG cinder.api.openstack.wsgi [None req-75ad021c-2199-4567-bf82-7ef6fc2bb146 tempest-UserMessagesTest-182580652 tempest-UserMessagesTest-182580652-project-member] Empty body provided in request {{(pid=96919) get_body /opt/stack/cinder/cinder/api/openstack/wsgi.py:725}}
Jul 20 11:57:10.359744 np0000005495 devstack@c-api.service[96919]: DEBUG cinder.api.openstack.wsgi [None req-75ad021c-2199-4567-bf82-7ef6fc2bb146 tempest-UserMessagesTest-182580652 tempest-UserMessagesTest-182580652-project-member] Calling method 'show' {{(pid=96919) _process_stack /opt/stack/cinder/cinder/api/openstack/wsgi.py:878}}
Jul 20 11:57:10.364048 np0000005495 devstack@c-api.service[96918]: INFO cinder.volume.api [None req-56a910af-a418-46a8-a257-f9fec6973704 tempest-TaggedBootDevicesTest_v242-1722032233 tempest-TaggedBootDevicesTest_v242-1722032233-project-member] Volume info retrieved successfully.
Jul 20 11:57:10.370803 np0000005495 devstack@c-api.service[96919]: /opt/stack/data/venv/lib/python3.12/site-packages/oslo_context/context.py:102: DeprecationWarning: Policy enforcement is depending on the value of is_admin. This key is deprecated. Please update your policy file to use the standard policy values.
Jul 20 11:57:10.370803 np0000005495 devstack@c-api.service[96919]: warnings.warn(
Jul 20 11:57:10.371186 np0000005495 devstack@c-api.service[96918]: INFO cinder.api.openstack.wsgi [None req-56a910af-a418-46a8-a257-f9fec6973704 tempest-TaggedBootDevicesTest_v242-1722032233 tempest-TaggedBootDevicesTest_v242-1722032233-project-member] https://10.4.3.198/volume/v3/volumes/e94612e0-ae26-4ed5-aacd-32d7b976b236 returned with HTTP 200
Jul 20 11:57:10.371714 np0000005495 devstack@c-api.service[96918]: [pid: 96918|app: 0|req: 96/280] 10.4.3.198 () {66 vars in 1348 bytes} [Mon Jul 20 11:57:10 2026] GET /volume/v3/volumes/e94612e0-ae26-4ed5-aacd-32d7b976b236 => generated 1394 bytes in 29 msecs (HTTP/1.1 200) 7 headers in 286 bytes (1 switches on core 0)
Jul 20 11:57:10.376701 np0000005495 devstack@c-api.service[96919]: INFO cinder.volume.api [None req-75ad021c-2199-4567-bf82-7ef6fc2bb146 tempest-UserMessagesTest-182580652 tempest-UserMessagesTest-182580652-project-member] Volume info retrieved successfully.
Jul 20 11:57:10.383102 np0000005495 devstack@c-api.service[96919]: INFO cinder.api.openstack.wsgi [None req-75ad021c-2199-4567-bf82-7ef6fc2bb146 tempest-UserMessagesTest-182580652 tempest-UserMessagesTest-182580652-project-member] https://10.4.3.198/volume/v3/volumes/bf32f41f-6f48-47b4-956d-b58287e8f906 returned with HTTP 200
Jul 20 11:57:10.383745 np0000005495 devstack@c-api.service[96919]: [pid: 96919|app: 0|req: 96/281] 10.4.3.198 () {68 vars in 1388 bytes} [Mon Jul 20 11:57:10 2026] GET /volume/v3/volumes/bf32f41f-6f48-47b4-956d-b58287e8f906 => generated 873 bytes in 29 msecs (HTTP/1.1 200) 7 headers in 285 bytes (1 switches on core 0)
Jul 20 11:57:10.399603 np0000005495 devstack@c-api.service[96920]: DEBUG cinder.api.middleware.request_id [None req-85924da8-9f15-4674-ac3d-46bb40d1001d None None] RequestId filter calling following filter/app {{(pid=96920) _context_setter /opt/stack/cinder/cinder/api/middleware/request_id.py:62}}
Jul 20 11:57:10.401321 np0000005495 devstack@c-api.service[96920]: INFO cinder.api.openstack.wsgi [None req-85924da8-9f15-4674-ac3d-46bb40d1001d tempest-UserMessagesTest-182580652 tempest-UserMessagesTest-182580652-project-member] DELETE https://10.4.3.198/volume/v3/volumes/bf32f41f-6f48-47b4-956d-b58287e8f906
Jul 20 11:57:10.401573 np0000005495 devstack@c-api.service[96920]: DEBUG cinder.api.openstack.wsgi [None req-85924da8-9f15-4674-ac3d-46bb40d1001d tempest-UserMessagesTest-182580652 tempest-UserMessagesTest-182580652-project-member] Empty body provided in request {{(pid=96920) get_body /opt/stack/cinder/cinder/api/openstack/wsgi.py:725}}
Jul 20 11:57:10.401802 np0000005495 devstack@c-api.service[96920]: DEBUG cinder.api.openstack.wsgi [None req-85924da8-9f15-4674-ac3d-46bb40d1001d tempest-UserMessagesTest-182580652 tempest-UserMessagesTest-182580652-project-member] Calling method 'delete' {{(pid=96920) _process_stack /opt/stack/cinder/cinder/api/openstack/wsgi.py:878}}
Jul 20 11:57:10.401987 np0000005495 devstack@c-api.service[96920]: INFO cinder.api.v3.volumes [None req-85924da8-9f15-4674-ac3d-46bb40d1001d tempest-UserMessagesTest-182580652 tempest-UserMessagesTest-182580652-project-member] Delete volume with id: bf32f41f-6f48-47b4-956d-b58287e8f906
Jul 20 11:57:10.410980 np0000005495 devstack@c-api.service[96920]: /opt/stack/data/venv/lib/python3.12/site-packages/oslo_context/context.py:102: DeprecationWarning: Policy enforcement is depending on the value of is_admin. This key is deprecated. Please update your policy file to use the standard policy values.
Jul 20 11:57:10.410980 np0000005495 devstack@c-api.service[96920]: warnings.warn(
Jul 20 11:57:10.411587 np0000005495 devstack@c-api.service[96920]: INFO cinder.volume.api [None req-85924da8-9f15-4674-ac3d-46bb40d1001d tempest-UserMessagesTest-182580652 tempest-UserMessagesTest-182580652-project-member] Volume info retrieved successfully.
Jul 20 11:57:10.413157 np0000005495 devstack@c-api.service[96920]: DEBUG cinder.volume.api [None req-85924da8-9f15-4674-ac3d-46bb40d1001d tempest-UserMessagesTest-182580652 tempest-UserMessagesTest-182580652-project-member] Decrease volume quotas for non temporary volume in non error_managing status. {{(pid=96920) delete /opt/stack/cinder/cinder/volume/api.py:434}}
Jul 20 11:57:10.428271 np0000005495 devstack@c-api.service[96920]: WARNING cinder.quota [None req-85924da8-9f15-4674-ac3d-46bb40d1001d tempest-UserMessagesTest-182580652 tempest-UserMessagesTest-182580652-project-member] Deprecated: Default quota for resource: volumes_tempest-UserMessagesTest-volume-type-1397125559 is set by the default quota flag: quota_volumes_tempest-UserMessagesTest-volume-type-1397125559, it is now deprecated. Please use the default quota class for default quota.
Jul 20 11:57:10.428596 np0000005495 devstack@c-api.service[96920]: WARNING cinder.quota [None req-85924da8-9f15-4674-ac3d-46bb40d1001d tempest-UserMessagesTest-182580652 tempest-UserMessagesTest-182580652-project-member] Deprecated: Default quota for resource: gigabytes_tempest-UserMessagesTest-volume-type-1397125559 is set by the default quota flag: quota_gigabytes_tempest-UserMessagesTest-volume-type-1397125559, it is now deprecated. Please use the default quota class for default quota.
Jul 20 11:57:10.449943 np0000005495 devstack@c-api.service[96920]: DEBUG cinder.quota [None req-85924da8-9f15-4674-ac3d-46bb40d1001d tempest-UserMessagesTest-182580652 tempest-UserMessagesTest-182580652-project-member] Created reservations ['3fbd8c3a-66bb-4dbe-9f62-fa22647a3856', '738420ee-a11e-4c9d-b598-3169955c4c72', '2f6dc679-6b79-4605-a7d8-a248c3b68c04', '04adf8d0-d576-47ce-ab43-fa94331e327c'] {{(pid=96920) reserve /opt/stack/cinder/cinder/quota.py:752}}
Jul 20 11:57:10.499563 np0000005495 devstack@c-api.service[96920]: INFO cinder.volume.api [None req-85924da8-9f15-4674-ac3d-46bb40d1001d tempest-UserMessagesTest-182580652 tempest-UserMessagesTest-182580652-project-member] Delete volume request issued successfully.
Jul 20 11:57:10.499563 np0000005495 devstack@c-api.service[96920]: INFO cinder.api.openstack.wsgi [None req-85924da8-9f15-4674-ac3d-46bb40d1001d tempest-UserMessagesTest-182580652 tempest-UserMessagesTest-182580652-project-member] https://10.4.3.198/volume/v3/volumes/bf32f41f-6f48-47b4-956d-b58287e8f906 returned with HTTP 202
Jul 20 11:57:10.500394 np0000005495 devstack@c-api.service[96920]: [pid: 96920|app: 0|req: 90/282] 10.4.3.198 () {68 vars in 1391 bytes} [Mon Jul 20 11:57:10 2026] DELETE /volume/v3/volumes/bf32f41f-6f48-47b4-956d-b58287e8f906 => generated 0 bytes in 101 msecs (HTTP/1.1 202) 6 headers in 233 bytes (1 switches on core 0)
Jul 20 11:57:10.510707 np0000005495 devstack@c-api.service[96918]: DEBUG cinder.api.middleware.request_id [None req-6dbccc73-55fa-4048-a3d0-60a6af741fdb None None] RequestId filter calling following filter/app {{(pid=96918) _context_setter /opt/stack/cinder/cinder/api/middleware/request_id.py:62}}
Jul 20 11:57:10.518023 np0000005495 devstack@c-api.service[96918]: INFO cinder.api.openstack.wsgi [None req-6dbccc73-55fa-4048-a3d0-60a6af741fdb tempest-UserMessagesTest-182580652 tempest-UserMessagesTest-182580652-project-member] GET https://10.4.3.198/volume/v3/volumes/bf32f41f-6f48-47b4-956d-b58287e8f906
Jul 20 11:57:10.518346 np0000005495 devstack@c-api.service[96918]: DEBUG cinder.api.openstack.wsgi [None req-6dbccc73-55fa-4048-a3d0-60a6af741fdb tempest-UserMessagesTest-182580652 tempest-UserMessagesTest-182580652-project-member] Empty body provided in request {{(pid=96918) get_body /opt/stack/cinder/cinder/api/openstack/wsgi.py:725}}
Jul 20 11:57:10.519085 np0000005495 devstack@c-api.service[96918]: DEBUG cinder.api.openstack.wsgi [None req-6dbccc73-55fa-4048-a3d0-60a6af741fdb tempest-UserMessagesTest-182580652 tempest-UserMessagesTest-182580652-project-member] Calling method 'show' {{(pid=96918) _process_stack /opt/stack/cinder/cinder/api/openstack/wsgi.py:878}}
Jul 20 11:57:10.531952 np0000005495 devstack@c-api.service[96918]: INFO cinder.api.openstack.wsgi [None req-6dbccc73-55fa-4048-a3d0-60a6af741fdb tempest-UserMessagesTest-182580652 tempest-UserMessagesTest-182580652-project-member] https://10.4.3.198/volume/v3/volumes/bf32f41f-6f48-47b4-956d-b58287e8f906 returned with HTTP 404
Jul 20 11:57:10.533274 np0000005495 devstack@c-api.service[96918]: [pid: 96918|app: 0|req: 97/283] 10.4.3.198 () {68 vars in 1388 bytes} [Mon Jul 20 11:57:10 2026] GET /volume/v3/volumes/bf32f41f-6f48-47b4-956d-b58287e8f906 => generated 109 bytes in 24 msecs (HTTP/1.1 404) 7 headers in 292 bytes (1 switches on core 0)
Jul 20 11:57:10.541207 np0000005495 devstack@c-api.service[96919]: DEBUG cinder.api.middleware.request_id [None req-b851ed7a-8bb0-45a8-9114-ba64d674e320 None None] RequestId filter calling following filter/app {{(pid=96919) _context_setter /opt/stack/cinder/cinder/api/middleware/request_id.py:62}}
Jul 20 11:57:10.544245 np0000005495 devstack@c-api.service[96919]: INFO cinder.api.openstack.wsgi [None req-b851ed7a-8bb0-45a8-9114-ba64d674e320 tempest-UserMessagesTest-2116405036 tempest-UserMessagesTest-2116405036-project-admin] DELETE https://10.4.3.198/volume/v3/types/500e32c1-d505-4e2d-8e51-622b918d797a
Jul 20 11:57:10.544894 np0000005495 devstack@c-api.service[96919]: DEBUG cinder.api.openstack.wsgi [None req-b851ed7a-8bb0-45a8-9114-ba64d674e320 tempest-UserMessagesTest-2116405036 tempest-UserMessagesTest-2116405036-project-admin] Empty body provided in request {{(pid=96919) get_body /opt/stack/cinder/cinder/api/openstack/wsgi.py:725}}
Jul 20 11:57:10.544894 np0000005495 devstack@c-api.service[96919]: DEBUG cinder.api.openstack.wsgi [None req-b851ed7a-8bb0-45a8-9114-ba64d674e320 tempest-UserMessagesTest-2116405036 tempest-UserMessagesTest-2116405036-project-admin] Calling method '_delete' {{(pid=96919) _process_stack /opt/stack/cinder/cinder/api/openstack/wsgi.py:878}}
Jul 20 11:57:10.584858 np0000005495 devstack@c-api.service[96919]: INFO cinder.api.openstack.wsgi [None req-b851ed7a-8bb0-45a8-9114-ba64d674e320 tempest-UserMessagesTest-2116405036 tempest-UserMessagesTest-2116405036-project-admin] https://10.4.3.198/volume/v3/types/500e32c1-d505-4e2d-8e51-622b918d797a returned with HTTP 202
Jul 20 11:57:10.585663 np0000005495 devstack@c-api.service[96919]: [pid: 96919|app: 0|req: 97/284] 10.4.3.198 () {66 vars in 1345 bytes} [Mon Jul 20 11:57:10 2026] DELETE /volume/v3/types/500e32c1-d505-4e2d-8e51-622b918d797a => generated 0 bytes in 45 msecs (HTTP/1.1 202) 6 headers in 233 bytes (1 switches on core 0)
Jul 20 11:57:10.599176 np0000005495 devstack@c-api.service[96920]: DEBUG cinder.api.middleware.request_id [None req-c1902253-24ed-443f-a84a-62faccf21d17 None None] RequestId filter calling following filter/app {{(pid=96920) _context_setter /opt/stack/cinder/cinder/api/middleware/request_id.py:62}}
Jul 20 11:57:10.601624 np0000005495 devstack@c-api.service[96920]: INFO cinder.api.openstack.wsgi [None req-c1902253-24ed-443f-a84a-62faccf21d17 tempest-UserMessagesTest-2116405036 tempest-UserMessagesTest-2116405036-project-admin] GET https://10.4.3.198/volume/v3/types/500e32c1-d505-4e2d-8e51-622b918d797a
Jul 20 11:57:10.601879 np0000005495 devstack@c-api.service[96920]: DEBUG cinder.api.openstack.wsgi [None req-c1902253-24ed-443f-a84a-62faccf21d17 tempest-UserMessagesTest-2116405036 tempest-UserMessagesTest-2116405036-project-admin] Empty body provided in request {{(pid=96920) get_body /opt/stack/cinder/cinder/api/openstack/wsgi.py:725}}
Jul 20 11:57:10.602170 np0000005495 devstack@c-api.service[96920]: DEBUG cinder.api.openstack.wsgi [None req-c1902253-24ed-443f-a84a-62faccf21d17 tempest-UserMessagesTest-2116405036 tempest-UserMessagesTest-2116405036-project-admin] Calling method 'show' {{(pid=96920) _process_stack /opt/stack/cinder/cinder/api/openstack/wsgi.py:878}}
Jul 20 11:57:10.608836 np0000005495 devstack@c-api.service[96920]: INFO cinder.api.openstack.wsgi [None req-c1902253-24ed-443f-a84a-62faccf21d17 tempest-UserMessagesTest-2116405036 tempest-UserMessagesTest-2116405036-project-admin] https://10.4.3.198/volume/v3/types/500e32c1-d505-4e2d-8e51-622b918d797a returned with HTTP 404
Jul 20 11:57:10.609784 np0000005495 devstack@c-api.service[96920]: [pid: 96920|app: 0|req: 91/285] 10.4.3.198 () {66 vars in 1342 bytes} [Mon Jul 20 11:57:10 2026] GET /volume/v3/types/500e32c1-d505-4e2d-8e51-622b918d797a => generated 114 bytes in 11 msecs (HTTP/1.1 404) 7 headers in 292 bytes (1 switches on core 0)
Jul 20 11:57:10.621885 np0000005495 devstack@c-api.service[96918]: DEBUG cinder.api.middleware.request_id [None req-af0ceb67-834d-4127-baab-ce0b33bd88f5 None None] RequestId filter calling following filter/app {{(pid=96918) _context_setter /opt/stack/cinder/cinder/api/middleware/request_id.py:62}}
Jul 20 11:57:10.624918 np0000005495 devstack@c-api.service[96918]: INFO cinder.api.openstack.wsgi [None req-af0ceb67-834d-4127-baab-ce0b33bd88f5 tempest-UserMessagesTest-2116405036 tempest-UserMessagesTest-2116405036-project-admin] POST https://10.4.3.198/volume/v3/types
Jul 20 11:57:10.625519 np0000005495 devstack@c-api.service[96918]: DEBUG cinder.api.openstack.wsgi [None req-af0ceb67-834d-4127-baab-ce0b33bd88f5 tempest-UserMessagesTest-2116405036 tempest-UserMessagesTest-2116405036-project-admin] Action: 'create', calling method: _create, body: {"volume_type": {"name": "tempest-UserMessagesTest-volume-type-709396727", "extra_specs": {"storage_protocol": "tempest-storage_protocol-1532857231", "vendor_name": "tempest-vendor_name-1507019116"}}} {{(pid=96918) _process_stack /opt/stack/cinder/cinder/api/openstack/wsgi.py:876}}
Jul 20 11:57:10.662138 np0000005495 devstack@c-api.service[96918]: INFO cinder.api.openstack.wsgi [None req-af0ceb67-834d-4127-baab-ce0b33bd88f5 tempest-UserMessagesTest-2116405036 tempest-UserMessagesTest-2116405036-project-admin] https://10.4.3.198/volume/v3/types returned with HTTP 200
Jul 20 11:57:10.662980 np0000005495 devstack@c-api.service[96918]: [pid: 96918|app: 0|req: 98/286] 10.4.3.198 () {68 vars in 1253 bytes} [Mon Jul 20 11:57:10 2026] POST /volume/v3/types => generated 327 bytes in 42 msecs (HTTP/1.1 200) 7 headers in 285 bytes (1 switches on core 0)
Jul 20 11:57:10.677275 np0000005495 devstack@c-api.service[96919]: DEBUG cinder.api.middleware.request_id [None req-9578eabc-72d1-409d-9e05-9aefb0837f87 None None] RequestId filter calling following filter/app {{(pid=96919) _context_setter /opt/stack/cinder/cinder/api/middleware/request_id.py:62}}
Jul 20 11:57:10.680001 np0000005495 devstack@c-api.service[96919]: INFO cinder.api.openstack.wsgi [None req-9578eabc-72d1-409d-9e05-9aefb0837f87 tempest-UserMessagesTest-182580652 tempest-UserMessagesTest-182580652-project-member] POST https://10.4.3.198/volume/v3/volumes
Jul 20 11:57:10.680415 np0000005495 devstack@c-api.service[96919]: DEBUG cinder.api.openstack.wsgi [None req-9578eabc-72d1-409d-9e05-9aefb0837f87 tempest-UserMessagesTest-182580652 tempest-UserMessagesTest-182580652-project-member] Action: 'create', calling method: create, body: {"volume": {"volume_type": "40f16a2d-8b64-4a95-b433-700a8b4fac26", "size": 1, "name": "tempest-UserMessagesTest-Volume-1453129824"}} {{(pid=96919) _process_stack /opt/stack/cinder/cinder/api/openstack/wsgi.py:876}}
Jul 20 11:57:10.682623 np0000005495 devstack@c-api.service[96919]: DEBUG cinder.api.v3.volumes [None req-9578eabc-72d1-409d-9e05-9aefb0837f87 tempest-UserMessagesTest-182580652 tempest-UserMessagesTest-182580652-project-member] Create volume request body: {'volume': {'volume_type': '40f16a2d-8b64-4a95-b433-700a8b4fac26', 'size': 1, 'name': 'tempest-UserMessagesTest-Volume-1453129824'}} {{(pid=96919) create /opt/stack/cinder/cinder/api/v3/volumes.py:368}}
Jul 20 11:57:10.694431 np0000005495 devstack@c-api.service[96919]: INFO cinder.api.v3.volumes [None req-9578eabc-72d1-409d-9e05-9aefb0837f87 tempest-UserMessagesTest-182580652 tempest-UserMessagesTest-182580652-project-member] Create volume of 1 GB
Jul 20 11:57:10.695061 np0000005495 devstack@c-api.service[96919]: /opt/stack/data/venv/lib/python3.12/site-packages/oslo_context/context.py:102: DeprecationWarning: Policy enforcement is depending on the value of is_admin. This key is deprecated. Please update your policy file to use the standard policy values.
Jul 20 11:57:10.695061 np0000005495 devstack@c-api.service[96919]: warnings.warn(
Jul 20 11:57:10.696268 np0000005495 devstack@c-api.service[96919]: INFO cinder.volume.api [None req-9578eabc-72d1-409d-9e05-9aefb0837f87 tempest-UserMessagesTest-182580652 tempest-UserMessagesTest-182580652-project-member] Availability Zones retrieved successfully.
Jul 20 11:57:10.706748 np0000005495 devstack@c-api.service[96919]: DEBUG cinder.volume.api [None req-9578eabc-72d1-409d-9e05-9aefb0837f87 tempest-UserMessagesTest-182580652 tempest-UserMessagesTest-182580652-project-member] Flow 'volume_create_api' (32821e05-08fd-4220-925e-c62e477aef4d) transitioned into state 'RUNNING' from state 'PENDING' {{(pid=96919) _flow_receiver /opt/stack/data/venv/lib/python3.12/site-packages/taskflow/listeners/logging.py:160}}
Jul 20 11:57:10.708656 np0000005495 devstack@c-api.service[96919]: DEBUG cinder.volume.api [None req-9578eabc-72d1-409d-9e05-9aefb0837f87 tempest-UserMessagesTest-182580652 tempest-UserMessagesTest-182580652-project-member] Task 'cinder.volume.flows.api.create_volume.ExtractVolumeRequestTask;volume:create' (b0db565b-90bd-4d5c-8643-5af908778830) transitioned into state 'RUNNING' from state 'PENDING' {{(pid=96919) _task_receiver /opt/stack/data/venv/lib/python3.12/site-packages/taskflow/listeners/logging.py:242}}
Jul 20 11:57:10.709542 np0000005495 devstack@c-api.service[96919]: DEBUG cinder.volume.flows.api.create_volume [None req-9578eabc-72d1-409d-9e05-9aefb0837f87 tempest-UserMessagesTest-182580652 tempest-UserMessagesTest-182580652-project-member] Validating volume size '1' using validate_int {{(pid=96919) _extract_size /opt/stack/cinder/cinder/volume/flows/api/create_volume.py:226}}
Jul 20 11:57:11.881806 np0000005495 devstack@c-api.service[96919]: DEBUG cinder.volume.api [None req-9578eabc-72d1-409d-9e05-9aefb0837f87 tempest-UserMessagesTest-182580652 tempest-UserMessagesTest-182580652-project-member] Task 'cinder.volume.flows.api.create_volume.ExtractVolumeRequestTask;volume:create' (b0db565b-90bd-4d5c-8643-5af908778830) transitioned into state 'SUCCESS' from state 'RUNNING' with result '{'size': 1, 'snapshot_id': None, 'source_volid': None, 'volume_type': VolumeType(created_at=2026-07-20T11:57:11Z,deleted=False,deleted_at=None,description=None,extra_specs={storage_protocol='tempest-storage_protocol-1532857231',vendor_name='tempest-vendor_name-1507019116'},id=40f16a2d-8b64-4a95-b433-700a8b4fac26,is_public=True,name='tempest-UserMessagesTest-volume-type-709396727',projects=[],qos_specs=,qos_specs_id=None,updated_at=None), 'volume_type_id': '40f16a2d-8b64-4a95-b433-700a8b4fac26', 'encryption_key_id': None, 'qos_specs': None, 'consistencygroup_id': None, 'cgsnapshot_id': None, 'group_id': None, 'replication_status': 'disabled', 'refresh_az': False, 'backup_id': None, 'multiattach': False, 'availability_zones': ['nova']}' {{(pid=96919) _task_receiver /opt/stack/data/venv/lib/python3.12/site-packages/taskflow/listeners/logging.py:218}}
Jul 20 11:57:11.881806 np0000005495 devstack@c-api.service[96919]: DEBUG cinder.volume.api [None req-9578eabc-72d1-409d-9e05-9aefb0837f87 tempest-UserMessagesTest-182580652 tempest-UserMessagesTest-182580652-project-member] Task 'cinder.volume.flows.api.create_volume.QuotaReserveTask;volume:create' (bcaf6c0c-6e98-4753-adcb-a25081aecbc5) transitioned into state 'RUNNING' from state 'PENDING' {{(pid=96919) _task_receiver /opt/stack/data/venv/lib/python3.12/site-packages/taskflow/listeners/logging.py:242}}
Jul 20 11:57:11.881806 np0000005495 devstack@c-api.service[96919]: WARNING cinder.quota [None req-9578eabc-72d1-409d-9e05-9aefb0837f87 tempest-UserMessagesTest-182580652 tempest-UserMessagesTest-182580652-project-member] Deprecated: Default quota for resource: volumes_tempest-UserMessagesTest-volume-type-709396727 is set by the default quota flag: quota_volumes_tempest-UserMessagesTest-volume-type-709396727, it is now deprecated. Please use the default quota class for default quota.
Jul 20 11:57:11.881806 np0000005495 devstack@c-api.service[96919]: WARNING cinder.quota [None req-9578eabc-72d1-409d-9e05-9aefb0837f87 tempest-UserMessagesTest-182580652 tempest-UserMessagesTest-182580652-project-member] Deprecated: Default quota for resource: gigabytes_tempest-UserMessagesTest-volume-type-709396727 is set by the default quota flag: quota_gigabytes_tempest-UserMessagesTest-volume-type-709396727, it is now deprecated. Please use the default quota class for default quota.
Jul 20 11:57:11.881806 np0000005495 devstack@c-api.service[96919]: DEBUG cinder.quota [None req-9578eabc-72d1-409d-9e05-9aefb0837f87 tempest-UserMessagesTest-182580652 tempest-UserMessagesTest-182580652-project-member] Created reservations ['0d64b74a-f6cc-493e-8156-7ad3f5e94e2c', 'd182af88-941c-46cf-b232-d1d2036cb5ba', '5191d0b7-828c-4bec-a202-a8ebf6e3c891', '21222f0d-175d-4d1f-97d1-5ff25325af6a'] {{(pid=96919) reserve /opt/stack/cinder/cinder/quota.py:752}}
Jul 20 11:57:11.881806 np0000005495 devstack@c-api.service[96919]: DEBUG cinder.volume.api [None req-9578eabc-72d1-409d-9e05-9aefb0837f87 tempest-UserMessagesTest-182580652 tempest-UserMessagesTest-182580652-project-member] Task 'cinder.volume.flows.api.create_volume.QuotaReserveTask;volume:create' (bcaf6c0c-6e98-4753-adcb-a25081aecbc5) transitioned into state 'SUCCESS' from state 'RUNNING' with result '{'reservations': ['0d64b74a-f6cc-493e-8156-7ad3f5e94e2c', 'd182af88-941c-46cf-b232-d1d2036cb5ba', '5191d0b7-828c-4bec-a202-a8ebf6e3c891', '21222f0d-175d-4d1f-97d1-5ff25325af6a']}' {{(pid=96919) _task_receiver /opt/stack/data/venv/lib/python3.12/site-packages/taskflow/listeners/logging.py:218}}
Jul 20 11:57:11.881806 np0000005495 devstack@c-api.service[96919]: DEBUG cinder.volume.api [None req-9578eabc-72d1-409d-9e05-9aefb0837f87 tempest-UserMessagesTest-182580652 tempest-UserMessagesTest-182580652-project-member] Task 'cinder.volume.flows.api.create_volume.EntryCreateTask;volume:create' (a144408e-c6ee-4ff5-927b-e7e9581cde32) transitioned into state 'RUNNING' from state 'PENDING' {{(pid=96919) _task_receiver /opt/stack/data/venv/lib/python3.12/site-packages/taskflow/listeners/logging.py:242}}
Jul 20 11:57:11.891023 np0000005495 devstack@c-api.service[96919]: DEBUG cinder.volume.api [None req-9578eabc-72d1-409d-9e05-9aefb0837f87 tempest-UserMessagesTest-182580652 tempest-UserMessagesTest-182580652-project-member] Task 'cinder.volume.flows.api.create_volume.EntryCreateTask;volume:create' (a144408e-c6ee-4ff5-927b-e7e9581cde32) transitioned into state 'SUCCESS' from state 'RUNNING' with result '{'volume_id': 'e0ad1fcb-e6c4-4654-be9f-357a5ca27943', 'volume_properties': VolumeProperties(attach_status='detached',availability_zone='nova',cgsnapshot_id=None,consistencygroup_id=None,display_description=None,display_name='tempest-UserMessagesTest-Volume-1453129824',encryption_key_id=None,group_id=None,group_type_id=,metadata={},multiattach=False,project_id='0afe10d4d79e458fa381d97b6a03e797',qos_specs=None,replication_status=,reservations=['0d64b74a-f6cc-493e-8156-7ad3f5e94e2c','d182af88-941c-46cf-b232-d1d2036cb5ba','5191d0b7-828c-4bec-a202-a8ebf6e3c891','21222f0d-175d-4d1f-97d1-5ff25325af6a'],size=1,snapshot_id=None,source_replicaid=,source_volid=None,status='creating',user_id='ce98585f780444c2a42ca6832164bba9',volume_type_id=40f16a2d-8b64-4a95-b433-700a8b4fac26), 'volume': Volume(_name_id=None,admin_metadata=,attach_status='detached',availability_zone='nova',bootable=False,cluster=,cluster_name=None,consistencygroup=,consistencygroup_id=None,created_at=2026-07-20T11:57:10Z,deleted=False,deleted_at=None,display_description=None,display_name='tempest-UserMessagesTest-Volume-1453129824',ec2_id=None,encryption_key_id=None,glance_metadata=,group=,group_id=None,host=None,id=e0ad1fcb-e6c4-4654-be9f-357a5ca27943,launched_at=None,metadata={},migration_status=None,multiattach=False,previous_status=None,project_id='0afe10d4d79e458fa381d97b6a03e797',provider_auth=None,provider_geometry=None,provider_id=None,provider_location=None,replication_driver_data=None,replication_extended_status=None,replication_status=None,scheduled_at=None,service_uuid=None,shared_targets=True,size=1,snapshot_id=None,snapshots=,source_volid=None,status='creating',terminated_at=None,updated_at=None,use_quota=True,user_id='ce98585f780444c2a42ca6832164bba9',volume_attachment=VolumeAttachmentList,volume_type=VolumeType(40f16a2d-8b64-4a95-b433-700a8b4fac26),volume_type_id=40f16a2d-8b64-4a95-b433-700a8b4fac26)}' {{(pid=96919) _task_receiver /opt/stack/data/venv/lib/python3.12/site-packages/taskflow/listeners/logging.py:218}}
Jul 20 11:57:11.891023 np0000005495 devstack@c-api.service[96919]: DEBUG cinder.volume.api [None req-9578eabc-72d1-409d-9e05-9aefb0837f87 tempest-UserMessagesTest-182580652 tempest-UserMessagesTest-182580652-project-member] Task 'cinder.volume.flows.api.create_volume.QuotaCommitTask;volume:create' (399c0182-eac6-49d8-bd71-e70e26079407) transitioned into state 'RUNNING' from state 'PENDING' {{(pid=96919) _task_receiver /opt/stack/data/venv/lib/python3.12/site-packages/taskflow/listeners/logging.py:242}}
Jul 20 11:57:11.891023 np0000005495 devstack@c-api.service[96919]: DEBUG cinder.volume.api [None req-9578eabc-72d1-409d-9e05-9aefb0837f87 tempest-UserMessagesTest-182580652 tempest-UserMessagesTest-182580652-project-member] Task 'cinder.volume.flows.api.create_volume.QuotaCommitTask;volume:create' (399c0182-eac6-49d8-bd71-e70e26079407) transitioned into state 'SUCCESS' from state 'RUNNING' with result '{'volume_properties': VolumeProperties(attach_status='detached',availability_zone='nova',cgsnapshot_id=None,consistencygroup_id=None,display_description=None,display_name='tempest-UserMessagesTest-Volume-1453129824',encryption_key_id=None,group_id=None,group_type_id=,metadata={},multiattach=False,project_id='0afe10d4d79e458fa381d97b6a03e797',qos_specs=None,replication_status=,reservations=['0d64b74a-f6cc-493e-8156-7ad3f5e94e2c','d182af88-941c-46cf-b232-d1d2036cb5ba','5191d0b7-828c-4bec-a202-a8ebf6e3c891','21222f0d-175d-4d1f-97d1-5ff25325af6a'],size=1,snapshot_id=None,source_replicaid=,source_volid=None,status='creating',user_id='ce98585f780444c2a42ca6832164bba9',volume_type_id=40f16a2d-8b64-4a95-b433-700a8b4fac26)}' {{(pid=96919) _task_receiver /opt/stack/data/venv/lib/python3.12/site-packages/taskflow/listeners/logging.py:218}}
Jul 20 11:57:11.891023 np0000005495 devstack@c-api.service[96919]: DEBUG cinder.volume.api [None req-9578eabc-72d1-409d-9e05-9aefb0837f87 tempest-UserMessagesTest-182580652 tempest-UserMessagesTest-182580652-project-member] Task 'cinder.volume.flows.api.create_volume.VolumeCastTask;volume:create' (7732efc2-68bb-4ea1-9a83-2482a92a5668) transitioned into state 'RUNNING' from state 'PENDING' {{(pid=96919) _task_receiver /opt/stack/data/venv/lib/python3.12/site-packages/taskflow/listeners/logging.py:242}}
Jul 20 11:57:11.891023 np0000005495 devstack@c-api.service[96919]: DEBUG cinder.volume.api [None req-9578eabc-72d1-409d-9e05-9aefb0837f87 tempest-UserMessagesTest-182580652 tempest-UserMessagesTest-182580652-project-member] Task 'cinder.volume.flows.api.create_volume.VolumeCastTask;volume:create' (7732efc2-68bb-4ea1-9a83-2482a92a5668) transitioned into state 'SUCCESS' from state 'RUNNING' with result 'None' {{(pid=96919) _task_receiver /opt/stack/data/venv/lib/python3.12/site-packages/taskflow/listeners/logging.py:218}}
Jul 20 11:57:11.891023 np0000005495 devstack@c-api.service[96919]: DEBUG cinder.volume.api [None req-9578eabc-72d1-409d-9e05-9aefb0837f87 tempest-UserMessagesTest-182580652 tempest-UserMessagesTest-182580652-project-member] Flow 'volume_create_api' (32821e05-08fd-4220-925e-c62e477aef4d) transitioned into state 'SUCCESS' from state 'RUNNING' {{(pid=96919) _flow_receiver /opt/stack/data/venv/lib/python3.12/site-packages/taskflow/listeners/logging.py:160}}
Jul 20 11:57:11.891023 np0000005495 devstack@c-api.service[96919]: INFO cinder.volume.api [None req-9578eabc-72d1-409d-9e05-9aefb0837f87 tempest-UserMessagesTest-182580652 tempest-UserMessagesTest-182580652-project-member] Create volume request issued successfully.
Jul 20 11:57:11.891023 np0000005495 devstack@c-api.service[96919]: INFO cinder.api.openstack.wsgi [None req-9578eabc-72d1-409d-9e05-9aefb0837f87 tempest-UserMessagesTest-182580652 tempest-UserMessagesTest-182580652-project-member] https://10.4.3.198/volume/v3/volumes returned with HTTP 202
Jul 20 11:57:11.893541 np0000005495 devstack@c-api.service[96919]: [pid: 96919|app: 0|req: 98/287] 10.4.3.198 () {70 vars in 1299 bytes} [Mon Jul 20 11:57:10 2026] POST /volume/v3/volumes => generated 785 bytes in 363 msecs (HTTP/1.1 202) 7 headers in 291 bytes (1 switches on core 0)
Jul 20 11:57:11.895002 np0000005495 devstack@c-api.service[96920]: DEBUG cinder.api.middleware.request_id [None req-4a624496-6eac-4184-b075-1d1640729e88 None None] RequestId filter calling following filter/app {{(pid=96920) _context_setter /opt/stack/cinder/cinder/api/middleware/request_id.py:62}}
Jul 20 11:57:11.895002 np0000005495 devstack@c-api.service[96920]: INFO cinder.api.openstack.wsgi [None req-4a624496-6eac-4184-b075-1d1640729e88 tempest-UserMessagesTest-182580652 tempest-UserMessagesTest-182580652-project-member] GET https://10.4.3.198/volume/v3/volumes/e0ad1fcb-e6c4-4654-be9f-357a5ca27943
Jul 20 11:57:11.895002 np0000005495 devstack@c-api.service[96920]: DEBUG cinder.api.openstack.wsgi [None req-4a624496-6eac-4184-b075-1d1640729e88 tempest-UserMessagesTest-182580652 tempest-UserMessagesTest-182580652-project-member] Empty body provided in request {{(pid=96920) get_body /opt/stack/cinder/cinder/api/openstack/wsgi.py:725}}
Jul 20 11:57:11.895002 np0000005495 devstack@c-api.service[96920]: DEBUG cinder.api.openstack.wsgi [None req-4a624496-6eac-4184-b075-1d1640729e88 tempest-UserMessagesTest-182580652 tempest-UserMessagesTest-182580652-project-member] Calling method 'show' {{(pid=96920) _process_stack /opt/stack/cinder/cinder/api/openstack/wsgi.py:878}}
Jul 20 11:57:11.895002 np0000005495 devstack@c-api.service[96920]: /opt/stack/data/venv/lib/python3.12/site-packages/oslo_context/context.py:102: DeprecationWarning: Policy enforcement is depending on the value of is_admin. This key is deprecated. Please update your policy file to use the standard policy values.
Jul 20 11:57:11.895002 np0000005495 devstack@c-api.service[96920]: warnings.warn(
Jul 20 11:57:11.895002 np0000005495 devstack@c-api.service[96920]: INFO cinder.volume.api [None req-4a624496-6eac-4184-b075-1d1640729e88 tempest-UserMessagesTest-182580652 tempest-UserMessagesTest-182580652-project-member] Volume info retrieved successfully.
Jul 20 11:57:11.895002 np0000005495 devstack@c-api.service[96920]: INFO cinder.api.openstack.wsgi [None req-4a624496-6eac-4184-b075-1d1640729e88 tempest-UserMessagesTest-182580652 tempest-UserMessagesTest-182580652-project-member] https://10.4.3.198/volume/v3/volumes/e0ad1fcb-e6c4-4654-be9f-357a5ca27943 returned with HTTP 200
Jul 20 11:57:11.895002 np0000005495 devstack@c-api.service[96920]: [pid: 96920|app: 0|req: 92/288] 10.4.3.198 () {68 vars in 1388 bytes} [Mon Jul 20 11:57:11 2026] GET /volume/v3/volumes/e0ad1fcb-e6c4-4654-be9f-357a5ca27943 => generated 853 bytes in 38 msecs (HTTP/1.1 200) 7 headers in 285 bytes (1 switches on core 0)
Jul 20 11:57:11.897352 np0000005495 devstack@c-api.service[96918]: DEBUG cinder.api.middleware.request_id [None req-0f6cf135-793f-4958-8651-3b5a1417cd0b None None] RequestId filter calling following filter/app {{(pid=96918) _context_setter /opt/stack/cinder/cinder/api/middleware/request_id.py:62}}
Jul 20 11:57:11.897352 np0000005495 devstack@c-api.service[96918]: INFO cinder.api.openstack.wsgi [None req-0f6cf135-793f-4958-8651-3b5a1417cd0b tempest-TaggedBootDevicesTest_v242-1722032233 tempest-TaggedBootDevicesTest_v242-1722032233-project-member] GET https://10.4.3.198/volume/v3/volumes/e94612e0-ae26-4ed5-aacd-32d7b976b236
Jul 20 11:57:11.897352 np0000005495 devstack@c-api.service[96918]: DEBUG cinder.api.openstack.wsgi [None req-0f6cf135-793f-4958-8651-3b5a1417cd0b tempest-TaggedBootDevicesTest_v242-1722032233 tempest-TaggedBootDevicesTest_v242-1722032233-project-member] Empty body provided in request {{(pid=96918) get_body /opt/stack/cinder/cinder/api/openstack/wsgi.py:725}}
Jul 20 11:57:11.897352 np0000005495 devstack@c-api.service[96918]: DEBUG cinder.api.openstack.wsgi [None req-0f6cf135-793f-4958-8651-3b5a1417cd0b tempest-TaggedBootDevicesTest_v242-1722032233 tempest-TaggedBootDevicesTest_v242-1722032233-project-member] Calling method 'show' {{(pid=96918) _process_stack /opt/stack/cinder/cinder/api/openstack/wsgi.py:878}}
Jul 20 11:57:11.897352 np0000005495 devstack@c-api.service[96918]: INFO cinder.api.openstack.wsgi [None req-0f6cf135-793f-4958-8651-3b5a1417cd0b tempest-TaggedBootDevicesTest_v242-1722032233 tempest-TaggedBootDevicesTest_v242-1722032233-project-member] https://10.4.3.198/volume/v3/volumes/e94612e0-ae26-4ed5-aacd-32d7b976b236 returned with HTTP 404
