Jul 20 11:57:05.908493 np0000005495 devstack@g-api.service[99653]: DEBUG glance.api.middleware.version_negotiation [None req-4c2d4eb2-2ccd-4d64-828a-4ef5b455bfaf tempest-AttachVolumeShelveTestJSON-469236348 tempest-AttachVolumeShelveTestJSON-469236348-project-member] Using url versioning {{(pid=99653) process_request /opt/stack/glance/glance/api/middleware/version_negotiation.py:57}}
Jul 20 11:57:05.908493 np0000005495 devstack@g-api.service[99653]: DEBUG glance.api.middleware.version_negotiation [None req-4c2d4eb2-2ccd-4d64-828a-4ef5b455bfaf tempest-AttachVolumeShelveTestJSON-469236348 tempest-AttachVolumeShelveTestJSON-469236348-project-member] Matched version: v2 {{(pid=99653) process_request /opt/stack/glance/glance/api/middleware/version_negotiation.py:69}}
Jul 20 11:57:05.908493 np0000005495 devstack@g-api.service[99653]: DEBUG glance.api.middleware.version_negotiation [None req-4c2d4eb2-2ccd-4d64-828a-4ef5b455bfaf tempest-AttachVolumeShelveTestJSON-469236348 tempest-AttachVolumeShelveTestJSON-469236348-project-member] new path /v2/images/25f7e537-8ac5-46a9-8d10-20fb5e693e32 {{(pid=99653) process_request /opt/stack/glance/glance/api/middleware/version_negotiation.py:70}}
Jul 20 11:57:05.930971 np0000005495 devstack@g-api.service[99653]: [pid: 99653|app: 0|req: 46/135] 127.0.0.1 () {44 vars in 1115 bytes} [Mon Jul 20 11:57:05 2026] GET /v2/images/25f7e537-8ac5-46a9-8d10-20fb5e693e32 => generated 1044 bytes in 23 msecs (HTTP/1.1 200) 4 headers in 158 bytes (1 switches on core 0)
Jul 20 11:57:05.964303 np0000005495 devstack@g-api.service[99651]: DEBUG glance.api.middleware.version_negotiation [None req-2f3c875f-b992-44f0-b3aa-5bea01dba5b7 tempest-VolumesActionsTest-327038118 tempest-VolumesActionsTest-327038118-project-member] Determining version of request: GET /v2/schemas/image Accept: */* {{(pid=99651) process_request /opt/stack/glance/glance/api/middleware/version_negotiation.py:44}}
Jul 20 11:57:05.964800 np0000005495 devstack@g-api.service[99651]: DEBUG glance.api.middleware.version_negotiation [None req-2f3c875f-b992-44f0-b3aa-5bea01dba5b7 tempest-VolumesActionsTest-327038118 tempest-VolumesActionsTest-327038118-project-member] Using url versioning {{(pid=99651) process_request /opt/stack/glance/glance/api/middleware/version_negotiation.py:57}}
Jul 20 11:57:05.964800 np0000005495 devstack@g-api.service[99651]: DEBUG glance.api.middleware.version_negotiation [None req-2f3c875f-b992-44f0-b3aa-5bea01dba5b7 tempest-VolumesActionsTest-327038118 tempest-VolumesActionsTest-327038118-project-member] Matched version: v2 {{(pid=99651) process_request /opt/stack/glance/glance/api/middleware/version_negotiation.py:69}}
Jul 20 11:57:05.964878 np0000005495 devstack@g-api.service[99651]: DEBUG glance.api.middleware.version_negotiation [None req-2f3c875f-b992-44f0-b3aa-5bea01dba5b7 tempest-VolumesActionsTest-327038118 tempest-VolumesActionsTest-327038118-project-member] new path /v2/schemas/image {{(pid=99651) process_request /opt/stack/glance/glance/api/middleware/version_negotiation.py:70}}
Jul 20 11:57:05.968728 np0000005495 devstack@g-api.service[99651]: [pid: 99651|app: 0|req: 49/136] 127.0.0.1 () {44 vars in 1055 bytes} [Mon Jul 20 11:57:05 2026] GET /v2/schemas/image => generated 6083 bytes in 3 msecs (HTTP/1.1 200) 4 headers in 158 bytes (1 switches on core 0)
Jul 20 11:57:08.524516 np0000005495 devstack@g-api.service[99652]: DEBUG glance.api.middleware.version_negotiation [None req-2f3c875f-b992-44f0-b3aa-5bea01dba5b7 tempest-VolumesActionsTest-327038118 tempest-VolumesActionsTest-327038118-project-member] Determining version of request: GET /v2/schemas/image Accept: */* {{(pid=99652) process_request /opt/stack/glance/glance/api/middleware/version_negotiation.py:44}}
Jul 20 11:57:08.524516 np0000005495 devstack@g-api.service[99652]: DEBUG glance.api.middleware.version_negotiation [None req-2f3c875f-b992-44f0-b3aa-5bea01dba5b7 tempest-VolumesActionsTest-327038118 tempest-VolumesActionsTest-327038118-project-member] Using url versioning {{(pid=99652) process_request /opt/stack/glance/glance/api/middleware/version_negotiation.py:57}}
Jul 20 11:57:08.524516 np0000005495 devstack@g-api.service[99652]: DEBUG glance.api.middleware.version_negotiation [None req-2f3c875f-b992-44f0-b3aa-5bea01dba5b7 tempest-VolumesActionsTest-327038118 tempest-VolumesActionsTest-327038118-project-member] Matched version: v2 {{(pid=99652) process_request /opt/stack/glance/glance/api/middleware/version_negotiation.py:69}}
Jul 20 11:57:08.524516 np0000005495 devstack@g-api.service[99652]: DEBUG glance.api.middleware.version_negotiation [None req-2f3c875f-b992-44f0-b3aa-5bea01dba5b7 tempest-VolumesActionsTest-327038118 tempest-VolumesActionsTest-327038118-project-member] new path /v2/schemas/image {{(pid=99652) process_request /opt/stack/glance/glance/api/middleware/version_negotiation.py:70}}
Jul 20 11:57:08.871913 np0000005495 devstack@g-api.service[99652]: [pid: 99652|app: 0|req: 42/137] 127.0.0.1 () {44 vars in 1055 bytes} [Mon Jul 20 11:57:08 2026] GET /v2/schemas/image => generated 6083 bytes in 348 msecs (HTTP/1.1 200) 4 headers in 158 bytes (1 switches on core 0)
Jul 20 11:57:08.897348 np0000005495 devstack@g-api.service[99653]: DEBUG glance.api.middleware.version_negotiation [None req-a1743fbc-5de6-4fab-ae30-3d7ff26c808b tempest-DeleteServersTestJSON-211513719 tempest-DeleteServersTestJSON-211513719-project-member] Determining version of request: POST /v2/images Accept: */* {{(pid=99653) process_request /opt/stack/glance/glance/api/middleware/version_negotiation.py:44}}
Jul 20 11:57:08.897348 np0000005495 devstack@g-api.service[99653]: DEBUG glance.api.middleware.version_negotiation [None req-a1743fbc-5de6-4fab-ae30-3d7ff26c808b tempest-DeleteServersTestJSON-211513719 tempest-DeleteServersTestJSON-211513719-project-member] Using url versioning {{(pid=99653) process_request /opt/stack/glance/glance/api/middleware/version_negotiation.py:57}}
Jul 20 11:57:08.905141 np0000005495 devstack@g-api.service[99653]: DEBUG glance.api.middleware.version_negotiation [None req-a1743fbc-5de6-4fab-ae30-3d7ff26c808b tempest-DeleteServersTestJSON-211513719 tempest-DeleteServersTestJSON-211513719-project-member] Matched version: v2 {{(pid=99653) process_request /opt/stack/glance/glance/api/middleware/version_negotiation.py:69}}
Jul 20 11:57:08.905141 np0000005495 devstack@g-api.service[99653]: DEBUG glance.api.middleware.version_negotiation [None req-a1743fbc-5de6-4fab-ae30-3d7ff26c808b tempest-DeleteServersTestJSON-211513719 tempest-DeleteServersTestJSON-211513719-project-member] new path /v2/images {{(pid=99653) process_request /opt/stack/glance/glance/api/middleware/version_negotiation.py:70}}
Jul 20 11:57:09.699144 np0000005495 devstack@g-api.service[99653]: [pid: 99653|app: 0|req: 47/138] 127.0.0.1 () {46 vars in 1055 bytes} [Mon Jul 20 11:57:08 2026] POST /v2/images => generated 649 bytes in 802 msecs (HTTP/1.1 201) 6 headers in 315 bytes (1 switches on core 0)
Jul 20 11:57:09.712642 np0000005495 devstack@g-api.service[99651]: DEBUG glance.api.middleware.version_negotiation [None req-a1743fbc-5de6-4fab-ae30-3d7ff26c808b tempest-DeleteServersTestJSON-211513719 tempest-DeleteServersTestJSON-211513719-project-member] Determining version of request: GET /v2/schemas/image Accept: */* {{(pid=99651) process_request /opt/stack/glance/glance/api/middleware/version_negotiation.py:44}}
Jul 20 11:57:09.713082 np0000005495 devstack@g-api.service[99651]: DEBUG glance.api.middleware.version_negotiation [None req-a1743fbc-5de6-4fab-ae30-3d7ff26c808b tempest-DeleteServersTestJSON-211513719 tempest-DeleteServersTestJSON-211513719-project-member] Using url versioning {{(pid=99651) process_request /opt/stack/glance/glance/api/middleware/version_negotiation.py:57}}
Jul 20 11:57:09.713082 np0000005495 devstack@g-api.service[99651]: DEBUG glance.api.middleware.version_negotiation [None req-a1743fbc-5de6-4fab-ae30-3d7ff26c808b tempest-DeleteServersTestJSON-211513719 tempest-DeleteServersTestJSON-211513719-project-member] Matched version: v2 {{(pid=99651) process_request /opt/stack/glance/glance/api/middleware/version_negotiation.py:69}}
Jul 20 11:57:09.713082 np0000005495 devstack@g-api.service[99651]: DEBUG glance.api.middleware.version_negotiation [None req-a1743fbc-5de6-4fab-ae30-3d7ff26c808b tempest-DeleteServersTestJSON-211513719 tempest-DeleteServersTestJSON-211513719-project-member] new path /v2/schemas/image {{(pid=99651) process_request /opt/stack/glance/glance/api/middleware/version_negotiation.py:70}}
Jul 20 11:57:09.715726 np0000005495 devstack@g-api.service[99651]: [pid: 99651|app: 0|req: 50/139] 127.0.0.1 () {44 vars in 1055 bytes} [Mon Jul 20 11:57:09 2026] GET /v2/schemas/image => generated 6083 bytes in 3 msecs (HTTP/1.1 200) 4 headers in 158 bytes (1 switches on core 0)
Jul 20 11:57:09.730349 np0000005495 devstack@g-api.service[99652]: DEBUG glance.api.middleware.version_negotiation [None req-76471fdc-e407-4e04-b6cc-88e79d86168a tempest-VolumesActionsTest-327038118 tempest-VolumesActionsTest-327038118-project-member] Determining version of request: GET /v2/images/f44817e4-033b-4f89-9284-63ccda0eaa50 Accept: application/json {{(pid=99652) process_request /opt/stack/glance/glance/api/middleware/version_negotiation.py:44}}
Jul 20 11:57:09.730885 np0000005495 devstack@g-api.service[99652]: DEBUG glance.api.middleware.version_negotiation [None req-76471fdc-e407-4e04-b6cc-88e79d86168a tempest-VolumesActionsTest-327038118 tempest-VolumesActionsTest-327038118-project-member] Using url versioning {{(pid=99652) process_request /opt/stack/glance/glance/api/middleware/version_negotiation.py:57}}
Jul 20 11:57:09.730885 np0000005495 devstack@g-api.service[99652]: DEBUG glance.api.middleware.version_negotiation [None req-76471fdc-e407-4e04-b6cc-88e79d86168a tempest-VolumesActionsTest-327038118 tempest-VolumesActionsTest-327038118-project-member] Matched version: v2 {{(pid=99652) process_request /opt/stack/glance/glance/api/middleware/version_negotiation.py:69}}
Jul 20 11:57:09.730885 np0000005495 devstack@g-api.service[99652]: DEBUG glance.api.middleware.version_negotiation [None req-76471fdc-e407-4e04-b6cc-88e79d86168a tempest-VolumesActionsTest-327038118 tempest-VolumesActionsTest-327038118-project-member] new path /v2/images/f44817e4-033b-4f89-9284-63ccda0eaa50 {{(pid=99652) process_request /opt/stack/glance/glance/api/middleware/version_negotiation.py:70}}
Jul 20 11:57:09.742400 np0000005495 devstack@g-api.service[99652]: [pid: 99652|app: 0|req: 43/140] 127.0.0.1 () {40 vars in 838 bytes} [Mon Jul 20 11:57:09 2026] GET /v2/images/f44817e4-033b-4f89-9284-63ccda0eaa50 => generated 649 bytes in 12 msecs (HTTP/1.1 200) 4 headers in 157 bytes (1 switches on core 0)
Jul 20 11:57:10.034148 np0000005495 devstack@g-api.service[99653]: DEBUG glance.api.middleware.version_negotiation [None req-76471fdc-e407-4e04-b6cc-88e79d86168a tempest-VolumesActionsTest-327038118 tempest-VolumesActionsTest-327038118-project-member] Determining version of request: PUT /v2/images/f44817e4-033b-4f89-9284-63ccda0eaa50/file Accept: */* {{(pid=99653) process_request /opt/stack/glance/glance/api/middleware/version_negotiation.py:44}}
Jul 20 11:57:10.034649 np0000005495 devstack@g-api.service[99653]: DEBUG glance.api.middleware.version_negotiation [None req-76471fdc-e407-4e04-b6cc-88e79d86168a tempest-VolumesActionsTest-327038118 tempest-VolumesActionsTest-327038118-project-member] Using url versioning {{(pid=99653) process_request /opt/stack/glance/glance/api/middleware/version_negotiation.py:57}}
Jul 20 11:57:10.034649 np0000005495 devstack@g-api.service[99653]: DEBUG glance.api.middleware.version_negotiation [None req-76471fdc-e407-4e04-b6cc-88e79d86168a tempest-VolumesActionsTest-327038118 tempest-VolumesActionsTest-327038118-project-member] Matched version: v2 {{(pid=99653) process_request /opt/stack/glance/glance/api/middleware/version_negotiation.py:69}}
Jul 20 11:57:10.034649 np0000005495 devstack@g-api.service[99653]: DEBUG glance.api.middleware.version_negotiation [None req-76471fdc-e407-4e04-b6cc-88e79d86168a tempest-VolumesActionsTest-327038118 tempest-VolumesActionsTest-327038118-project-member] new path /v2/images/f44817e4-033b-4f89-9284-63ccda0eaa50/file {{(pid=99653) process_request /opt/stack/glance/glance/api/middleware/version_negotiation.py:70}}
Jul 20 11:57:11.885628 np0000005495 devstack@g-api.service[99651]: DEBUG glance.api.middleware.version_negotiation [None req-76471fdc-e407-4e04-b6cc-88e79d86168a tempest-VolumesActionsTest-327038118 tempest-VolumesActionsTest-327038118-project-member] Determining version of request: GET /v2/images/f44817e4-033b-4f89-9284-63ccda0eaa50 Accept: application/json {{(pid=99651) process_request /opt/stack/glance/glance/api/middleware/version_negotiation.py:44}}
Jul 20 11:57:11.885628 np0000005495 devstack@g-api.service[99651]: DEBUG glance.api.middleware.version_negotiation [None req-76471fdc-e407-4e04-b6cc-88e79d86168a tempest-VolumesActionsTest-327038118 tempest-VolumesActionsTest-327038118-project-member] Using url versioning {{(pid=99651) process_request /opt/stack/glance/glance/api/middleware/version_negotiation.py:57}}
Jul 20 11:57:11.885628 np0000005495 devstack@g-api.service[99651]: DEBUG glance.api.middleware.version_negotiation [None req-76471fdc-e407-4e04-b6cc-88e79d86168a tempest-VolumesActionsTest-327038118 tempest-VolumesActionsTest-327038118-project-member] Matched version: v2 {{(pid=99651) process_request /opt/stack/glance/glance/api/middleware/version_negotiation.py:69}}
Jul 20 11:57:11.885628 np0000005495 devstack@g-api.service[99651]: DEBUG glance.api.middleware.version_negotiation [None req-76471fdc-e407-4e04-b6cc-88e79d86168a tempest-VolumesActionsTest-327038118 tempest-VolumesActionsTest-327038118-project-member] new path /v2/images/f44817e4-033b-4f89-9284-63ccda0eaa50 {{(pid=99651) process_request /opt/stack/glance/glance/api/middleware/version_negotiation.py:70}}
Jul 20 11:57:11.885628 np0000005495 devstack@g-api.service[99651]: [pid: 99651|app: 0|req: 51/141] 127.0.0.1 () {40 vars in 838 bytes} [Mon Jul 20 11:57:10 2026] GET /v2/images/f44817e4-033b-4f89-9284-63ccda0eaa50 => generated 649 bytes in 26 msecs (HTTP/1.1 200) 4 headers in 157 bytes (1 switches on core 0)
Jul 20 11:57:11.892576 np0000005495 devstack@g-api.service[99653]: INFO glance.api.v2.image_data [None req-76471fdc-e407-4e04-b6cc-88e79d86168a tempest-VolumesActionsTest-327038118 tempest-VolumesActionsTest-327038118-project-member] Unable to create trust: no such option collect_timing in group [keystone_authtoken] Use the existing user token.
Jul 20 11:57:11.893750 np0000005495 devstack@g-api.service[99652]: DEBUG glance.api.middleware.version_negotiation [None req-704ab8fe-5c79-4ea6-9af7-e10051b71b0a tempest-VolumesActionsTest-327038118 tempest-VolumesActionsTest-327038118-project-member] Determining version of request: GET /v2/images/f44817e4-033b-4f89-9284-63ccda0eaa50 Accept: application/json {{(pid=99652) process_request /opt/stack/glance/glance/api/middleware/version_negotiation.py:44}}
Jul 20 11:57:11.893750 np0000005495 devstack@g-api.service[99652]: DEBUG glance.api.middleware.version_negotiation [None req-704ab8fe-5c79-4ea6-9af7-e10051b71b0a tempest-VolumesActionsTest-327038118 tempest-VolumesActionsTest-327038118-project-member] Using url versioning {{(pid=99652) process_request /opt/stack/glance/glance/api/middleware/version_negotiation.py:57}}
Jul 20 11:57:11.893750 np0000005495 devstack@g-api.service[99652]: DEBUG glance.api.middleware.version_negotiation [None req-704ab8fe-5c79-4ea6-9af7-e10051b71b0a tempest-VolumesActionsTest-327038118 tempest-VolumesActionsTest-327038118-project-member] Matched version: v2 {{(pid=99652) process_request /opt/stack/glance/glance/api/middleware/version_negotiation.py:69}}
Jul 20 11:57:11.893750 np0000005495 devstack@g-api.service[99652]: DEBUG glance.api.middleware.version_negotiation [None req-704ab8fe-5c79-4ea6-9af7-e10051b71b0a tempest-VolumesActionsTest-327038118 tempest-VolumesActionsTest-327038118-project-member] new path /v2/images/f44817e4-033b-4f89-9284-63ccda0eaa50 {{(pid=99652) process_request /opt/stack/glance/glance/api/middleware/version_negotiation.py:70}}
Jul 20 11:57:11.893750 np0000005495 devstack@g-api.service[99652]: [pid: 99652|app: 0|req: 44/142] 127.0.0.1 () {40 vars in 838 bytes} [Mon Jul 20 11:57:11 2026] GET /v2/images/f44817e4-033b-4f89-9284-63ccda0eaa50 => generated 649 bytes in 13 msecs (HTTP/1.1 200) 4 headers in 157 bytes (1 switches on core 0)
Jul 20 11:57:12.051850 np0000005495 devstack@g-api.service[99653]: DEBUG glance.location [None req-76471fdc-e407-4e04-b6cc-88e79d86168a tempest-VolumesActionsTest-327038118 tempest-VolumesActionsTest-327038118-project-member] Enabling in-flight format inspection for raw {{(pid=99653) set_data /opt/stack/glance/glance/location.py:596}}
Jul 20 11:57:12.052209 np0000005495 devstack@g-api.service[99653]: DEBUG glance_store.backend [None req-76471fdc-e407-4e04-b6cc-88e79d86168a tempest-VolumesActionsTest-327038118 tempest-VolumesActionsTest-327038118-project-member] Attempting to import store swift {{(pid=99653) _load_store /opt/stack/data/venv/lib/python3.12/site-packages/glance_store/backend.py:215}}
Jul 20 11:57:12.055798 np0000005495 devstack@g-api.service[99653]: DEBUG glance_store.capabilities [None req-76471fdc-e407-4e04-b6cc-88e79d86168a tempest-VolumesActionsTest-327038118 tempest-VolumesActionsTest-327038118-project-member] Store glance_store._drivers.swift.store.SingleTenantStore doesn't support updating dynamic storage capabilities. Please overwrite 'update_capabilities' method of the store to implement updating logics if needed. {{(pid=99653) update_capabilities /opt/stack/data/venv/lib/python3.12/site-packages/glance_store/capabilities.py:91}}
Jul 20 11:57:12.056377 np0000005495 devstack@g-api.service[99653]: DEBUG glance_store.driver [None req-76471fdc-e407-4e04-b6cc-88e79d86168a tempest-VolumesActionsTest-327038118 tempest-VolumesActionsTest-327038118-project-member] Late loading location class glance_store._drivers.swift.store.StoreLocation {{(pid=99653) get_store_location_class /opt/stack/data/venv/lib/python3.12/site-packages/glance_store/driver.py:134}}
Jul 20 11:57:12.056377 np0000005495 devstack@g-api.service[99653]: DEBUG glance_store.location [None req-76471fdc-e407-4e04-b6cc-88e79d86168a tempest-VolumesActionsTest-327038118 tempest-VolumesActionsTest-327038118-project-member] Registering scheme swift+https with {'store': , 'location_class': , 'store_entry': 'swift'} {{(pid=99653) register_scheme_map /opt/stack/data/venv/lib/python3.12/site-packages/glance_store/location.py:146}}
Jul 20 11:57:12.056377 np0000005495 devstack@g-api.service[99653]: DEBUG glance_store.location [None req-76471fdc-e407-4e04-b6cc-88e79d86168a tempest-VolumesActionsTest-327038118 tempest-VolumesActionsTest-327038118-project-member] Registering scheme swift+https with {'store': , 'location_class': , 'store_entry': 'swift'} {{(pid=99653) register_scheme_map /opt/stack/data/venv/lib/python3.12/site-packages/glance_store/location.py:146}}
Jul 20 11:57:12.056631 np0000005495 devstack@g-api.service[99653]: DEBUG glance_store.location [None req-76471fdc-e407-4e04-b6cc-88e79d86168a tempest-VolumesActionsTest-327038118 tempest-VolumesActionsTest-327038118-project-member] Registering scheme swift with {'store': , 'location_class': , 'store_entry': 'swift'} {{(pid=99653) register_scheme_map /opt/stack/data/venv/lib/python3.12/site-packages/glance_store/location.py:146}}
Jul 20 11:57:12.056793 np0000005495 devstack@g-api.service[99653]: DEBUG glance_store.location [None req-76471fdc-e407-4e04-b6cc-88e79d86168a tempest-VolumesActionsTest-327038118 tempest-VolumesActionsTest-327038118-project-member] Registering scheme swift+https with {'store': , 'location_class': , 'store_entry': 'swift'} {{(pid=99653) register_scheme_map /opt/stack/data/venv/lib/python3.12/site-packages/glance_store/location.py:146}}
Jul 20 11:57:12.056871 np0000005495 devstack@g-api.service[99653]: DEBUG glance_store.location [None req-76471fdc-e407-4e04-b6cc-88e79d86168a tempest-VolumesActionsTest-327038118 tempest-VolumesActionsTest-327038118-project-member] Registering scheme swift with {'store': , 'location_class': , 'store_entry': 'swift'} {{(pid=99653) register_scheme_map /opt/stack/data/venv/lib/python3.12/site-packages/glance_store/location.py:146}}
Jul 20 11:57:12.058011 np0000005495 devstack@g-api.service[99653]: DEBUG glance_store.location [None req-76471fdc-e407-4e04-b6cc-88e79d86168a tempest-VolumesActionsTest-327038118 tempest-VolumesActionsTest-327038118-project-member] Registering scheme swift+http with {'store': , 'location_class': , 'store_entry': 'swift'} {{(pid=99653) register_scheme_map /opt/stack/data/venv/lib/python3.12/site-packages/glance_store/location.py:146}}
Jul 20 11:57:12.058011 np0000005495 devstack@g-api.service[99653]: DEBUG glance_store.location [None req-76471fdc-e407-4e04-b6cc-88e79d86168a tempest-VolumesActionsTest-327038118 tempest-VolumesActionsTest-327038118-project-member] Registering scheme swift+https with {'store': , 'location_class': , 'store_entry': 'swift'} {{(pid=99653) register_scheme_map /opt/stack/data/venv/lib/python3.12/site-packages/glance_store/location.py:146}}
Jul 20 11:57:12.058011 np0000005495 devstack@g-api.service[99653]: DEBUG glance_store.location [None req-76471fdc-e407-4e04-b6cc-88e79d86168a tempest-VolumesActionsTest-327038118 tempest-VolumesActionsTest-327038118-project-member] Registering scheme swift with {'store': , 'location_class': , 'store_entry': 'swift'} {{(pid=99653) register_scheme_map /opt/stack/data/venv/lib/python3.12/site-packages/glance_store/location.py:146}}
Jul 20 11:57:12.058011 np0000005495 devstack@g-api.service[99653]: DEBUG glance_store.location [None req-76471fdc-e407-4e04-b6cc-88e79d86168a tempest-VolumesActionsTest-327038118 tempest-VolumesActionsTest-327038118-project-member] Registering scheme swift+http with {'store': , 'location_class': , 'store_entry': 'swift'} {{(pid=99653) register_scheme_map /opt/stack/data/venv/lib/python3.12/site-packages/glance_store/location.py:146}}
Jul 20 11:57:12.058567 np0000005495 devstack@g-api.service[99653]: DEBUG glance_store.location [None req-76471fdc-e407-4e04-b6cc-88e79d86168a tempest-VolumesActionsTest-327038118 tempest-VolumesActionsTest-327038118-project-member] Registering scheme swift+config with {'store': , 'location_class': , 'store_entry': 'swift'} {{(pid=99653) register_scheme_map /opt/stack/data/venv/lib/python3.12/site-packages/glance_store/location.py:146}}
Jul 20 11:57:12.775504 np0000005495 devstack@g-api.service[99653]: DEBUG swiftclient [None req-76471fdc-e407-4e04-b6cc-88e79d86168a tempest-VolumesActionsTest-327038118 tempest-VolumesActionsTest-327038118-project-member] REQ: curl -i https://10.4.3.198:8080/v1/AUTH_16f5ace18aea45c6af5ee7b9a0da701d/glance -I -H "X-Auth-Token: gAAAAABqXg0Y7D0N..." {{(pid=99653) http_log /opt/stack/data/venv/lib/python3.12/site-packages/swiftclient/client.py:160}}
Jul 20 11:57:12.775504 np0000005495 devstack@g-api.service[99653]: DEBUG swiftclient [None req-76471fdc-e407-4e04-b6cc-88e79d86168a tempest-VolumesActionsTest-327038118 tempest-VolumesActionsTest-327038118-project-member] RESP STATUS: 204 No Content {{(pid=99653) http_log /opt/stack/data/venv/lib/python3.12/site-packages/swiftclient/client.py:161}}
Jul 20 11:57:12.775504 np0000005495 devstack@g-api.service[99653]: DEBUG swiftclient [None req-76471fdc-e407-4e04-b6cc-88e79d86168a tempest-VolumesActionsTest-327038118 tempest-VolumesActionsTest-327038118-project-member] RESP HEADERS: {'Date': 'Mon, 20 Jul 2026 11:57:12 GMT', 'Server': 'Apache/2.4.58 (Ubuntu)', 'Content-Type': 'text/plain; charset=utf-8', 'X-Container-Object-Count': '5', 'X-Container-Bytes-Used': '117964800', 'X-Timestamp': '1784548405.85936', 'Last-Modified': 'Mon, 20 Jul 2026 11:53:26 GMT', 'Accept-Ranges': 'bytes', 'X-Storage-Policy': 'Policy-0', 'X-Container-Sharding': 'False', 'Vary': 'Accept', 'X-Trans-Id': 'tx37d99f79bb3c4a6ca0590-006a5e0d18', 'X-Openstack-Request-Id': 'tx37d99f79bb3c4a6ca0590-006a5e0d18', 'Connection': 'close'} {{(pid=99653) http_log /opt/stack/data/venv/lib/python3.12/site-packages/swiftclient/client.py:162}}
Jul 20 11:57:12.775504 np0000005495 devstack@g-api.service[99653]: DEBUG glance_store._drivers.swift.store [None req-76471fdc-e407-4e04-b6cc-88e79d86168a tempest-VolumesActionsTest-327038118 tempest-VolumesActionsTest-327038118-project-member] Adding image object 'f44817e4-033b-4f89-9284-63ccda0eaa50' to Swift {{(pid=99653) add /opt/stack/data/venv/lib/python3.12/site-packages/glance_store/_drivers/swift/store.py:970}}
Jul 20 11:57:12.775504 np0000005495 devstack@g-api.service[99653]: DEBUG glance_store._drivers.swift.store [None req-76471fdc-e407-4e04-b6cc-88e79d86168a tempest-VolumesActionsTest-327038118 tempest-VolumesActionsTest-327038118-project-member] Cannot determine image size because it is either not provided in the request or chunked-transfer encoding is used. Adding image as a segmented object to Swift. {{(pid=99653) add /opt/stack/data/venv/lib/python3.12/site-packages/glance_store/_drivers/swift/store.py:994}}
Jul 20 11:57:12.781543 np0000005495 devstack@g-api.service[99653]: DEBUG oslo_utils.imageutils.format_inspector [None req-76471fdc-e407-4e04-b6cc-88e79d86168a tempest-VolumesActionsTest-327038118 tempest-VolumesActionsTest-327038118-project-member] Format inspector for vmdk does not match, excluding from consideration (Signature KDMV not found: b'\x00\x00\x00\x00') {{(pid=99653) _process_chunk /opt/stack/data/venv/lib/python3.12/site-packages/oslo_utils/imageutils/format_inspector.py:1758}}
Jul 20 11:57:12.784760 np0000005495 devstack@g-api.service[99653]: DEBUG oslo_utils.imageutils.format_inspector [None req-76471fdc-e407-4e04-b6cc-88e79d86168a tempest-VolumesActionsTest-327038118 tempest-VolumesActionsTest-327038118-project-member] Format inspector for vhdx does not match, excluding from consideration (Region signature not found at 30000) {{(pid=99653) _process_chunk /opt/stack/data/venv/lib/python3.12/site-packages/oslo_utils/imageutils/format_inspector.py:1758}}
Jul 20 11:57:12.818175 np0000005495 devstack@g-api.service[99651]: DEBUG glance.api.middleware.version_negotiation [None req-768f92dd-db67-493f-9054-55561e76fcbc tempest-VolumesActionsTest-327038118 tempest-VolumesActionsTest-327038118-project-member] Determining version of request: GET /v2/images/f44817e4-033b-4f89-9284-63ccda0eaa50 Accept: application/json {{(pid=99651) process_request /opt/stack/glance/glance/api/middleware/version_negotiation.py:44}}
Jul 20 11:57:12.818402 np0000005495 devstack@g-api.service[99651]: DEBUG glance.api.middleware.version_negotiation [None req-768f92dd-db67-493f-9054-55561e76fcbc tempest-VolumesActionsTest-327038118 tempest-VolumesActionsTest-327038118-project-member] Using url versioning {{(pid=99651) process_request /opt/stack/glance/glance/api/middleware/version_negotiation.py:57}}
Jul 20 11:57:12.818620 np0000005495 devstack@g-api.service[99651]: DEBUG glance.api.middleware.version_negotiation [None req-768f92dd-db67-493f-9054-55561e76fcbc tempest-VolumesActionsTest-327038118 tempest-VolumesActionsTest-327038118-project-member] Matched version: v2 {{(pid=99651) process_request /opt/stack/glance/glance/api/middleware/version_negotiation.py:69}}
Jul 20 11:57:12.819122 np0000005495 devstack@g-api.service[99651]: DEBUG glance.api.middleware.version_negotiation [None req-768f92dd-db67-493f-9054-55561e76fcbc tempest-VolumesActionsTest-327038118 tempest-VolumesActionsTest-327038118-project-member] new path /v2/images/f44817e4-033b-4f89-9284-63ccda0eaa50 {{(pid=99651) process_request /opt/stack/glance/glance/api/middleware/version_negotiation.py:70}}
Jul 20 11:57:12.839080 np0000005495 devstack@g-api.service[99651]: [pid: 99651|app: 0|req: 52/143] 127.0.0.1 () {40 vars in 838 bytes} [Mon Jul 20 11:57:12 2026] GET /v2/images/f44817e4-033b-4f89-9284-63ccda0eaa50 => generated 649 bytes in 21 msecs (HTTP/1.1 200) 4 headers in 157 bytes (1 switches on core 0)
Jul 20 11:57:13.852576 np0000005495 devstack@g-api.service[99652]: DEBUG glance.api.middleware.version_negotiation [None req-7a8f6722-9034-47ed-b5c4-c5acd1e4a94c tempest-VolumesActionsTest-327038118 tempest-VolumesActionsTest-327038118-project-member] Determining version of request: GET /v2/images/f44817e4-033b-4f89-9284-63ccda0eaa50 Accept: application/json {{(pid=99652) process_request /opt/stack/glance/glance/api/middleware/version_negotiation.py:44}}
Jul 20 11:57:13.852964 np0000005495 devstack@g-api.service[99652]: DEBUG glance.api.middleware.version_negotiation [None req-7a8f6722-9034-47ed-b5c4-c5acd1e4a94c tempest-VolumesActionsTest-327038118 tempest-VolumesActionsTest-327038118-project-member] Using url versioning {{(pid=99652) process_request /opt/stack/glance/glance/api/middleware/version_negotiation.py:57}}
Jul 20 11:57:13.853048 np0000005495 devstack@g-api.service[99652]: DEBUG glance.api.middleware.version_negotiation [None req-7a8f6722-9034-47ed-b5c4-c5acd1e4a94c tempest-VolumesActionsTest-327038118 tempest-VolumesActionsTest-327038118-project-member] Matched version: v2 {{(pid=99652) process_request /opt/stack/glance/glance/api/middleware/version_negotiation.py:69}}
Jul 20 11:57:13.853162 np0000005495 devstack@g-api.service[99652]: DEBUG glance.api.middleware.version_negotiation [None req-7a8f6722-9034-47ed-b5c4-c5acd1e4a94c tempest-VolumesActionsTest-327038118 tempest-VolumesActionsTest-327038118-project-member] new path /v2/images/f44817e4-033b-4f89-9284-63ccda0eaa50 {{(pid=99652) process_request /opt/stack/glance/glance/api/middleware/version_negotiation.py:70}}
Jul 20 11:57:13.872335 np0000005495 devstack@g-api.service[99652]: [pid: 99652|app: 0|req: 45/144] 127.0.0.1 () {40 vars in 838 bytes} [Mon Jul 20 11:57:13 2026] GET /v2/images/f44817e4-033b-4f89-9284-63ccda0eaa50 => generated 649 bytes in 22 msecs (HTTP/1.1 200) 4 headers in 157 bytes (1 switches on core 0)
Jul 20 11:57:14.885900 np0000005495 devstack@g-api.service[99651]: DEBUG glance.api.middleware.version_negotiation [None req-f09fc283-aa13-4523-9cba-40922e5b5822 tempest-VolumesActionsTest-327038118 tempest-VolumesActionsTest-327038118-project-member] Determining version of request: GET /v2/images/f44817e4-033b-4f89-9284-63ccda0eaa50 Accept: application/json {{(pid=99651) process_request /opt/stack/glance/glance/api/middleware/version_negotiation.py:44}}
Jul 20 11:57:14.886347 np0000005495 devstack@g-api.service[99651]: DEBUG glance.api.middleware.version_negotiation [None req-f09fc283-aa13-4523-9cba-40922e5b5822 tempest-VolumesActionsTest-327038118 tempest-VolumesActionsTest-327038118-project-member] Using url versioning {{(pid=99651) process_request /opt/stack/glance/glance/api/middleware/version_negotiation.py:57}}
Jul 20 11:57:14.886347 np0000005495 devstack@g-api.service[99651]: DEBUG glance.api.middleware.version_negotiation [None req-f09fc283-aa13-4523-9cba-40922e5b5822 tempest-VolumesActionsTest-327038118 tempest-VolumesActionsTest-327038118-project-member] Matched version: v2 {{(pid=99651) process_request /opt/stack/glance/glance/api/middleware/version_negotiation.py:69}}
Jul 20 11:57:14.886456 np0000005495 devstack@g-api.service[99651]: DEBUG glance.api.middleware.version_negotiation [None req-f09fc283-aa13-4523-9cba-40922e5b5822 tempest-VolumesActionsTest-327038118 tempest-VolumesActionsTest-327038118-project-member] new path /v2/images/f44817e4-033b-4f89-9284-63ccda0eaa50 {{(pid=99651) process_request /opt/stack/glance/glance/api/middleware/version_negotiation.py:70}}
Jul 20 11:57:14.902183 np0000005495 devstack@g-api.service[99651]: [pid: 99651|app: 0|req: 53/145] 127.0.0.1 () {40 vars in 838 bytes} [Mon Jul 20 11:57:14 2026] GET /v2/images/f44817e4-033b-4f89-9284-63ccda0eaa50 => generated 649 bytes in 16 msecs (HTTP/1.1 200) 4 headers in 157 bytes (1 switches on core 0)
Jul 20 11:57:15.512102 np0000005495 devstack@g-api.service[99653]: DEBUG swiftclient [None req-76471fdc-e407-4e04-b6cc-88e79d86168a tempest-VolumesActionsTest-327038118 tempest-VolumesActionsTest-327038118-project-member] REQ: curl -i https://10.4.3.198:8080/v1/AUTH_16f5ace18aea45c6af5ee7b9a0da701d/glance/f44817e4-033b-4f89-9284-63ccda0eaa50-00001 -X PUT -H "X-Auth-Token: gAAAAABqXg0Y7D0N..." {{(pid=99653) http_log /opt/stack/data/venv/lib/python3.12/site-packages/swiftclient/client.py:160}}
Jul 20 11:57:15.512660 np0000005495 devstack@g-api.service[99653]: DEBUG swiftclient [None req-76471fdc-e407-4e04-b6cc-88e79d86168a tempest-VolumesActionsTest-327038118 tempest-VolumesActionsTest-327038118-project-member] RESP STATUS: 201 Created {{(pid=99653) http_log /opt/stack/data/venv/lib/python3.12/site-packages/swiftclient/client.py:161}}
Jul 20 11:57:15.512660 np0000005495 devstack@g-api.service[99653]: DEBUG swiftclient [None req-76471fdc-e407-4e04-b6cc-88e79d86168a tempest-VolumesActionsTest-327038118 tempest-VolumesActionsTest-327038118-project-member] RESP HEADERS: {'Date': 'Mon, 20 Jul 2026 11:57:15 GMT', 'Server': 'Apache/2.4.58 (Ubuntu)', 'Content-Type': 'text/html; charset=UTF-8', 'Content-Length': '0', 'Etag': 'eda9a9889837ac4bc81d6387d92c1bec', 'Last-Modified': 'Mon, 20 Jul 2026 11:57:13 GMT', 'X-Trans-Id': 'tx1926f328278c4d3b91fb6-006a5e0d18', 'X-Openstack-Request-Id': 'tx1926f328278c4d3b91fb6-006a5e0d18', 'Connection': 'close'} {{(pid=99653) http_log /opt/stack/data/venv/lib/python3.12/site-packages/swiftclient/client.py:162}}
Jul 20 11:57:15.512660 np0000005495 devstack@g-api.service[99653]: DEBUG glance_store._drivers.swift.store [None req-76471fdc-e407-4e04-b6cc-88e79d86168a tempest-VolumesActionsTest-327038118 tempest-VolumesActionsTest-327038118-project-member] Wrote chunk f44817e4-033b-4f89-9284-63ccda0eaa50-00001 (1/?) of length 204800000 to Swift returning MD5 of content: eda9a9889837ac4bc81d6387d92c1bec {{(pid=99653) add /opt/stack/data/venv/lib/python3.12/site-packages/glance_store/_drivers/swift/store.py:1059}}
Jul 20 11:57:15.912454 np0000005495 devstack@g-api.service[99652]: DEBUG glance.api.middleware.version_negotiation [None req-ab9d8d8d-3dc9-494a-a6ff-a4083987a38c tempest-VolumesActionsTest-327038118 tempest-VolumesActionsTest-327038118-project-member] Determining version of request: GET /v2/images/f44817e4-033b-4f89-9284-63ccda0eaa50 Accept: application/json {{(pid=99652) process_request /opt/stack/glance/glance/api/middleware/version_negotiation.py:44}}
Jul 20 11:57:15.912970 np0000005495 devstack@g-api.service[99652]: DEBUG glance.api.middleware.version_negotiation [None req-ab9d8d8d-3dc9-494a-a6ff-a4083987a38c tempest-VolumesActionsTest-327038118 tempest-VolumesActionsTest-327038118-project-member] Using url versioning {{(pid=99652) process_request /opt/stack/glance/glance/api/middleware/version_negotiation.py:57}}
Jul 20 11:57:15.912970 np0000005495 devstack@g-api.service[99652]: DEBUG glance.api.middleware.version_negotiation [None req-ab9d8d8d-3dc9-494a-a6ff-a4083987a38c tempest-VolumesActionsTest-327038118 tempest-VolumesActionsTest-327038118-project-member] Matched version: v2 {{(pid=99652) process_request /opt/stack/glance/glance/api/middleware/version_negotiation.py:69}}
Jul 20 11:57:15.912970 np0000005495 devstack@g-api.service[99652]: DEBUG glance.api.middleware.version_negotiation [None req-ab9d8d8d-3dc9-494a-a6ff-a4083987a38c tempest-VolumesActionsTest-327038118 tempest-VolumesActionsTest-327038118-project-member] new path /v2/images/f44817e4-033b-4f89-9284-63ccda0eaa50 {{(pid=99652) process_request /opt/stack/glance/glance/api/middleware/version_negotiation.py:70}}
Jul 20 11:57:15.947435 np0000005495 devstack@g-api.service[99652]: [pid: 99652|app: 0|req: 46/146] 127.0.0.1 () {40 vars in 838 bytes} [Mon Jul 20 11:57:15 2026] GET /v2/images/f44817e4-033b-4f89-9284-63ccda0eaa50 => generated 649 bytes in 35 msecs (HTTP/1.1 200) 4 headers in 157 bytes (1 switches on core 0)
Jul 20 11:57:15.986317 np0000005495 devstack@g-api.service[99651]: DEBUG glance.api.middleware.version_negotiation [None req-d8c0047d-71fd-4092-b442-6fc73c2ae33e tempest-VolumesActionsTest-327038118 tempest-VolumesActionsTest-327038118-project-member] Determining version of request: GET /v2/images/25f7e537-8ac5-46a9-8d10-20fb5e693e32 Accept: */* {{(pid=99651) process_request /opt/stack/glance/glance/api/middleware/version_negotiation.py:44}}
Jul 20 11:57:15.987175 np0000005495 devstack@g-api.service[99651]: DEBUG glance.api.middleware.version_negotiation [None req-d8c0047d-71fd-4092-b442-6fc73c2ae33e tempest-VolumesActionsTest-327038118 tempest-VolumesActionsTest-327038118-project-member] Using url versioning {{(pid=99651) process_request /opt/stack/glance/glance/api/middleware/version_negotiation.py:57}}
Jul 20 11:57:15.987175 np0000005495 devstack@g-api.service[99651]: DEBUG glance.api.middleware.version_negotiation [None req-d8c0047d-71fd-4092-b442-6fc73c2ae33e tempest-VolumesActionsTest-327038118 tempest-VolumesActionsTest-327038118-project-member] Matched version: v2 {{(pid=99651) process_request /opt/stack/glance/glance/api/middleware/version_negotiation.py:69}}
Jul 20 11:57:15.987175 np0000005495 devstack@g-api.service[99651]: DEBUG glance.api.middleware.version_negotiation [None req-d8c0047d-71fd-4092-b442-6fc73c2ae33e tempest-VolumesActionsTest-327038118 tempest-VolumesActionsTest-327038118-project-member] new path /v2/images/25f7e537-8ac5-46a9-8d10-20fb5e693e32 {{(pid=99651) process_request /opt/stack/glance/glance/api/middleware/version_negotiation.py:70}}
Jul 20 11:57:16.010999 np0000005495 devstack@g-api.service[99651]: [pid: 99651|app: 0|req: 54/147] 127.0.0.1 () {44 vars in 1115 bytes} [Mon Jul 20 11:57:15 2026] GET /v2/images/25f7e537-8ac5-46a9-8d10-20fb5e693e32 => generated 1044 bytes in 25 msecs (HTTP/1.1 200) 4 headers in 158 bytes (1 switches on core 0)
Jul 20 11:57:16.026865 np0000005495 devstack@g-api.service[99652]: DEBUG glance.api.middleware.version_negotiation [None req-af1dd6cf-cd36-472a-b14a-8f7d17d2120c tempest-VolumesActionsTest-327038118 tempest-VolumesActionsTest-327038118-project-member] Determining version of request: GET /v2/schemas/image Accept: */* {{(pid=99652) process_request /opt/stack/glance/glance/api/middleware/version_negotiation.py:44}}
Jul 20 11:57:16.027877 np0000005495 devstack@g-api.service[99652]: DEBUG glance.api.middleware.version_negotiation [None req-af1dd6cf-cd36-472a-b14a-8f7d17d2120c tempest-VolumesActionsTest-327038118 tempest-VolumesActionsTest-327038118-project-member] Using url versioning {{(pid=99652) process_request /opt/stack/glance/glance/api/middleware/version_negotiation.py:57}}
Jul 20 11:57:16.028300 np0000005495 devstack@g-api.service[99652]: DEBUG glance.api.middleware.version_negotiation [None req-af1dd6cf-cd36-472a-b14a-8f7d17d2120c tempest-VolumesActionsTest-327038118 tempest-VolumesActionsTest-327038118-project-member] Matched version: v2 {{(pid=99652) process_request /opt/stack/glance/glance/api/middleware/version_negotiation.py:69}}
Jul 20 11:57:16.028654 np0000005495 devstack@g-api.service[99652]: DEBUG glance.api.middleware.version_negotiation [None req-af1dd6cf-cd36-472a-b14a-8f7d17d2120c tempest-VolumesActionsTest-327038118 tempest-VolumesActionsTest-327038118-project-member] new path /v2/schemas/image {{(pid=99652) process_request /opt/stack/glance/glance/api/middleware/version_negotiation.py:70}}
Jul 20 11:57:16.031292 np0000005495 devstack@g-api.service[99652]: [pid: 99652|app: 0|req: 47/148] 127.0.0.1 () {44 vars in 1055 bytes} [Mon Jul 20 11:57:16 2026] GET /v2/schemas/image => generated 6083 bytes in 5 msecs (HTTP/1.1 200) 4 headers in 158 bytes (1 switches on core 0)
Jul 20 11:57:16.043330 np0000005495 devstack@g-api.service[99651]: DEBUG glance.api.middleware.version_negotiation [None req-571934d2-0229-4185-b743-51f8d869d0ec tempest-TaggedBootDevicesTest-1863602590 tempest-TaggedBootDevicesTest-1863602590-project-member] Determining version of request: GET /v2/schemas/image Accept: */* {{(pid=99651) process_request /opt/stack/glance/glance/api/middleware/version_negotiation.py:44}}
Jul 20 11:57:16.043535 np0000005495 devstack@g-api.service[99651]: DEBUG glance.api.middleware.version_negotiation [None req-571934d2-0229-4185-b743-51f8d869d0ec tempest-TaggedBootDevicesTest-1863602590 tempest-TaggedBootDevicesTest-1863602590-project-member] Using url versioning {{(pid=99651) process_request /opt/stack/glance/glance/api/middleware/version_negotiation.py:57}}
Jul 20 11:57:16.043602 np0000005495 devstack@g-api.service[99651]: DEBUG glance.api.middleware.version_negotiation [None req-571934d2-0229-4185-b743-51f8d869d0ec tempest-TaggedBootDevicesTest-1863602590 tempest-TaggedBootDevicesTest-1863602590-project-member] Matched version: v2 {{(pid=99651) process_request /opt/stack/glance/glance/api/middleware/version_negotiation.py:69}}
Jul 20 11:57:16.043758 np0000005495 devstack@g-api.service[99651]: DEBUG glance.api.middleware.version_negotiation [None req-571934d2-0229-4185-b743-51f8d869d0ec tempest-TaggedBootDevicesTest-1863602590 tempest-TaggedBootDevicesTest-1863602590-project-member] new path /v2/schemas/image {{(pid=99651) process_request /opt/stack/glance/glance/api/middleware/version_negotiation.py:70}}
Jul 20 11:57:16.050333 np0000005495 devstack@g-api.service[99651]: [pid: 99651|app: 0|req: 55/149] 127.0.0.1 () {44 vars in 1055 bytes} [Mon Jul 20 11:57:16 2026] GET /v2/schemas/image => generated 6083 bytes in 7 msecs (HTTP/1.1 200) 4 headers in 158 bytes (1 switches on core 0)
Jul 20 11:57:16.066847 np0000005495 devstack@g-api.service[99652]: DEBUG glance.api.middleware.version_negotiation [None req-571934d2-0229-4185-b743-51f8d869d0ec tempest-TaggedBootDevicesTest-1863602590 tempest-TaggedBootDevicesTest-1863602590-project-member] Determining version of request: GET /v2/images/25f7e537-8ac5-46a9-8d10-20fb5e693e32 Accept: */* {{(pid=99652) process_request /opt/stack/glance/glance/api/middleware/version_negotiation.py:44}}
Jul 20 11:57:16.067877 np0000005495 devstack@g-api.service[99652]: DEBUG glance.api.middleware.version_negotiation [None req-571934d2-0229-4185-b743-51f8d869d0ec tempest-TaggedBootDevicesTest-1863602590 tempest-TaggedBootDevicesTest-1863602590-project-member] Using url versioning {{(pid=99652) process_request /opt/stack/glance/glance/api/middleware/version_negotiation.py:57}}
Jul 20 11:57:16.067877 np0000005495 devstack@g-api.service[99652]: DEBUG glance.api.middleware.version_negotiation [None req-571934d2-0229-4185-b743-51f8d869d0ec tempest-TaggedBootDevicesTest-1863602590 tempest-TaggedBootDevicesTest-1863602590-project-member] Matched version: v2 {{(pid=99652) process_request /opt/stack/glance/glance/api/middleware/version_negotiation.py:69}}
Jul 20 11:57:16.067877 np0000005495 devstack@g-api.service[99652]: DEBUG glance.api.middleware.version_negotiation [None req-571934d2-0229-4185-b743-51f8d869d0ec tempest-TaggedBootDevicesTest-1863602590 tempest-TaggedBootDevicesTest-1863602590-project-member] new path /v2/images/25f7e537-8ac5-46a9-8d10-20fb5e693e32 {{(pid=99652) process_request /opt/stack/glance/glance/api/middleware/version_negotiation.py:70}}
Jul 20 11:57:16.082369 np0000005495 devstack@g-api.service[99652]: [pid: 99652|app: 0|req: 48/150] 127.0.0.1 () {44 vars in 1115 bytes} [Mon Jul 20 11:57:16 2026] GET /v2/images/25f7e537-8ac5-46a9-8d10-20fb5e693e32 => generated 1044 bytes in 16 msecs (HTTP/1.1 200) 4 headers in 158 bytes (1 switches on core 0)
Jul 20 11:57:16.094930 np0000005495 devstack@g-api.service[99651]: DEBUG glance.api.middleware.version_negotiation [None req-571934d2-0229-4185-b743-51f8d869d0ec tempest-TaggedBootDevicesTest-1863602590 tempest-TaggedBootDevicesTest-1863602590-project-member] Determining version of request: GET /v2/schemas/image Accept: */* {{(pid=99651) process_request /opt/stack/glance/glance/api/middleware/version_negotiation.py:44}}
Jul 20 11:57:16.094930 np0000005495 devstack@g-api.service[99651]: DEBUG glance.api.middleware.version_negotiation [None req-571934d2-0229-4185-b743-51f8d869d0ec tempest-TaggedBootDevicesTest-1863602590 tempest-TaggedBootDevicesTest-1863602590-project-member] Using url versioning {{(pid=99651) process_request /opt/stack/glance/glance/api/middleware/version_negotiation.py:57}}
Jul 20 11:57:16.094930 np0000005495 devstack@g-api.service[99651]: DEBUG glance.api.middleware.version_negotiation [None req-571934d2-0229-4185-b743-51f8d869d0ec tempest-TaggedBootDevicesTest-1863602590 tempest-TaggedBootDevicesTest-1863602590-project-member] Matched version: v2 {{(pid=99651) process_request /opt/stack/glance/glance/api/middleware/version_negotiation.py:69}}
Jul 20 11:57:16.095677 np0000005495 devstack@g-api.service[99651]: DEBUG glance.api.middleware.version_negotiation [None req-571934d2-0229-4185-b743-51f8d869d0ec tempest-TaggedBootDevicesTest-1863602590 tempest-TaggedBootDevicesTest-1863602590-project-member] new path /v2/schemas/image {{(pid=99651) process_request /opt/stack/glance/glance/api/middleware/version_negotiation.py:70}}
Jul 20 11:57:16.098529 np0000005495 devstack@g-api.service[99651]: [pid: 99651|app: 0|req: 56/151] 127.0.0.1 () {44 vars in 1055 bytes} [Mon Jul 20 11:57:16 2026] GET /v2/schemas/image => generated 6083 bytes in 4 msecs (HTTP/1.1 200) 4 headers in 158 bytes (1 switches on core 0)
Jul 20 11:57:16.111081 np0000005495 devstack@g-api.service[99652]: DEBUG glance.api.middleware.version_negotiation [None req-571934d2-0229-4185-b743-51f8d869d0ec tempest-TaggedBootDevicesTest-1863602590 tempest-TaggedBootDevicesTest-1863602590-project-member] Determining version of request: GET /v2/schemas/image Accept: */* {{(pid=99652) process_request /opt/stack/glance/glance/api/middleware/version_negotiation.py:44}}
Jul 20 11:57:16.111666 np0000005495 devstack@g-api.service[99652]: DEBUG glance.api.middleware.version_negotiation [None req-571934d2-0229-4185-b743-51f8d869d0ec tempest-TaggedBootDevicesTest-1863602590 tempest-TaggedBootDevicesTest-1863602590-project-member] Using url versioning {{(pid=99652) process_request /opt/stack/glance/glance/api/middleware/version_negotiation.py:57}}
Jul 20 11:57:16.112101 np0000005495 devstack@g-api.service[99652]: DEBUG glance.api.middleware.version_negotiation [None req-571934d2-0229-4185-b743-51f8d869d0ec tempest-TaggedBootDevicesTest-1863602590 tempest-TaggedBootDevicesTest-1863602590-project-member] Matched version: v2 {{(pid=99652) process_request /opt/stack/glance/glance/api/middleware/version_negotiation.py:69}}
Jul 20 11:57:16.113074 np0000005495 devstack@g-api.service[99652]: DEBUG glance.api.middleware.version_negotiation [None req-571934d2-0229-4185-b743-51f8d869d0ec tempest-TaggedBootDevicesTest-1863602590 tempest-TaggedBootDevicesTest-1863602590-project-member] new path /v2/schemas/image {{(pid=99652) process_request /opt/stack/glance/glance/api/middleware/version_negotiation.py:70}}
Jul 20 11:57:16.116525 np0000005495 devstack@g-api.service[99652]: [pid: 99652|app: 0|req: 49/152] 127.0.0.1 () {44 vars in 1055 bytes} [Mon Jul 20 11:57:16 2026] GET /v2/schemas/image => generated 6083 bytes in 6 msecs (HTTP/1.1 200) 4 headers in 158 bytes (1 switches on core 0)
Jul 20 11:57:16.149974 np0000005495 devstack@g-api.service[99651]: DEBUG glance.api.middleware.version_negotiation [None req-571934d2-0229-4185-b743-51f8d869d0ec tempest-TaggedBootDevicesTest-1863602590 tempest-TaggedBootDevicesTest-1863602590-project-member] Determining version of request: GET /v2/images/25f7e537-8ac5-46a9-8d10-20fb5e693e32 Accept: */* {{(pid=99651) process_request /opt/stack/glance/glance/api/middleware/version_negotiation.py:44}}
Jul 20 11:57:16.149974 np0000005495 devstack@g-api.service[99651]: DEBUG glance.api.middleware.version_negotiation [None req-571934d2-0229-4185-b743-51f8d869d0ec tempest-TaggedBootDevicesTest-1863602590 tempest-TaggedBootDevicesTest-1863602590-project-member] Using url versioning {{(pid=99651) process_request /opt/stack/glance/glance/api/middleware/version_negotiation.py:57}}
Jul 20 11:57:16.149974 np0000005495 devstack@g-api.service[99651]: DEBUG glance.api.middleware.version_negotiation [None req-571934d2-0229-4185-b743-51f8d869d0ec tempest-TaggedBootDevicesTest-1863602590 tempest-TaggedBootDevicesTest-1863602590-project-member] Matched version: v2 {{(pid=99651) process_request /opt/stack/glance/glance/api/middleware/version_negotiation.py:69}}
Jul 20 11:57:16.149974 np0000005495 devstack@g-api.service[99651]: DEBUG glance.api.middleware.version_negotiation [None req-571934d2-0229-4185-b743-51f8d869d0ec tempest-TaggedBootDevicesTest-1863602590 tempest-TaggedBootDevicesTest-1863602590-project-member] new path /v2/images/25f7e537-8ac5-46a9-8d10-20fb5e693e32 {{(pid=99651) process_request /opt/stack/glance/glance/api/middleware/version_negotiation.py:70}}
Jul 20 11:57:16.181266 np0000005495 devstack@g-api.service[99651]: [pid: 99651|app: 0|req: 57/153] 127.0.0.1 () {44 vars in 1115 bytes} [Mon Jul 20 11:57:16 2026] GET /v2/images/25f7e537-8ac5-46a9-8d10-20fb5e693e32 => generated 1044 bytes in 33 msecs (HTTP/1.1 200) 4 headers in 158 bytes (1 switches on core 0)
Jul 20 11:57:16.203649 np0000005495 devstack@g-api.service[99652]: DEBUG glance.api.middleware.version_negotiation [None req-571934d2-0229-4185-b743-51f8d869d0ec tempest-TaggedBootDevicesTest-1863602590 tempest-TaggedBootDevicesTest-1863602590-project-member] Determining version of request: GET /v2/schemas/image Accept: */* {{(pid=99652) process_request /opt/stack/glance/glance/api/middleware/version_negotiation.py:44}}
Jul 20 11:57:16.207323 np0000005495 devstack@g-api.service[99652]: DEBUG glance.api.middleware.version_negotiation [None req-571934d2-0229-4185-b743-51f8d869d0ec tempest-TaggedBootDevicesTest-1863602590 tempest-TaggedBootDevicesTest-1863602590-project-member] Using url versioning {{(pid=99652) process_request /opt/stack/glance/glance/api/middleware/version_negotiation.py:57}}
