Jul 20 11:52:57.415112 np0000005495 nova-scheduler[93353]: DEBUG cotyledon.oslo_config_glue [-] oslo_messaging_rabbit.rabbit_qos_prefetch_count = 0 {{(pid=93353) log_opt_values /opt/stack/data/venv/lib/python3.12/site-packages/oslo_config/cfg.py:3253}}
Jul 20 11:52:57.415112 np0000005495 nova-scheduler[93353]: DEBUG cotyledon.oslo_config_glue [-] oslo_messaging_rabbit.rabbit_quorum_delivery_limit = 0 {{(pid=93353) log_opt_values /opt/stack/data/venv/lib/python3.12/site-packages/oslo_config/cfg.py:3253}}
Jul 20 11:52:57.415112 np0000005495 nova-scheduler[93353]: DEBUG cotyledon.oslo_config_glue [-] oslo_messaging_rabbit.rabbit_quorum_max_memory_bytes = 0 {{(pid=93353) log_opt_values /opt/stack/data/venv/lib/python3.12/site-packages/oslo_config/cfg.py:3253}}
Jul 20 11:52:57.415112 np0000005495 nova-scheduler[93353]: DEBUG cotyledon.oslo_config_glue [-] oslo_messaging_rabbit.rabbit_quorum_max_memory_length = 0 {{(pid=93353) log_opt_values /opt/stack/data/venv/lib/python3.12/site-packages/oslo_config/cfg.py:3253}}
Jul 20 11:52:57.415341 np0000005495 nova-scheduler[93353]: DEBUG cotyledon.oslo_config_glue [-] oslo_messaging_rabbit.rabbit_quorum_queue = False {{(pid=93353) log_opt_values /opt/stack/data/venv/lib/python3.12/site-packages/oslo_config/cfg.py:3253}}
Jul 20 11:52:57.415341 np0000005495 nova-scheduler[93353]: DEBUG cotyledon.oslo_config_glue [-] oslo_messaging_rabbit.rabbit_retry_backoff = 2 {{(pid=93353) log_opt_values /opt/stack/data/venv/lib/python3.12/site-packages/oslo_config/cfg.py:3253}}
Jul 20 11:52:57.415341 np0000005495 nova-scheduler[93353]: DEBUG cotyledon.oslo_config_glue [-] oslo_messaging_rabbit.rabbit_retry_interval = 1 {{(pid=93353) log_opt_values /opt/stack/data/venv/lib/python3.12/site-packages/oslo_config/cfg.py:3253}}
Jul 20 11:52:57.415341 np0000005495 nova-scheduler[93353]: DEBUG cotyledon.oslo_config_glue [-] oslo_messaging_rabbit.rabbit_stream_fanout = False {{(pid=93353) log_opt_values /opt/stack/data/venv/lib/python3.12/site-packages/oslo_config/cfg.py:3253}}
Jul 20 11:52:57.415341 np0000005495 nova-scheduler[93353]: DEBUG cotyledon.oslo_config_glue [-] oslo_messaging_rabbit.rabbit_transient_queues_ttl = 1800 {{(pid=93353) log_opt_values /opt/stack/data/venv/lib/python3.12/site-packages/oslo_config/cfg.py:3253}}
Jul 20 11:52:57.415341 np0000005495 nova-scheduler[93353]: DEBUG cotyledon.oslo_config_glue [-] oslo_messaging_rabbit.rabbit_transient_quorum_queue = False {{(pid=93353) log_opt_values /opt/stack/data/venv/lib/python3.12/site-packages/oslo_config/cfg.py:3253}}
Jul 20 11:52:57.415341 np0000005495 nova-scheduler[93353]: DEBUG cotyledon.oslo_config_glue [-] oslo_messaging_rabbit.rpc_conn_pool_size = 30 {{(pid=93353) log_opt_values /opt/stack/data/venv/lib/python3.12/site-packages/oslo_config/cfg.py:3253}}
Jul 20 11:52:57.415341 np0000005495 nova-scheduler[93353]: DEBUG cotyledon.oslo_config_glue [-] oslo_messaging_rabbit.ssl = False {{(pid=93353) log_opt_values /opt/stack/data/venv/lib/python3.12/site-packages/oslo_config/cfg.py:3253}}
Jul 20 11:52:57.415341 np0000005495 nova-scheduler[93353]: DEBUG cotyledon.oslo_config_glue [-] oslo_messaging_rabbit.ssl_ca_file = {{(pid=93353) log_opt_values /opt/stack/data/venv/lib/python3.12/site-packages/oslo_config/cfg.py:3253}}
Jul 20 11:52:57.415533 np0000005495 nova-scheduler[93353]: DEBUG cotyledon.oslo_config_glue [-] oslo_messaging_rabbit.ssl_cert_file = {{(pid=93353) log_opt_values /opt/stack/data/venv/lib/python3.12/site-packages/oslo_config/cfg.py:3253}}
Jul 20 11:52:57.415533 np0000005495 nova-scheduler[93353]: DEBUG cotyledon.oslo_config_glue [-] oslo_messaging_rabbit.ssl_enforce_fips_mode = False {{(pid=93353) log_opt_values /opt/stack/data/venv/lib/python3.12/site-packages/oslo_config/cfg.py:3253}}
Jul 20 11:52:57.415533 np0000005495 nova-scheduler[93353]: DEBUG cotyledon.oslo_config_glue [-] oslo_messaging_rabbit.ssl_enforce_hostname_verification = True {{(pid=93353) log_opt_values /opt/stack/data/venv/lib/python3.12/site-packages/oslo_config/cfg.py:3253}}
Jul 20 11:52:57.415533 np0000005495 nova-scheduler[93353]: DEBUG cotyledon.oslo_config_glue [-] oslo_messaging_rabbit.ssl_key_file = {{(pid=93353) log_opt_values /opt/stack/data/venv/lib/python3.12/site-packages/oslo_config/cfg.py:3253}}
Jul 20 11:52:57.415533 np0000005495 nova-scheduler[93353]: DEBUG cotyledon.oslo_config_glue [-] oslo_messaging_rabbit.ssl_version = {{(pid=93353) log_opt_values /opt/stack/data/venv/lib/python3.12/site-packages/oslo_config/cfg.py:3253}}
Jul 20 11:52:57.415533 np0000005495 nova-scheduler[93353]: DEBUG cotyledon.oslo_config_glue [-] oslo_messaging_rabbit.use_queue_manager = False {{(pid=93353) log_opt_values /opt/stack/data/venv/lib/python3.12/site-packages/oslo_config/cfg.py:3253}}
Jul 20 11:52:57.415533 np0000005495 nova-scheduler[93353]: DEBUG cotyledon.oslo_config_glue [-] oslo_messaging_notifications.driver = ['messagingv2'] {{(pid=93353) log_opt_values /opt/stack/data/venv/lib/python3.12/site-packages/oslo_config/cfg.py:3253}}
Jul 20 11:52:57.415533 np0000005495 nova-scheduler[93353]: DEBUG cotyledon.oslo_config_glue [-] oslo_messaging_notifications.retry = -1 {{(pid=93353) log_opt_values /opt/stack/data/venv/lib/python3.12/site-packages/oslo_config/cfg.py:3253}}
Jul 20 11:52:57.415533 np0000005495 nova-scheduler[93353]: DEBUG cotyledon.oslo_config_glue [-] oslo_messaging_notifications.topics = ['notifications'] {{(pid=93353) log_opt_values /opt/stack/data/venv/lib/python3.12/site-packages/oslo_config/cfg.py:3253}}
Jul 20 11:52:57.415733 np0000005495 nova-scheduler[93353]: DEBUG cotyledon.oslo_config_glue [-] oslo_messaging_notifications.transport_url = **** {{(pid=93353) log_opt_values /opt/stack/data/venv/lib/python3.12/site-packages/oslo_config/cfg.py:3253}}
Jul 20 11:52:57.415733 np0000005495 nova-scheduler[93353]: DEBUG cotyledon.oslo_config_glue [-] oslo_limit.auth_section = None {{(pid=93353) log_opt_values /opt/stack/data/venv/lib/python3.12/site-packages/oslo_config/cfg.py:3253}}
Jul 20 11:52:57.415733 np0000005495 nova-scheduler[93353]: DEBUG cotyledon.oslo_config_glue [-] oslo_limit.auth_type = None {{(pid=93353) log_opt_values /opt/stack/data/venv/lib/python3.12/site-packages/oslo_config/cfg.py:3253}}
Jul 20 11:52:57.415733 np0000005495 nova-scheduler[93353]: DEBUG cotyledon.oslo_config_glue [-] oslo_limit.cafile = None {{(pid=93353) log_opt_values /opt/stack/data/venv/lib/python3.12/site-packages/oslo_config/cfg.py:3253}}
Jul 20 11:52:57.415733 np0000005495 nova-scheduler[93353]: DEBUG cotyledon.oslo_config_glue [-] oslo_limit.certfile = None {{(pid=93353) log_opt_values /opt/stack/data/venv/lib/python3.12/site-packages/oslo_config/cfg.py:3253}}
Jul 20 11:52:57.415733 np0000005495 nova-scheduler[93353]: DEBUG cotyledon.oslo_config_glue [-] oslo_limit.collect_timing = False {{(pid=93353) log_opt_values /opt/stack/data/venv/lib/python3.12/site-packages/oslo_config/cfg.py:3253}}
Jul 20 11:52:57.415733 np0000005495 nova-scheduler[93353]: DEBUG cotyledon.oslo_config_glue [-] oslo_limit.connect_retries = None {{(pid=93353) log_opt_values /opt/stack/data/venv/lib/python3.12/site-packages/oslo_config/cfg.py:3253}}
Jul 20 11:52:57.415733 np0000005495 nova-scheduler[93353]: DEBUG cotyledon.oslo_config_glue [-] oslo_limit.connect_retry_delay = None {{(pid=93353) log_opt_values /opt/stack/data/venv/lib/python3.12/site-packages/oslo_config/cfg.py:3253}}
Jul 20 11:52:57.415733 np0000005495 nova-scheduler[93353]: DEBUG cotyledon.oslo_config_glue [-] oslo_limit.endpoint_id = None {{(pid=93353) log_opt_values /opt/stack/data/venv/lib/python3.12/site-packages/oslo_config/cfg.py:3253}}
Jul 20 11:52:57.415911 np0000005495 nova-scheduler[93353]: DEBUG cotyledon.oslo_config_glue [-] oslo_limit.endpoint_interface = public {{(pid=93353) log_opt_values /opt/stack/data/venv/lib/python3.12/site-packages/oslo_config/cfg.py:3253}}
Jul 20 11:52:57.415911 np0000005495 nova-scheduler[93353]: DEBUG cotyledon.oslo_config_glue [-] oslo_limit.endpoint_override = None {{(pid=93353) log_opt_values /opt/stack/data/venv/lib/python3.12/site-packages/oslo_config/cfg.py:3253}}
Jul 20 11:52:57.415911 np0000005495 nova-scheduler[93353]: DEBUG cotyledon.oslo_config_glue [-] oslo_limit.endpoint_region_name = None {{(pid=93353) log_opt_values /opt/stack/data/venv/lib/python3.12/site-packages/oslo_config/cfg.py:3253}}
Jul 20 11:52:57.415911 np0000005495 nova-scheduler[93353]: DEBUG cotyledon.oslo_config_glue [-] oslo_limit.endpoint_service_name = None {{(pid=93353) log_opt_values /opt/stack/data/venv/lib/python3.12/site-packages/oslo_config/cfg.py:3253}}
Jul 20 11:52:57.415911 np0000005495 nova-scheduler[93353]: DEBUG cotyledon.oslo_config_glue [-] oslo_limit.endpoint_service_type = None {{(pid=93353) log_opt_values /opt/stack/data/venv/lib/python3.12/site-packages/oslo_config/cfg.py:3253}}
Jul 20 11:52:57.415911 np0000005495 nova-scheduler[93353]: DEBUG cotyledon.oslo_config_glue [-] oslo_limit.insecure = False {{(pid=93353) log_opt_values /opt/stack/data/venv/lib/python3.12/site-packages/oslo_config/cfg.py:3253}}
Jul 20 11:52:57.415911 np0000005495 nova-scheduler[93353]: DEBUG cotyledon.oslo_config_glue [-] oslo_limit.keyfile = None {{(pid=93353) log_opt_values /opt/stack/data/venv/lib/python3.12/site-packages/oslo_config/cfg.py:3253}}
Jul 20 11:52:57.415911 np0000005495 nova-scheduler[93353]: DEBUG cotyledon.oslo_config_glue [-] oslo_limit.max_version = None {{(pid=93353) log_opt_values /opt/stack/data/venv/lib/python3.12/site-packages/oslo_config/cfg.py:3253}}
Jul 20 11:52:57.415911 np0000005495 nova-scheduler[93353]: DEBUG cotyledon.oslo_config_glue [-] oslo_limit.min_version = None {{(pid=93353) log_opt_values /opt/stack/data/venv/lib/python3.12/site-packages/oslo_config/cfg.py:3253}}
Jul 20 11:52:57.416103 np0000005495 nova-scheduler[93353]: DEBUG cotyledon.oslo_config_glue [-] oslo_limit.region_name = None {{(pid=93353) log_opt_values /opt/stack/data/venv/lib/python3.12/site-packages/oslo_config/cfg.py:3253}}
Jul 20 11:52:57.416103 np0000005495 nova-scheduler[93353]: DEBUG cotyledon.oslo_config_glue [-] oslo_limit.retriable_status_codes = None {{(pid=93353) log_opt_values /opt/stack/data/venv/lib/python3.12/site-packages/oslo_config/cfg.py:3253}}
Jul 20 11:52:57.416103 np0000005495 nova-scheduler[93353]: DEBUG cotyledon.oslo_config_glue [-] oslo_limit.service_name = None {{(pid=93353) log_opt_values /opt/stack/data/venv/lib/python3.12/site-packages/oslo_config/cfg.py:3253}}
Jul 20 11:52:57.416103 np0000005495 nova-scheduler[93353]: DEBUG cotyledon.oslo_config_glue [-] oslo_limit.service_type = None {{(pid=93353) log_opt_values /opt/stack/data/venv/lib/python3.12/site-packages/oslo_config/cfg.py:3253}}
Jul 20 11:52:57.416103 np0000005495 nova-scheduler[93353]: DEBUG cotyledon.oslo_config_glue [-] oslo_limit.split_loggers = False {{(pid=93353) log_opt_values /opt/stack/data/venv/lib/python3.12/site-packages/oslo_config/cfg.py:3253}}
Jul 20 11:52:57.416103 np0000005495 nova-scheduler[93353]: DEBUG cotyledon.oslo_config_glue [-] oslo_limit.status_code_retries = None {{(pid=93353) log_opt_values /opt/stack/data/venv/lib/python3.12/site-packages/oslo_config/cfg.py:3253}}
Jul 20 11:52:57.416103 np0000005495 nova-scheduler[93353]: DEBUG cotyledon.oslo_config_glue [-] oslo_limit.status_code_retry_delay = None {{(pid=93353) log_opt_values /opt/stack/data/venv/lib/python3.12/site-packages/oslo_config/cfg.py:3253}}
Jul 20 11:52:57.416103 np0000005495 nova-scheduler[93353]: DEBUG cotyledon.oslo_config_glue [-] oslo_limit.timeout = None {{(pid=93353) log_opt_values /opt/stack/data/venv/lib/python3.12/site-packages/oslo_config/cfg.py:3253}}
Jul 20 11:52:57.416103 np0000005495 nova-scheduler[93353]: DEBUG cotyledon.oslo_config_glue [-] oslo_limit.valid_interfaces = None {{(pid=93353) log_opt_values /opt/stack/data/venv/lib/python3.12/site-packages/oslo_config/cfg.py:3253}}
Jul 20 11:52:57.416301 np0000005495 nova-scheduler[93353]: DEBUG cotyledon.oslo_config_glue [-] oslo_limit.version = None {{(pid=93353) log_opt_values /opt/stack/data/venv/lib/python3.12/site-packages/oslo_config/cfg.py:3253}}
Jul 20 11:52:57.416301 np0000005495 nova-scheduler[93353]: DEBUG cotyledon.oslo_config_glue [-] oslo_reports.file_event_handler = None {{(pid=93353) log_opt_values /opt/stack/data/venv/lib/python3.12/site-packages/oslo_config/cfg.py:3253}}
Jul 20 11:52:57.416301 np0000005495 nova-scheduler[93353]: DEBUG cotyledon.oslo_config_glue [-] oslo_reports.file_event_handler_interval = 1 {{(pid=93353) log_opt_values /opt/stack/data/venv/lib/python3.12/site-packages/oslo_config/cfg.py:3253}}
Jul 20 11:52:57.416301 np0000005495 nova-scheduler[93353]: DEBUG cotyledon.oslo_config_glue [-] oslo_reports.log_dir = None {{(pid=93353) log_opt_values /opt/stack/data/venv/lib/python3.12/site-packages/oslo_config/cfg.py:3253}}
Jul 20 11:52:57.416301 np0000005495 nova-scheduler[93353]: DEBUG cotyledon.oslo_config_glue [-] ******************************************************************************** {{(pid=93353) log_opt_values /opt/stack/data/venv/lib/python3.12/site-packages/oslo_config/cfg.py:3260}}
Jul 20 11:52:57.416301 np0000005495 nova-scheduler[93353]: DEBUG cotyledon._service_worker [-] Run service ServiceWrapper(2) [93353] {{(pid=93353) wait_forever /opt/stack/data/venv/lib/python3.12/site-packages/cotyledon/_service_worker.py:218}}
Jul 20 11:52:57.416301 np0000005495 nova-scheduler[93353]: INFO nova.service [-] Starting scheduler node (version 33.1.0)
Jul 20 11:52:57.416447 np0000005495 nova-scheduler[93349]: DEBUG oslo_db.sqlalchemy.engines [None req-7f28fc5b-0956-4970-9db5-2f90c56fb00e None None] MySQL server mode set to STRICT_TRANS_TABLES,STRICT_ALL_TABLES,NO_ZERO_IN_DATE,NO_ZERO_DATE,ERROR_FOR_DIVISION_BY_ZERO,TRADITIONAL,NO_ENGINE_SUBSTITUTION {{(pid=93349) _check_effective_sql_mode /opt/stack/data/venv/lib/python3.12/site-packages/oslo_db/sqlalchemy/engines.py:325}}
Jul 20 11:52:57.417790 np0000005495 nova-scheduler[93353]: INFO dbcounter [None req-a1595c4d-6b0e-45a0-a46e-29dcbefcee2e None None] Registered counter for database nova_cell0
Jul 20 11:52:57.420152 np0000005495 nova-scheduler[93349]: DEBUG dbcounter [-] [93349] Writer thread running {{(pid=93349) stat_writer /opt/stack/data/venv/lib/python3.12/site-packages/dbcounter.py:102}}
Jul 20 11:52:57.435187 np0000005495 nova-scheduler[93349]: DEBUG nova.service [None req-7f28fc5b-0956-4970-9db5-2f90c56fb00e None None] Creating RPC server for service: nova-scheduler on topic: scheduler {{(pid=93349) start /opt/stack/nova/nova/service.py:196}}
Jul 20 11:52:57.439706 np0000005495 nova-scheduler[93351]: DEBUG oslo_db.sqlalchemy.engines [None req-e6e33d4f-08a6-4bbe-a5cb-ad5c1f5bc6e5 None None] MySQL server mode set to STRICT_TRANS_TABLES,STRICT_ALL_TABLES,NO_ZERO_IN_DATE,NO_ZERO_DATE,ERROR_FOR_DIVISION_BY_ZERO,TRADITIONAL,NO_ENGINE_SUBSTITUTION {{(pid=93351) _check_effective_sql_mode /opt/stack/data/venv/lib/python3.12/site-packages/oslo_db/sqlalchemy/engines.py:325}}
Jul 20 11:52:57.451670 np0000005495 nova-scheduler[93351]: DEBUG dbcounter [-] [93351] Writer thread running {{(pid=93351) stat_writer /opt/stack/data/venv/lib/python3.12/site-packages/dbcounter.py:102}}
Jul 20 11:52:57.454999 np0000005495 nova-scheduler[93351]: DEBUG nova.service [None req-e6e33d4f-08a6-4bbe-a5cb-ad5c1f5bc6e5 None None] Creating RPC server for service: nova-scheduler on topic: scheduler {{(pid=93351) start /opt/stack/nova/nova/service.py:196}}
Jul 20 11:52:57.463102 np0000005495 nova-scheduler[93353]: DEBUG oslo_db.sqlalchemy.engines [None req-a1595c4d-6b0e-45a0-a46e-29dcbefcee2e None None] MySQL server mode set to STRICT_TRANS_TABLES,STRICT_ALL_TABLES,NO_ZERO_IN_DATE,NO_ZERO_DATE,ERROR_FOR_DIVISION_BY_ZERO,TRADITIONAL,NO_ENGINE_SUBSTITUTION {{(pid=93353) _check_effective_sql_mode /opt/stack/data/venv/lib/python3.12/site-packages/oslo_db/sqlalchemy/engines.py:325}}
Jul 20 11:52:57.470501 np0000005495 nova-scheduler[93349]: DEBUG nova.service [None req-7f28fc5b-0956-4970-9db5-2f90c56fb00e None None] Join ServiceGroup membership for this service scheduler {{(pid=93349) start /opt/stack/nova/nova/service.py:222}}
Jul 20 11:52:57.472495 np0000005495 nova-scheduler[93349]: DEBUG nova.servicegroup.drivers.db [None req-7f28fc5b-0956-4970-9db5-2f90c56fb00e None None] DB_Driver: join new ServiceGroup member np0000005495 to the scheduler group, service = {{(pid=93349) join /opt/stack/nova/nova/servicegroup/drivers/db.py:44}}
Jul 20 11:52:57.477660 np0000005495 nova-scheduler[93353]: DEBUG dbcounter [-] [93353] Writer thread running {{(pid=93353) stat_writer /opt/stack/data/venv/lib/python3.12/site-packages/dbcounter.py:102}}
Jul 20 11:52:57.482730 np0000005495 nova-scheduler[93351]: DEBUG nova.service [None req-e6e33d4f-08a6-4bbe-a5cb-ad5c1f5bc6e5 None None] Join ServiceGroup membership for this service scheduler {{(pid=93351) start /opt/stack/nova/nova/service.py:222}}
Jul 20 11:52:57.482832 np0000005495 nova-scheduler[93353]: DEBUG nova.service [None req-a1595c4d-6b0e-45a0-a46e-29dcbefcee2e None None] Creating RPC server for service: nova-scheduler on topic: scheduler {{(pid=93353) start /opt/stack/nova/nova/service.py:196}}
Jul 20 11:52:57.482896 np0000005495 nova-scheduler[93351]: DEBUG nova.servicegroup.drivers.db [None req-e6e33d4f-08a6-4bbe-a5cb-ad5c1f5bc6e5 None None] DB_Driver: join new ServiceGroup member np0000005495 to the scheduler group, service = {{(pid=93351) join /opt/stack/nova/nova/servicegroup/drivers/db.py:44}}
Jul 20 11:52:57.497612 np0000005495 nova-scheduler[93353]: DEBUG nova.service [None req-a1595c4d-6b0e-45a0-a46e-29dcbefcee2e None None] Join ServiceGroup membership for this service scheduler {{(pid=93353) start /opt/stack/nova/nova/service.py:222}}
Jul 20 11:52:57.497831 np0000005495 nova-scheduler[93353]: DEBUG nova.servicegroup.drivers.db [None req-a1595c4d-6b0e-45a0-a46e-29dcbefcee2e None None] DB_Driver: join new ServiceGroup member np0000005495 to the scheduler group, service = {{(pid=93353) join /opt/stack/nova/nova/servicegroup/drivers/db.py:44}}
Jul 20 11:53:02.485671 np0000005495 nova-scheduler[93349]: DEBUG oslo.service.backend._threading.loopingcall [-] Fixed interval looping call 'nova.servicegroup.drivers.db.DbDriver._report_state' sleeping for 119.99 seconds {{(pid=93349) _run_loop /opt/stack/data/venv/lib/python3.12/site-packages/oslo_service/backend/_threading/loopingcall.py:125}}
Jul 20 11:53:02.493950 np0000005495 nova-scheduler[93351]: DEBUG oslo.service.backend._threading.loopingcall [-] Fixed interval looping call 'nova.servicegroup.drivers.db.DbDriver._report_state' sleeping for 119.99 seconds {{(pid=93351) _run_loop /opt/stack/data/venv/lib/python3.12/site-packages/oslo_service/backend/_threading/loopingcall.py:125}}
Jul 20 11:53:02.501588 np0000005495 nova-scheduler[93353]: DEBUG oslo.service.backend._threading.loopingcall [None req-e1c2cc72-9cb4-4b4c-9872-90d38038475d None None] Dynamic interval looping call 'nova.service.Service.periodic_tasks' sleeping for 60.00 seconds {{(pid=93353) _run_loop /opt/stack/data/venv/lib/python3.12/site-packages/oslo_service/backend/_threading/loopingcall.py:125}}
Jul 20 11:53:02.513248 np0000005495 nova-scheduler[93353]: DEBUG oslo.service.backend._threading.loopingcall [-] Fixed interval looping call 'nova.servicegroup.drivers.db.DbDriver._report_state' sleeping for 119.99 seconds {{(pid=93353) _run_loop /opt/stack/data/venv/lib/python3.12/site-packages/oslo_service/backend/_threading/loopingcall.py:125}}
Jul 20 11:53:05.994376 np0000005495 nova-scheduler[92145]: DEBUG dbcounter [-] [92145] Writing DB stats nova_api:SELECT=3 {{(pid=92145) stat_writer /opt/stack/data/venv/lib/python3.12/site-packages/dbcounter.py:115}}
Jul 20 11:53:06.120804 np0000005495 nova-scheduler[92145]: DEBUG dbcounter [-] [92145] Writing DB stats nova_cell0:SELECT=1 {{(pid=92145) stat_writer /opt/stack/data/venv/lib/python3.12/site-packages/dbcounter.py:115}}
Jul 20 11:53:06.125781 np0000005495 nova-scheduler[92145]: DEBUG dbcounter [-] [92145] Writing DB stats nova_cell1:SELECT=1 {{(pid=92145) stat_writer /opt/stack/data/venv/lib/python3.12/site-packages/dbcounter.py:115}}
Jul 20 11:53:12.476303 np0000005495 nova-scheduler[93349]: DEBUG oslo.service.backend._threading.loopingcall [None req-09ccd3f7-0a24-4143-b90a-db88642c34c0 None None] Dynamic interval looping call 'nova.service.Service.periodic_tasks' sleeping for 60.00 seconds {{(pid=93349) _run_loop /opt/stack/data/venv/lib/python3.12/site-packages/oslo_service/backend/_threading/loopingcall.py:125}}
Jul 20 11:53:12.482234 np0000005495 nova-scheduler[93349]: DEBUG dbcounter [-] [93349] Writing DB stats nova_cell0:SELECT=4,nova_cell0:INSERT=1,nova_cell0:UPDATE=1 {{(pid=93349) stat_writer /opt/stack/data/venv/lib/python3.12/site-packages/dbcounter.py:115}}
Jul 20 11:53:12.490798 np0000005495 nova-scheduler[93351]: DEBUG dbcounter [-] [93351] Writing DB stats nova_cell0:SELECT=3 {{(pid=93351) stat_writer /opt/stack/data/venv/lib/python3.12/site-packages/dbcounter.py:115}}
Jul 20 11:53:12.512499 np0000005495 nova-scheduler[93353]: DEBUG dbcounter [-] [93353] Writing DB stats nova_cell0:SELECT=3 {{(pid=93353) stat_writer /opt/stack/data/venv/lib/python3.12/site-packages/dbcounter.py:115}}
Jul 20 11:53:31.484421 np0000005495 nova-scheduler[93351]: DEBUG oslo.service.backend._threading.loopingcall [None req-fa682065-d0ba-4d63-ab3a-30811d5bafc3 None None] Dynamic interval looping call 'nova.service.Service.periodic_tasks' sleeping for 60.00 seconds {{(pid=93351) _run_loop /opt/stack/data/venv/lib/python3.12/site-packages/oslo_service/backend/_threading/loopingcall.py:125}}
Jul 20 11:54:02.503612 np0000005495 nova-scheduler[93353]: DEBUG oslo.service.backend._threading.loopingcall [None req-e1c2cc72-9cb4-4b4c-9872-90d38038475d None None] Dynamic interval looping call 'nova.service.Service.periodic_tasks' sleeping for 60.00 seconds {{(pid=93353) _run_loop /opt/stack/data/venv/lib/python3.12/site-packages/oslo_service/backend/_threading/loopingcall.py:125}}
Jul 20 11:54:12.477012 np0000005495 nova-scheduler[93349]: DEBUG oslo.service.backend._threading.loopingcall [None req-09ccd3f7-0a24-4143-b90a-db88642c34c0 None None] Dynamic interval looping call 'nova.service.Service.periodic_tasks' sleeping for 60.00 seconds {{(pid=93349) _run_loop /opt/stack/data/venv/lib/python3.12/site-packages/oslo_service/backend/_threading/loopingcall.py:125}}
Jul 20 11:54:31.484892 np0000005495 nova-scheduler[93351]: DEBUG oslo.service.backend._threading.loopingcall [None req-fa682065-d0ba-4d63-ab3a-30811d5bafc3 None None] Dynamic interval looping call 'nova.service.Service.periodic_tasks' sleeping for 60.00 seconds {{(pid=93351) _run_loop /opt/stack/data/venv/lib/python3.12/site-packages/oslo_service/backend/_threading/loopingcall.py:125}}
Jul 20 11:55:02.482871 np0000005495 nova-scheduler[93349]: DEBUG oslo.service.backend._threading.loopingcall [-] Fixed interval looping call 'nova.servicegroup.drivers.db.DbDriver._report_state' sleeping for 119.99 seconds {{(pid=93349) _run_loop /opt/stack/data/venv/lib/python3.12/site-packages/oslo_service/backend/_threading/loopingcall.py:125}}
Jul 20 11:55:02.487684 np0000005495 nova-scheduler[93351]: DEBUG oslo.service.backend._threading.loopingcall [-] Fixed interval looping call 'nova.servicegroup.drivers.db.DbDriver._report_state' sleeping for 120.00 seconds {{(pid=93351) _run_loop /opt/stack/data/venv/lib/python3.12/site-packages/oslo_service/backend/_threading/loopingcall.py:125}}
Jul 20 11:55:02.504467 np0000005495 nova-scheduler[93353]: DEBUG oslo.service.backend._threading.loopingcall [None req-e1c2cc72-9cb4-4b4c-9872-90d38038475d None None] Dynamic interval looping call 'nova.service.Service.periodic_tasks' sleeping for 60.00 seconds {{(pid=93353) _run_loop /opt/stack/data/venv/lib/python3.12/site-packages/oslo_service/backend/_threading/loopingcall.py:125}}
Jul 20 11:55:02.506807 np0000005495 nova-scheduler[93353]: DEBUG oslo.service.backend._threading.loopingcall [-] Fixed interval looping call 'nova.servicegroup.drivers.db.DbDriver._report_state' sleeping for 120.00 seconds {{(pid=93353) _run_loop /opt/stack/data/venv/lib/python3.12/site-packages/oslo_service/backend/_threading/loopingcall.py:125}}
Jul 20 11:55:12.477433 np0000005495 nova-scheduler[93349]: DEBUG oslo.service.backend._threading.loopingcall [None req-09ccd3f7-0a24-4143-b90a-db88642c34c0 None None] Dynamic interval looping call 'nova.service.Service.periodic_tasks' sleeping for 60.00 seconds {{(pid=93349) _run_loop /opt/stack/data/venv/lib/python3.12/site-packages/oslo_service/backend/_threading/loopingcall.py:125}}
Jul 20 11:55:12.479377 np0000005495 nova-scheduler[93349]: DEBUG dbcounter [-] [93349] Writing DB stats nova_cell0:SELECT=1,nova_cell0:UPDATE=1 {{(pid=93349) stat_writer /opt/stack/data/venv/lib/python3.12/site-packages/dbcounter.py:115}}
Jul 20 11:55:12.485769 np0000005495 nova-scheduler[93351]: DEBUG dbcounter [-] [93351] Writing DB stats nova_cell0:SELECT=1 {{(pid=93351) stat_writer /opt/stack/data/venv/lib/python3.12/site-packages/dbcounter.py:115}}
Jul 20 11:55:12.505274 np0000005495 nova-scheduler[93353]: DEBUG dbcounter [-] [93353] Writing DB stats nova_cell0:SELECT=1 {{(pid=93353) stat_writer /opt/stack/data/venv/lib/python3.12/site-packages/dbcounter.py:115}}
Jul 20 11:55:31.485521 np0000005495 nova-scheduler[93351]: DEBUG oslo.service.backend._threading.loopingcall [None req-fa682065-d0ba-4d63-ab3a-30811d5bafc3 None None] Dynamic interval looping call 'nova.service.Service.periodic_tasks' sleeping for 60.00 seconds {{(pid=93351) _run_loop /opt/stack/data/venv/lib/python3.12/site-packages/oslo_service/backend/_threading/loopingcall.py:125}}
Jul 20 11:55:32.493966 np0000005495 nova-scheduler[93349]: DEBUG nova.scheduler.manager [None req-c2404acc-fe2f-420d-bd06-a76f41c37809 tempest-AttachVolumeShelveTestJSON-469236348 tempest-AttachVolumeShelveTestJSON-469236348-project-member] Starting to schedule for instances: ['b4daf58c-0de8-41f3-a045-ff7e15d07ca7'] {{(pid=93349) select_destinations /opt/stack/nova/nova/scheduler/manager.py:209}}
Jul 20 11:55:32.494870 np0000005495 nova-scheduler[93349]: DEBUG nova.scheduler.request_filter [None req-c2404acc-fe2f-420d-bd06-a76f41c37809 tempest-AttachVolumeShelveTestJSON-469236348 tempest-AttachVolumeShelveTestJSON-469236348-project-member] compute_status_filter request filter added forbidden trait COMPUTE_STATUS_DISABLED {{(pid=93349) compute_status_filter /opt/stack/nova/nova/scheduler/request_filter.py:253}}
Jul 20 11:55:32.495039 np0000005495 nova-scheduler[93349]: DEBUG nova.scheduler.request_filter [None req-c2404acc-fe2f-420d-bd06-a76f41c37809 tempest-AttachVolumeShelveTestJSON-469236348 tempest-AttachVolumeShelveTestJSON-469236348-project-member] Request filter 'compute_status_filter' took 0.0 seconds {{(pid=93349) wrapper /opt/stack/nova/nova/scheduler/request_filter.py:46}}
Jul 20 11:55:32.495304 np0000005495 nova-scheduler[93349]: DEBUG nova.scheduler.request_filter [None req-c2404acc-fe2f-420d-bd06-a76f41c37809 tempest-AttachVolumeShelveTestJSON-469236348 tempest-AttachVolumeShelveTestJSON-469236348-project-member] Request filter 'accelerators_filter' took 0.0 seconds {{(pid=93349) wrapper /opt/stack/nova/nova/scheduler/request_filter.py:46}}
Jul 20 11:55:32.495569 np0000005495 nova-scheduler[93349]: DEBUG nova.scheduler.request_filter [None req-c2404acc-fe2f-420d-bd06-a76f41c37809 tempest-AttachVolumeShelveTestJSON-469236348 tempest-AttachVolumeShelveTestJSON-469236348-project-member] Request filter 'packed_virtqueue_filter' took 0.0 seconds {{(pid=93349) wrapper /opt/stack/nova/nova/scheduler/request_filter.py:46}}
Jul 20 11:55:32.495888 np0000005495 nova-scheduler[93349]: DEBUG nova.scheduler.request_filter [None req-c2404acc-fe2f-420d-bd06-a76f41c37809 tempest-AttachVolumeShelveTestJSON-469236348 tempest-AttachVolumeShelveTestJSON-469236348-project-member] Request filter 'remote_managed_ports_filter' took 0.0 seconds {{(pid=93349) wrapper /opt/stack/nova/nova/scheduler/request_filter.py:46}}
Jul 20 11:55:32.496094 np0000005495 nova-scheduler[93349]: DEBUG nova.scheduler.request_filter [None req-c2404acc-fe2f-420d-bd06-a76f41c37809 tempest-AttachVolumeShelveTestJSON-469236348 tempest-AttachVolumeShelveTestJSON-469236348-project-member] ephemeral_encryption_filter skipped {{(pid=93349) ephemeral_encryption_filter /opt/stack/nova/nova/scheduler/request_filter.py:426}}
Jul 20 11:55:32.496229 np0000005495 nova-scheduler[93349]: DEBUG nova.scheduler.request_filter [None req-c2404acc-fe2f-420d-bd06-a76f41c37809 tempest-AttachVolumeShelveTestJSON-469236348 tempest-AttachVolumeShelveTestJSON-469236348-project-member] virtio_sound_filter skipped {{(pid=93349) virtio_sound_filter /opt/stack/nova/nova/scheduler/request_filter.py:460}}
Jul 20 11:55:32.496401 np0000005495 nova-scheduler[93349]: DEBUG nova.scheduler.request_filter [None req-c2404acc-fe2f-420d-bd06-a76f41c37809 tempest-AttachVolumeShelveTestJSON-469236348 tempest-AttachVolumeShelveTestJSON-469236348-project-member] tpm_secret_security_filter skipped {{(pid=93349) tpm_secret_security_filter /opt/stack/nova/nova/scheduler/request_filter.py:477}}
Jul 20 11:55:32.968770 np0000005495 nova-scheduler[93349]: INFO nova.utils [None req-c2404acc-fe2f-420d-bd06-a76f41c37809 tempest-AttachVolumeShelveTestJSON-469236348 tempest-AttachVolumeShelveTestJSON-469236348-project-member] The cell worker thread pool ForkProcess-1.cell_worker is initialized
Jul 20 11:55:32.969401 np0000005495 nova-scheduler[93349]: DEBUG oslo_concurrency.lockutils [None req-c2404acc-fe2f-420d-bd06-a76f41c37809 tempest-AttachVolumeShelveTestJSON-469236348 tempest-AttachVolumeShelveTestJSON-469236348-project-member] Acquiring lock "9ca83463-8fe8-4de4-a6c0-aa58f8d5c318" by "nova.context.set_target_cell..get_or_set_cached_cell_and_set_connections" {{(pid=93349) inner /opt/stack/data/venv/lib/python3.12/site-packages/oslo_concurrency/lockutils.py:512}}
Jul 20 11:55:32.969705 np0000005495 nova-scheduler[93349]: DEBUG oslo_concurrency.lockutils [None req-c2404acc-fe2f-420d-bd06-a76f41c37809 tempest-AttachVolumeShelveTestJSON-469236348 tempest-AttachVolumeShelveTestJSON-469236348-project-member] Lock "9ca83463-8fe8-4de4-a6c0-aa58f8d5c318" acquired by "nova.context.set_target_cell..get_or_set_cached_cell_and_set_connections" :: waited 0.000s {{(pid=93349) inner /opt/stack/data/venv/lib/python3.12/site-packages/oslo_concurrency/lockutils.py:525}}
Jul 20 11:55:32.971953 np0000005495 nova-scheduler[93349]: DEBUG oslo_concurrency.lockutils [None req-c2404acc-fe2f-420d-bd06-a76f41c37809 tempest-AttachVolumeShelveTestJSON-469236348 tempest-AttachVolumeShelveTestJSON-469236348-project-member] Lock "9ca83463-8fe8-4de4-a6c0-aa58f8d5c318" "released" by "nova.context.set_target_cell..get_or_set_cached_cell_and_set_connections" :: held 0.002s {{(pid=93349) inner /opt/stack/data/venv/lib/python3.12/site-packages/oslo_concurrency/lockutils.py:544}}
Jul 20 11:55:32.974602 np0000005495 nova-scheduler[93349]: INFO dbcounter [None req-c2404acc-fe2f-420d-bd06-a76f41c37809 tempest-AttachVolumeShelveTestJSON-469236348 tempest-AttachVolumeShelveTestJSON-469236348-project-member] Registered counter for database nova_cell1
Jul 20 11:55:33.018755 np0000005495 nova-scheduler[93349]: DEBUG oslo_db.sqlalchemy.engines [None req-c2404acc-fe2f-420d-bd06-a76f41c37809 tempest-AttachVolumeShelveTestJSON-469236348 tempest-AttachVolumeShelveTestJSON-469236348-project-member] MySQL server mode set to STRICT_TRANS_TABLES,STRICT_ALL_TABLES,NO_ZERO_IN_DATE,NO_ZERO_DATE,ERROR_FOR_DIVISION_BY_ZERO,TRADITIONAL,NO_ENGINE_SUBSTITUTION {{(pid=93349) _check_effective_sql_mode /opt/stack/data/venv/lib/python3.12/site-packages/oslo_db/sqlalchemy/engines.py:325}}
Jul 20 11:55:33.026778 np0000005495 nova-scheduler[93349]: DEBUG dbcounter [-] [93349] Writer thread running {{(pid=93349) stat_writer /opt/stack/data/venv/lib/python3.12/site-packages/dbcounter.py:102}}
Jul 20 11:55:33.045998 np0000005495 nova-scheduler[93349]: DEBUG oslo_db.sqlalchemy.engines [None req-c2404acc-fe2f-420d-bd06-a76f41c37809 tempest-AttachVolumeShelveTestJSON-469236348 tempest-AttachVolumeShelveTestJSON-469236348-project-member] Parent process 92145 forked (93349) with an open database connection, which is being discarded and recreated. {{(pid=93349) checkout /opt/stack/data/venv/lib/python3.12/site-packages/oslo_db/sqlalchemy/engines.py:402}}
Jul 20 11:55:33.102101 np0000005495 nova-scheduler[93349]: DEBUG dbcounter [-] [93349] Writer thread running {{(pid=93349) stat_writer /opt/stack/data/venv/lib/python3.12/site-packages/dbcounter.py:102}}
Jul 20 11:55:33.104886 np0000005495 nova-scheduler[93349]: DEBUG oslo_concurrency.lockutils [None req-c2404acc-fe2f-420d-bd06-a76f41c37809 tempest-AttachVolumeShelveTestJSON-469236348 tempest-AttachVolumeShelveTestJSON-469236348-project-member] Acquiring lock "9ca83463-8fe8-4de4-a6c0-aa58f8d5c318" by "nova.context.set_target_cell..get_or_set_cached_cell_and_set_connections" {{(pid=93349) inner /opt/stack/data/venv/lib/python3.12/site-packages/oslo_concurrency/lockutils.py:512}}
Jul 20 11:55:33.105044 np0000005495 nova-scheduler[93349]: DEBUG oslo_concurrency.lockutils [None req-c2404acc-fe2f-420d-bd06-a76f41c37809 tempest-AttachVolumeShelveTestJSON-469236348 tempest-AttachVolumeShelveTestJSON-469236348-project-member] Lock "9ca83463-8fe8-4de4-a6c0-aa58f8d5c318" acquired by "nova.context.set_target_cell..get_or_set_cached_cell_and_set_connections" :: waited 0.000s {{(pid=93349) inner /opt/stack/data/venv/lib/python3.12/site-packages/oslo_concurrency/lockutils.py:525}}
Jul 20 11:55:33.105150 np0000005495 nova-scheduler[93349]: DEBUG oslo_concurrency.lockutils [None req-c2404acc-fe2f-420d-bd06-a76f41c37809 tempest-AttachVolumeShelveTestJSON-469236348 tempest-AttachVolumeShelveTestJSON-469236348-project-member] Lock "9ca83463-8fe8-4de4-a6c0-aa58f8d5c318" "released" by "nova.context.set_target_cell..get_or_set_cached_cell_and_set_connections" :: held 0.000s {{(pid=93349) inner /opt/stack/data/venv/lib/python3.12/site-packages/oslo_concurrency/lockutils.py:544}}
Jul 20 11:55:33.109258 np0000005495 nova-scheduler[93349]: DEBUG oslo_concurrency.lockutils [None req-c2404acc-fe2f-420d-bd06-a76f41c37809 tempest-AttachVolumeShelveTestJSON-469236348 tempest-AttachVolumeShelveTestJSON-469236348-project-member] Acquiring lock "np0000005495-np0000005495" by "nova.scheduler.host_manager.HostState.update.._locked_update" {{(pid=93349) inner /opt/stack/data/venv/lib/python3.12/site-packages/oslo_concurrency/lockutils.py:512}}
Jul 20 11:55:33.109433 np0000005495 nova-scheduler[93349]: DEBUG oslo_concurrency.lockutils [None req-c2404acc-fe2f-420d-bd06-a76f41c37809 tempest-AttachVolumeShelveTestJSON-469236348 tempest-AttachVolumeShelveTestJSON-469236348-project-member] Lock "np0000005495-np0000005495" acquired by "nova.scheduler.host_manager.HostState.update.._locked_update" :: waited 0.000s {{(pid=93349) inner /opt/stack/data/venv/lib/python3.12/site-packages/oslo_concurrency/lockutils.py:525}}
Jul 20 11:55:33.110654 np0000005495 nova-scheduler[93349]: DEBUG nova.scheduler.host_manager [None req-c2404acc-fe2f-420d-bd06-a76f41c37809 tempest-AttachVolumeShelveTestJSON-469236348 tempest-AttachVolumeShelveTestJSON-469236348-project-member] Update host state from compute node: ComputeNode(cpu_allocation_ratio=4.0,cpu_info='{"arch": "x86_64", "model": "EPYC-Milan", "vendor": "AMD", "topology": {"cells": 1, "sockets": 16, "cores": 1, "threads": 1}, "maxphysaddr": {"mode": "emulate", "bits": 40}, "features": ["fma", "popcnt", "adx", "osvw", "abm", "xsavec", "lfence-always-serializing", "pse36", "smep", "wbnoinvd", "bmi1", "rdpid", "apic", "flushbyasid", "fsrm", "pschange-mc-no", "sse4.1", "arch-capabilities", "vme", "xsaves", "lm", "cx16", "ibrs", "pat", "movbe", "null-sel-clr-base", "clflush", "pdpe1gb", "pni", "syscall", "tsc-scale", "virt-ssbd", "f16c", "pge", "mmxext", "lbrv", "de", "sse4a", "amd-stibp", "fpu", "nx", "umip", "rdseed", "topoext", "lahf_lm", "sse4.2", "amd-psfd", "arat", "mds-no", "pku", "aes", "ibpb", "sse2", "rdctl-no", "clzero", "npt", "tsc", "msr", "pfthreshold", "tsc-deadline", "vaes", "mtrr", "sep", "svm", "pse", "nrip-save", "xsave", "sse", "v-vmsave-vmload", "mca", "clflushopt", "misalignsse", "skip-l1dfl-vmentry", "svme-addr-chk", "gds-no", "perfctr_core", "no-nested-data-bp", "stibp-always-on", "tsc_adjust", "cmov", "pclmuldq", "avx", "rdtscp", "invpcid", "sha-ni", "xsaveopt", "ssbd", "pause-filter", "smap", "xsaveerptr", "3dnowprefetch", "xgetbv1", "erms", "mce", "vpclmulqdq", "stibp", "fxsr_opt", "vmcb-clean", "pcid", "clwb", "pae", "cr8legacy", "amd-ssbd", "fxsr", "avx2", "ssse3", "rdrand", "spec-ctrl", "vgif", "cx8", "bmi2", "mmx", "cmp_legacy", "fsgsbase", "x2apic", "hypervisor"]}',created_at=2026-07-20T11:53:18Z,current_workload=0,deleted=False,deleted_at=None,disk_allocation_ratio=1.0,disk_available_least=73,free_disk_gb=95,free_ram_mb=62765,host='np0000005495',host_ip=10.4.3.198,hypervisor_hostname='np0000005495',hypervisor_type='QEMU',hypervisor_version=8002002,id=1,local_gb=95,local_gb_used=0,mapped=1,memory_mb=63277,memory_mb_used=512,metrics='[]',numa_topology='{"nova_object.name": "NUMATopology", "nova_object.namespace": "nova", "nova_object.version": "1.2", "nova_object.data": {"cells": [{"nova_object.name": "NUMACell", "nova_object.namespace": "nova", "nova_object.version": "1.5", "nova_object.data": {"id": 0, "cpuset": [0, 1, 2, 3, 4, 5, 6, 7, 8, 9, 10, 11, 12, 13, 14, 15], "pcpuset": [0, 1, 2, 3, 4, 5, 6, 7, 8, 9, 10, 11, 12, 13, 14, 15], "memory": 63277, "cpu_usage": 0, "memory_usage": 0, "pinned_cpus": [], "siblings": [[6], [12], [2], [15], [5], [11], [8], [14], [4], [1], [7], [10], [0], [13], [3], [9]], "mempages": [{"nova_object.name": "NUMAPagesTopology", "nova_object.namespace": "nova", "nova_object.version": "1.1", "nova_object.data": {"size_kb": 4, "total": 16177929, "used": 0, "reserved": 0}, "nova_object.changes": ["size_kb", "total", "used", "reserved"]}, {"nova_object.name": "NUMAPagesTopology", "nova_object.namespace": "nova", "nova_object.version": "1.1", "nova_object.data": {"size_kb": 2048, "total": 41, "used": 0, "reserved": 0}, "nova_object.changes": ["size_kb", "total", "used", "reserved"]}, {"nova_object.name": "NUMAPagesTopology", "nova_object.namespace": "nova", "nova_object.version": "1.1", "nova_object.data": {"size_kb": 1048576, "total": 0, "used": 0, "reserved": 0}, "nova_object.changes": ["size_kb", "total", "used", "reserved"]}], "network_metadata": {"nova_object.name": "NetworkMetadata", "nova_object.namespace": "nova", "nova_object.version": "1.0", "nova_object.data": {"physnets": [], "tunneled": false}, "nova_object.changes": ["physnets", "tunneled"]}, "socket": null}, "nova_object.changes": ["network_metadata", "socket", "pcpuset", "siblings", "memory", "cpu_usage", "memory_usage", "id", "mempages", "pinned_cpus", "cpuset"]}]}, "nova_object.changes": ["cells"]}',pci_device_pools=PciDevicePoolList,ram_allocation_ratio=1.0,running_vms=0,service_id=3,stats={failed_builds='0',uptime=' 11:55:07 up 14 min, 2 users, load average: 1.49, 1.58, 0.92
Jul 20 11:55:33.110654 np0000005495 nova-scheduler[93349]: '},supported_hv_specs=[HVSpec,HVSpec,HVSpec,HVSpec,HVSpec,HVSpec,HVSpec,HVSpec,HVSpec,HVSpec,HVSpec,HVSpec,HVSpec,HVSpec,HVSpec,HVSpec,HVSpec,HVSpec,HVSpec,HVSpec,HVSpec,HVSpec,HVSpec,HVSpec,HVSpec],updated_at=2026-07-20T11:55:07Z,uuid=0c813891-e7c4-40d6-a811-654b389cd1ce,vcpus=16,vcpus_used=0) {{(pid=93349) _locked_update /opt/stack/nova/nova/scheduler/host_manager.py:168}}
Jul 20 11:55:33.111521 np0000005495 nova-scheduler[93349]: DEBUG nova.scheduler.host_manager [None req-c2404acc-fe2f-420d-bd06-a76f41c37809 tempest-AttachVolumeShelveTestJSON-469236348 tempest-AttachVolumeShelveTestJSON-469236348-project-member] Update host state with aggregates: [] {{(pid=93349) _locked_update /opt/stack/nova/nova/scheduler/host_manager.py:171}}
Jul 20 11:55:33.111618 np0000005495 nova-scheduler[93349]: DEBUG nova.scheduler.host_manager [None req-c2404acc-fe2f-420d-bd06-a76f41c37809 tempest-AttachVolumeShelveTestJSON-469236348 tempest-AttachVolumeShelveTestJSON-469236348-project-member] Update host state with service dict: {'id': 3, 'uuid': '074f7e96-87a8-45b4-a1e8-3f9d02311bf8', 'host': 'np0000005495', 'binary': 'nova-compute', 'topic': 'compute', 'report_count': 2, 'disabled': False, 'disabled_reason': None, 'last_seen_up': datetime.datetime(2026, 7, 20, 11, 55, 25, tzinfo=datetime.timezone.utc), 'forced_down': False, 'version': 72, 'created_at': datetime.datetime(2026, 7, 20, 11, 53, 18, tzinfo=datetime.timezone.utc), 'updated_at': datetime.datetime(2026, 7, 20, 11, 55, 25, tzinfo=datetime.timezone.utc), 'deleted_at': None, 'deleted': False} {{(pid=93349) _locked_update /opt/stack/nova/nova/scheduler/host_manager.py:174}}
Jul 20 11:55:33.111779 np0000005495 nova-scheduler[93349]: DEBUG nova.scheduler.host_manager [None req-c2404acc-fe2f-420d-bd06-a76f41c37809 tempest-AttachVolumeShelveTestJSON-469236348 tempest-AttachVolumeShelveTestJSON-469236348-project-member] Update host state with instances: [] {{(pid=93349) _locked_update /opt/stack/nova/nova/scheduler/host_manager.py:177}}
Jul 20 11:55:33.111886 np0000005495 nova-scheduler[93349]: DEBUG oslo_concurrency.lockutils [None req-c2404acc-fe2f-420d-bd06-a76f41c37809 tempest-AttachVolumeShelveTestJSON-469236348 tempest-AttachVolumeShelveTestJSON-469236348-project-member] Lock "np0000005495-np0000005495" "released" by "nova.scheduler.host_manager.HostState.update.._locked_update" :: held 0.002s {{(pid=93349) inner /opt/stack/data/venv/lib/python3.12/site-packages/oslo_concurrency/lockutils.py:544}}
Jul 20 11:55:33.112294 np0000005495 nova-scheduler[93349]: DEBUG nova.filters [None req-c2404acc-fe2f-420d-bd06-a76f41c37809 tempest-AttachVolumeShelveTestJSON-469236348 tempest-AttachVolumeShelveTestJSON-469236348-project-member] Starting with 1 host(s) {{(pid=93349) get_filtered_objects /opt/stack/nova/nova/filters.py:70}}
Jul 20 11:55:33.112573 np0000005495 nova-scheduler[93349]: DEBUG nova.filters [None req-c2404acc-fe2f-420d-bd06-a76f41c37809 tempest-AttachVolumeShelveTestJSON-469236348 tempest-AttachVolumeShelveTestJSON-469236348-project-member] Filter ComputeFilter returned 1 host(s) {{(pid=93349) get_filtered_objects /opt/stack/nova/nova/filters.py:102}}
Jul 20 11:55:33.112936 np0000005495 nova-scheduler[93349]: DEBUG nova.filters [None req-c2404acc-fe2f-420d-bd06-a76f41c37809 tempest-AttachVolumeShelveTestJSON-469236348 tempest-AttachVolumeShelveTestJSON-469236348-project-member] Filter ComputeCapabilitiesFilter returned 1 host(s) {{(pid=93349) get_filtered_objects /opt/stack/nova/nova/filters.py:102}}
Jul 20 11:55:33.113029 np0000005495 nova-scheduler[93349]: DEBUG nova.filters [None req-c2404acc-fe2f-420d-bd06-a76f41c37809 tempest-AttachVolumeShelveTestJSON-469236348 tempest-AttachVolumeShelveTestJSON-469236348-project-member] Filter ImagePropertiesFilter returned 1 host(s) {{(pid=93349) get_filtered_objects /opt/stack/nova/nova/filters.py:102}}
Jul 20 11:55:33.113291 np0000005495 nova-scheduler[93349]: DEBUG nova.filters [None req-c2404acc-fe2f-420d-bd06-a76f41c37809 tempest-AttachVolumeShelveTestJSON-469236348 tempest-AttachVolumeShelveTestJSON-469236348-project-member] Filter ServerGroupAntiAffinityFilter returned 1 host(s) {{(pid=93349) get_filtered_objects /opt/stack/nova/nova/filters.py:102}}
Jul 20 11:55:33.113291 np0000005495 nova-scheduler[93349]: DEBUG nova.filters [None req-c2404acc-fe2f-420d-bd06-a76f41c37809 tempest-AttachVolumeShelveTestJSON-469236348 tempest-AttachVolumeShelveTestJSON-469236348-project-member] Filter ServerGroupAffinityFilter returned 1 host(s) {{(pid=93349) get_filtered_objects /opt/stack/nova/nova/filters.py:102}}
Jul 20 11:55:33.113430 np0000005495 nova-scheduler[93349]: DEBUG nova.filters [None req-c2404acc-fe2f-420d-bd06-a76f41c37809 tempest-AttachVolumeShelveTestJSON-469236348 tempest-AttachVolumeShelveTestJSON-469236348-project-member] Filter SameHostFilter returned 1 host(s) {{(pid=93349) get_filtered_objects /opt/stack/nova/nova/filters.py:102}}
Jul 20 11:55:33.113529 np0000005495 nova-scheduler[93349]: DEBUG nova.filters [None req-c2404acc-fe2f-420d-bd06-a76f41c37809 tempest-AttachVolumeShelveTestJSON-469236348 tempest-AttachVolumeShelveTestJSON-469236348-project-member] Filter DifferentHostFilter returned 1 host(s) {{(pid=93349) get_filtered_objects /opt/stack/nova/nova/filters.py:102}}
Jul 20 11:55:33.113837 np0000005495 nova-scheduler[93349]: DEBUG nova.scheduler.manager [None req-c2404acc-fe2f-420d-bd06-a76f41c37809 tempest-AttachVolumeShelveTestJSON-469236348 tempest-AttachVolumeShelveTestJSON-469236348-project-member] Filtered [(np0000005495, np0000005495) ram: 62765MB disk: 74752MB io_ops: 0 instances: 0, allocation_candidates: 1] {{(pid=93349) _get_sorted_hosts /opt/stack/nova/nova/scheduler/manager.py:742}}
Jul 20 11:55:33.113882 np0000005495 nova-scheduler[93349]: DEBUG nova.scheduler.manager [None req-c2404acc-fe2f-420d-bd06-a76f41c37809 tempest-AttachVolumeShelveTestJSON-469236348 tempest-AttachVolumeShelveTestJSON-469236348-project-member] Weighed [WeighedHost [host: (np0000005495, np0000005495) ram: 62765MB disk: 74752MB io_ops: 0 instances: 0, allocation_candidates: 1, weight: 0.0]] {{(pid=93349) _get_sorted_hosts /opt/stack/nova/nova/scheduler/manager.py:764}}
Jul 20 11:55:33.114029 np0000005495 nova-scheduler[93349]: DEBUG nova.scheduler.utils [None req-c2404acc-fe2f-420d-bd06-a76f41c37809 tempest-AttachVolumeShelveTestJSON-469236348 tempest-AttachVolumeShelveTestJSON-469236348-project-member] Attempting to claim resources in the placement API for instance b4daf58c-0de8-41f3-a045-ff7e15d07ca7 {{(pid=93349) claim_resources /opt/stack/nova/nova/scheduler/utils.py:1345}}
Jul 20 11:55:33.272803 np0000005495 nova-scheduler[93349]: DEBUG nova.scheduler.manager [None req-c2404acc-fe2f-420d-bd06-a76f41c37809 tempest-AttachVolumeShelveTestJSON-469236348 tempest-AttachVolumeShelveTestJSON-469236348-project-member] [instance: b4daf58c-0de8-41f3-a045-ff7e15d07ca7] Selected host: (np0000005495, np0000005495) ram: 62765MB disk: 74752MB io_ops: 0 instances: 0, allocation_candidates: 1 {{(pid=93349) _consume_selected_host /opt/stack/nova/nova/scheduler/manager.py:624}}
Jul 20 11:55:33.274219 np0000005495 nova-scheduler[93349]: DEBUG oslo_concurrency.lockutils [None req-c2404acc-fe2f-420d-bd06-a76f41c37809 tempest-AttachVolumeShelveTestJSON-469236348 tempest-AttachVolumeShelveTestJSON-469236348-project-member] Acquiring lock "np0000005495-np0000005495" by "nova.scheduler.host_manager.HostState.consume_from_request.._locked" {{(pid=93349) inner /opt/stack/data/venv/lib/python3.12/site-packages/oslo_concurrency/lockutils.py:512}}
Jul 20 11:55:33.274458 np0000005495 nova-scheduler[93349]: DEBUG oslo_concurrency.lockutils [None req-c2404acc-fe2f-420d-bd06-a76f41c37809 tempest-AttachVolumeShelveTestJSON-469236348 tempest-AttachVolumeShelveTestJSON-469236348-project-member] Lock "np0000005495-np0000005495" acquired by "nova.scheduler.host_manager.HostState.consume_from_request.._locked" :: waited 0.000s {{(pid=93349) inner /opt/stack/data/venv/lib/python3.12/site-packages/oslo_concurrency/lockutils.py:525}}
Jul 20 11:55:33.274606 np0000005495 nova-scheduler[93349]: DEBUG oslo_concurrency.lockutils [None req-c2404acc-fe2f-420d-bd06-a76f41c37809 tempest-AttachVolumeShelveTestJSON-469236348 tempest-AttachVolumeShelveTestJSON-469236348-project-member] Lock "np0000005495-np0000005495" "released" by "nova.scheduler.host_manager.HostState.consume_from_request.._locked" :: held 0.000s {{(pid=93349) inner /opt/stack/data/venv/lib/python3.12/site-packages/oslo_concurrency/lockutils.py:544}}
Jul 20 11:55:36.477922 np0000005495 nova-scheduler[93351]: DEBUG nova.scheduler.manager [None req-a5bbbd9b-f588-4d56-a207-a2dc1d4c5e83 tempest-ServerStableDeviceRescueTest-1447240189 tempest-ServerStableDeviceRescueTest-1447240189-project-member] Starting to schedule for instances: ['3790a394-a9d6-4723-81cf-f1da4f5343da'] {{(pid=93351) select_destinations /opt/stack/nova/nova/scheduler/manager.py:209}}
Jul 20 11:55:36.478433 np0000005495 nova-scheduler[93351]: DEBUG nova.scheduler.request_filter [None req-a5bbbd9b-f588-4d56-a207-a2dc1d4c5e83 tempest-ServerStableDeviceRescueTest-1447240189 tempest-ServerStableDeviceRescueTest-1447240189-project-member] compute_status_filter request filter added forbidden trait COMPUTE_STATUS_DISABLED {{(pid=93351) compute_status_filter /opt/stack/nova/nova/scheduler/request_filter.py:253}}
Jul 20 11:55:36.478433 np0000005495 nova-scheduler[93351]: DEBUG nova.scheduler.request_filter [None req-a5bbbd9b-f588-4d56-a207-a2dc1d4c5e83 tempest-ServerStableDeviceRescueTest-1447240189 tempest-ServerStableDeviceRescueTest-1447240189-project-member] Request filter 'compute_status_filter' took 0.0 seconds {{(pid=93351) wrapper /opt/stack/nova/nova/scheduler/request_filter.py:46}}
Jul 20 11:55:36.478826 np0000005495 nova-scheduler[93351]: DEBUG nova.scheduler.request_filter [None req-a5bbbd9b-f588-4d56-a207-a2dc1d4c5e83 tempest-ServerStableDeviceRescueTest-1447240189 tempest-ServerStableDeviceRescueTest-1447240189-project-member] Request filter 'accelerators_filter' took 0.0 seconds {{(pid=93351) wrapper /opt/stack/nova/nova/scheduler/request_filter.py:46}}
Jul 20 11:55:36.479039 np0000005495 nova-scheduler[93351]: DEBUG nova.scheduler.request_filter [None req-a5bbbd9b-f588-4d56-a207-a2dc1d4c5e83 tempest-ServerStableDeviceRescueTest-1447240189 tempest-ServerStableDeviceRescueTest-1447240189-project-member] Request filter 'packed_virtqueue_filter' took 0.0 seconds {{(pid=93351) wrapper /opt/stack/nova/nova/scheduler/request_filter.py:46}}
Jul 20 11:55:36.479382 np0000005495 nova-scheduler[93351]: DEBUG nova.scheduler.request_filter [None req-a5bbbd9b-f588-4d56-a207-a2dc1d4c5e83 tempest-ServerStableDeviceRescueTest-1447240189 tempest-ServerStableDeviceRescueTest-1447240189-project-member] Request filter 'remote_managed_ports_filter' took 0.0 seconds {{(pid=93351) wrapper /opt/stack/nova/nova/scheduler/request_filter.py:46}}
