Jul 10 16:11:50.010157 np0000005027 devstack@g-api.service[99960]: [pid: 99960|app: 0|req: 35/101] 127.0.0.1 () {40 vars in 838 bytes} [Fri Jul 10 16:11:49 2026] GET /v2/images/e67c28ef-50f9-40b0-a42f-35e4562d88be => generated 649 bytes in 17 msecs (HTTP/1.1 200) 4 headers in 157 bytes (1 switches on core 0)
Jul 10 16:11:51.019926 np0000005027 devstack@g-api.service[99962]: DEBUG glance.api.middleware.version_negotiation [None req-42a3d813-bbde-424f-ba26-778826183e41 tempest-VolumesActionsTest-597064696 tempest-VolumesActionsTest-597064696-project-member] Determining version of request: GET /v2/images/e67c28ef-50f9-40b0-a42f-35e4562d88be Accept: application/json {{(pid=99962) process_request /opt/stack/glance/glance/api/middleware/version_negotiation.py:44}}
Jul 10 16:11:51.020385 np0000005027 devstack@g-api.service[99962]: DEBUG glance.api.middleware.version_negotiation [None req-42a3d813-bbde-424f-ba26-778826183e41 tempest-VolumesActionsTest-597064696 tempest-VolumesActionsTest-597064696-project-member] Using url versioning {{(pid=99962) process_request /opt/stack/glance/glance/api/middleware/version_negotiation.py:57}}
Jul 10 16:11:51.020385 np0000005027 devstack@g-api.service[99962]: DEBUG glance.api.middleware.version_negotiation [None req-42a3d813-bbde-424f-ba26-778826183e41 tempest-VolumesActionsTest-597064696 tempest-VolumesActionsTest-597064696-project-member] Matched version: v2 {{(pid=99962) process_request /opt/stack/glance/glance/api/middleware/version_negotiation.py:69}}
Jul 10 16:11:51.020385 np0000005027 devstack@g-api.service[99962]: DEBUG glance.api.middleware.version_negotiation [None req-42a3d813-bbde-424f-ba26-778826183e41 tempest-VolumesActionsTest-597064696 tempest-VolumesActionsTest-597064696-project-member] new path /v2/images/e67c28ef-50f9-40b0-a42f-35e4562d88be {{(pid=99962) process_request /opt/stack/glance/glance/api/middleware/version_negotiation.py:70}}
Jul 10 16:11:51.041511 np0000005027 devstack@g-api.service[99962]: [pid: 99962|app: 0|req: 38/102] 127.0.0.1 () {40 vars in 838 bytes} [Fri Jul 10 16:11:51 2026] GET /v2/images/e67c28ef-50f9-40b0-a42f-35e4562d88be => generated 649 bytes in 22 msecs (HTTP/1.1 200) 4 headers in 157 bytes (1 switches on core 0)
Jul 10 16:11:52.050100 np0000005027 devstack@g-api.service[99960]: DEBUG glance.api.middleware.version_negotiation [None req-938099a3-2416-4ff6-bfba-09096ba33814 tempest-VolumesActionsTest-597064696 tempest-VolumesActionsTest-597064696-project-member] Determining version of request: GET /v2/images/e67c28ef-50f9-40b0-a42f-35e4562d88be Accept: application/json {{(pid=99960) process_request /opt/stack/glance/glance/api/middleware/version_negotiation.py:44}}
Jul 10 16:11:52.050473 np0000005027 devstack@g-api.service[99960]: DEBUG glance.api.middleware.version_negotiation [None req-938099a3-2416-4ff6-bfba-09096ba33814 tempest-VolumesActionsTest-597064696 tempest-VolumesActionsTest-597064696-project-member] Using url versioning {{(pid=99960) process_request /opt/stack/glance/glance/api/middleware/version_negotiation.py:57}}
Jul 10 16:11:52.050524 np0000005027 devstack@g-api.service[99960]: DEBUG glance.api.middleware.version_negotiation [None req-938099a3-2416-4ff6-bfba-09096ba33814 tempest-VolumesActionsTest-597064696 tempest-VolumesActionsTest-597064696-project-member] Matched version: v2 {{(pid=99960) process_request /opt/stack/glance/glance/api/middleware/version_negotiation.py:69}}
Jul 10 16:11:52.050684 np0000005027 devstack@g-api.service[99960]: DEBUG glance.api.middleware.version_negotiation [None req-938099a3-2416-4ff6-bfba-09096ba33814 tempest-VolumesActionsTest-597064696 tempest-VolumesActionsTest-597064696-project-member] new path /v2/images/e67c28ef-50f9-40b0-a42f-35e4562d88be {{(pid=99960) process_request /opt/stack/glance/glance/api/middleware/version_negotiation.py:70}}
Jul 10 16:11:52.062657 np0000005027 devstack@g-api.service[99960]: [pid: 99960|app: 0|req: 36/103] 127.0.0.1 () {40 vars in 838 bytes} [Fri Jul 10 16:11:52 2026] GET /v2/images/e67c28ef-50f9-40b0-a42f-35e4562d88be => generated 649 bytes in 13 msecs (HTTP/1.1 200) 4 headers in 157 bytes (1 switches on core 0)
Jul 10 16:11:52.606798 np0000005027 devstack@g-api.service[99961]: DEBUG swiftclient [None req-fd99367e-cbe9-4636-953f-62f817f89d57 tempest-VolumesActionsTest-597064696 tempest-VolumesActionsTest-597064696-project-member] REQ: curl -i https://10.4.3.105:8080/v1/AUTH_db21ef1cfc8a4b72a589d6d9fc6e4777/glance/e67c28ef-50f9-40b0-a42f-35e4562d88be-00001 -X PUT -H "X-Auth-Token: gAAAAABqURnFSR-h..." {{(pid=99961) http_log /opt/stack/data/venv/lib/python3.12/site-packages/swiftclient/client.py:160}}
Jul 10 16:11:52.607206 np0000005027 devstack@g-api.service[99961]: DEBUG swiftclient [None req-fd99367e-cbe9-4636-953f-62f817f89d57 tempest-VolumesActionsTest-597064696 tempest-VolumesActionsTest-597064696-project-member] RESP STATUS: 201 Created {{(pid=99961) http_log /opt/stack/data/venv/lib/python3.12/site-packages/swiftclient/client.py:161}}
Jul 10 16:11:52.607206 np0000005027 devstack@g-api.service[99961]: DEBUG swiftclient [None req-fd99367e-cbe9-4636-953f-62f817f89d57 tempest-VolumesActionsTest-597064696 tempest-VolumesActionsTest-597064696-project-member] RESP HEADERS: {'Date': 'Fri, 10 Jul 2026 16:11:52 GMT', 'Server': 'Apache/2.4.58 (Ubuntu)', 'Content-Type': 'text/html; charset=UTF-8', 'Content-Length': '0', 'Etag': 'eda9a9889837ac4bc81d6387d92c1bec', 'Last-Modified': 'Fri, 10 Jul 2026 16:11:50 GMT', 'X-Trans-Id': 'tx1634eb2c2cee44c09a01d-006a5119c5', 'X-Openstack-Request-Id': 'tx1634eb2c2cee44c09a01d-006a5119c5', 'Connection': 'close'} {{(pid=99961) http_log /opt/stack/data/venv/lib/python3.12/site-packages/swiftclient/client.py:162}}
Jul 10 16:11:52.607403 np0000005027 devstack@g-api.service[99961]: DEBUG glance_store._drivers.swift.store [None req-fd99367e-cbe9-4636-953f-62f817f89d57 tempest-VolumesActionsTest-597064696 tempest-VolumesActionsTest-597064696-project-member] Wrote chunk e67c28ef-50f9-40b0-a42f-35e4562d88be-00001 (1/?) of length 204800000 to Swift returning MD5 of content: eda9a9889837ac4bc81d6387d92c1bec {{(pid=99961) add /opt/stack/data/venv/lib/python3.12/site-packages/glance_store/_drivers/swift/store.py:1059}}
Jul 10 16:11:53.076037 np0000005027 devstack@g-api.service[99962]: DEBUG glance.api.middleware.version_negotiation [None req-5e75b8ed-aaa9-425f-abdf-4a0309ec44a7 tempest-VolumesActionsTest-597064696 tempest-VolumesActionsTest-597064696-project-member] Determining version of request: GET /v2/images/e67c28ef-50f9-40b0-a42f-35e4562d88be Accept: application/json {{(pid=99962) process_request /opt/stack/glance/glance/api/middleware/version_negotiation.py:44}}
Jul 10 16:11:53.076037 np0000005027 devstack@g-api.service[99962]: DEBUG glance.api.middleware.version_negotiation [None req-5e75b8ed-aaa9-425f-abdf-4a0309ec44a7 tempest-VolumesActionsTest-597064696 tempest-VolumesActionsTest-597064696-project-member] Using url versioning {{(pid=99962) process_request /opt/stack/glance/glance/api/middleware/version_negotiation.py:57}}
Jul 10 16:11:53.076037 np0000005027 devstack@g-api.service[99962]: DEBUG glance.api.middleware.version_negotiation [None req-5e75b8ed-aaa9-425f-abdf-4a0309ec44a7 tempest-VolumesActionsTest-597064696 tempest-VolumesActionsTest-597064696-project-member] Matched version: v2 {{(pid=99962) process_request /opt/stack/glance/glance/api/middleware/version_negotiation.py:69}}
Jul 10 16:11:53.076773 np0000005027 devstack@g-api.service[99962]: DEBUG glance.api.middleware.version_negotiation [None req-5e75b8ed-aaa9-425f-abdf-4a0309ec44a7 tempest-VolumesActionsTest-597064696 tempest-VolumesActionsTest-597064696-project-member] new path /v2/images/e67c28ef-50f9-40b0-a42f-35e4562d88be {{(pid=99962) process_request /opt/stack/glance/glance/api/middleware/version_negotiation.py:70}}
Jul 10 16:11:53.092435 np0000005027 devstack@g-api.service[99962]: [pid: 99962|app: 0|req: 39/104] 127.0.0.1 () {40 vars in 838 bytes} [Fri Jul 10 16:11:53 2026] GET /v2/images/e67c28ef-50f9-40b0-a42f-35e4562d88be => generated 649 bytes in 17 msecs (HTTP/1.1 200) 4 headers in 157 bytes (1 switches on core 0)
Jul 10 16:11:54.104124 np0000005027 devstack@g-api.service[99960]: DEBUG glance.api.middleware.version_negotiation [None req-5c635109-7dc1-4ace-a15f-d591e469402c tempest-VolumesActionsTest-597064696 tempest-VolumesActionsTest-597064696-project-member] Determining version of request: GET /v2/images/e67c28ef-50f9-40b0-a42f-35e4562d88be Accept: application/json {{(pid=99960) process_request /opt/stack/glance/glance/api/middleware/version_negotiation.py:44}}
Jul 10 16:11:54.104124 np0000005027 devstack@g-api.service[99960]: DEBUG glance.api.middleware.version_negotiation [None req-5c635109-7dc1-4ace-a15f-d591e469402c tempest-VolumesActionsTest-597064696 tempest-VolumesActionsTest-597064696-project-member] Using url versioning {{(pid=99960) process_request /opt/stack/glance/glance/api/middleware/version_negotiation.py:57}}
Jul 10 16:11:54.104124 np0000005027 devstack@g-api.service[99960]: DEBUG glance.api.middleware.version_negotiation [None req-5c635109-7dc1-4ace-a15f-d591e469402c tempest-VolumesActionsTest-597064696 tempest-VolumesActionsTest-597064696-project-member] Matched version: v2 {{(pid=99960) process_request /opt/stack/glance/glance/api/middleware/version_negotiation.py:69}}
Jul 10 16:11:54.104124 np0000005027 devstack@g-api.service[99960]: DEBUG glance.api.middleware.version_negotiation [None req-5c635109-7dc1-4ace-a15f-d591e469402c tempest-VolumesActionsTest-597064696 tempest-VolumesActionsTest-597064696-project-member] new path /v2/images/e67c28ef-50f9-40b0-a42f-35e4562d88be {{(pid=99960) process_request /opt/stack/glance/glance/api/middleware/version_negotiation.py:70}}
Jul 10 16:11:54.115406 np0000005027 devstack@g-api.service[99960]: [pid: 99960|app: 0|req: 37/105] 127.0.0.1 () {40 vars in 838 bytes} [Fri Jul 10 16:11:54 2026] GET /v2/images/e67c28ef-50f9-40b0-a42f-35e4562d88be => generated 649 bytes in 12 msecs (HTTP/1.1 200) 4 headers in 157 bytes (1 switches on core 0)
Jul 10 16:11:54.829018 np0000005027 devstack@g-api.service[99961]: DEBUG swiftclient [None req-fd99367e-cbe9-4636-953f-62f817f89d57 tempest-VolumesActionsTest-597064696 tempest-VolumesActionsTest-597064696-project-member] REQ: curl -i https://10.4.3.105:8080/v1/AUTH_db21ef1cfc8a4b72a589d6d9fc6e4777/glance/e67c28ef-50f9-40b0-a42f-35e4562d88be-00002 -X PUT -H "X-Auth-Token: gAAAAABqURnFSR-h..." {{(pid=99961) http_log /opt/stack/data/venv/lib/python3.12/site-packages/swiftclient/client.py:160}}
Jul 10 16:11:54.829432 np0000005027 devstack@g-api.service[99961]: DEBUG swiftclient [None req-fd99367e-cbe9-4636-953f-62f817f89d57 tempest-VolumesActionsTest-597064696 tempest-VolumesActionsTest-597064696-project-member] RESP STATUS: 201 Created {{(pid=99961) http_log /opt/stack/data/venv/lib/python3.12/site-packages/swiftclient/client.py:161}}
Jul 10 16:11:54.829432 np0000005027 devstack@g-api.service[99961]: DEBUG swiftclient [None req-fd99367e-cbe9-4636-953f-62f817f89d57 tempest-VolumesActionsTest-597064696 tempest-VolumesActionsTest-597064696-project-member] RESP HEADERS: {'Date': 'Fri, 10 Jul 2026 16:11:54 GMT', 'Server': 'Apache/2.4.58 (Ubuntu)', 'Content-Type': 'text/html; charset=UTF-8', 'Content-Length': '0', 'Etag': 'eda9a9889837ac4bc81d6387d92c1bec', 'Last-Modified': 'Fri, 10 Jul 2026 16:11:53 GMT', 'X-Trans-Id': 'tx2d1442e73e3e478882b16-006a5119c8', 'X-Openstack-Request-Id': 'tx2d1442e73e3e478882b16-006a5119c8', 'Connection': 'close'} {{(pid=99961) http_log /opt/stack/data/venv/lib/python3.12/site-packages/swiftclient/client.py:162}}
Jul 10 16:11:54.829608 np0000005027 devstack@g-api.service[99961]: DEBUG glance_store._drivers.swift.store [None req-fd99367e-cbe9-4636-953f-62f817f89d57 tempest-VolumesActionsTest-597064696 tempest-VolumesActionsTest-597064696-project-member] Wrote chunk e67c28ef-50f9-40b0-a42f-35e4562d88be-00002 (2/?) of length 204800000 to Swift returning MD5 of content: eda9a9889837ac4bc81d6387d92c1bec {{(pid=99961) add /opt/stack/data/venv/lib/python3.12/site-packages/glance_store/_drivers/swift/store.py:1059}}
Jul 10 16:11:55.126410 np0000005027 devstack@g-api.service[99962]: DEBUG glance.api.middleware.version_negotiation [None req-3157a34f-ec21-4f6d-af43-0869994ef423 tempest-VolumesActionsTest-597064696 tempest-VolumesActionsTest-597064696-project-member] Determining version of request: GET /v2/images/e67c28ef-50f9-40b0-a42f-35e4562d88be Accept: application/json {{(pid=99962) process_request /opt/stack/glance/glance/api/middleware/version_negotiation.py:44}}
Jul 10 16:11:55.126832 np0000005027 devstack@g-api.service[99962]: DEBUG glance.api.middleware.version_negotiation [None req-3157a34f-ec21-4f6d-af43-0869994ef423 tempest-VolumesActionsTest-597064696 tempest-VolumesActionsTest-597064696-project-member] Using url versioning {{(pid=99962) process_request /opt/stack/glance/glance/api/middleware/version_negotiation.py:57}}
Jul 10 16:11:55.126832 np0000005027 devstack@g-api.service[99962]: DEBUG glance.api.middleware.version_negotiation [None req-3157a34f-ec21-4f6d-af43-0869994ef423 tempest-VolumesActionsTest-597064696 tempest-VolumesActionsTest-597064696-project-member] Matched version: v2 {{(pid=99962) process_request /opt/stack/glance/glance/api/middleware/version_negotiation.py:69}}
Jul 10 16:11:55.126955 np0000005027 devstack@g-api.service[99962]: DEBUG glance.api.middleware.version_negotiation [None req-3157a34f-ec21-4f6d-af43-0869994ef423 tempest-VolumesActionsTest-597064696 tempest-VolumesActionsTest-597064696-project-member] new path /v2/images/e67c28ef-50f9-40b0-a42f-35e4562d88be {{(pid=99962) process_request /opt/stack/glance/glance/api/middleware/version_negotiation.py:70}}
Jul 10 16:11:55.146433 np0000005027 devstack@g-api.service[99962]: [pid: 99962|app: 0|req: 40/106] 127.0.0.1 () {40 vars in 838 bytes} [Fri Jul 10 16:11:55 2026] GET /v2/images/e67c28ef-50f9-40b0-a42f-35e4562d88be => generated 649 bytes in 20 msecs (HTTP/1.1 200) 4 headers in 157 bytes (1 switches on core 0)
Jul 10 16:11:56.158967 np0000005027 devstack@g-api.service[99960]: DEBUG glance.api.middleware.version_negotiation [None req-e30003cf-1876-4d93-be67-5617d0fcd405 tempest-VolumesActionsTest-597064696 tempest-VolumesActionsTest-597064696-project-member] Determining version of request: GET /v2/images/e67c28ef-50f9-40b0-a42f-35e4562d88be Accept: application/json {{(pid=99960) process_request /opt/stack/glance/glance/api/middleware/version_negotiation.py:44}}
Jul 10 16:11:56.159388 np0000005027 devstack@g-api.service[99960]: DEBUG glance.api.middleware.version_negotiation [None req-e30003cf-1876-4d93-be67-5617d0fcd405 tempest-VolumesActionsTest-597064696 tempest-VolumesActionsTest-597064696-project-member] Using url versioning {{(pid=99960) process_request /opt/stack/glance/glance/api/middleware/version_negotiation.py:57}}
Jul 10 16:11:56.159716 np0000005027 devstack@g-api.service[99960]: DEBUG glance.api.middleware.version_negotiation [None req-e30003cf-1876-4d93-be67-5617d0fcd405 tempest-VolumesActionsTest-597064696 tempest-VolumesActionsTest-597064696-project-member] Matched version: v2 {{(pid=99960) process_request /opt/stack/glance/glance/api/middleware/version_negotiation.py:69}}
Jul 10 16:11:56.159964 np0000005027 devstack@g-api.service[99960]: DEBUG glance.api.middleware.version_negotiation [None req-e30003cf-1876-4d93-be67-5617d0fcd405 tempest-VolumesActionsTest-597064696 tempest-VolumesActionsTest-597064696-project-member] new path /v2/images/e67c28ef-50f9-40b0-a42f-35e4562d88be {{(pid=99960) process_request /opt/stack/glance/glance/api/middleware/version_negotiation.py:70}}
Jul 10 16:11:56.177024 np0000005027 devstack@g-api.service[99960]: [pid: 99960|app: 0|req: 38/107] 127.0.0.1 () {40 vars in 838 bytes} [Fri Jul 10 16:11:56 2026] GET /v2/images/e67c28ef-50f9-40b0-a42f-35e4562d88be => generated 649 bytes in 18 msecs (HTTP/1.1 200) 4 headers in 157 bytes (1 switches on core 0)
Jul 10 16:11:57.188651 np0000005027 devstack@g-api.service[99962]: DEBUG glance.api.middleware.version_negotiation [None req-d02aba86-07f5-48a6-ba85-fc17772ae769 tempest-VolumesActionsTest-597064696 tempest-VolumesActionsTest-597064696-project-member] Determining version of request: GET /v2/images/e67c28ef-50f9-40b0-a42f-35e4562d88be Accept: application/json {{(pid=99962) process_request /opt/stack/glance/glance/api/middleware/version_negotiation.py:44}}
Jul 10 16:11:57.188651 np0000005027 devstack@g-api.service[99962]: DEBUG glance.api.middleware.version_negotiation [None req-d02aba86-07f5-48a6-ba85-fc17772ae769 tempest-VolumesActionsTest-597064696 tempest-VolumesActionsTest-597064696-project-member] Using url versioning {{(pid=99962) process_request /opt/stack/glance/glance/api/middleware/version_negotiation.py:57}}
Jul 10 16:11:57.188651 np0000005027 devstack@g-api.service[99962]: DEBUG glance.api.middleware.version_negotiation [None req-d02aba86-07f5-48a6-ba85-fc17772ae769 tempest-VolumesActionsTest-597064696 tempest-VolumesActionsTest-597064696-project-member] Matched version: v2 {{(pid=99962) process_request /opt/stack/glance/glance/api/middleware/version_negotiation.py:69}}
Jul 10 16:11:57.188651 np0000005027 devstack@g-api.service[99962]: DEBUG glance.api.middleware.version_negotiation [None req-d02aba86-07f5-48a6-ba85-fc17772ae769 tempest-VolumesActionsTest-597064696 tempest-VolumesActionsTest-597064696-project-member] new path /v2/images/e67c28ef-50f9-40b0-a42f-35e4562d88be {{(pid=99962) process_request /opt/stack/glance/glance/api/middleware/version_negotiation.py:70}}
Jul 10 16:11:57.204632 np0000005027 devstack@g-api.service[99962]: [pid: 99962|app: 0|req: 41/108] 127.0.0.1 () {40 vars in 838 bytes} [Fri Jul 10 16:11:57 2026] GET /v2/images/e67c28ef-50f9-40b0-a42f-35e4562d88be => generated 649 bytes in 17 msecs (HTTP/1.1 200) 4 headers in 157 bytes (1 switches on core 0)
Jul 10 16:11:57.253998 np0000005027 devstack@g-api.service[99961]: DEBUG swiftclient [None req-fd99367e-cbe9-4636-953f-62f817f89d57 tempest-VolumesActionsTest-597064696 tempest-VolumesActionsTest-597064696-project-member] REQ: curl -i https://10.4.3.105:8080/v1/AUTH_db21ef1cfc8a4b72a589d6d9fc6e4777/glance/e67c28ef-50f9-40b0-a42f-35e4562d88be-00003 -X PUT -H "X-Auth-Token: gAAAAABqURnFSR-h..." {{(pid=99961) http_log /opt/stack/data/venv/lib/python3.12/site-packages/swiftclient/client.py:160}}
Jul 10 16:11:57.254455 np0000005027 devstack@g-api.service[99961]: DEBUG swiftclient [None req-fd99367e-cbe9-4636-953f-62f817f89d57 tempest-VolumesActionsTest-597064696 tempest-VolumesActionsTest-597064696-project-member] RESP STATUS: 201 Created {{(pid=99961) http_log /opt/stack/data/venv/lib/python3.12/site-packages/swiftclient/client.py:161}}
Jul 10 16:11:57.254455 np0000005027 devstack@g-api.service[99961]: DEBUG swiftclient [None req-fd99367e-cbe9-4636-953f-62f817f89d57 tempest-VolumesActionsTest-597064696 tempest-VolumesActionsTest-597064696-project-member] RESP HEADERS: {'Date': 'Fri, 10 Jul 2026 16:11:57 GMT', 'Server': 'Apache/2.4.58 (Ubuntu)', 'Content-Type': 'text/html; charset=UTF-8', 'Content-Length': '0', 'Etag': 'eda9a9889837ac4bc81d6387d92c1bec', 'Last-Modified': 'Fri, 10 Jul 2026 16:11:55 GMT', 'X-Trans-Id': 'tx8074a64ce829429494bfe-006a5119ca', 'X-Openstack-Request-Id': 'tx8074a64ce829429494bfe-006a5119ca', 'Connection': 'close'} {{(pid=99961) http_log /opt/stack/data/venv/lib/python3.12/site-packages/swiftclient/client.py:162}}
Jul 10 16:11:57.254848 np0000005027 devstack@g-api.service[99961]: DEBUG glance_store._drivers.swift.store [None req-fd99367e-cbe9-4636-953f-62f817f89d57 tempest-VolumesActionsTest-597064696 tempest-VolumesActionsTest-597064696-project-member] Wrote chunk e67c28ef-50f9-40b0-a42f-35e4562d88be-00003 (3/?) of length 204800000 to Swift returning MD5 of content: eda9a9889837ac4bc81d6387d92c1bec {{(pid=99961) add /opt/stack/data/venv/lib/python3.12/site-packages/glance_store/_drivers/swift/store.py:1059}}
Jul 10 16:11:58.223816 np0000005027 devstack@g-api.service[99960]: DEBUG glance.api.middleware.version_negotiation [None req-0b384a72-f974-4d68-bd94-0feedb33b043 tempest-VolumesActionsTest-597064696 tempest-VolumesActionsTest-597064696-project-member] Determining version of request: GET /v2/images/e67c28ef-50f9-40b0-a42f-35e4562d88be Accept: application/json {{(pid=99960) process_request /opt/stack/glance/glance/api/middleware/version_negotiation.py:44}}
Jul 10 16:11:58.223816 np0000005027 devstack@g-api.service[99960]: DEBUG glance.api.middleware.version_negotiation [None req-0b384a72-f974-4d68-bd94-0feedb33b043 tempest-VolumesActionsTest-597064696 tempest-VolumesActionsTest-597064696-project-member] Using url versioning {{(pid=99960) process_request /opt/stack/glance/glance/api/middleware/version_negotiation.py:57}}
Jul 10 16:11:58.223816 np0000005027 devstack@g-api.service[99960]: DEBUG glance.api.middleware.version_negotiation [None req-0b384a72-f974-4d68-bd94-0feedb33b043 tempest-VolumesActionsTest-597064696 tempest-VolumesActionsTest-597064696-project-member] Matched version: v2 {{(pid=99960) process_request /opt/stack/glance/glance/api/middleware/version_negotiation.py:69}}
Jul 10 16:11:58.223816 np0000005027 devstack@g-api.service[99960]: DEBUG glance.api.middleware.version_negotiation [None req-0b384a72-f974-4d68-bd94-0feedb33b043 tempest-VolumesActionsTest-597064696 tempest-VolumesActionsTest-597064696-project-member] new path /v2/images/e67c28ef-50f9-40b0-a42f-35e4562d88be {{(pid=99960) process_request /opt/stack/glance/glance/api/middleware/version_negotiation.py:70}}
Jul 10 16:11:58.243303 np0000005027 devstack@g-api.service[99960]: [pid: 99960|app: 0|req: 39/109] 127.0.0.1 () {40 vars in 838 bytes} [Fri Jul 10 16:11:58 2026] GET /v2/images/e67c28ef-50f9-40b0-a42f-35e4562d88be => generated 649 bytes in 20 msecs (HTTP/1.1 200) 4 headers in 157 bytes (1 switches on core 0)
Jul 10 16:11:59.255305 np0000005027 devstack@g-api.service[99962]: DEBUG glance.api.middleware.version_negotiation [None req-e71f6c8f-db50-4c3d-8180-56542586d50c tempest-VolumesActionsTest-597064696 tempest-VolumesActionsTest-597064696-project-member] Determining version of request: GET /v2/images/e67c28ef-50f9-40b0-a42f-35e4562d88be Accept: application/json {{(pid=99962) process_request /opt/stack/glance/glance/api/middleware/version_negotiation.py:44}}
Jul 10 16:11:59.255886 np0000005027 devstack@g-api.service[99962]: DEBUG glance.api.middleware.version_negotiation [None req-e71f6c8f-db50-4c3d-8180-56542586d50c tempest-VolumesActionsTest-597064696 tempest-VolumesActionsTest-597064696-project-member] Using url versioning {{(pid=99962) process_request /opt/stack/glance/glance/api/middleware/version_negotiation.py:57}}
Jul 10 16:11:59.255886 np0000005027 devstack@g-api.service[99962]: DEBUG glance.api.middleware.version_negotiation [None req-e71f6c8f-db50-4c3d-8180-56542586d50c tempest-VolumesActionsTest-597064696 tempest-VolumesActionsTest-597064696-project-member] Matched version: v2 {{(pid=99962) process_request /opt/stack/glance/glance/api/middleware/version_negotiation.py:69}}
Jul 10 16:11:59.255886 np0000005027 devstack@g-api.service[99962]: DEBUG glance.api.middleware.version_negotiation [None req-e71f6c8f-db50-4c3d-8180-56542586d50c tempest-VolumesActionsTest-597064696 tempest-VolumesActionsTest-597064696-project-member] new path /v2/images/e67c28ef-50f9-40b0-a42f-35e4562d88be {{(pid=99962) process_request /opt/stack/glance/glance/api/middleware/version_negotiation.py:70}}
Jul 10 16:11:59.278637 np0000005027 devstack@g-api.service[99962]: [pid: 99962|app: 0|req: 42/110] 127.0.0.1 () {40 vars in 838 bytes} [Fri Jul 10 16:11:59 2026] GET /v2/images/e67c28ef-50f9-40b0-a42f-35e4562d88be => generated 649 bytes in 23 msecs (HTTP/1.1 200) 4 headers in 157 bytes (1 switches on core 0)
Jul 10 16:11:59.612607 np0000005027 devstack@g-api.service[99961]: DEBUG dbcounter [-] [99961] Writing DB stats glance:SELECT=22,glance:INSERT=1,glance:UPDATE=1 {{(pid=99961) stat_writer /opt/stack/data/venv/lib/python3.12/site-packages/dbcounter.py:115}}
Jul 10 16:12:00.079120 np0000005027 devstack@g-api.service[99961]: DEBUG swiftclient [None req-fd99367e-cbe9-4636-953f-62f817f89d57 tempest-VolumesActionsTest-597064696 tempest-VolumesActionsTest-597064696-project-member] REQ: curl -i https://10.4.3.105:8080/v1/AUTH_db21ef1cfc8a4b72a589d6d9fc6e4777/glance/e67c28ef-50f9-40b0-a42f-35e4562d88be-00004 -X PUT -H "X-Auth-Token: gAAAAABqURnFSR-h..." {{(pid=99961) http_log /opt/stack/data/venv/lib/python3.12/site-packages/swiftclient/client.py:160}}
Jul 10 16:12:00.079291 np0000005027 devstack@g-api.service[99961]: DEBUG swiftclient [None req-fd99367e-cbe9-4636-953f-62f817f89d57 tempest-VolumesActionsTest-597064696 tempest-VolumesActionsTest-597064696-project-member] RESP STATUS: 201 Created {{(pid=99961) http_log /opt/stack/data/venv/lib/python3.12/site-packages/swiftclient/client.py:161}}
Jul 10 16:12:00.079446 np0000005027 devstack@g-api.service[99961]: DEBUG swiftclient [None req-fd99367e-cbe9-4636-953f-62f817f89d57 tempest-VolumesActionsTest-597064696 tempest-VolumesActionsTest-597064696-project-member] RESP HEADERS: {'Date': 'Fri, 10 Jul 2026 16:12:00 GMT', 'Server': 'Apache/2.4.58 (Ubuntu)', 'Content-Type': 'text/html; charset=UTF-8', 'Content-Length': '0', 'Etag': 'eda9a9889837ac4bc81d6387d92c1bec', 'Last-Modified': 'Fri, 10 Jul 2026 16:11:58 GMT', 'X-Trans-Id': 'tx737d8f34cef1450fb8dba-006a5119cd', 'X-Openstack-Request-Id': 'tx737d8f34cef1450fb8dba-006a5119cd', 'Connection': 'close'} {{(pid=99961) http_log /opt/stack/data/venv/lib/python3.12/site-packages/swiftclient/client.py:162}}
Jul 10 16:12:00.079583 np0000005027 devstack@g-api.service[99961]: DEBUG glance_store._drivers.swift.store [None req-fd99367e-cbe9-4636-953f-62f817f89d57 tempest-VolumesActionsTest-597064696 tempest-VolumesActionsTest-597064696-project-member] Wrote chunk e67c28ef-50f9-40b0-a42f-35e4562d88be-00004 (4/?) of length 204800000 to Swift returning MD5 of content: eda9a9889837ac4bc81d6387d92c1bec {{(pid=99961) add /opt/stack/data/venv/lib/python3.12/site-packages/glance_store/_drivers/swift/store.py:1059}}
Jul 10 16:12:00.289435 np0000005027 devstack@g-api.service[99960]: DEBUG glance.api.middleware.version_negotiation [None req-fa3e8032-df3d-4616-ad1a-225dd761e668 tempest-VolumesActionsTest-597064696 tempest-VolumesActionsTest-597064696-project-member] Determining version of request: GET /v2/images/e67c28ef-50f9-40b0-a42f-35e4562d88be Accept: application/json {{(pid=99960) process_request /opt/stack/glance/glance/api/middleware/version_negotiation.py:44}}
Jul 10 16:12:00.289830 np0000005027 devstack@g-api.service[99960]: DEBUG glance.api.middleware.version_negotiation [None req-fa3e8032-df3d-4616-ad1a-225dd761e668 tempest-VolumesActionsTest-597064696 tempest-VolumesActionsTest-597064696-project-member] Using url versioning {{(pid=99960) process_request /opt/stack/glance/glance/api/middleware/version_negotiation.py:57}}
Jul 10 16:12:00.289830 np0000005027 devstack@g-api.service[99960]: DEBUG glance.api.middleware.version_negotiation [None req-fa3e8032-df3d-4616-ad1a-225dd761e668 tempest-VolumesActionsTest-597064696 tempest-VolumesActionsTest-597064696-project-member] Matched version: v2 {{(pid=99960) process_request /opt/stack/glance/glance/api/middleware/version_negotiation.py:69}}
Jul 10 16:12:00.289975 np0000005027 devstack@g-api.service[99960]: DEBUG glance.api.middleware.version_negotiation [None req-fa3e8032-df3d-4616-ad1a-225dd761e668 tempest-VolumesActionsTest-597064696 tempest-VolumesActionsTest-597064696-project-member] new path /v2/images/e67c28ef-50f9-40b0-a42f-35e4562d88be {{(pid=99960) process_request /opt/stack/glance/glance/api/middleware/version_negotiation.py:70}}
Jul 10 16:12:00.304874 np0000005027 devstack@g-api.service[99960]: [pid: 99960|app: 0|req: 40/111] 127.0.0.1 () {40 vars in 838 bytes} [Fri Jul 10 16:12:00 2026] GET /v2/images/e67c28ef-50f9-40b0-a42f-35e4562d88be => generated 649 bytes in 16 msecs (HTTP/1.1 200) 4 headers in 157 bytes (1 switches on core 0)
Jul 10 16:12:01.317819 np0000005027 devstack@g-api.service[99962]: DEBUG glance.api.middleware.version_negotiation [None req-31341851-e948-4ab1-9f95-ed1b88c7ee4b tempest-VolumesActionsTest-597064696 tempest-VolumesActionsTest-597064696-project-member] Determining version of request: GET /v2/images/e67c28ef-50f9-40b0-a42f-35e4562d88be Accept: application/json {{(pid=99962) process_request /opt/stack/glance/glance/api/middleware/version_negotiation.py:44}}
Jul 10 16:12:01.317819 np0000005027 devstack@g-api.service[99962]: DEBUG glance.api.middleware.version_negotiation [None req-31341851-e948-4ab1-9f95-ed1b88c7ee4b tempest-VolumesActionsTest-597064696 tempest-VolumesActionsTest-597064696-project-member] Using url versioning {{(pid=99962) process_request /opt/stack/glance/glance/api/middleware/version_negotiation.py:57}}
Jul 10 16:12:01.317819 np0000005027 devstack@g-api.service[99962]: DEBUG glance.api.middleware.version_negotiation [None req-31341851-e948-4ab1-9f95-ed1b88c7ee4b tempest-VolumesActionsTest-597064696 tempest-VolumesActionsTest-597064696-project-member] Matched version: v2 {{(pid=99962) process_request /opt/stack/glance/glance/api/middleware/version_negotiation.py:69}}
Jul 10 16:12:01.317819 np0000005027 devstack@g-api.service[99962]: DEBUG glance.api.middleware.version_negotiation [None req-31341851-e948-4ab1-9f95-ed1b88c7ee4b tempest-VolumesActionsTest-597064696 tempest-VolumesActionsTest-597064696-project-member] new path /v2/images/e67c28ef-50f9-40b0-a42f-35e4562d88be {{(pid=99962) process_request /opt/stack/glance/glance/api/middleware/version_negotiation.py:70}}
Jul 10 16:12:01.340202 np0000005027 devstack@g-api.service[99962]: [pid: 99962|app: 0|req: 43/112] 127.0.0.1 () {40 vars in 838 bytes} [Fri Jul 10 16:12:01 2026] GET /v2/images/e67c28ef-50f9-40b0-a42f-35e4562d88be => generated 649 bytes in 23 msecs (HTTP/1.1 200) 4 headers in 157 bytes (1 switches on core 0)
Jul 10 16:12:02.327578 np0000005027 devstack@g-api.service[99961]: DEBUG swiftclient [None req-fd99367e-cbe9-4636-953f-62f817f89d57 tempest-VolumesActionsTest-597064696 tempest-VolumesActionsTest-597064696-project-member] REQ: curl -i https://10.4.3.105:8080/v1/AUTH_db21ef1cfc8a4b72a589d6d9fc6e4777/glance/e67c28ef-50f9-40b0-a42f-35e4562d88be-00005 -X PUT -H "X-Auth-Token: gAAAAABqURnFSR-h..." {{(pid=99961) http_log /opt/stack/data/venv/lib/python3.12/site-packages/swiftclient/client.py:160}}
Jul 10 16:12:02.327948 np0000005027 devstack@g-api.service[99961]: DEBUG swiftclient [None req-fd99367e-cbe9-4636-953f-62f817f89d57 tempest-VolumesActionsTest-597064696 tempest-VolumesActionsTest-597064696-project-member] RESP STATUS: 201 Created {{(pid=99961) http_log /opt/stack/data/venv/lib/python3.12/site-packages/swiftclient/client.py:161}}
Jul 10 16:12:02.328095 np0000005027 devstack@g-api.service[99961]: DEBUG swiftclient [None req-fd99367e-cbe9-4636-953f-62f817f89d57 tempest-VolumesActionsTest-597064696 tempest-VolumesActionsTest-597064696-project-member] RESP HEADERS: {'Date': 'Fri, 10 Jul 2026 16:12:02 GMT', 'Server': 'Apache/2.4.58 (Ubuntu)', 'Content-Type': 'text/html; charset=UTF-8', 'Content-Length': '0', 'Etag': 'eda9a9889837ac4bc81d6387d92c1bec', 'Last-Modified': 'Fri, 10 Jul 2026 16:12:01 GMT', 'X-Trans-Id': 'txec92d7fff77f468180408-006a5119d0', 'X-Openstack-Request-Id': 'txec92d7fff77f468180408-006a5119d0', 'Connection': 'close'} {{(pid=99961) http_log /opt/stack/data/venv/lib/python3.12/site-packages/swiftclient/client.py:162}}
Jul 10 16:12:02.328442 np0000005027 devstack@g-api.service[99961]: DEBUG glance_store._drivers.swift.store [None req-fd99367e-cbe9-4636-953f-62f817f89d57 tempest-VolumesActionsTest-597064696 tempest-VolumesActionsTest-597064696-project-member] Wrote chunk e67c28ef-50f9-40b0-a42f-35e4562d88be-00005 (5/?) of length 204800000 to Swift returning MD5 of content: eda9a9889837ac4bc81d6387d92c1bec {{(pid=99961) add /opt/stack/data/venv/lib/python3.12/site-packages/glance_store/_drivers/swift/store.py:1059}}
Jul 10 16:12:02.349425 np0000005027 devstack@g-api.service[99960]: DEBUG glance.api.middleware.version_negotiation [None req-632fdbe1-9798-4052-be45-2aa2a81e8a13 tempest-VolumesActionsTest-597064696 tempest-VolumesActionsTest-597064696-project-member] Determining version of request: GET /v2/images/e67c28ef-50f9-40b0-a42f-35e4562d88be Accept: application/json {{(pid=99960) process_request /opt/stack/glance/glance/api/middleware/version_negotiation.py:44}}
Jul 10 16:12:02.349817 np0000005027 devstack@g-api.service[99960]: DEBUG glance.api.middleware.version_negotiation [None req-632fdbe1-9798-4052-be45-2aa2a81e8a13 tempest-VolumesActionsTest-597064696 tempest-VolumesActionsTest-597064696-project-member] Using url versioning {{(pid=99960) process_request /opt/stack/glance/glance/api/middleware/version_negotiation.py:57}}
Jul 10 16:12:02.349817 np0000005027 devstack@g-api.service[99960]: DEBUG glance.api.middleware.version_negotiation [None req-632fdbe1-9798-4052-be45-2aa2a81e8a13 tempest-VolumesActionsTest-597064696 tempest-VolumesActionsTest-597064696-project-member] Matched version: v2 {{(pid=99960) process_request /opt/stack/glance/glance/api/middleware/version_negotiation.py:69}}
Jul 10 16:12:02.349817 np0000005027 devstack@g-api.service[99960]: DEBUG glance.api.middleware.version_negotiation [None req-632fdbe1-9798-4052-be45-2aa2a81e8a13 tempest-VolumesActionsTest-597064696 tempest-VolumesActionsTest-597064696-project-member] new path /v2/images/e67c28ef-50f9-40b0-a42f-35e4562d88be {{(pid=99960) process_request /opt/stack/glance/glance/api/middleware/version_negotiation.py:70}}
Jul 10 16:12:02.362950 np0000005027 devstack@g-api.service[99960]: [pid: 99960|app: 0|req: 41/113] 127.0.0.1 () {40 vars in 838 bytes} [Fri Jul 10 16:12:02 2026] GET /v2/images/e67c28ef-50f9-40b0-a42f-35e4562d88be => generated 649 bytes in 15 msecs (HTTP/1.1 200) 4 headers in 157 bytes (1 switches on core 0)
Jul 10 16:12:02.989479 np0000005027 devstack@g-api.service[99961]: DEBUG swiftclient [None req-fd99367e-cbe9-4636-953f-62f817f89d57 tempest-VolumesActionsTest-597064696 tempest-VolumesActionsTest-597064696-project-member] REQ: curl -i https://10.4.3.105:8080/v1/AUTH_db21ef1cfc8a4b72a589d6d9fc6e4777/glance/e67c28ef-50f9-40b0-a42f-35e4562d88be-00006 -X PUT -H "X-Auth-Token: gAAAAABqURnFSR-h..." {{(pid=99961) http_log /opt/stack/data/venv/lib/python3.12/site-packages/swiftclient/client.py:160}}
Jul 10 16:12:02.989479 np0000005027 devstack@g-api.service[99961]: DEBUG swiftclient [None req-fd99367e-cbe9-4636-953f-62f817f89d57 tempest-VolumesActionsTest-597064696 tempest-VolumesActionsTest-597064696-project-member] RESP STATUS: 201 Created {{(pid=99961) http_log /opt/stack/data/venv/lib/python3.12/site-packages/swiftclient/client.py:161}}
Jul 10 16:12:02.989647 np0000005027 devstack@g-api.service[99961]: DEBUG swiftclient [None req-fd99367e-cbe9-4636-953f-62f817f89d57 tempest-VolumesActionsTest-597064696 tempest-VolumesActionsTest-597064696-project-member] RESP HEADERS: {'Date': 'Fri, 10 Jul 2026 16:12:02 GMT', 'Server': 'Apache/2.4.58 (Ubuntu)', 'Content-Type': 'text/html; charset=UTF-8', 'Content-Length': '0', 'Etag': '708761f3b8777ec77058e63da08eeeb6', 'Last-Modified': 'Fri, 10 Jul 2026 16:12:03 GMT', 'X-Trans-Id': 'tx739a2875362a47a4ac3e5-006a5119d2', 'X-Openstack-Request-Id': 'tx739a2875362a47a4ac3e5-006a5119d2', 'Connection': 'close'} {{(pid=99961) http_log /opt/stack/data/venv/lib/python3.12/site-packages/swiftclient/client.py:162}}
Jul 10 16:12:02.989813 np0000005027 devstack@g-api.service[99961]: DEBUG glance_store._drivers.swift.store [None req-fd99367e-cbe9-4636-953f-62f817f89d57 tempest-VolumesActionsTest-597064696 tempest-VolumesActionsTest-597064696-project-member] Wrote chunk e67c28ef-50f9-40b0-a42f-35e4562d88be-00006 (6/?) of length 49741824 to Swift returning MD5 of content: 708761f3b8777ec77058e63da08eeeb6 {{(pid=99961) add /opt/stack/data/venv/lib/python3.12/site-packages/glance_store/_drivers/swift/store.py:1059}}
Jul 10 16:12:02.990119 np0000005027 devstack@g-api.service[99961]: DEBUG glance_store._drivers.swift.store [None req-fd99367e-cbe9-4636-953f-62f817f89d57 tempest-VolumesActionsTest-597064696 tempest-VolumesActionsTest-597064696-project-member] Not writing zero-length chunk. {{(pid=99961) add /opt/stack/data/venv/lib/python3.12/site-packages/glance_store/_drivers/swift/store.py:1028}}
Jul 10 16:12:03.013981 np0000005027 devstack@g-api.service[99961]: DEBUG swiftclient [None req-fd99367e-cbe9-4636-953f-62f817f89d57 tempest-VolumesActionsTest-597064696 tempest-VolumesActionsTest-597064696-project-member] REQ: curl -i https://10.4.3.105:8080/v1/AUTH_db21ef1cfc8a4b72a589d6d9fc6e4777/glance/e67c28ef-50f9-40b0-a42f-35e4562d88be -X PUT -H "X-Object-Manifest: glance/e67c28ef-50f9-40b0-a42f-35e4562d88be-" -H "X-Auth-Token: gAAAAABqURnFSR-h..." -H "Content-Length: 0" {{(pid=99961) http_log /opt/stack/data/venv/lib/python3.12/site-packages/swiftclient/client.py:160}}
Jul 10 16:12:03.014192 np0000005027 devstack@g-api.service[99961]: DEBUG swiftclient [None req-fd99367e-cbe9-4636-953f-62f817f89d57 tempest-VolumesActionsTest-597064696 tempest-VolumesActionsTest-597064696-project-member] RESP STATUS: 201 Created {{(pid=99961) http_log /opt/stack/data/venv/lib/python3.12/site-packages/swiftclient/client.py:161}}
Jul 10 16:12:03.014506 np0000005027 devstack@g-api.service[99961]: DEBUG swiftclient [None req-fd99367e-cbe9-4636-953f-62f817f89d57 tempest-VolumesActionsTest-597064696 tempest-VolumesActionsTest-597064696-project-member] RESP HEADERS: {'Date': 'Fri, 10 Jul 2026 16:12:03 GMT', 'Server': 'Apache/2.4.58 (Ubuntu)', 'Content-Type': 'text/html; charset=UTF-8', 'Content-Length': '0', 'Etag': 'd41d8cd98f00b204e9800998ecf8427e', 'Last-Modified': 'Fri, 10 Jul 2026 16:12:03 GMT', 'X-Trans-Id': 'txcc8a8414164944bb9be91-006a5119d2', 'X-Openstack-Request-Id': 'txcc8a8414164944bb9be91-006a5119d2', 'Connection': 'close'} {{(pid=99961) http_log /opt/stack/data/venv/lib/python3.12/site-packages/swiftclient/client.py:162}}
Jul 10 16:12:03.014914 np0000005027 devstack@g-api.service[99961]: INFO glance.location [None req-fd99367e-cbe9-4636-953f-62f817f89d57 tempest-VolumesActionsTest-597064696 tempest-VolumesActionsTest-597064696-project-member] Image format matched and virtual size computed: 1073741824
Jul 10 16:12:03.040542 np0000005027 devstack@g-api.service[99961]: DEBUG glance_store.backend [None req-fd99367e-cbe9-4636-953f-62f817f89d57 tempest-VolumesActionsTest-597064696 tempest-VolumesActionsTest-597064696-project-member] Attempting to import store swift {{(pid=99961) _load_store /opt/stack/data/venv/lib/python3.12/site-packages/glance_store/backend.py:215}}
Jul 10 16:12:03.042119 np0000005027 devstack@g-api.service[99961]: DEBUG glance_store.capabilities [None req-fd99367e-cbe9-4636-953f-62f817f89d57 tempest-VolumesActionsTest-597064696 tempest-VolumesActionsTest-597064696-project-member] Store glance_store._drivers.swift.store.SingleTenantStore doesn't support updating dynamic storage capabilities. Please overwrite 'update_capabilities' method of the store to implement updating logics if needed. {{(pid=99961) update_capabilities /opt/stack/data/venv/lib/python3.12/site-packages/glance_store/capabilities.py:91}}
Jul 10 16:12:03.042353 np0000005027 devstack@g-api.service[99961]: DEBUG glance_store.driver [None req-fd99367e-cbe9-4636-953f-62f817f89d57 tempest-VolumesActionsTest-597064696 tempest-VolumesActionsTest-597064696-project-member] Late loading location class glance_store._drivers.swift.store.StoreLocation {{(pid=99961) get_store_location_class /opt/stack/data/venv/lib/python3.12/site-packages/glance_store/driver.py:134}}
Jul 10 16:12:03.042505 np0000005027 devstack@g-api.service[99961]: DEBUG glance_store.location [None req-fd99367e-cbe9-4636-953f-62f817f89d57 tempest-VolumesActionsTest-597064696 tempest-VolumesActionsTest-597064696-project-member] Registering scheme swift+https with {'store': , 'location_class': , 'store_entry': 'swift'} {{(pid=99961) register_scheme_map /opt/stack/data/venv/lib/python3.12/site-packages/glance_store/location.py:146}}
Jul 10 16:12:03.042625 np0000005027 devstack@g-api.service[99961]: DEBUG glance_store.location [None req-fd99367e-cbe9-4636-953f-62f817f89d57 tempest-VolumesActionsTest-597064696 tempest-VolumesActionsTest-597064696-project-member] Registering scheme swift+https with {'store': , 'location_class': , 'store_entry': 'swift'} {{(pid=99961) register_scheme_map /opt/stack/data/venv/lib/python3.12/site-packages/glance_store/location.py:146}}
Jul 10 16:12:03.042741 np0000005027 devstack@g-api.service[99961]: DEBUG glance_store.location [None req-fd99367e-cbe9-4636-953f-62f817f89d57 tempest-VolumesActionsTest-597064696 tempest-VolumesActionsTest-597064696-project-member] Registering scheme swift with {'store': , 'location_class': , 'store_entry': 'swift'} {{(pid=99961) register_scheme_map /opt/stack/data/venv/lib/python3.12/site-packages/glance_store/location.py:146}}
Jul 10 16:12:03.042848 np0000005027 devstack@g-api.service[99961]: DEBUG glance_store.location [None req-fd99367e-cbe9-4636-953f-62f817f89d57 tempest-VolumesActionsTest-597064696 tempest-VolumesActionsTest-597064696-project-member] Registering scheme swift+https with {'store': , 'location_class': , 'store_entry': 'swift'} {{(pid=99961) register_scheme_map /opt/stack/data/venv/lib/python3.12/site-packages/glance_store/location.py:146}}
Jul 10 16:12:03.042903 np0000005027 devstack@g-api.service[99961]: DEBUG glance_store.location [None req-fd99367e-cbe9-4636-953f-62f817f89d57 tempest-VolumesActionsTest-597064696 tempest-VolumesActionsTest-597064696-project-member] Registering scheme swift with {'store': , 'location_class': , 'store_entry': 'swift'} {{(pid=99961) register_scheme_map /opt/stack/data/venv/lib/python3.12/site-packages/glance_store/location.py:146}}
Jul 10 16:12:03.043015 np0000005027 devstack@g-api.service[99961]: DEBUG glance_store.location [None req-fd99367e-cbe9-4636-953f-62f817f89d57 tempest-VolumesActionsTest-597064696 tempest-VolumesActionsTest-597064696-project-member] Registering scheme swift+http with {'store': , 'location_class': , 'store_entry': 'swift'} {{(pid=99961) register_scheme_map /opt/stack/data/venv/lib/python3.12/site-packages/glance_store/location.py:146}}
Jul 10 16:12:03.043080 np0000005027 devstack@g-api.service[99961]: DEBUG glance_store.location [None req-fd99367e-cbe9-4636-953f-62f817f89d57 tempest-VolumesActionsTest-597064696 tempest-VolumesActionsTest-597064696-project-member] Registering scheme swift+https with {'store': , 'location_class': , 'store_entry': 'swift'} {{(pid=99961) register_scheme_map /opt/stack/data/venv/lib/python3.12/site-packages/glance_store/location.py:146}}
Jul 10 16:12:03.043189 np0000005027 devstack@g-api.service[99961]: DEBUG glance_store.location [None req-fd99367e-cbe9-4636-953f-62f817f89d57 tempest-VolumesActionsTest-597064696 tempest-VolumesActionsTest-597064696-project-member] Registering scheme swift with {'store': , 'location_class': , 'store_entry': 'swift'} {{(pid=99961) register_scheme_map /opt/stack/data/venv/lib/python3.12/site-packages/glance_store/location.py:146}}
Jul 10 16:12:03.043308 np0000005027 devstack@g-api.service[99961]: DEBUG glance_store.location [None req-fd99367e-cbe9-4636-953f-62f817f89d57 tempest-VolumesActionsTest-597064696 tempest-VolumesActionsTest-597064696-project-member] Registering scheme swift+http with {'store': , 'location_class': , 'store_entry': 'swift'} {{(pid=99961) register_scheme_map /opt/stack/data/venv/lib/python3.12/site-packages/glance_store/location.py:146}}
Jul 10 16:12:03.043418 np0000005027 devstack@g-api.service[99961]: DEBUG glance_store.location [None req-fd99367e-cbe9-4636-953f-62f817f89d57 tempest-VolumesActionsTest-597064696 tempest-VolumesActionsTest-597064696-project-member] Registering scheme swift+config with {'store': , 'location_class': , 'store_entry': 'swift'} {{(pid=99961) register_scheme_map /opt/stack/data/venv/lib/python3.12/site-packages/glance_store/location.py:146}}
Jul 10 16:12:03.043511 np0000005027 devstack@g-api.service[99961]: DEBUG glance_store.backend [None req-fd99367e-cbe9-4636-953f-62f817f89d57 tempest-VolumesActionsTest-597064696 tempest-VolumesActionsTest-597064696-project-member] Skipping store.set_acls... not implemented. {{(pid=99961) set_acls /opt/stack/data/venv/lib/python3.12/site-packages/glance_store/backend.py:507}}
Jul 10 16:12:03.048199 np0000005027 devstack@g-api.service[99961]: [pid: 99961|app: 0|req: 30/114] 127.0.0.1 () {46 vars in 1158 bytes} [Fri Jul 10 16:11:48 2026] PUT /v2/images/e67c28ef-50f9-40b0-a42f-35e4562d88be/file => generated 0 bytes in 14564 msecs (HTTP/1.1 204) 4 headers in 171 bytes (1 switches on core 0)
Jul 10 16:12:03.059891 np0000005027 devstack@g-api.service[99962]: DEBUG glance.api.middleware.version_negotiation [None req-690eb517-51b1-4102-ae5e-02a27ad9c758 tempest-VolumesActionsTest-597064696 tempest-VolumesActionsTest-597064696-project-member] Determining version of request: GET /v2/images/e67c28ef-50f9-40b0-a42f-35e4562d88be Accept: */* {{(pid=99962) process_request /opt/stack/glance/glance/api/middleware/version_negotiation.py:44}}
Jul 10 16:12:03.059891 np0000005027 devstack@g-api.service[99962]: DEBUG glance.api.middleware.version_negotiation [None req-690eb517-51b1-4102-ae5e-02a27ad9c758 tempest-VolumesActionsTest-597064696 tempest-VolumesActionsTest-597064696-project-member] Using url versioning {{(pid=99962) process_request /opt/stack/glance/glance/api/middleware/version_negotiation.py:57}}
Jul 10 16:12:03.059891 np0000005027 devstack@g-api.service[99962]: DEBUG glance.api.middleware.version_negotiation [None req-690eb517-51b1-4102-ae5e-02a27ad9c758 tempest-VolumesActionsTest-597064696 tempest-VolumesActionsTest-597064696-project-member] Matched version: v2 {{(pid=99962) process_request /opt/stack/glance/glance/api/middleware/version_negotiation.py:69}}
Jul 10 16:12:03.059891 np0000005027 devstack@g-api.service[99962]: DEBUG glance.api.middleware.version_negotiation [None req-690eb517-51b1-4102-ae5e-02a27ad9c758 tempest-VolumesActionsTest-597064696 tempest-VolumesActionsTest-597064696-project-member] new path /v2/images/e67c28ef-50f9-40b0-a42f-35e4562d88be {{(pid=99962) process_request /opt/stack/glance/glance/api/middleware/version_negotiation.py:70}}
Jul 10 16:12:03.072926 np0000005027 devstack@g-api.service[99962]: [pid: 99962|app: 0|req: 44/115] 127.0.0.1 () {44 vars in 1115 bytes} [Fri Jul 10 16:12:03 2026] GET /v2/images/e67c28ef-50f9-40b0-a42f-35e4562d88be => generated 821 bytes in 14 msecs (HTTP/1.1 200) 4 headers in 157 bytes (1 switches on core 0)
Jul 10 16:12:03.084509 np0000005027 devstack@g-api.service[99960]: DEBUG glance.api.middleware.version_negotiation [None req-a354a2d1-c253-491b-938f-cefb0116516c tempest-VolumesActionsTest-597064696 tempest-VolumesActionsTest-597064696-project-member] Determining version of request: GET /v2/schemas/image Accept: */* {{(pid=99960) process_request /opt/stack/glance/glance/api/middleware/version_negotiation.py:44}}
Jul 10 16:12:03.084509 np0000005027 devstack@g-api.service[99960]: DEBUG glance.api.middleware.version_negotiation [None req-a354a2d1-c253-491b-938f-cefb0116516c tempest-VolumesActionsTest-597064696 tempest-VolumesActionsTest-597064696-project-member] Using url versioning {{(pid=99960) process_request /opt/stack/glance/glance/api/middleware/version_negotiation.py:57}}
Jul 10 16:12:03.084509 np0000005027 devstack@g-api.service[99960]: DEBUG glance.api.middleware.version_negotiation [None req-a354a2d1-c253-491b-938f-cefb0116516c tempest-VolumesActionsTest-597064696 tempest-VolumesActionsTest-597064696-project-member] Matched version: v2 {{(pid=99960) process_request /opt/stack/glance/glance/api/middleware/version_negotiation.py:69}}
Jul 10 16:12:03.085061 np0000005027 devstack@g-api.service[99960]: DEBUG glance.api.middleware.version_negotiation [None req-a354a2d1-c253-491b-938f-cefb0116516c tempest-VolumesActionsTest-597064696 tempest-VolumesActionsTest-597064696-project-member] new path /v2/schemas/image {{(pid=99960) process_request /opt/stack/glance/glance/api/middleware/version_negotiation.py:70}}
Jul 10 16:12:03.086865 np0000005027 devstack@g-api.service[99960]: [pid: 99960|app: 0|req: 42/116] 127.0.0.1 () {44 vars in 1055 bytes} [Fri Jul 10 16:12:03 2026] GET /v2/schemas/image => generated 6083 bytes in 3 msecs (HTTP/1.1 200) 4 headers in 158 bytes (1 switches on core 0)
Jul 10 16:12:03.096153 np0000005027 devstack@g-api.service[99961]: DEBUG glance.api.middleware.version_negotiation [None req-fd99367e-cbe9-4636-953f-62f817f89d57 tempest-VolumesActionsTest-597064696 tempest-VolumesActionsTest-597064696-project-member] Determining version of request: GET /v2/schemas/image Accept: */* {{(pid=99961) process_request /opt/stack/glance/glance/api/middleware/version_negotiation.py:44}}
Jul 10 16:12:03.096153 np0000005027 devstack@g-api.service[99961]: DEBUG glance.api.middleware.version_negotiation [None req-fd99367e-cbe9-4636-953f-62f817f89d57 tempest-VolumesActionsTest-597064696 tempest-VolumesActionsTest-597064696-project-member] Using url versioning {{(pid=99961) process_request /opt/stack/glance/glance/api/middleware/version_negotiation.py:57}}
Jul 10 16:12:03.096695 np0000005027 devstack@g-api.service[99961]: DEBUG glance.api.middleware.version_negotiation [None req-fd99367e-cbe9-4636-953f-62f817f89d57 tempest-VolumesActionsTest-597064696 tempest-VolumesActionsTest-597064696-project-member] Matched version: v2 {{(pid=99961) process_request /opt/stack/glance/glance/api/middleware/version_negotiation.py:69}}
Jul 10 16:12:03.096695 np0000005027 devstack@g-api.service[99961]: DEBUG glance.api.middleware.version_negotiation [None req-fd99367e-cbe9-4636-953f-62f817f89d57 tempest-VolumesActionsTest-597064696 tempest-VolumesActionsTest-597064696-project-member] new path /v2/schemas/image {{(pid=99961) process_request /opt/stack/glance/glance/api/middleware/version_negotiation.py:70}}
