Jul 10 16:06:56.077970 np0000005027 nova-conductor[95998]: DEBUG cotyledon.oslo_config_glue [-] oslo_messaging_rabbit.ssl_ca_file = {{(pid=95998) log_opt_values /opt/stack/data/venv/lib/python3.12/site-packages/oslo_config/cfg.py:3253}}
Jul 10 16:06:56.078237 np0000005027 nova-conductor[95998]: DEBUG cotyledon.oslo_config_glue [-] oslo_messaging_rabbit.ssl_cert_file = {{(pid=95998) log_opt_values /opt/stack/data/venv/lib/python3.12/site-packages/oslo_config/cfg.py:3253}}
Jul 10 16:06:56.078237 np0000005027 nova-conductor[95998]: DEBUG cotyledon.oslo_config_glue [-] oslo_messaging_rabbit.ssl_enforce_fips_mode = False {{(pid=95998) log_opt_values /opt/stack/data/venv/lib/python3.12/site-packages/oslo_config/cfg.py:3253}}
Jul 10 16:06:56.078237 np0000005027 nova-conductor[95998]: DEBUG cotyledon.oslo_config_glue [-] oslo_messaging_rabbit.ssl_enforce_hostname_verification = True {{(pid=95998) log_opt_values /opt/stack/data/venv/lib/python3.12/site-packages/oslo_config/cfg.py:3253}}
Jul 10 16:06:56.078237 np0000005027 nova-conductor[95998]: DEBUG cotyledon.oslo_config_glue [-] oslo_messaging_rabbit.ssl_key_file = {{(pid=95998) log_opt_values /opt/stack/data/venv/lib/python3.12/site-packages/oslo_config/cfg.py:3253}}
Jul 10 16:06:56.078237 np0000005027 nova-conductor[95998]: DEBUG cotyledon.oslo_config_glue [-] oslo_messaging_rabbit.ssl_version = {{(pid=95998) log_opt_values /opt/stack/data/venv/lib/python3.12/site-packages/oslo_config/cfg.py:3253}}
Jul 10 16:06:56.078237 np0000005027 nova-conductor[95998]: DEBUG cotyledon.oslo_config_glue [-] oslo_messaging_rabbit.use_queue_manager = False {{(pid=95998) log_opt_values /opt/stack/data/venv/lib/python3.12/site-packages/oslo_config/cfg.py:3253}}
Jul 10 16:06:56.078237 np0000005027 nova-conductor[95998]: DEBUG cotyledon.oslo_config_glue [-] oslo_messaging_notifications.driver = ['messagingv2'] {{(pid=95998) log_opt_values /opt/stack/data/venv/lib/python3.12/site-packages/oslo_config/cfg.py:3253}}
Jul 10 16:06:56.078237 np0000005027 nova-conductor[95998]: DEBUG cotyledon.oslo_config_glue [-] oslo_messaging_notifications.retry = -1 {{(pid=95998) log_opt_values /opt/stack/data/venv/lib/python3.12/site-packages/oslo_config/cfg.py:3253}}
Jul 10 16:06:56.078237 np0000005027 nova-conductor[95998]: DEBUG cotyledon.oslo_config_glue [-] oslo_messaging_notifications.topics = ['notifications'] {{(pid=95998) log_opt_values /opt/stack/data/venv/lib/python3.12/site-packages/oslo_config/cfg.py:3253}}
Jul 10 16:06:56.078486 np0000005027 nova-conductor[95998]: DEBUG cotyledon.oslo_config_glue [-] oslo_messaging_notifications.transport_url = **** {{(pid=95998) log_opt_values /opt/stack/data/venv/lib/python3.12/site-packages/oslo_config/cfg.py:3253}}
Jul 10 16:06:56.078486 np0000005027 nova-conductor[95998]: DEBUG cotyledon.oslo_config_glue [-] oslo_limit.auth_section = None {{(pid=95998) log_opt_values /opt/stack/data/venv/lib/python3.12/site-packages/oslo_config/cfg.py:3253}}
Jul 10 16:06:56.078486 np0000005027 nova-conductor[95998]: DEBUG cotyledon.oslo_config_glue [-] oslo_limit.auth_type = None {{(pid=95998) log_opt_values /opt/stack/data/venv/lib/python3.12/site-packages/oslo_config/cfg.py:3253}}
Jul 10 16:06:56.078486 np0000005027 nova-conductor[95998]: DEBUG cotyledon.oslo_config_glue [-] oslo_limit.cafile = None {{(pid=95998) log_opt_values /opt/stack/data/venv/lib/python3.12/site-packages/oslo_config/cfg.py:3253}}
Jul 10 16:06:56.078486 np0000005027 nova-conductor[95998]: DEBUG cotyledon.oslo_config_glue [-] oslo_limit.certfile = None {{(pid=95998) log_opt_values /opt/stack/data/venv/lib/python3.12/site-packages/oslo_config/cfg.py:3253}}
Jul 10 16:06:56.078486 np0000005027 nova-conductor[95998]: DEBUG cotyledon.oslo_config_glue [-] oslo_limit.collect_timing = False {{(pid=95998) log_opt_values /opt/stack/data/venv/lib/python3.12/site-packages/oslo_config/cfg.py:3253}}
Jul 10 16:06:56.078486 np0000005027 nova-conductor[95998]: DEBUG cotyledon.oslo_config_glue [-] oslo_limit.connect_retries = None {{(pid=95998) log_opt_values /opt/stack/data/venv/lib/python3.12/site-packages/oslo_config/cfg.py:3253}}
Jul 10 16:06:56.078486 np0000005027 nova-conductor[95998]: DEBUG cotyledon.oslo_config_glue [-] oslo_limit.connect_retry_delay = None {{(pid=95998) log_opt_values /opt/stack/data/venv/lib/python3.12/site-packages/oslo_config/cfg.py:3253}}
Jul 10 16:06:56.078486 np0000005027 nova-conductor[95998]: DEBUG cotyledon.oslo_config_glue [-] oslo_limit.endpoint_id = None {{(pid=95998) log_opt_values /opt/stack/data/venv/lib/python3.12/site-packages/oslo_config/cfg.py:3253}}
Jul 10 16:06:56.078713 np0000005027 nova-conductor[95998]: DEBUG cotyledon.oslo_config_glue [-] oslo_limit.endpoint_interface = public {{(pid=95998) log_opt_values /opt/stack/data/venv/lib/python3.12/site-packages/oslo_config/cfg.py:3253}}
Jul 10 16:06:56.078713 np0000005027 nova-conductor[95998]: DEBUG cotyledon.oslo_config_glue [-] oslo_limit.endpoint_override = None {{(pid=95998) log_opt_values /opt/stack/data/venv/lib/python3.12/site-packages/oslo_config/cfg.py:3253}}
Jul 10 16:06:56.078713 np0000005027 nova-conductor[95998]: DEBUG cotyledon.oslo_config_glue [-] oslo_limit.endpoint_region_name = None {{(pid=95998) log_opt_values /opt/stack/data/venv/lib/python3.12/site-packages/oslo_config/cfg.py:3253}}
Jul 10 16:06:56.078713 np0000005027 nova-conductor[95998]: DEBUG cotyledon.oslo_config_glue [-] oslo_limit.endpoint_service_name = None {{(pid=95998) log_opt_values /opt/stack/data/venv/lib/python3.12/site-packages/oslo_config/cfg.py:3253}}
Jul 10 16:06:56.078713 np0000005027 nova-conductor[95998]: DEBUG cotyledon.oslo_config_glue [-] oslo_limit.endpoint_service_type = None {{(pid=95998) log_opt_values /opt/stack/data/venv/lib/python3.12/site-packages/oslo_config/cfg.py:3253}}
Jul 10 16:06:56.078713 np0000005027 nova-conductor[95998]: DEBUG cotyledon.oslo_config_glue [-] oslo_limit.insecure = False {{(pid=95998) log_opt_values /opt/stack/data/venv/lib/python3.12/site-packages/oslo_config/cfg.py:3253}}
Jul 10 16:06:56.078713 np0000005027 nova-conductor[95998]: DEBUG cotyledon.oslo_config_glue [-] oslo_limit.keyfile = None {{(pid=95998) log_opt_values /opt/stack/data/venv/lib/python3.12/site-packages/oslo_config/cfg.py:3253}}
Jul 10 16:06:56.078713 np0000005027 nova-conductor[95998]: DEBUG cotyledon.oslo_config_glue [-] oslo_limit.max_version = None {{(pid=95998) log_opt_values /opt/stack/data/venv/lib/python3.12/site-packages/oslo_config/cfg.py:3253}}
Jul 10 16:06:56.078713 np0000005027 nova-conductor[95998]: DEBUG cotyledon.oslo_config_glue [-] oslo_limit.min_version = None {{(pid=95998) log_opt_values /opt/stack/data/venv/lib/python3.12/site-packages/oslo_config/cfg.py:3253}}
Jul 10 16:06:56.078971 np0000005027 nova-conductor[95998]: DEBUG cotyledon.oslo_config_glue [-] oslo_limit.region_name = None {{(pid=95998) log_opt_values /opt/stack/data/venv/lib/python3.12/site-packages/oslo_config/cfg.py:3253}}
Jul 10 16:06:56.078971 np0000005027 nova-conductor[95998]: DEBUG cotyledon.oslo_config_glue [-] oslo_limit.retriable_status_codes = None {{(pid=95998) log_opt_values /opt/stack/data/venv/lib/python3.12/site-packages/oslo_config/cfg.py:3253}}
Jul 10 16:06:56.078971 np0000005027 nova-conductor[95998]: DEBUG cotyledon.oslo_config_glue [-] oslo_limit.service_name = None {{(pid=95998) log_opt_values /opt/stack/data/venv/lib/python3.12/site-packages/oslo_config/cfg.py:3253}}
Jul 10 16:06:56.078971 np0000005027 nova-conductor[95998]: DEBUG cotyledon.oslo_config_glue [-] oslo_limit.service_type = None {{(pid=95998) log_opt_values /opt/stack/data/venv/lib/python3.12/site-packages/oslo_config/cfg.py:3253}}
Jul 10 16:06:56.078971 np0000005027 nova-conductor[95998]: DEBUG cotyledon.oslo_config_glue [-] oslo_limit.split_loggers = False {{(pid=95998) log_opt_values /opt/stack/data/venv/lib/python3.12/site-packages/oslo_config/cfg.py:3253}}
Jul 10 16:06:56.078971 np0000005027 nova-conductor[95998]: DEBUG cotyledon.oslo_config_glue [-] oslo_limit.status_code_retries = None {{(pid=95998) log_opt_values /opt/stack/data/venv/lib/python3.12/site-packages/oslo_config/cfg.py:3253}}
Jul 10 16:06:56.078971 np0000005027 nova-conductor[95998]: DEBUG cotyledon.oslo_config_glue [-] oslo_limit.status_code_retry_delay = None {{(pid=95998) log_opt_values /opt/stack/data/venv/lib/python3.12/site-packages/oslo_config/cfg.py:3253}}
Jul 10 16:06:56.078971 np0000005027 nova-conductor[95998]: DEBUG cotyledon.oslo_config_glue [-] oslo_limit.timeout = None {{(pid=95998) log_opt_values /opt/stack/data/venv/lib/python3.12/site-packages/oslo_config/cfg.py:3253}}
Jul 10 16:06:56.078971 np0000005027 nova-conductor[95998]: DEBUG cotyledon.oslo_config_glue [-] oslo_limit.valid_interfaces = None {{(pid=95998) log_opt_values /opt/stack/data/venv/lib/python3.12/site-packages/oslo_config/cfg.py:3253}}
Jul 10 16:06:56.079222 np0000005027 nova-conductor[95998]: DEBUG cotyledon.oslo_config_glue [-] oslo_limit.version = None {{(pid=95998) log_opt_values /opt/stack/data/venv/lib/python3.12/site-packages/oslo_config/cfg.py:3253}}
Jul 10 16:06:56.079222 np0000005027 nova-conductor[95998]: DEBUG cotyledon.oslo_config_glue [-] oslo_reports.file_event_handler = None {{(pid=95998) log_opt_values /opt/stack/data/venv/lib/python3.12/site-packages/oslo_config/cfg.py:3253}}
Jul 10 16:06:56.079222 np0000005027 nova-conductor[95998]: DEBUG cotyledon.oslo_config_glue [-] oslo_reports.file_event_handler_interval = 1 {{(pid=95998) log_opt_values /opt/stack/data/venv/lib/python3.12/site-packages/oslo_config/cfg.py:3253}}
Jul 10 16:06:56.079222 np0000005027 nova-conductor[95998]: DEBUG cotyledon.oslo_config_glue [-] oslo_reports.log_dir = None {{(pid=95998) log_opt_values /opt/stack/data/venv/lib/python3.12/site-packages/oslo_config/cfg.py:3253}}
Jul 10 16:06:56.079222 np0000005027 nova-conductor[95998]: DEBUG cotyledon.oslo_config_glue [-] ******************************************************************************** {{(pid=95998) log_opt_values /opt/stack/data/venv/lib/python3.12/site-packages/oslo_config/cfg.py:3260}}
Jul 10 16:06:56.079222 np0000005027 nova-conductor[95998]: DEBUG cotyledon._service_worker [-] Run service ServiceWrapper(2) [95998] {{(pid=95998) wait_forever /opt/stack/data/venv/lib/python3.12/site-packages/cotyledon/_service_worker.py:218}}
Jul 10 16:06:56.079222 np0000005027 nova-conductor[95998]: INFO nova.service [-] Starting conductor node (version 33.1.0)
Jul 10 16:06:56.079222 np0000005027 nova-conductor[95998]: INFO dbcounter [None req-1d77f550-036f-411b-9943-b06a5baa54bd None None] Registered counter for database nova_cell0
Jul 10 16:06:56.079445 np0000005027 nova-conductor[95989]: DEBUG oslo_db.sqlalchemy.engines [None req-ca9b8932-f1fa-43b8-86a8-9deaae8d8a49 None None] MySQL server mode set to STRICT_TRANS_TABLES,STRICT_ALL_TABLES,NO_ZERO_IN_DATE,NO_ZERO_DATE,ERROR_FOR_DIVISION_BY_ZERO,TRADITIONAL,NO_ENGINE_SUBSTITUTION {{(pid=95989) _check_effective_sql_mode /opt/stack/data/venv/lib/python3.12/site-packages/oslo_db/sqlalchemy/engines.py:325}}
Jul 10 16:06:56.087287 np0000005027 nova-conductor[95989]: DEBUG dbcounter [-] [95989] Writer thread running {{(pid=95989) stat_writer /opt/stack/data/venv/lib/python3.12/site-packages/dbcounter.py:102}}
Jul 10 16:06:56.088373 np0000005027 nova-conductor[95994]: DEBUG oslo_db.sqlalchemy.engines [None req-29ac90f2-598c-4ba4-9af7-4f6fa53f586c None None] MySQL server mode set to STRICT_TRANS_TABLES,STRICT_ALL_TABLES,NO_ZERO_IN_DATE,NO_ZERO_DATE,ERROR_FOR_DIVISION_BY_ZERO,TRADITIONAL,NO_ENGINE_SUBSTITUTION {{(pid=95994) _check_effective_sql_mode /opt/stack/data/venv/lib/python3.12/site-packages/oslo_db/sqlalchemy/engines.py:325}}
Jul 10 16:06:56.099254 np0000005027 nova-conductor[95994]: DEBUG dbcounter [-] [95994] Writer thread running {{(pid=95994) stat_writer /opt/stack/data/venv/lib/python3.12/site-packages/dbcounter.py:102}}
Jul 10 16:06:56.106488 np0000005027 nova-conductor[95998]: DEBUG oslo_db.sqlalchemy.engines [None req-1d77f550-036f-411b-9943-b06a5baa54bd None None] MySQL server mode set to STRICT_TRANS_TABLES,STRICT_ALL_TABLES,NO_ZERO_IN_DATE,NO_ZERO_DATE,ERROR_FOR_DIVISION_BY_ZERO,TRADITIONAL,NO_ENGINE_SUBSTITUTION {{(pid=95998) _check_effective_sql_mode /opt/stack/data/venv/lib/python3.12/site-packages/oslo_db/sqlalchemy/engines.py:325}}
Jul 10 16:06:56.108875 np0000005027 nova-conductor[95989]: DEBUG nova.service [None req-ca9b8932-f1fa-43b8-86a8-9deaae8d8a49 None None] Creating RPC server for service: nova-conductor on topic: conductor {{(pid=95989) start /opt/stack/nova/nova/service.py:196}}
Jul 10 16:06:56.119266 np0000005027 nova-conductor[95998]: DEBUG dbcounter [-] [95998] Writer thread running {{(pid=95998) stat_writer /opt/stack/data/venv/lib/python3.12/site-packages/dbcounter.py:102}}
Jul 10 16:06:56.119395 np0000005027 nova-conductor[95994]: DEBUG nova.service [None req-29ac90f2-598c-4ba4-9af7-4f6fa53f586c None None] Creating RPC server for service: nova-conductor on topic: conductor {{(pid=95994) start /opt/stack/nova/nova/service.py:196}}
Jul 10 16:06:56.123723 np0000005027 nova-conductor[95998]: DEBUG nova.service [None req-1d77f550-036f-411b-9943-b06a5baa54bd None None] Creating RPC server for service: nova-conductor on topic: conductor {{(pid=95998) start /opt/stack/nova/nova/service.py:196}}
Jul 10 16:06:56.142378 np0000005027 nova-conductor[95989]: DEBUG nova.service [None req-ca9b8932-f1fa-43b8-86a8-9deaae8d8a49 None None] Join ServiceGroup membership for this service conductor {{(pid=95989) start /opt/stack/nova/nova/service.py:222}}
Jul 10 16:06:56.142618 np0000005027 nova-conductor[95989]: DEBUG nova.servicegroup.drivers.db [None req-ca9b8932-f1fa-43b8-86a8-9deaae8d8a49 None None] DB_Driver: join new ServiceGroup member np0000005027 to the conductor group, service = {{(pid=95989) join /opt/stack/nova/nova/servicegroup/drivers/db.py:44}}
Jul 10 16:06:56.151168 np0000005027 nova-conductor[95994]: DEBUG nova.service [None req-29ac90f2-598c-4ba4-9af7-4f6fa53f586c None None] Join ServiceGroup membership for this service conductor {{(pid=95994) start /opt/stack/nova/nova/service.py:222}}
Jul 10 16:06:56.151168 np0000005027 nova-conductor[95994]: DEBUG nova.servicegroup.drivers.db [None req-29ac90f2-598c-4ba4-9af7-4f6fa53f586c None None] DB_Driver: join new ServiceGroup member np0000005027 to the conductor group, service = {{(pid=95994) join /opt/stack/nova/nova/servicegroup/drivers/db.py:44}}
Jul 10 16:06:56.151382 np0000005027 nova-conductor[95998]: DEBUG nova.service [None req-1d77f550-036f-411b-9943-b06a5baa54bd None None] Join ServiceGroup membership for this service conductor {{(pid=95998) start /opt/stack/nova/nova/service.py:222}}
Jul 10 16:06:56.151382 np0000005027 nova-conductor[95998]: DEBUG nova.servicegroup.drivers.db [None req-1d77f550-036f-411b-9943-b06a5baa54bd None None] DB_Driver: join new ServiceGroup member np0000005027 to the conductor group, service = {{(pid=95998) join /opt/stack/nova/nova/servicegroup/drivers/db.py:44}}
Jul 10 16:07:01.166037 np0000005027 nova-conductor[95989]: DEBUG oslo.service.backend._threading.loopingcall [-] Fixed interval looping call 'nova.servicegroup.drivers.db.DbDriver._report_state' sleeping for 119.98 seconds {{(pid=95989) _run_loop /opt/stack/data/venv/lib/python3.12/site-packages/oslo_service/backend/_threading/loopingcall.py:125}}
Jul 10 16:07:01.166693 np0000005027 nova-conductor[95994]: DEBUG oslo.service.backend._threading.loopingcall [-] Fixed interval looping call 'nova.servicegroup.drivers.db.DbDriver._report_state' sleeping for 119.98 seconds {{(pid=95994) _run_loop /opt/stack/data/venv/lib/python3.12/site-packages/oslo_service/backend/_threading/loopingcall.py:125}}
Jul 10 16:07:01.168013 np0000005027 nova-conductor[95998]: DEBUG oslo.service.backend._threading.loopingcall [-] Fixed interval looping call 'nova.servicegroup.drivers.db.DbDriver._report_state' sleeping for 119.98 seconds {{(pid=95998) _run_loop /opt/stack/data/venv/lib/python3.12/site-packages/oslo_service/backend/_threading/loopingcall.py:125}}
Jul 10 16:07:04.702553 np0000005027 nova-conductor[94547]: DEBUG dbcounter [-] [94547] Writing DB stats nova_api:SELECT=1 {{(pid=94547) stat_writer /opt/stack/data/venv/lib/python3.12/site-packages/dbcounter.py:115}}
Jul 10 16:07:04.837923 np0000005027 nova-conductor[94547]: DEBUG dbcounter [-] [94547] Writing DB stats nova_cell0:SELECT=1 {{(pid=94547) stat_writer /opt/stack/data/venv/lib/python3.12/site-packages/dbcounter.py:115}}
Jul 10 16:07:04.847564 np0000005027 nova-conductor[94547]: DEBUG dbcounter [-] [94547] Writing DB stats nova_cell1:SELECT=1 {{(pid=94547) stat_writer /opt/stack/data/venv/lib/python3.12/site-packages/dbcounter.py:115}}
Jul 10 16:07:05.150402 np0000005027 nova-conductor[95994]: DEBUG oslo.service.backend._threading.loopingcall [None req-472b8e8a-18c1-498b-89b5-01c0c5767583 None None] Dynamic interval looping call 'nova.service.Service.periodic_tasks' sleeping for 60.00 seconds {{(pid=95994) _run_loop /opt/stack/data/venv/lib/python3.12/site-packages/oslo_service/backend/_threading/loopingcall.py:125}}
Jul 10 16:07:11.157059 np0000005027 nova-conductor[95989]: DEBUG dbcounter [-] [95989] Writing DB stats nova_cell0:SELECT=4,nova_cell0:INSERT=1,nova_cell0:UPDATE=1 {{(pid=95989) stat_writer /opt/stack/data/venv/lib/python3.12/site-packages/dbcounter.py:115}}
Jul 10 16:07:11.163394 np0000005027 nova-conductor[95994]: DEBUG dbcounter [-] [95994] Writing DB stats nova_cell0:SELECT=5,nova_cell0:INSERT=1,nova_cell0:UPDATE=1 {{(pid=95994) stat_writer /opt/stack/data/venv/lib/python3.12/site-packages/dbcounter.py:115}}
Jul 10 16:07:11.166428 np0000005027 nova-conductor[95998]: DEBUG dbcounter [-] [95998] Writing DB stats nova_cell0:SELECT=3,nova_cell0:UPDATE=1 {{(pid=95998) stat_writer /opt/stack/data/venv/lib/python3.12/site-packages/dbcounter.py:115}}
Jul 10 16:07:30.145535 np0000005027 nova-conductor[95989]: DEBUG oslo.service.backend._threading.loopingcall [None req-46839f74-9879-416e-bd39-0204ed1d293c None None] Dynamic interval looping call 'nova.service.Service.periodic_tasks' sleeping for 60.00 seconds {{(pid=95989) _run_loop /opt/stack/data/venv/lib/python3.12/site-packages/oslo_service/backend/_threading/loopingcall.py:125}}
Jul 10 16:07:38.151939 np0000005027 nova-conductor[95998]: DEBUG oslo.service.backend._threading.loopingcall [None req-c8ae061d-f650-47ff-b06b-b6e680a32459 None None] Dynamic interval looping call 'nova.service.Service.periodic_tasks' sleeping for 60.00 seconds {{(pid=95998) _run_loop /opt/stack/data/venv/lib/python3.12/site-packages/oslo_service/backend/_threading/loopingcall.py:125}}
Jul 10 16:08:05.150985 np0000005027 nova-conductor[95994]: DEBUG oslo.service.backend._threading.loopingcall [None req-472b8e8a-18c1-498b-89b5-01c0c5767583 None None] Dynamic interval looping call 'nova.service.Service.periodic_tasks' sleeping for 60.00 seconds {{(pid=95994) _run_loop /opt/stack/data/venv/lib/python3.12/site-packages/oslo_service/backend/_threading/loopingcall.py:125}}
Jul 10 16:08:30.146039 np0000005027 nova-conductor[95989]: DEBUG oslo.service.backend._threading.loopingcall [None req-46839f74-9879-416e-bd39-0204ed1d293c None None] Dynamic interval looping call 'nova.service.Service.periodic_tasks' sleeping for 60.00 seconds {{(pid=95989) _run_loop /opt/stack/data/venv/lib/python3.12/site-packages/oslo_service/backend/_threading/loopingcall.py:125}}
Jul 10 16:08:38.152564 np0000005027 nova-conductor[95998]: DEBUG oslo.service.backend._threading.loopingcall [None req-c8ae061d-f650-47ff-b06b-b6e680a32459 None None] Dynamic interval looping call 'nova.service.Service.periodic_tasks' sleeping for 60.00 seconds {{(pid=95998) _run_loop /opt/stack/data/venv/lib/python3.12/site-packages/oslo_service/backend/_threading/loopingcall.py:125}}
Jul 10 16:09:01.155212 np0000005027 nova-conductor[95989]: DEBUG oslo.service.backend._threading.loopingcall [-] Fixed interval looping call 'nova.servicegroup.drivers.db.DbDriver._report_state' sleeping for 119.99 seconds {{(pid=95989) _run_loop /opt/stack/data/venv/lib/python3.12/site-packages/oslo_service/backend/_threading/loopingcall.py:125}}
Jul 10 16:09:01.156412 np0000005027 nova-conductor[95994]: DEBUG oslo.service.backend._threading.loopingcall [-] Fixed interval looping call 'nova.servicegroup.drivers.db.DbDriver._report_state' sleeping for 119.99 seconds {{(pid=95994) _run_loop /opt/stack/data/venv/lib/python3.12/site-packages/oslo_service/backend/_threading/loopingcall.py:125}}
Jul 10 16:09:01.157604 np0000005027 nova-conductor[95998]: DEBUG oslo.service.backend._threading.loopingcall [-] Fixed interval looping call 'nova.servicegroup.drivers.db.DbDriver._report_state' sleeping for 119.99 seconds {{(pid=95998) _run_loop /opt/stack/data/venv/lib/python3.12/site-packages/oslo_service/backend/_threading/loopingcall.py:125}}
Jul 10 16:09:05.151559 np0000005027 nova-conductor[95994]: DEBUG oslo.service.backend._threading.loopingcall [None req-472b8e8a-18c1-498b-89b5-01c0c5767583 None None] Dynamic interval looping call 'nova.service.Service.periodic_tasks' sleeping for 60.00 seconds {{(pid=95994) _run_loop /opt/stack/data/venv/lib/python3.12/site-packages/oslo_service/backend/_threading/loopingcall.py:125}}
Jul 10 16:09:11.149602 np0000005027 nova-conductor[95989]: DEBUG dbcounter [-] [95989] Writing DB stats nova_cell0:SELECT=1,nova_cell0:UPDATE=1 {{(pid=95989) stat_writer /opt/stack/data/venv/lib/python3.12/site-packages/dbcounter.py:115}}
Jul 10 16:09:11.151123 np0000005027 nova-conductor[95994]: DEBUG dbcounter [-] [95994] Writing DB stats nova_cell0:SELECT=1,nova_cell0:UPDATE=1 {{(pid=95994) stat_writer /opt/stack/data/venv/lib/python3.12/site-packages/dbcounter.py:115}}
Jul 10 16:09:11.153598 np0000005027 nova-conductor[95998]: DEBUG dbcounter [-] [95998] Writing DB stats nova_cell0:SELECT=1,nova_cell0:UPDATE=1 {{(pid=95998) stat_writer /opt/stack/data/venv/lib/python3.12/site-packages/dbcounter.py:115}}
Jul 10 16:09:30.146677 np0000005027 nova-conductor[95989]: DEBUG oslo.service.backend._threading.loopingcall [None req-46839f74-9879-416e-bd39-0204ed1d293c None None] Dynamic interval looping call 'nova.service.Service.periodic_tasks' sleeping for 60.00 seconds {{(pid=95989) _run_loop /opt/stack/data/venv/lib/python3.12/site-packages/oslo_service/backend/_threading/loopingcall.py:125}}
Jul 10 16:09:38.154454 np0000005027 nova-conductor[95998]: DEBUG oslo.service.backend._threading.loopingcall [None req-c8ae061d-f650-47ff-b06b-b6e680a32459 None None] Dynamic interval looping call 'nova.service.Service.periodic_tasks' sleeping for 60.00 seconds {{(pid=95998) _run_loop /opt/stack/data/venv/lib/python3.12/site-packages/oslo_service/backend/_threading/loopingcall.py:125}}
Jul 10 16:09:43.172601 np0000005027 nova-conductor[95989]: DEBUG oslo_db.sqlalchemy.engines [None req-2ec9732c-f2d1-49b6-ad93-9f4fdcd0dbbb tempest-ServersNegativeTestJSON-857343537 tempest-ServersNegativeTestJSON-857343537-project-member] Parent process 94547 forked (95989) with an open database connection, which is being discarded and recreated. {{(pid=95989) checkout /opt/stack/data/venv/lib/python3.12/site-packages/oslo_db/sqlalchemy/engines.py:402}}
Jul 10 16:09:43.220340 np0000005027 nova-conductor[95989]: DEBUG dbcounter [-] [95989] Writer thread running {{(pid=95989) stat_writer /opt/stack/data/venv/lib/python3.12/site-packages/dbcounter.py:102}}
Jul 10 16:09:44.756163 np0000005027 nova-conductor[95989]: DEBUG nova.conductor.manager [None req-2ec9732c-f2d1-49b6-ad93-9f4fdcd0dbbb tempest-ServersNegativeTestJSON-857343537 tempest-ServersNegativeTestJSON-857343537-project-member] Took 1.53 seconds to select destinations for 1 instance(s). {{(pid=95989) _schedule_instances /opt/stack/nova/nova/conductor/manager.py:968}}
Jul 10 16:09:44.809565 np0000005027 nova-conductor[95989]: DEBUG oslo_concurrency.lockutils [None req-2ec9732c-f2d1-49b6-ad93-9f4fdcd0dbbb tempest-ServersNegativeTestJSON-857343537 tempest-ServersNegativeTestJSON-857343537-project-member] Acquiring lock "048c77c4-5b96-455a-a8e8-8a07a325988a" by "nova.context.set_target_cell..get_or_set_cached_cell_and_set_connections" {{(pid=95989) inner /opt/stack/data/venv/lib/python3.12/site-packages/oslo_concurrency/lockutils.py:511}}
Jul 10 16:09:44.809565 np0000005027 nova-conductor[95989]: DEBUG oslo_concurrency.lockutils [None req-2ec9732c-f2d1-49b6-ad93-9f4fdcd0dbbb tempest-ServersNegativeTestJSON-857343537 tempest-ServersNegativeTestJSON-857343537-project-member] Lock "048c77c4-5b96-455a-a8e8-8a07a325988a" acquired by "nova.context.set_target_cell..get_or_set_cached_cell_and_set_connections" :: waited 0.000s {{(pid=95989) inner /opt/stack/data/venv/lib/python3.12/site-packages/oslo_concurrency/lockutils.py:524}}
Jul 10 16:09:44.810503 np0000005027 nova-conductor[95989]: DEBUG oslo_concurrency.lockutils [None req-2ec9732c-f2d1-49b6-ad93-9f4fdcd0dbbb tempest-ServersNegativeTestJSON-857343537 tempest-ServersNegativeTestJSON-857343537-project-member] Lock "048c77c4-5b96-455a-a8e8-8a07a325988a" "released" by "nova.context.set_target_cell..get_or_set_cached_cell_and_set_connections" :: held 0.002s {{(pid=95989) inner /opt/stack/data/venv/lib/python3.12/site-packages/oslo_concurrency/lockutils.py:543}}
Jul 10 16:09:44.814641 np0000005027 nova-conductor[95989]: INFO dbcounter [None req-2ec9732c-f2d1-49b6-ad93-9f4fdcd0dbbb tempest-ServersNegativeTestJSON-857343537 tempest-ServersNegativeTestJSON-857343537-project-member] Registered counter for database nova_cell1
Jul 10 16:09:44.869765 np0000005027 nova-conductor[95989]: DEBUG oslo_db.sqlalchemy.engines [None req-2ec9732c-f2d1-49b6-ad93-9f4fdcd0dbbb tempest-ServersNegativeTestJSON-857343537 tempest-ServersNegativeTestJSON-857343537-project-member] MySQL server mode set to STRICT_TRANS_TABLES,STRICT_ALL_TABLES,NO_ZERO_IN_DATE,NO_ZERO_DATE,ERROR_FOR_DIVISION_BY_ZERO,TRADITIONAL,NO_ENGINE_SUBSTITUTION {{(pid=95989) _check_effective_sql_mode /opt/stack/data/venv/lib/python3.12/site-packages/oslo_db/sqlalchemy/engines.py:325}}
Jul 10 16:09:44.880442 np0000005027 nova-conductor[95989]: DEBUG dbcounter [-] [95989] Writer thread running {{(pid=95989) stat_writer /opt/stack/data/venv/lib/python3.12/site-packages/dbcounter.py:102}}
Jul 10 16:09:44.967941 np0000005027 nova-conductor[95989]: INFO nova.utils [None req-2ec9732c-f2d1-49b6-ad93-9f4fdcd0dbbb tempest-ServersNegativeTestJSON-857343537 tempest-ServersNegativeTestJSON-857343537-project-member] The cell worker thread pool ForkProcess-1.cell_worker is initialized
Jul 10 16:09:44.967941 np0000005027 nova-conductor[95989]: DEBUG oslo_concurrency.lockutils [None req-2ec9732c-f2d1-49b6-ad93-9f4fdcd0dbbb tempest-ServersNegativeTestJSON-857343537 tempest-ServersNegativeTestJSON-857343537-project-member] Acquiring lock "00000000-0000-0000-0000-000000000000" by "nova.context.set_target_cell..get_or_set_cached_cell_and_set_connections" {{(pid=95989) inner /opt/stack/data/venv/lib/python3.12/site-packages/oslo_concurrency/lockutils.py:511}}
Jul 10 16:09:44.967941 np0000005027 nova-conductor[95989]: DEBUG oslo_concurrency.lockutils [None req-2ec9732c-f2d1-49b6-ad93-9f4fdcd0dbbb tempest-ServersNegativeTestJSON-857343537 tempest-ServersNegativeTestJSON-857343537-project-member] Lock "00000000-0000-0000-0000-000000000000" acquired by "nova.context.set_target_cell..get_or_set_cached_cell_and_set_connections" :: waited 0.000s {{(pid=95989) inner /opt/stack/data/venv/lib/python3.12/site-packages/oslo_concurrency/lockutils.py:524}}
Jul 10 16:09:44.968388 np0000005027 nova-conductor[95989]: DEBUG oslo_concurrency.lockutils [None req-2ec9732c-f2d1-49b6-ad93-9f4fdcd0dbbb tempest-ServersNegativeTestJSON-857343537 tempest-ServersNegativeTestJSON-857343537-project-member] Lock "00000000-0000-0000-0000-000000000000" "released" by "nova.context.set_target_cell..get_or_set_cached_cell_and_set_connections" :: held 0.000s {{(pid=95989) inner /opt/stack/data/venv/lib/python3.12/site-packages/oslo_concurrency/lockutils.py:543}}
Jul 10 16:09:44.970717 np0000005027 nova-conductor[95989]: DEBUG oslo_concurrency.lockutils [None req-2ec9732c-f2d1-49b6-ad93-9f4fdcd0dbbb tempest-ServersNegativeTestJSON-857343537 tempest-ServersNegativeTestJSON-857343537-project-member] Acquiring lock "048c77c4-5b96-455a-a8e8-8a07a325988a" by "nova.context.set_target_cell..get_or_set_cached_cell_and_set_connections" {{(pid=95989) inner /opt/stack/data/venv/lib/python3.12/site-packages/oslo_concurrency/lockutils.py:511}}
Jul 10 16:09:44.970717 np0000005027 nova-conductor[95989]: DEBUG oslo_concurrency.lockutils [None req-2ec9732c-f2d1-49b6-ad93-9f4fdcd0dbbb tempest-ServersNegativeTestJSON-857343537 tempest-ServersNegativeTestJSON-857343537-project-member] Lock "048c77c4-5b96-455a-a8e8-8a07a325988a" acquired by "nova.context.set_target_cell..get_or_set_cached_cell_and_set_connections" :: waited 0.000s {{(pid=95989) inner /opt/stack/data/venv/lib/python3.12/site-packages/oslo_concurrency/lockutils.py:524}}
Jul 10 16:09:44.970717 np0000005027 nova-conductor[95989]: DEBUG oslo_concurrency.lockutils [None req-2ec9732c-f2d1-49b6-ad93-9f4fdcd0dbbb tempest-ServersNegativeTestJSON-857343537 tempest-ServersNegativeTestJSON-857343537-project-member] Lock "048c77c4-5b96-455a-a8e8-8a07a325988a" "released" by "nova.context.set_target_cell..get_or_set_cached_cell_and_set_connections" :: held 0.000s {{(pid=95989) inner /opt/stack/data/venv/lib/python3.12/site-packages/oslo_concurrency/lockutils.py:543}}
Jul 10 16:09:44.971684 np0000005027 nova-conductor[95989]: INFO dbcounter [None req-2ec9732c-f2d1-49b6-ad93-9f4fdcd0dbbb tempest-ServersNegativeTestJSON-857343537 tempest-ServersNegativeTestJSON-857343537-project-member] Registered counter for database nova_cell0
Jul 10 16:09:45.017247 np0000005027 nova-conductor[95989]: DEBUG oslo_db.sqlalchemy.engines [None req-2ec9732c-f2d1-49b6-ad93-9f4fdcd0dbbb tempest-ServersNegativeTestJSON-857343537 tempest-ServersNegativeTestJSON-857343537-project-member] MySQL server mode set to STRICT_TRANS_TABLES,STRICT_ALL_TABLES,NO_ZERO_IN_DATE,NO_ZERO_DATE,ERROR_FOR_DIVISION_BY_ZERO,TRADITIONAL,NO_ENGINE_SUBSTITUTION {{(pid=95989) _check_effective_sql_mode /opt/stack/data/venv/lib/python3.12/site-packages/oslo_db/sqlalchemy/engines.py:325}}
Jul 10 16:09:45.025603 np0000005027 nova-conductor[95989]: DEBUG dbcounter [-] [95989] Writer thread running {{(pid=95989) stat_writer /opt/stack/data/venv/lib/python3.12/site-packages/dbcounter.py:102}}
Jul 10 16:09:45.042742 np0000005027 nova-conductor[95989]: DEBUG nova.quota [None req-2ec9732c-f2d1-49b6-ad93-9f4fdcd0dbbb tempest-ServersNegativeTestJSON-857343537 tempest-ServersNegativeTestJSON-857343537-project-member] Getting quotas for project bb0e59878e9d4689aadbed6254ea251b. Resources: {'ram', 'cores', 'instances'} {{(pid=95989) _get_quotas /opt/stack/nova/nova/quota.py:389}}
Jul 10 16:09:45.049057 np0000005027 nova-conductor[95989]: DEBUG nova.quota [None req-2ec9732c-f2d1-49b6-ad93-9f4fdcd0dbbb tempest-ServersNegativeTestJSON-857343537 tempest-ServersNegativeTestJSON-857343537-project-member] Getting quotas for user 473d1c27f01c46ee94b39dfb9314a65f and project bb0e59878e9d4689aadbed6254ea251b. Resources: {'ram', 'cores', 'instances'} {{(pid=95989) _get_quotas /opt/stack/nova/nova/quota.py:379}}
Jul 10 16:09:45.059523 np0000005027 nova-conductor[95989]: DEBUG nova.conductor.manager [None req-2ec9732c-f2d1-49b6-ad93-9f4fdcd0dbbb tempest-ServersNegativeTestJSON-857343537 tempest-ServersNegativeTestJSON-857343537-project-member] [instance: e2ced495-cbf8-4324-9c95-e2182836e041] Selected host: np0000005027; Selected node: np0000005027; Alternates: [] {{(pid=95989) schedule_and_build_instances /opt/stack/nova/nova/conductor/manager.py:1784}}
Jul 10 16:09:45.060165 np0000005027 nova-conductor[95989]: DEBUG oslo_concurrency.lockutils [None req-2ec9732c-f2d1-49b6-ad93-9f4fdcd0dbbb tempest-ServersNegativeTestJSON-857343537 tempest-ServersNegativeTestJSON-857343537-project-member] Acquiring lock "048c77c4-5b96-455a-a8e8-8a07a325988a" by "nova.context.set_target_cell..get_or_set_cached_cell_and_set_connections" {{(pid=95989) inner /opt/stack/data/venv/lib/python3.12/site-packages/oslo_concurrency/lockutils.py:511}}
Jul 10 16:09:45.060526 np0000005027 nova-conductor[95989]: DEBUG oslo_concurrency.lockutils [None req-2ec9732c-f2d1-49b6-ad93-9f4fdcd0dbbb tempest-ServersNegativeTestJSON-857343537 tempest-ServersNegativeTestJSON-857343537-project-member] Lock "048c77c4-5b96-455a-a8e8-8a07a325988a" acquired by "nova.context.set_target_cell..get_or_set_cached_cell_and_set_connections" :: waited 0.000s {{(pid=95989) inner /opt/stack/data/venv/lib/python3.12/site-packages/oslo_concurrency/lockutils.py:524}}
Jul 10 16:09:45.060596 np0000005027 nova-conductor[95989]: DEBUG oslo_concurrency.lockutils [None req-2ec9732c-f2d1-49b6-ad93-9f4fdcd0dbbb tempest-ServersNegativeTestJSON-857343537 tempest-ServersNegativeTestJSON-857343537-project-member] Lock "048c77c4-5b96-455a-a8e8-8a07a325988a" "released" by "nova.context.set_target_cell..get_or_set_cached_cell_and_set_connections" :: held 0.000s {{(pid=95989) inner /opt/stack/data/venv/lib/python3.12/site-packages/oslo_concurrency/lockutils.py:543}}
Jul 10 16:09:45.075828 np0000005027 nova-conductor[95989]: DEBUG nova.conductor.manager [None req-2ec9732c-f2d1-49b6-ad93-9f4fdcd0dbbb tempest-ServersNegativeTestJSON-857343537 tempest-ServersNegativeTestJSON-857343537-project-member] [instance: e2ced495-cbf8-4324-9c95-e2182836e041] block_device_mapping [BlockDeviceMapping(attachment_id=,boot_index=0,connection_info=None,created_at=,delete_on_termination=True,deleted=,deleted_at=,destination_type='local',device_name=None,device_type='disk',disk_bus=None,encrypted=False,encryption_format=None,encryption_options=None,encryption_secret_uuid=None,guest_format=None,id=,image_id='2e8f075f-0c5a-4478-96f3-64050177751b',instance=,instance_uuid=,no_device=False,snapshot_id=None,source_type='image',tag=None,updated_at=,uuid=,volume_id=None,volume_size=None,volume_type=None)] {{(pid=95989) _create_block_device_mapping /opt/stack/nova/nova/conductor/manager.py:1529}}
Jul 10 16:09:45.076782 np0000005027 nova-conductor[95989]: DEBUG oslo_concurrency.lockutils [None req-2ec9732c-f2d1-49b6-ad93-9f4fdcd0dbbb tempest-ServersNegativeTestJSON-857343537 tempest-ServersNegativeTestJSON-857343537-project-member] Acquiring lock "048c77c4-5b96-455a-a8e8-8a07a325988a" by "nova.context.set_target_cell..get_or_set_cached_cell_and_set_connections" {{(pid=95989) inner /opt/stack/data/venv/lib/python3.12/site-packages/oslo_concurrency/lockutils.py:511}}
Jul 10 16:09:45.077052 np0000005027 nova-conductor[95989]: DEBUG oslo_concurrency.lockutils [None req-2ec9732c-f2d1-49b6-ad93-9f4fdcd0dbbb tempest-ServersNegativeTestJSON-857343537 tempest-ServersNegativeTestJSON-857343537-project-member] Lock "048c77c4-5b96-455a-a8e8-8a07a325988a" acquired by "nova.context.set_target_cell..get_or_set_cached_cell_and_set_connections" :: waited 0.000s {{(pid=95989) inner /opt/stack/data/venv/lib/python3.12/site-packages/oslo_concurrency/lockutils.py:524}}
Jul 10 16:09:45.077250 np0000005027 nova-conductor[95989]: DEBUG oslo_concurrency.lockutils [None req-2ec9732c-f2d1-49b6-ad93-9f4fdcd0dbbb tempest-ServersNegativeTestJSON-857343537 tempest-ServersNegativeTestJSON-857343537-project-member] Lock "048c77c4-5b96-455a-a8e8-8a07a325988a" "released" by "nova.context.set_target_cell..get_or_set_cached_cell_and_set_connections" :: held 0.000s {{(pid=95989) inner /opt/stack/data/venv/lib/python3.12/site-packages/oslo_concurrency/lockutils.py:543}}
Jul 10 16:09:45.138381 np0000005027 nova-conductor[95989]: DEBUG oslo_concurrency.lockutils [None req-2ec9732c-f2d1-49b6-ad93-9f4fdcd0dbbb tempest-ServersNegativeTestJSON-857343537 tempest-ServersNegativeTestJSON-857343537-project-member] Acquiring lock "048c77c4-5b96-455a-a8e8-8a07a325988a" by "nova.context.set_target_cell..get_or_set_cached_cell_and_set_connections" {{(pid=95989) inner /opt/stack/data/venv/lib/python3.12/site-packages/oslo_concurrency/lockutils.py:511}}
Jul 10 16:09:45.138683 np0000005027 nova-conductor[95989]: DEBUG oslo_concurrency.lockutils [None req-2ec9732c-f2d1-49b6-ad93-9f4fdcd0dbbb tempest-ServersNegativeTestJSON-857343537 tempest-ServersNegativeTestJSON-857343537-project-member] Lock "048c77c4-5b96-455a-a8e8-8a07a325988a" acquired by "nova.context.set_target_cell..get_or_set_cached_cell_and_set_connections" :: waited 0.000s {{(pid=95989) inner /opt/stack/data/venv/lib/python3.12/site-packages/oslo_concurrency/lockutils.py:524}}
Jul 10 16:09:45.138779 np0000005027 nova-conductor[95989]: DEBUG oslo_concurrency.lockutils [None req-2ec9732c-f2d1-49b6-ad93-9f4fdcd0dbbb tempest-ServersNegativeTestJSON-857343537 tempest-ServersNegativeTestJSON-857343537-project-member] Lock "048c77c4-5b96-455a-a8e8-8a07a325988a" "released" by "nova.context.set_target_cell..get_or_set_cached_cell_and_set_connections" :: held 0.000s {{(pid=95989) inner /opt/stack/data/venv/lib/python3.12/site-packages/oslo_concurrency/lockutils.py:543}}
Jul 10 16:09:45.139030 np0000005027 nova-conductor[95989]: DEBUG oslo_concurrency.lockutils [None req-2ec9732c-f2d1-49b6-ad93-9f4fdcd0dbbb tempest-ServersNegativeTestJSON-857343537 tempest-ServersNegativeTestJSON-857343537-project-member] Acquiring lock "compute-rpcapi-router" {{(pid=95989) lock /opt/stack/data/venv/lib/python3.12/site-packages/oslo_concurrency/lockutils.py:395}}
Jul 10 16:09:45.139201 np0000005027 nova-conductor[95989]: DEBUG oslo_concurrency.lockutils [None req-2ec9732c-f2d1-49b6-ad93-9f4fdcd0dbbb tempest-ServersNegativeTestJSON-857343537 tempest-ServersNegativeTestJSON-857343537-project-member] Acquired lock "compute-rpcapi-router" {{(pid=95989) lock /opt/stack/data/venv/lib/python3.12/site-packages/oslo_concurrency/lockutils.py:398}}
Jul 10 16:09:45.139719 np0000005027 nova-conductor[95989]: DEBUG oslo_concurrency.lockutils [None req-1be21177-6c46-413a-b2c5-9097945879fd None None] Acquiring lock "00000000-0000-0000-0000-000000000000" by "nova.context.set_target_cell..get_or_set_cached_cell_and_set_connections" {{(pid=95989) inner /opt/stack/data/venv/lib/python3.12/site-packages/oslo_concurrency/lockutils.py:511}}
Jul 10 16:09:45.139851 np0000005027 nova-conductor[95989]: DEBUG oslo_concurrency.lockutils [None req-1be21177-6c46-413a-b2c5-9097945879fd None None] Lock "00000000-0000-0000-0000-000000000000" acquired by "nova.context.set_target_cell..get_or_set_cached_cell_and_set_connections" :: waited 0.000s {{(pid=95989) inner /opt/stack/data/venv/lib/python3.12/site-packages/oslo_concurrency/lockutils.py:524}}
Jul 10 16:09:45.140016 np0000005027 nova-conductor[95989]: DEBUG oslo_concurrency.lockutils [None req-1be21177-6c46-413a-b2c5-9097945879fd None None] Lock "00000000-0000-0000-0000-000000000000" "released" by "nova.context.set_target_cell..get_or_set_cached_cell_and_set_connections" :: held 0.000s {{(pid=95989) inner /opt/stack/data/venv/lib/python3.12/site-packages/oslo_concurrency/lockutils.py:543}}
Jul 10 16:09:45.140779 np0000005027 nova-conductor[95989]: DEBUG oslo_concurrency.lockutils [None req-1be21177-6c46-413a-b2c5-9097945879fd None None] Acquiring lock "048c77c4-5b96-455a-a8e8-8a07a325988a" by "nova.context.set_target_cell..get_or_set_cached_cell_and_set_connections" {{(pid=95989) inner /opt/stack/data/venv/lib/python3.12/site-packages/oslo_concurrency/lockutils.py:511}}
Jul 10 16:09:45.141106 np0000005027 nova-conductor[95989]: DEBUG oslo_concurrency.lockutils [None req-1be21177-6c46-413a-b2c5-9097945879fd None None] Lock "048c77c4-5b96-455a-a8e8-8a07a325988a" acquired by "nova.context.set_target_cell..get_or_set_cached_cell_and_set_connections" :: waited 0.000s {{(pid=95989) inner /opt/stack/data/venv/lib/python3.12/site-packages/oslo_concurrency/lockutils.py:524}}
Jul 10 16:09:45.144489 np0000005027 nova-conductor[95989]: DEBUG oslo_concurrency.lockutils [None req-1be21177-6c46-413a-b2c5-9097945879fd None None] Lock "048c77c4-5b96-455a-a8e8-8a07a325988a" "released" by "nova.context.set_target_cell..get_or_set_cached_cell_and_set_connections" :: held 0.001s {{(pid=95989) inner /opt/stack/data/venv/lib/python3.12/site-packages/oslo_concurrency/lockutils.py:543}}
Jul 10 16:09:45.152632 np0000005027 nova-conductor[95989]: INFO nova.compute.rpcapi [None req-1be21177-6c46-413a-b2c5-9097945879fd None None] Automatically selected compute RPC version 6.5 from minimum service version 72
Jul 10 16:09:45.153281 np0000005027 nova-conductor[95989]: DEBUG oslo_concurrency.lockutils [None req-1be21177-6c46-413a-b2c5-9097945879fd None None] Releasing lock "compute-rpcapi-router" {{(pid=95989) lock /opt/stack/data/venv/lib/python3.12/site-packages/oslo_concurrency/lockutils.py:418}}
Jul 10 16:09:45.684018 np0000005027 nova-conductor[95994]: DEBUG dbcounter [-] [95994] Writer thread running {{(pid=95994) stat_writer /opt/stack/data/venv/lib/python3.12/site-packages/dbcounter.py:102}}
Jul 10 16:09:46.717673 np0000005027 nova-conductor[95994]: DEBUG nova.conductor.manager [None req-0aff2480-1517-4de1-9320-7c937305dbc8 tempest-ServerActionsTestOtherB-533077776 tempest-ServerActionsTestOtherB-533077776-project-member] Took 1.03 seconds to select destinations for 1 instance(s). {{(pid=95994) _schedule_instances /opt/stack/nova/nova/conductor/manager.py:968}}
Jul 10 16:09:46.776534 np0000005027 nova-conductor[95994]: DEBUG oslo_concurrency.lockutils [None req-0aff2480-1517-4de1-9320-7c937305dbc8 tempest-ServerActionsTestOtherB-533077776 tempest-ServerActionsTestOtherB-533077776-project-member] Acquiring lock "048c77c4-5b96-455a-a8e8-8a07a325988a" by "nova.context.set_target_cell..get_or_set_cached_cell_and_set_connections" {{(pid=95994) inner /opt/stack/data/venv/lib/python3.12/site-packages/oslo_concurrency/lockutils.py:511}}
Jul 10 16:09:46.776768 np0000005027 nova-conductor[95994]: DEBUG oslo_concurrency.lockutils [None req-0aff2480-1517-4de1-9320-7c937305dbc8 tempest-ServerActionsTestOtherB-533077776 tempest-ServerActionsTestOtherB-533077776-project-member] Lock "048c77c4-5b96-455a-a8e8-8a07a325988a" acquired by "nova.context.set_target_cell..get_or_set_cached_cell_and_set_connections" :: waited 0.000s {{(pid=95994) inner /opt/stack/data/venv/lib/python3.12/site-packages/oslo_concurrency/lockutils.py:524}}
Jul 10 16:09:46.781880 np0000005027 nova-conductor[95994]: DEBUG oslo_concurrency.lockutils [None req-0aff2480-1517-4de1-9320-7c937305dbc8 tempest-ServerActionsTestOtherB-533077776 tempest-ServerActionsTestOtherB-533077776-project-member] Lock "048c77c4-5b96-455a-a8e8-8a07a325988a" "released" by "nova.context.set_target_cell..get_or_set_cached_cell_and_set_connections" :: held 0.005s {{(pid=95994) inner /opt/stack/data/venv/lib/python3.12/site-packages/oslo_concurrency/lockutils.py:543}}
Jul 10 16:09:46.788161 np0000005027 nova-conductor[95994]: INFO dbcounter [None req-0aff2480-1517-4de1-9320-7c937305dbc8 tempest-ServerActionsTestOtherB-533077776 tempest-ServerActionsTestOtherB-533077776-project-member] Registered counter for database nova_cell1
Jul 10 16:09:46.843052 np0000005027 nova-conductor[95994]: DEBUG oslo_db.sqlalchemy.engines [None req-0aff2480-1517-4de1-9320-7c937305dbc8 tempest-ServerActionsTestOtherB-533077776 tempest-ServerActionsTestOtherB-533077776-project-member] MySQL server mode set to STRICT_TRANS_TABLES,STRICT_ALL_TABLES,NO_ZERO_IN_DATE,NO_ZERO_DATE,ERROR_FOR_DIVISION_BY_ZERO,TRADITIONAL,NO_ENGINE_SUBSTITUTION {{(pid=95994) _check_effective_sql_mode /opt/stack/data/venv/lib/python3.12/site-packages/oslo_db/sqlalchemy/engines.py:325}}
Jul 10 16:09:46.852804 np0000005027 nova-conductor[95994]: DEBUG dbcounter [-] [95994] Writer thread running {{(pid=95994) stat_writer /opt/stack/data/venv/lib/python3.12/site-packages/dbcounter.py:102}}
Jul 10 16:09:46.911211 np0000005027 nova-conductor[95994]: INFO nova.utils [None req-0aff2480-1517-4de1-9320-7c937305dbc8 tempest-ServerActionsTestOtherB-533077776 tempest-ServerActionsTestOtherB-533077776-project-member] The cell worker thread pool ForkProcess-2.cell_worker is initialized
Jul 10 16:09:46.911598 np0000005027 nova-conductor[95994]: DEBUG oslo_concurrency.lockutils [None req-0aff2480-1517-4de1-9320-7c937305dbc8 tempest-ServerActionsTestOtherB-533077776 tempest-ServerActionsTestOtherB-533077776-project-member] Acquiring lock "00000000-0000-0000-0000-000000000000" by "nova.context.set_target_cell..get_or_set_cached_cell_and_set_connections" {{(pid=95994) inner /opt/stack/data/venv/lib/python3.12/site-packages/oslo_concurrency/lockutils.py:511}}
Jul 10 16:09:46.911846 np0000005027 nova-conductor[95994]: DEBUG oslo_concurrency.lockutils [None req-0aff2480-1517-4de1-9320-7c937305dbc8 tempest-ServerActionsTestOtherB-533077776 tempest-ServerActionsTestOtherB-533077776-project-member] Lock "00000000-0000-0000-0000-000000000000" acquired by "nova.context.set_target_cell..get_or_set_cached_cell_and_set_connections" :: waited 0.000s {{(pid=95994) inner /opt/stack/data/venv/lib/python3.12/site-packages/oslo_concurrency/lockutils.py:524}}
Jul 10 16:09:46.912312 np0000005027 nova-conductor[95994]: DEBUG oslo_concurrency.lockutils [None req-0aff2480-1517-4de1-9320-7c937305dbc8 tempest-ServerActionsTestOtherB-533077776 tempest-ServerActionsTestOtherB-533077776-project-member] Lock "00000000-0000-0000-0000-000000000000" "released" by "nova.context.set_target_cell..get_or_set_cached_cell_and_set_connections" :: held 0.000s {{(pid=95994) inner /opt/stack/data/venv/lib/python3.12/site-packages/oslo_concurrency/lockutils.py:543}}
Jul 10 16:09:46.913067 np0000005027 nova-conductor[95994]: DEBUG oslo_concurrency.lockutils [None req-0aff2480-1517-4de1-9320-7c937305dbc8 tempest-ServerActionsTestOtherB-533077776 tempest-ServerActionsTestOtherB-533077776-project-member] Acquiring lock "048c77c4-5b96-455a-a8e8-8a07a325988a" by "nova.context.set_target_cell..get_or_set_cached_cell_and_set_connections" {{(pid=95994) inner /opt/stack/data/venv/lib/python3.12/site-packages/oslo_concurrency/lockutils.py:511}}
Jul 10 16:09:46.913288 np0000005027 nova-conductor[95994]: DEBUG oslo_concurrency.lockutils [None req-0aff2480-1517-4de1-9320-7c937305dbc8 tempest-ServerActionsTestOtherB-533077776 tempest-ServerActionsTestOtherB-533077776-project-member] Lock "048c77c4-5b96-455a-a8e8-8a07a325988a" acquired by "nova.context.set_target_cell..get_or_set_cached_cell_and_set_connections" :: waited 0.000s {{(pid=95994) inner /opt/stack/data/venv/lib/python3.12/site-packages/oslo_concurrency/lockutils.py:524}}
Jul 10 16:09:46.913448 np0000005027 nova-conductor[95994]: DEBUG oslo_concurrency.lockutils [None req-0aff2480-1517-4de1-9320-7c937305dbc8 tempest-ServerActionsTestOtherB-533077776 tempest-ServerActionsTestOtherB-533077776-project-member] Lock "048c77c4-5b96-455a-a8e8-8a07a325988a" "released" by "nova.context.set_target_cell..get_or_set_cached_cell_and_set_connections" :: held 0.000s {{(pid=95994) inner /opt/stack/data/venv/lib/python3.12/site-packages/oslo_concurrency/lockutils.py:543}}
Jul 10 16:09:46.915925 np0000005027 nova-conductor[95994]: INFO dbcounter [None req-0aff2480-1517-4de1-9320-7c937305dbc8 tempest-ServerActionsTestOtherB-533077776 tempest-ServerActionsTestOtherB-533077776-project-member] Registered counter for database nova_cell0
Jul 10 16:09:46.975365 np0000005027 nova-conductor[95994]: DEBUG oslo_db.sqlalchemy.engines [None req-0aff2480-1517-4de1-9320-7c937305dbc8 tempest-ServerActionsTestOtherB-533077776 tempest-ServerActionsTestOtherB-533077776-project-member] MySQL server mode set to STRICT_TRANS_TABLES,STRICT_ALL_TABLES,NO_ZERO_IN_DATE,NO_ZERO_DATE,ERROR_FOR_DIVISION_BY_ZERO,TRADITIONAL,NO_ENGINE_SUBSTITUTION {{(pid=95994) _check_effective_sql_mode /opt/stack/data/venv/lib/python3.12/site-packages/oslo_db/sqlalchemy/engines.py:325}}
Jul 10 16:09:46.982210 np0000005027 nova-conductor[95994]: DEBUG dbcounter [-] [95994] Writer thread running {{(pid=95994) stat_writer /opt/stack/data/venv/lib/python3.12/site-packages/dbcounter.py:102}}
Jul 10 16:09:46.996766 np0000005027 nova-conductor[95994]: DEBUG nova.quota [None req-0aff2480-1517-4de1-9320-7c937305dbc8 tempest-ServerActionsTestOtherB-533077776 tempest-ServerActionsTestOtherB-533077776-project-member] Getting quotas for project 0f4ec56f7d01441e99f7f35a2bb180c1. Resources: {'ram', 'cores', 'instances'} {{(pid=95994) _get_quotas /opt/stack/nova/nova/quota.py:389}}
Jul 10 16:09:47.003582 np0000005027 nova-conductor[95994]: DEBUG nova.quota [None req-0aff2480-1517-4de1-9320-7c937305dbc8 tempest-ServerActionsTestOtherB-533077776 tempest-ServerActionsTestOtherB-533077776-project-member] Getting quotas for user 597614a277fd43e6808aa1e576f55756 and project 0f4ec56f7d01441e99f7f35a2bb180c1. Resources: {'ram', 'cores', 'instances'} {{(pid=95994) _get_quotas /opt/stack/nova/nova/quota.py:379}}
Jul 10 16:09:47.026018 np0000005027 nova-conductor[95994]: DEBUG nova.conductor.manager [None req-0aff2480-1517-4de1-9320-7c937305dbc8 tempest-ServerActionsTestOtherB-533077776 tempest-ServerActionsTestOtherB-533077776-project-member] [instance: f79329aa-bad7-45b5-adf5-da67ecc12b92] Selected host: np0000005027; Selected node: np0000005027; Alternates: [] {{(pid=95994) schedule_and_build_instances /opt/stack/nova/nova/conductor/manager.py:1784}}
Jul 10 16:09:47.026466 np0000005027 nova-conductor[95994]: DEBUG oslo_concurrency.lockutils [None req-0aff2480-1517-4de1-9320-7c937305dbc8 tempest-ServerActionsTestOtherB-533077776 tempest-ServerActionsTestOtherB-533077776-project-member] Acquiring lock "048c77c4-5b96-455a-a8e8-8a07a325988a" by "nova.context.set_target_cell..get_or_set_cached_cell_and_set_connections" {{(pid=95994) inner /opt/stack/data/venv/lib/python3.12/site-packages/oslo_concurrency/lockutils.py:511}}
