Jul 10 16:06:21.261670 np0000005027 devstack@neutron-api.service[87825]: DEBUG neutron_lib.callbacks.manager [None req-d048ba1e-d529-476e-91d6-abad55810b0d None None] Subscribe: > address_group after_delete 55550000, False {{(pid=87825) subscribe /opt/stack/data/venv/lib/python3.12/site-packages/neutron_lib/callbacks/manager.py:52}}
Jul 10 16:06:21.261953 np0000005027 devstack@neutron-api.service[87825]: DEBUG neutron_lib.callbacks.manager [None req-d048ba1e-d529-476e-91d6-abad55810b0d None None] Subscribe: > qos_plugin after_init 55550000, False {{(pid=87825) subscribe /opt/stack/data/venv/lib/python3.12/site-packages/neutron_lib/callbacks/manager.py:52}}
Jul 10 16:06:21.262219 np0000005027 devstack@neutron-api.service[87825]: DEBUG neutron_lib.callbacks.manager [None req-d048ba1e-d529-476e-91d6-abad55810b0d None None] Subscribe: > trunk_plugin after_init 55550000, False {{(pid=87825) subscribe /opt/stack/data/venv/lib/python3.12/site-packages/neutron_lib/callbacks/manager.py:52}}
Jul 10 16:06:21.262485 np0000005027 devstack@neutron-api.service[87825]: DEBUG neutron_lib.callbacks.manager [None req-d048ba1e-d529-476e-91d6-abad55810b0d None None] Subscribe: > logging-plugin after_init 55550000, False {{(pid=87825) subscribe /opt/stack/data/venv/lib/python3.12/site-packages/neutron_lib/callbacks/manager.py:52}}
Jul 10 16:06:21.263180 np0000005027 devstack@neutron-api.service[87825]: INFO neutron.services.logapi.drivers.ovn.driver [None req-d048ba1e-d529-476e-91d6-abad55810b0d None None] OVN logging driver registered
Jul 10 16:06:21.263276 np0000005027 devstack@neutron-api.service[87825]: DEBUG neutron_lib.callbacks.manager [None req-d048ba1e-d529-476e-91d6-abad55810b0d None None] Subscribe: ._register_pvlan_driver at 0x75a291dbc7c0> pvlan_plugin before_spawn 55550000, False {{(pid=87825) subscribe /opt/stack/data/venv/lib/python3.12/site-packages/neutron_lib/callbacks/manager.py:52}}
Jul 10 16:06:21.263427 np0000005027 devstack@neutron-api.service[87825]: DEBUG neutron_lib.callbacks.manager [None req-d048ba1e-d529-476e-91d6-abad55810b0d None None] Subscribe: process after_init 55550000, False {{(pid=87825) subscribe /opt/stack/data/venv/lib/python3.12/site-packages/neutron_lib/callbacks/manager.py:52}}
Jul 10 16:06:21.265390 np0000005027 devstack@neutron-api.service[87825]: DEBUG neutron.plugins.ml2.plugin [None req-d048ba1e-d529-476e-91d6-abad55810b0d None None] neutron.plugins.ml2.plugin.Ml2Plugin method _start_rpc_notifiers called with arguments () {} {{(pid=87825) wrapper /opt/stack/data/venv/lib/python3.12/site-packages/oslo_log/helpers.py:77}}
Jul 10 16:06:21.265689 np0000005027 devstack@neutron-api.service[87825]: DEBUG neutron_lib.callbacks.manager [None req-d048ba1e-d529-476e-91d6-abad55810b0d None None] Subscribe: > port after_create 55550000, False {{(pid=87825) subscribe /opt/stack/data/venv/lib/python3.12/site-packages/neutron_lib/callbacks/manager.py:52}}
Jul 10 16:06:21.265856 np0000005027 devstack@neutron-api.service[87825]: DEBUG neutron_lib.callbacks.manager [None req-d048ba1e-d529-476e-91d6-abad55810b0d None None] Subscribe: > port after_update 55550000, False {{(pid=87825) subscribe /opt/stack/data/venv/lib/python3.12/site-packages/neutron_lib/callbacks/manager.py:52}}
Jul 10 16:06:21.266003 np0000005027 devstack@neutron-api.service[87825]: DEBUG neutron_lib.callbacks.manager [None req-d048ba1e-d529-476e-91d6-abad55810b0d None None] Subscribe: > port after_delete 55550000, False {{(pid=87825) subscribe /opt/stack/data/venv/lib/python3.12/site-packages/neutron_lib/callbacks/manager.py:52}}
Jul 10 16:06:21.266003 np0000005027 devstack@neutron-api.service[87825]: DEBUG neutron_lib.callbacks.manager [None req-d048ba1e-d529-476e-91d6-abad55810b0d None None] Subscribe: > subnet after_create 55550000, False {{(pid=87825) subscribe /opt/stack/data/venv/lib/python3.12/site-packages/neutron_lib/callbacks/manager.py:52}}
Jul 10 16:06:21.266245 np0000005027 devstack@neutron-api.service[87825]: DEBUG neutron_lib.callbacks.manager [None req-d048ba1e-d529-476e-91d6-abad55810b0d None None] Subscribe: > subnet after_update 55550000, False {{(pid=87825) subscribe /opt/stack/data/venv/lib/python3.12/site-packages/neutron_lib/callbacks/manager.py:52}}
Jul 10 16:06:21.266382 np0000005027 devstack@neutron-api.service[87825]: DEBUG neutron_lib.callbacks.manager [None req-d048ba1e-d529-476e-91d6-abad55810b0d None None] Subscribe: > subnet after_delete 55550000, False {{(pid=87825) subscribe /opt/stack/data/venv/lib/python3.12/site-packages/neutron_lib/callbacks/manager.py:52}}
Jul 10 16:06:21.266548 np0000005027 devstack@neutron-api.service[87825]: DEBUG neutron_lib.callbacks.manager [None req-d048ba1e-d529-476e-91d6-abad55810b0d None None] Subscribe: > network after_create 55550000, False {{(pid=87825) subscribe /opt/stack/data/venv/lib/python3.12/site-packages/neutron_lib/callbacks/manager.py:52}}
Jul 10 16:06:21.266721 np0000005027 devstack@neutron-api.service[87825]: DEBUG neutron_lib.callbacks.manager [None req-d048ba1e-d529-476e-91d6-abad55810b0d None None] Subscribe: > network after_update 55550000, False {{(pid=87825) subscribe /opt/stack/data/venv/lib/python3.12/site-packages/neutron_lib/callbacks/manager.py:52}}
Jul 10 16:06:21.266721 np0000005027 devstack@neutron-api.service[87825]: DEBUG neutron_lib.callbacks.manager [None req-d048ba1e-d529-476e-91d6-abad55810b0d None None] Subscribe: > network after_delete 55550000, False {{(pid=87825) subscribe /opt/stack/data/venv/lib/python3.12/site-packages/neutron_lib/callbacks/manager.py:52}}
Jul 10 16:06:21.266721 np0000005027 devstack@neutron-api.service[87825]: DEBUG neutron_lib.callbacks.manager [None req-d048ba1e-d529-476e-91d6-abad55810b0d None None] Subscribe: > security_group after_create 55550000, False {{(pid=87825) subscribe /opt/stack/data/venv/lib/python3.12/site-packages/neutron_lib/callbacks/manager.py:52}}
Jul 10 16:06:21.267088 np0000005027 devstack@neutron-api.service[87825]: DEBUG neutron_lib.callbacks.manager [None req-d048ba1e-d529-476e-91d6-abad55810b0d None None] Subscribe: > security_group after_update 55550000, False {{(pid=87825) subscribe /opt/stack/data/venv/lib/python3.12/site-packages/neutron_lib/callbacks/manager.py:52}}
Jul 10 16:06:21.267088 np0000005027 devstack@neutron-api.service[87825]: DEBUG neutron_lib.callbacks.manager [None req-d048ba1e-d529-476e-91d6-abad55810b0d None None] Subscribe: > security_group after_delete 55550000, False {{(pid=87825) subscribe /opt/stack/data/venv/lib/python3.12/site-packages/neutron_lib/callbacks/manager.py:52}}
Jul 10 16:06:21.267226 np0000005027 devstack@neutron-api.service[87825]: DEBUG neutron_lib.callbacks.manager [None req-d048ba1e-d529-476e-91d6-abad55810b0d None None] Subscribe: > security_group_rule after_create 55550000, False {{(pid=87825) subscribe /opt/stack/data/venv/lib/python3.12/site-packages/neutron_lib/callbacks/manager.py:52}}
Jul 10 16:06:21.267365 np0000005027 devstack@neutron-api.service[87825]: DEBUG neutron_lib.callbacks.manager [None req-d048ba1e-d529-476e-91d6-abad55810b0d None None] Subscribe: > security_group_rule after_update 55550000, False {{(pid=87825) subscribe /opt/stack/data/venv/lib/python3.12/site-packages/neutron_lib/callbacks/manager.py:52}}
Jul 10 16:06:21.267504 np0000005027 devstack@neutron-api.service[87825]: DEBUG neutron_lib.callbacks.manager [None req-d048ba1e-d529-476e-91d6-abad55810b0d None None] Subscribe: > security_group_rule after_delete 55550000, False {{(pid=87825) subscribe /opt/stack/data/venv/lib/python3.12/site-packages/neutron_lib/callbacks/manager.py:52}}
Jul 10 16:06:21.267646 np0000005027 devstack@neutron-api.service[87825]: DEBUG neutron_lib.callbacks.manager [None req-d048ba1e-d529-476e-91d6-abad55810b0d None None] Subscribe: > address_group after_create 55550000, False {{(pid=87825) subscribe /opt/stack/data/venv/lib/python3.12/site-packages/neutron_lib/callbacks/manager.py:52}}
Jul 10 16:06:21.267808 np0000005027 devstack@neutron-api.service[87825]: DEBUG neutron_lib.callbacks.manager [None req-d048ba1e-d529-476e-91d6-abad55810b0d None None] Subscribe: > address_group after_update 55550000, False {{(pid=87825) subscribe /opt/stack/data/venv/lib/python3.12/site-packages/neutron_lib/callbacks/manager.py:52}}
Jul 10 16:06:21.267867 np0000005027 devstack@neutron-api.service[87825]: DEBUG neutron_lib.callbacks.manager [None req-d048ba1e-d529-476e-91d6-abad55810b0d None None] Subscribe: > address_group after_delete 55550000, False {{(pid=87825) subscribe /opt/stack/data/venv/lib/python3.12/site-packages/neutron_lib/callbacks/manager.py:52}}
Jul 10 16:06:21.268013 np0000005027 devstack@neutron-api.service[87825]: DEBUG neutron.plugins.ml2.ovo_rpc [None req-d048ba1e-d529-476e-91d6-abad55810b0d None None] ML2 OVO RPC backend initialized. {{(pid=87825) __init__ /opt/stack/neutron/neutron/plugins/ml2/ovo_rpc.py:117}}
Jul 10 16:06:21.269274 np0000005027 devstack@neutron-api.service[87825]: INFO neutron.quota [None req-d048ba1e-d529-476e-91d6-abad55810b0d None None] Loaded quota_driver: .
Jul 10 16:06:21.270095 np0000005027 devstack@neutron-api.service[87825]: INFO neutron.plugins.ml2.plugin [None req-d048ba1e-d529-476e-91d6-abad55810b0d None None] Modular L2 Plugin initialization complete
Jul 10 16:06:21.270095 np0000005027 devstack@neutron-api.service[87825]: DEBUG neutron.manager [None req-d048ba1e-d529-476e-91d6-abad55810b0d None None] Loading services supported by the core plugin {{(pid=87825) _load_services_from_core_plugin /opt/stack/neutron/neutron/manager.py:167}}
Jul 10 16:06:21.270095 np0000005027 devstack@neutron-api.service[87825]: INFO neutron.plugins.ml2.managers [None req-d048ba1e-d529-476e-91d6-abad55810b0d None None] Got port-security extension from driver 'port_security'
Jul 10 16:06:21.270095 np0000005027 devstack@neutron-api.service[87825]: DEBUG neutron.manager [None req-d048ba1e-d529-476e-91d6-abad55810b0d None None] Loading service plugins: ['ovn-router', 'auto_allocate', 'tag', 'timestamp', 'network_ip_availability', 'flavors', 'revisions'] {{(pid=87825) _load_service_plugins /opt/stack/neutron/neutron/manager.py:192}}
Jul 10 16:06:21.270095 np0000005027 devstack@neutron-api.service[87825]: INFO neutron.manager [None req-d048ba1e-d529-476e-91d6-abad55810b0d None None] Loading Plugin: ovn-router
Jul 10 16:06:21.284079 np0000005027 devstack@neutron-api.service[87825]: DEBUG neutron_lib.callbacks.manager [None req-d048ba1e-d529-476e-91d6-abad55810b0d None None] Subscribe: > router before_delete 55550000, False {{(pid=87825) subscribe /opt/stack/data/venv/lib/python3.12/site-packages/neutron_lib/callbacks/manager.py:52}}
Jul 10 16:06:21.284429 np0000005027 devstack@neutron-api.service[87825]: DEBUG neutron_lib.callbacks.manager [None req-d048ba1e-d529-476e-91d6-abad55810b0d None None] Subscribe: port before_update 55550000, False {{(pid=87825) subscribe /opt/stack/data/venv/lib/python3.12/site-packages/neutron_lib/callbacks/manager.py:52}}
Jul 10 16:06:21.284545 np0000005027 devstack@neutron-api.service[87825]: DEBUG neutron_lib.callbacks.manager [None req-d048ba1e-d529-476e-91d6-abad55810b0d None None] Subscribe: port after_update 55550000, False {{(pid=87825) subscribe /opt/stack/data/venv/lib/python3.12/site-packages/neutron_lib/callbacks/manager.py:52}}
Jul 10 16:06:21.284643 np0000005027 devstack@neutron-api.service[87825]: DEBUG neutron_lib.callbacks.manager [None req-d048ba1e-d529-476e-91d6-abad55810b0d None None] Subscribe: > port precommit_delete 55550000, False {{(pid=87825) subscribe /opt/stack/data/venv/lib/python3.12/site-packages/neutron_lib/callbacks/manager.py:52}}
Jul 10 16:06:21.284828 np0000005027 devstack@neutron-api.service[87825]: DEBUG neutron_lib.callbacks.manager [None req-d048ba1e-d529-476e-91d6-abad55810b0d None None] Subscribe: port before_update 55550000, False {{(pid=87825) subscribe /opt/stack/data/venv/lib/python3.12/site-packages/neutron_lib/callbacks/manager.py:52}}
Jul 10 16:06:21.285059 np0000005027 devstack@neutron-api.service[87825]: DEBUG neutron_lib.callbacks.manager [None req-d048ba1e-d529-476e-91d6-abad55810b0d None None] Subscribe: port before_delete 55550000, False {{(pid=87825) subscribe /opt/stack/data/venv/lib/python3.12/site-packages/neutron_lib/callbacks/manager.py:52}}
Jul 10 16:06:21.285283 np0000005027 devstack@neutron-api.service[87825]: DEBUG neutron_lib.callbacks.manager [None req-d048ba1e-d529-476e-91d6-abad55810b0d None None] Subscribe: > router precommit_create 55550000, False {{(pid=87825) subscribe /opt/stack/data/venv/lib/python3.12/site-packages/neutron_lib/callbacks/manager.py:52}}
Jul 10 16:06:21.285283 np0000005027 devstack@neutron-api.service[87825]: DEBUG neutron_lib.callbacks.manager [None req-d048ba1e-d529-476e-91d6-abad55810b0d None None] Subscribe: > router precommit_create 55550000, False {{(pid=87825) subscribe /opt/stack/data/venv/lib/python3.12/site-packages/neutron_lib/callbacks/manager.py:52}}
Jul 10 16:06:21.285570 np0000005027 devstack@neutron-api.service[87825]: DEBUG neutron_lib.callbacks.manager [None req-d048ba1e-d529-476e-91d6-abad55810b0d None None] Subscribe: > router precommit_update 55550000, False {{(pid=87825) subscribe /opt/stack/data/venv/lib/python3.12/site-packages/neutron_lib/callbacks/manager.py:52}}
Jul 10 16:06:21.285570 np0000005027 devstack@neutron-api.service[87825]: DEBUG neutron_lib.callbacks.manager [None req-d048ba1e-d529-476e-91d6-abad55810b0d None None] Subscribe: subnet after_update 55550000, False {{(pid=87825) subscribe /opt/stack/data/venv/lib/python3.12/site-packages/neutron_lib/callbacks/manager.py:52}}
Jul 10 16:06:21.285912 np0000005027 devstack@neutron-api.service[87825]: DEBUG neutron.quota.resource_registry [None req-d048ba1e-d529-476e-91d6-abad55810b0d None None] Tracking information for resource: router configured {{(pid=87825) set_tracked_resource /opt/stack/neutron/neutron/quota/resource_registry.py:203}}
Jul 10 16:06:21.285976 np0000005027 devstack@neutron-api.service[87825]: DEBUG neutron.quota.resource_registry [None req-d048ba1e-d529-476e-91d6-abad55810b0d None None] Tracking information for resource: floatingip configured {{(pid=87825) set_tracked_resource /opt/stack/neutron/neutron/quota/resource_registry.py:203}}
Jul 10 16:06:21.286066 np0000005027 devstack@neutron-api.service[87825]: INFO neutron.services.ovn_l3.plugin [None req-d048ba1e-d529-476e-91d6-abad55810b0d None None] Starting OVNL3RouterPlugin
Jul 10 16:06:21.286453 np0000005027 devstack@neutron-api.service[87825]: DEBUG neutron_lib.callbacks.manager [None req-d048ba1e-d529-476e-91d6-abad55810b0d None None] Subscribe: > port_forwarding_plugin after_init 55550000, False {{(pid=87825) subscribe /opt/stack/data/venv/lib/python3.12/site-packages/neutron_lib/callbacks/manager.py:52}}
Jul 10 16:06:21.286747 np0000005027 devstack@neutron-api.service[87825]: DEBUG neutron_lib.callbacks.manager [None req-d048ba1e-d529-476e-91d6-abad55810b0d None None] Subscribe: > router before_create 55550100, False {{(pid=87825) subscribe /opt/stack/data/venv/lib/python3.12/site-packages/neutron_lib/callbacks/manager.py:52}}
Jul 10 16:06:21.286940 np0000005027 devstack@neutron-api.service[87825]: DEBUG neutron_lib.callbacks.manager [None req-d048ba1e-d529-476e-91d6-abad55810b0d None None] Subscribe: > router precommit_delete 55550100, False {{(pid=87825) subscribe /opt/stack/data/venv/lib/python3.12/site-packages/neutron_lib/callbacks/manager.py:52}}
Jul 10 16:06:21.287031 np0000005027 devstack@neutron-api.service[87825]: DEBUG neutron_lib.callbacks.manager [None req-d048ba1e-d529-476e-91d6-abad55810b0d None None] Subscribe: > router precommit_create 55550100, False {{(pid=87825) subscribe /opt/stack/data/venv/lib/python3.12/site-packages/neutron_lib/callbacks/manager.py:52}}
Jul 10 16:06:21.287113 np0000005027 devstack@neutron-api.service[87825]: DEBUG neutron_lib.callbacks.manager [None req-d048ba1e-d529-476e-91d6-abad55810b0d None None] Subscribe: > router precommit_update 55550100, False {{(pid=87825) subscribe /opt/stack/data/venv/lib/python3.12/site-packages/neutron_lib/callbacks/manager.py:52}}
Jul 10 16:06:21.292117 np0000005027 devstack@neutron-api.service[87825]: DEBUG neutron.services.provider_configuration [None req-d048ba1e-d529-476e-91d6-abad55810b0d None None] Service providers = [] {{(pid=87825) parse_service_provider_opt /opt/stack/neutron/neutron/services/provider_configuration.py:170}}
Jul 10 16:06:21.292325 np0000005027 devstack@neutron-api.service[87825]: DEBUG neutron.db.servicetype_db [None req-d048ba1e-d529-476e-91d6-abad55810b0d None None] Adding provider configuration for service L3_ROUTER_NAT {{(pid=87825) add_provider_configuration /opt/stack/neutron/neutron/db/servicetype_db.py:45}}
Jul 10 16:06:21.294085 np0000005027 devstack@neutron-api.service[87825]: DEBUG neutron_lib.callbacks.manager [None req-d048ba1e-d529-476e-91d6-abad55810b0d None None] Subscribe: > router precommit_create 55549900, False {{(pid=87825) subscribe /opt/stack/data/venv/lib/python3.12/site-packages/neutron_lib/callbacks/manager.py:52}}
Jul 10 16:06:21.294316 np0000005027 devstack@neutron-api.service[87825]: DEBUG neutron_lib.callbacks.manager [None req-d048ba1e-d529-476e-91d6-abad55810b0d None None] Subscribe: > router_interface after_create 55550000, False {{(pid=87825) subscribe /opt/stack/data/venv/lib/python3.12/site-packages/neutron_lib/callbacks/manager.py:52}}
Jul 10 16:06:21.294475 np0000005027 devstack@neutron-api.service[87825]: DEBUG neutron_lib.callbacks.manager [None req-d048ba1e-d529-476e-91d6-abad55810b0d None None] Subscribe: > floatingip after_create 55550000, False {{(pid=87825) subscribe /opt/stack/data/venv/lib/python3.12/site-packages/neutron_lib/callbacks/manager.py:52}}
Jul 10 16:06:21.294648 np0000005027 devstack@neutron-api.service[87825]: DEBUG neutron_lib.callbacks.manager [None req-d048ba1e-d529-476e-91d6-abad55810b0d None None] Subscribe: > floatingip precommit_create 55550000, False {{(pid=87825) subscribe /opt/stack/data/venv/lib/python3.12/site-packages/neutron_lib/callbacks/manager.py:52}}
Jul 10 16:06:21.294793 np0000005027 devstack@neutron-api.service[87825]: DEBUG neutron_lib.callbacks.manager [None req-d048ba1e-d529-476e-91d6-abad55810b0d None None] Subscribe: > floatingip precommit_update 55550000, False {{(pid=87825) subscribe /opt/stack/data/venv/lib/python3.12/site-packages/neutron_lib/callbacks/manager.py:52}}
Jul 10 16:06:21.294980 np0000005027 devstack@neutron-api.service[87825]: DEBUG neutron_lib.callbacks.manager [None req-d048ba1e-d529-476e-91d6-abad55810b0d None None] Subscribe: > floatingip after_delete 55550000, False {{(pid=87825) subscribe /opt/stack/data/venv/lib/python3.12/site-packages/neutron_lib/callbacks/manager.py:52}}
Jul 10 16:06:21.295083 np0000005027 devstack@neutron-api.service[87825]: DEBUG neutron_lib.callbacks.manager [None req-d048ba1e-d529-476e-91d6-abad55810b0d None None] Subscribe: > floatingip after_status_update 55550000, False {{(pid=87825) subscribe /opt/stack/data/venv/lib/python3.12/site-packages/neutron_lib/callbacks/manager.py:52}}
Jul 10 16:06:21.295254 np0000005027 devstack@neutron-api.service[87825]: DEBUG neutron_lib.callbacks.manager [None req-d048ba1e-d529-476e-91d6-abad55810b0d None None] Subscribe: > floatingip after_update 55550000, False {{(pid=87825) subscribe /opt/stack/data/venv/lib/python3.12/site-packages/neutron_lib/callbacks/manager.py:52}}
Jul 10 16:06:21.295395 np0000005027 devstack@neutron-api.service[87825]: DEBUG neutron_lib.callbacks.manager [None req-d048ba1e-d529-476e-91d6-abad55810b0d None None] Subscribe: > port_forwarding after_create 55550000, False {{(pid=87825) subscribe /opt/stack/data/venv/lib/python3.12/site-packages/neutron_lib/callbacks/manager.py:52}}
Jul 10 16:06:21.295570 np0000005027 devstack@neutron-api.service[87825]: DEBUG neutron_lib.callbacks.manager [None req-d048ba1e-d529-476e-91d6-abad55810b0d None None] Subscribe: > router_interface after_delete 55550000, False {{(pid=87825) subscribe /opt/stack/data/venv/lib/python3.12/site-packages/neutron_lib/callbacks/manager.py:52}}
Jul 10 16:06:21.295769 np0000005027 devstack@neutron-api.service[87825]: DEBUG neutron_lib.callbacks.manager [None req-d048ba1e-d529-476e-91d6-abad55810b0d None None] Subscribe: > router after_create 55550000, False {{(pid=87825) subscribe /opt/stack/data/venv/lib/python3.12/site-packages/neutron_lib/callbacks/manager.py:52}}
Jul 10 16:06:21.295769 np0000005027 devstack@neutron-api.service[87825]: DEBUG neutron_lib.callbacks.manager [None req-d048ba1e-d529-476e-91d6-abad55810b0d None None] Subscribe: > router precommit_create 55550000, False {{(pid=87825) subscribe /opt/stack/data/venv/lib/python3.12/site-packages/neutron_lib/callbacks/manager.py:52}}
Jul 10 16:06:21.295977 np0000005027 devstack@neutron-api.service[87825]: DEBUG neutron_lib.callbacks.manager [None req-d048ba1e-d529-476e-91d6-abad55810b0d None None] Subscribe: > router after_delete 55550000, False {{(pid=87825) subscribe /opt/stack/data/venv/lib/python3.12/site-packages/neutron_lib/callbacks/manager.py:52}}
Jul 10 16:06:21.296146 np0000005027 devstack@neutron-api.service[87825]: DEBUG neutron_lib.callbacks.manager [None req-d048ba1e-d529-476e-91d6-abad55810b0d None None] Subscribe: > router after_update 55550000, False {{(pid=87825) subscribe /opt/stack/data/venv/lib/python3.12/site-packages/neutron_lib/callbacks/manager.py:52}}
Jul 10 16:06:21.296342 np0000005027 devstack@neutron-api.service[87825]: DEBUG neutron.services.service_base [None req-d048ba1e-d529-476e-91d6-abad55810b0d None None] Loaded 'neutron.services.ovn_l3.service_providers.ovn.OvnDriver' provider for service L3_ROUTER_NAT {{(pid=87825) load_drivers /opt/stack/neutron/neutron/services/service_base.py:49}}
Jul 10 16:06:21.296482 np0000005027 devstack@neutron-api.service[87825]: DEBUG neutron_lib.callbacks.manager [None req-d048ba1e-d529-476e-91d6-abad55810b0d None None] Subscribe: > process after_init 55550001, True {{(pid=87825) subscribe /opt/stack/data/venv/lib/python3.12/site-packages/neutron_lib/callbacks/manager.py:52}}
Jul 10 16:06:21.296934 np0000005027 devstack@neutron-api.service[87825]: DEBUG neutron.manager [None req-d048ba1e-d529-476e-91d6-abad55810b0d None None] Successfully loaded L3_ROUTER_NAT plugin. Description: L3 Router Service Plugin for basic L3 forwarding using OVN {{(pid=87825) _create_and_add_service_plugin /opt/stack/neutron/neutron/manager.py:236}}
Jul 10 16:06:21.296934 np0000005027 devstack@neutron-api.service[87825]: INFO neutron.manager [None req-d048ba1e-d529-476e-91d6-abad55810b0d None None] Loading Plugin: auto_allocate
Jul 10 16:06:21.298365 np0000005027 devstack@neutron-api.service[87825]: DEBUG neutron_lib.callbacks.manager [None req-d048ba1e-d529-476e-91d6-abad55810b0d None None] Subscribe: network precommit_update 55550000, False {{(pid=87825) subscribe /opt/stack/data/venv/lib/python3.12/site-packages/neutron_lib/callbacks/manager.py:52}}
Jul 10 16:06:21.298507 np0000005027 devstack@neutron-api.service[87825]: DEBUG neutron_lib.callbacks.manager [None req-d048ba1e-d529-476e-91d6-abad55810b0d None None] Subscribe: network precommit_create 55550000, False {{(pid=87825) subscribe /opt/stack/data/venv/lib/python3.12/site-packages/neutron_lib/callbacks/manager.py:52}}
Jul 10 16:06:21.298830 np0000005027 devstack@neutron-api.service[87825]: DEBUG neutron.manager [None req-d048ba1e-d529-476e-91d6-abad55810b0d None None] Successfully loaded auto-allocated-topology plugin. Description: Auto Allocated Topology - aka get me a network. {{(pid=87825) _create_and_add_service_plugin /opt/stack/neutron/neutron/manager.py:236}}
Jul 10 16:06:21.298932 np0000005027 devstack@neutron-api.service[87825]: INFO neutron.manager [None req-d048ba1e-d529-476e-91d6-abad55810b0d None None] Loading Plugin: tag
Jul 10 16:06:21.303111 np0000005027 devstack@neutron-api.service[87825]: DEBUG neutron.manager [None req-d048ba1e-d529-476e-91d6-abad55810b0d None None] Successfully loaded TAG plugin. Description: Tag support {{(pid=87825) _create_and_add_service_plugin /opt/stack/neutron/neutron/manager.py:236}}
Jul 10 16:06:21.304013 np0000005027 devstack@neutron-api.service[87825]: INFO neutron.manager [None req-d048ba1e-d529-476e-91d6-abad55810b0d None None] Loading Plugin: timestamp
Jul 10 16:06:21.304796 np0000005027 devstack@neutron-api.service[87823]: INFO neutron.plugins.ml2.drivers.type_vlan [None req-f9e85916-d038-427a-98ef-078b826a0c95 None None] VlanTypeDriver initialization complete
Jul 10 16:06:21.305299 np0000005027 devstack@neutron-api.service[87823]: INFO neutron.plugins.ml2.managers [None req-f9e85916-d038-427a-98ef-078b826a0c95 None None] Initializing extension driver 'port_security'
Jul 10 16:06:21.305299 np0000005027 devstack@neutron-api.service[87823]: INFO neutron.plugins.ml2.extensions.port_security [None req-f9e85916-d038-427a-98ef-078b826a0c95 None None] PortSecurityExtensionDriver initialization complete
Jul 10 16:06:21.305299 np0000005027 devstack@neutron-api.service[87823]: INFO neutron.plugins.ml2.managers [None req-f9e85916-d038-427a-98ef-078b826a0c95 None None] Initializing extension driver 'qos'
Jul 10 16:06:21.305525 np0000005027 devstack@neutron-api.service[87823]: DEBUG neutron.plugins.ml2.extensions.qos [None req-f9e85916-d038-427a-98ef-078b826a0c95 None None] QosExtensionDriver initialization complete {{(pid=87823) initialize /opt/stack/neutron/neutron/plugins/ml2/extensions/qos.py:31}}
Jul 10 16:06:21.305694 np0000005027 devstack@neutron-api.service[87823]: INFO neutron.plugins.ml2.managers [None req-f9e85916-d038-427a-98ef-078b826a0c95 None None] Initializing mechanism driver 'ovn'
Jul 10 16:06:21.305812 np0000005027 devstack@neutron-api.service[87823]: INFO neutron.plugins.ml2.drivers.ovn.mech_driver.mech_driver [None req-f9e85916-d038-427a-98ef-078b826a0c95 None None] Starting OVNMechanismDriver
Jul 10 16:06:21.306904 np0000005027 devstack@neutron-api.service[87825]: DEBUG neutron.manager [None req-d048ba1e-d529-476e-91d6-abad55810b0d None None] Successfully loaded timestamp plugin. Description: Adds timestamps to Neutron resources with standard attributes {{(pid=87825) _create_and_add_service_plugin /opt/stack/neutron/neutron/manager.py:236}}
Jul 10 16:06:21.307084 np0000005027 devstack@neutron-api.service[87825]: INFO neutron.manager [None req-d048ba1e-d529-476e-91d6-abad55810b0d None None] Loading Plugin: network_ip_availability
Jul 10 16:06:21.308098 np0000005027 devstack@neutron-api.service[87823]: DEBUG neutron_lib.callbacks.manager [None req-f9e85916-d038-427a-98ef-078b826a0c95 None None] Subscribe: > process before_spawn 55550000, False {{(pid=87823) subscribe /opt/stack/data/venv/lib/python3.12/site-packages/neutron_lib/callbacks/manager.py:52}}
Jul 10 16:06:21.308745 np0000005027 devstack@neutron-api.service[87823]: DEBUG neutron_lib.callbacks.manager [None req-f9e85916-d038-427a-98ef-078b826a0c95 None None] Subscribe: > process after_init 55550000, True {{(pid=87823) subscribe /opt/stack/data/venv/lib/python3.12/site-packages/neutron_lib/callbacks/manager.py:52}}
Jul 10 16:06:21.308745 np0000005027 devstack@neutron-api.service[87823]: DEBUG neutron_lib.callbacks.manager [None req-f9e85916-d038-427a-98ef-078b826a0c95 None None] Subscribe: > segment after_create 55550000, False {{(pid=87823) subscribe /opt/stack/data/venv/lib/python3.12/site-packages/neutron_lib/callbacks/manager.py:52}}
Jul 10 16:06:21.308745 np0000005027 devstack@neutron-api.service[87823]: DEBUG neutron_lib.callbacks.manager [None req-f9e85916-d038-427a-98ef-078b826a0c95 None None] Subscribe: > segment after_create 55550000, False {{(pid=87823) subscribe /opt/stack/data/venv/lib/python3.12/site-packages/neutron_lib/callbacks/manager.py:52}}
Jul 10 16:06:21.308745 np0000005027 devstack@neutron-api.service[87823]: DEBUG neutron_lib.callbacks.manager [None req-f9e85916-d038-427a-98ef-078b826a0c95 None None] Subscribe: > segment after_delete 55550000, False {{(pid=87823) subscribe /opt/stack/data/venv/lib/python3.12/site-packages/neutron_lib/callbacks/manager.py:52}}
Jul 10 16:06:21.309030 np0000005027 devstack@neutron-api.service[87823]: DEBUG neutron_lib.callbacks.manager [None req-f9e85916-d038-427a-98ef-078b826a0c95 None None] Subscribe: > allowed_address_pair before_create 55550000, False {{(pid=87823) subscribe /opt/stack/data/venv/lib/python3.12/site-packages/neutron_lib/callbacks/manager.py:52}}
Jul 10 16:06:21.309030 np0000005027 devstack@neutron-api.service[87823]: DEBUG neutron_lib.callbacks.manager [None req-f9e85916-d038-427a-98ef-078b826a0c95 None None] Subscribe: > security_group precommit_create 55550000, False {{(pid=87823) subscribe /opt/stack/data/venv/lib/python3.12/site-packages/neutron_lib/callbacks/manager.py:52}}
Jul 10 16:06:21.309230 np0000005027 devstack@neutron-api.service[87823]: DEBUG neutron_lib.callbacks.manager [None req-f9e85916-d038-427a-98ef-078b826a0c95 None None] Subscribe: > security_group after_update 55550000, False {{(pid=87823) subscribe /opt/stack/data/venv/lib/python3.12/site-packages/neutron_lib/callbacks/manager.py:52}}
Jul 10 16:06:21.309377 np0000005027 devstack@neutron-api.service[87823]: DEBUG neutron_lib.callbacks.manager [None req-f9e85916-d038-427a-98ef-078b826a0c95 None None] Subscribe: > security_group after_create 55550000, False {{(pid=87823) subscribe /opt/stack/data/venv/lib/python3.12/site-packages/neutron_lib/callbacks/manager.py:52}}
Jul 10 16:06:21.309515 np0000005027 devstack@neutron-api.service[87823]: DEBUG neutron_lib.callbacks.manager [None req-f9e85916-d038-427a-98ef-078b826a0c95 None None] Subscribe: > security_group precommit_delete 55550000, False {{(pid=87823) subscribe /opt/stack/data/venv/lib/python3.12/site-packages/neutron_lib/callbacks/manager.py:52}}
Jul 10 16:06:21.309631 np0000005027 devstack@neutron-api.service[87823]: DEBUG neutron_lib.callbacks.manager [None req-f9e85916-d038-427a-98ef-078b826a0c95 None None] Subscribe: > security_group after_delete 55550000, False {{(pid=87823) subscribe /opt/stack/data/venv/lib/python3.12/site-packages/neutron_lib/callbacks/manager.py:52}}
Jul 10 16:06:21.309747 np0000005027 devstack@neutron-api.service[87823]: DEBUG neutron_lib.callbacks.manager [None req-f9e85916-d038-427a-98ef-078b826a0c95 None None] Subscribe: > security_group_rule precommit_create 55550000, False {{(pid=87823) subscribe /opt/stack/data/venv/lib/python3.12/site-packages/neutron_lib/callbacks/manager.py:52}}
Jul 10 16:06:21.309909 np0000005027 devstack@neutron-api.service[87823]: DEBUG neutron_lib.callbacks.manager [None req-f9e85916-d038-427a-98ef-078b826a0c95 None None] Subscribe: > security_group_rule after_create 55550000, False {{(pid=87823) subscribe /opt/stack/data/venv/lib/python3.12/site-packages/neutron_lib/callbacks/manager.py:52}}
Jul 10 16:06:21.310019 np0000005027 devstack@neutron-api.service[87825]: DEBUG neutron.manager [None req-d048ba1e-d529-476e-91d6-abad55810b0d None None] Successfully loaded network-ip-availability plugin. Description: Provides IP availability data for each network and subnet. {{(pid=87825) _create_and_add_service_plugin /opt/stack/neutron/neutron/manager.py:236}}
Jul 10 16:06:21.310155 np0000005027 devstack@neutron-api.service[87823]: DEBUG neutron_lib.callbacks.manager [None req-f9e85916-d038-427a-98ef-078b826a0c95 None None] Subscribe: > security_group_rule before_delete 55550000, False {{(pid=87823) subscribe /opt/stack/data/venv/lib/python3.12/site-packages/neutron_lib/callbacks/manager.py:52}}
Jul 10 16:06:21.310304 np0000005027 devstack@neutron-api.service[87825]: INFO neutron.manager [None req-d048ba1e-d529-476e-91d6-abad55810b0d None None] Loading Plugin: flavors
Jul 10 16:06:21.310419 np0000005027 devstack@neutron-api.service[87823]: DEBUG neutron_lib.callbacks.manager [None req-f9e85916-d038-427a-98ef-078b826a0c95 None None] Subscribe: > address_group after_create 55550000, False {{(pid=87823) subscribe /opt/stack/data/venv/lib/python3.12/site-packages/neutron_lib/callbacks/manager.py:52}}
Jul 10 16:06:21.310419 np0000005027 devstack@neutron-api.service[87823]: DEBUG neutron_lib.callbacks.manager [None req-f9e85916-d038-427a-98ef-078b826a0c95 None None] Subscribe: > address_group after_update 55550000, False {{(pid=87823) subscribe /opt/stack/data/venv/lib/python3.12/site-packages/neutron_lib/callbacks/manager.py:52}}
Jul 10 16:06:21.310419 np0000005027 devstack@neutron-api.service[87823]: DEBUG neutron_lib.callbacks.manager [None req-f9e85916-d038-427a-98ef-078b826a0c95 None None] Subscribe: > address_group after_delete 55550000, False {{(pid=87823) subscribe /opt/stack/data/venv/lib/python3.12/site-packages/neutron_lib/callbacks/manager.py:52}}
Jul 10 16:06:21.310983 np0000005027 devstack@neutron-api.service[87823]: DEBUG neutron_lib.callbacks.manager [None req-f9e85916-d038-427a-98ef-078b826a0c95 None None] Subscribe: > qos_plugin after_init 55550000, False {{(pid=87823) subscribe /opt/stack/data/venv/lib/python3.12/site-packages/neutron_lib/callbacks/manager.py:52}}
Jul 10 16:06:21.310983 np0000005027 devstack@neutron-api.service[87823]: DEBUG neutron_lib.callbacks.manager [None req-f9e85916-d038-427a-98ef-078b826a0c95 None None] Subscribe: > trunk_plugin after_init 55550000, False {{(pid=87823) subscribe /opt/stack/data/venv/lib/python3.12/site-packages/neutron_lib/callbacks/manager.py:52}}
Jul 10 16:06:21.311311 np0000005027 devstack@neutron-api.service[87823]: DEBUG neutron_lib.callbacks.manager [None req-f9e85916-d038-427a-98ef-078b826a0c95 None None] Subscribe: > logging-plugin after_init 55550000, False {{(pid=87823) subscribe /opt/stack/data/venv/lib/python3.12/site-packages/neutron_lib/callbacks/manager.py:52}}
Jul 10 16:06:21.311401 np0000005027 devstack@neutron-api.service[87825]: DEBUG neutron.manager [None req-d048ba1e-d529-476e-91d6-abad55810b0d None None] Successfully loaded FLAVORS plugin. Description: Neutron Flavors and Service Profiles manager plugin {{(pid=87825) _create_and_add_service_plugin /opt/stack/neutron/neutron/manager.py:236}}
Jul 10 16:06:21.311555 np0000005027 devstack@neutron-api.service[87825]: INFO neutron.manager [None req-d048ba1e-d529-476e-91d6-abad55810b0d None None] Loading Plugin: revisions
Jul 10 16:06:21.311986 np0000005027 devstack@neutron-api.service[87823]: INFO neutron.services.logapi.drivers.ovn.driver [None req-f9e85916-d038-427a-98ef-078b826a0c95 None None] OVN logging driver registered
Jul 10 16:06:21.312221 np0000005027 devstack@neutron-api.service[87823]: DEBUG neutron_lib.callbacks.manager [None req-f9e85916-d038-427a-98ef-078b826a0c95 None None] Subscribe: ._register_pvlan_driver at 0x75a291dce5c0> pvlan_plugin before_spawn 55550000, False {{(pid=87823) subscribe /opt/stack/data/venv/lib/python3.12/site-packages/neutron_lib/callbacks/manager.py:52}}
Jul 10 16:06:21.312516 np0000005027 devstack@neutron-api.service[87823]: DEBUG neutron_lib.callbacks.manager [None req-f9e85916-d038-427a-98ef-078b826a0c95 None None] Subscribe: process after_init 55550000, False {{(pid=87823) subscribe /opt/stack/data/venv/lib/python3.12/site-packages/neutron_lib/callbacks/manager.py:52}}
Jul 10 16:06:21.313274 np0000005027 devstack@neutron-api.service[87825]: DEBUG neutron.manager [None req-d048ba1e-d529-476e-91d6-abad55810b0d None None] Successfully loaded revision_plugin plugin. Description: Adds revision numbers to resources. {{(pid=87825) _create_and_add_service_plugin /opt/stack/neutron/neutron/manager.py:236}}
Jul 10 16:06:21.313535 np0000005027 devstack@neutron-api.service[87825]: DEBUG oslo_concurrency.lockutils [None req-d048ba1e-d529-476e-91d6-abad55810b0d None None] Lock "manager" "released" by "neutron.manager.NeutronManager._create_instance" :: held 5.023s {{(pid=87825) inner /opt/stack/data/venv/lib/python3.12/site-packages/oslo_concurrency/lockutils.py:543}}
Jul 10 16:06:21.313966 np0000005027 devstack@neutron-api.service[87825]: DEBUG neutron.api.extensions [None req-d048ba1e-d529-476e-91d6-abad55810b0d None None] get_extension_paths = OrderedDict({'/opt/stack/neutron/neutron/extensions': 1}) {{(pid=87825) get_extensions_path /opt/stack/neutron/neutron/api/extensions.py:640}}
Jul 10 16:06:21.313966 np0000005027 devstack@neutron-api.service[87825]: INFO neutron.api.extensions [None req-d048ba1e-d529-476e-91d6-abad55810b0d None None] Initializing extension manager.
Jul 10 16:06:21.314343 np0000005027 devstack@neutron-api.service[87825]: DEBUG neutron.api.extensions [None req-d048ba1e-d529-476e-91d6-abad55810b0d None None] Loading extension file: __init__.py {{(pid=87825) _load_all_extensions_from_path /opt/stack/neutron/neutron/api/extensions.py:449}}
Jul 10 16:06:21.314447 np0000005027 devstack@neutron-api.service[87825]: DEBUG neutron.api.extensions [None req-d048ba1e-d529-476e-91d6-abad55810b0d None None] Loading extension file: __pycache__ {{(pid=87825) _load_all_extensions_from_path /opt/stack/neutron/neutron/api/extensions.py:449}}
Jul 10 16:06:21.314447 np0000005027 devstack@neutron-api.service[87825]: DEBUG neutron.api.extensions [None req-d048ba1e-d529-476e-91d6-abad55810b0d None None] Loading extension file: aap_reject_multicast.py {{(pid=87825) _load_all_extensions_from_path /opt/stack/neutron/neutron/api/extensions.py:449}}
Jul 10 16:06:21.314981 np0000005027 devstack@neutron-api.service[87823]: DEBUG neutron.plugins.ml2.plugin [None req-f9e85916-d038-427a-98ef-078b826a0c95 None None] neutron.plugins.ml2.plugin.Ml2Plugin method _start_rpc_notifiers called with arguments () {} {{(pid=87823) wrapper /opt/stack/data/venv/lib/python3.12/site-packages/oslo_log/helpers.py:77}}
Jul 10 16:06:21.315258 np0000005027 devstack@neutron-api.service[87825]: DEBUG neutron.api.extensions [None req-d048ba1e-d529-476e-91d6-abad55810b0d None None] Ext name="Allowed address pairs reject multicast extension" alias="aap-reject-multicast" description="Reject multicast addresses in Allowed Address Pairs" updated="2026-04-01T00:00:00-00:00" {{(pid=87825) _check_extension /opt/stack/neutron/neutron/api/extensions.py:415}}
Jul 10 16:06:21.315258 np0000005027 devstack@neutron-api.service[87825]: INFO neutron.api.extensions [None req-d048ba1e-d529-476e-91d6-abad55810b0d None None] Extension aap-reject-multicast not supported by any of loaded plugins
Jul 10 16:06:21.315572 np0000005027 devstack@neutron-api.service[87823]: DEBUG neutron_lib.callbacks.manager [None req-f9e85916-d038-427a-98ef-078b826a0c95 None None] Subscribe: > port after_create 55550000, False {{(pid=87823) subscribe /opt/stack/data/venv/lib/python3.12/site-packages/neutron_lib/callbacks/manager.py:52}}
Jul 10 16:06:21.315785 np0000005027 devstack@neutron-api.service[87825]: DEBUG neutron.api.extensions [None req-d048ba1e-d529-476e-91d6-abad55810b0d None None] Loading extension file: address_group.py {{(pid=87825) _load_all_extensions_from_path /opt/stack/neutron/neutron/api/extensions.py:449}}
Jul 10 16:06:21.315887 np0000005027 devstack@neutron-api.service[87823]: DEBUG neutron_lib.callbacks.manager [None req-f9e85916-d038-427a-98ef-078b826a0c95 None None] Subscribe: > port after_update 55550000, False {{(pid=87823) subscribe /opt/stack/data/venv/lib/python3.12/site-packages/neutron_lib/callbacks/manager.py:52}}
Jul 10 16:06:21.315887 np0000005027 devstack@neutron-api.service[87823]: DEBUG neutron_lib.callbacks.manager [None req-f9e85916-d038-427a-98ef-078b826a0c95 None None] Subscribe: > port after_delete 55550000, False {{(pid=87823) subscribe /opt/stack/data/venv/lib/python3.12/site-packages/neutron_lib/callbacks/manager.py:52}}
Jul 10 16:06:21.315887 np0000005027 devstack@neutron-api.service[87823]: DEBUG neutron_lib.callbacks.manager [None req-f9e85916-d038-427a-98ef-078b826a0c95 None None] Subscribe: > subnet after_create 55550000, False {{(pid=87823) subscribe /opt/stack/data/venv/lib/python3.12/site-packages/neutron_lib/callbacks/manager.py:52}}
Jul 10 16:06:21.316068 np0000005027 devstack@neutron-api.service[87825]: DEBUG neutron.api.extensions [None req-d048ba1e-d529-476e-91d6-abad55810b0d None None] Ext name="Address group" alias="address-group" description="Support address group" updated="2020-07-15T10:00:00-00:00" {{(pid=87825) _check_extension /opt/stack/neutron/neutron/api/extensions.py:415}}
Jul 10 16:06:21.316226 np0000005027 devstack@neutron-api.service[87823]: DEBUG neutron_lib.callbacks.manager [None req-f9e85916-d038-427a-98ef-078b826a0c95 None None] Subscribe: > subnet after_update 55550000, False {{(pid=87823) subscribe /opt/stack/data/venv/lib/python3.12/site-packages/neutron_lib/callbacks/manager.py:52}}
Jul 10 16:06:21.316276 np0000005027 devstack@neutron-api.service[87825]: INFO neutron.api.extensions [None req-d048ba1e-d529-476e-91d6-abad55810b0d None None] Loaded extension: address-group
Jul 10 16:06:21.316423 np0000005027 devstack@neutron-api.service[87823]: DEBUG neutron_lib.callbacks.manager [None req-f9e85916-d038-427a-98ef-078b826a0c95 None None] Subscribe: > subnet after_delete 55550000, False {{(pid=87823) subscribe /opt/stack/data/venv/lib/python3.12/site-packages/neutron_lib/callbacks/manager.py:52}}
Jul 10 16:06:21.316481 np0000005027 devstack@neutron-api.service[87825]: DEBUG neutron.api.extensions [None req-d048ba1e-d529-476e-91d6-abad55810b0d None None] Loading extension file: address_scope.py {{(pid=87825) _load_all_extensions_from_path /opt/stack/neutron/neutron/api/extensions.py:449}}
Jul 10 16:06:21.316524 np0000005027 devstack@neutron-api.service[87823]: DEBUG neutron_lib.callbacks.manager [None req-f9e85916-d038-427a-98ef-078b826a0c95 None None] Subscribe: > network after_create 55550000, False {{(pid=87823) subscribe /opt/stack/data/venv/lib/python3.12/site-packages/neutron_lib/callbacks/manager.py:52}}
Jul 10 16:06:21.316524 np0000005027 devstack@neutron-api.service[87823]: DEBUG neutron_lib.callbacks.manager [None req-f9e85916-d038-427a-98ef-078b826a0c95 None None] Subscribe: > network after_update 55550000, False {{(pid=87823) subscribe /opt/stack/data/venv/lib/python3.12/site-packages/neutron_lib/callbacks/manager.py:52}}
Jul 10 16:06:21.316612 np0000005027 devstack@neutron-api.service[87825]: DEBUG neutron.api.extensions [None req-d048ba1e-d529-476e-91d6-abad55810b0d None None] Ext name="Address scope" alias="address-scope" description="Address scopes extension." updated="2015-07-26T10:00:00-00:00" {{(pid=87825) _check_extension /opt/stack/neutron/neutron/api/extensions.py:415}}
Jul 10 16:06:21.316666 np0000005027 devstack@neutron-api.service[87823]: DEBUG neutron_lib.callbacks.manager [None req-f9e85916-d038-427a-98ef-078b826a0c95 None None] Subscribe: > network after_delete 55550000, False {{(pid=87823) subscribe /opt/stack/data/venv/lib/python3.12/site-packages/neutron_lib/callbacks/manager.py:52}}
Jul 10 16:06:21.316666 np0000005027 devstack@neutron-api.service[87823]: DEBUG neutron_lib.callbacks.manager [None req-f9e85916-d038-427a-98ef-078b826a0c95 None None] Subscribe: > security_group after_create 55550000, False {{(pid=87823) subscribe /opt/stack/data/venv/lib/python3.12/site-packages/neutron_lib/callbacks/manager.py:52}}
Jul 10 16:06:21.316742 np0000005027 devstack@neutron-api.service[87825]: INFO neutron.api.extensions [None req-d048ba1e-d529-476e-91d6-abad55810b0d None None] Loaded extension: address-scope
Jul 10 16:06:21.316797 np0000005027 devstack@neutron-api.service[87823]: DEBUG neutron_lib.callbacks.manager [None req-f9e85916-d038-427a-98ef-078b826a0c95 None None] Subscribe: > security_group after_update 55550000, False {{(pid=87823) subscribe /opt/stack/data/venv/lib/python3.12/site-packages/neutron_lib/callbacks/manager.py:52}}
Jul 10 16:06:21.316837 np0000005027 devstack@neutron-api.service[87825]: DEBUG neutron.api.extensions [None req-d048ba1e-d529-476e-91d6-abad55810b0d None None] Loading extension file: admin_state_down_before_update.py {{(pid=87825) _load_all_extensions_from_path /opt/stack/neutron/neutron/api/extensions.py:449}}
Jul 10 16:06:21.316876 np0000005027 devstack@neutron-api.service[87823]: DEBUG neutron_lib.callbacks.manager [None req-f9e85916-d038-427a-98ef-078b826a0c95 None None] Subscribe: > security_group after_delete 55550000, False {{(pid=87823) subscribe /opt/stack/data/venv/lib/python3.12/site-packages/neutron_lib/callbacks/manager.py:52}}
Jul 10 16:06:21.316920 np0000005027 devstack@neutron-api.service[87823]: DEBUG neutron_lib.callbacks.manager [None req-f9e85916-d038-427a-98ef-078b826a0c95 None None] Subscribe: > security_group_rule after_create 55550000, False {{(pid=87823) subscribe /opt/stack/data/venv/lib/python3.12/site-packages/neutron_lib/callbacks/manager.py:52}}
Jul 10 16:06:21.317090 np0000005027 devstack@neutron-api.service[87823]: DEBUG neutron_lib.callbacks.manager [None req-f9e85916-d038-427a-98ef-078b826a0c95 None None] Subscribe: > security_group_rule after_update 55550000, False {{(pid=87823) subscribe /opt/stack/data/venv/lib/python3.12/site-packages/neutron_lib/callbacks/manager.py:52}}
Jul 10 16:06:21.317165 np0000005027 devstack@neutron-api.service[87825]: DEBUG neutron.api.extensions [None req-d048ba1e-d529-476e-91d6-abad55810b0d None None] Ext name="Enforce Router's Admin State Down Before Update Extension" alias="router-admin-state-down-before-update" description="Ensure that the admin state of a router is DOWN (admin_state_up=False) before updating the distributed attribute" updated="2019-07-02T15:56:00" {{(pid=87825) _check_extension /opt/stack/neutron/neutron/api/extensions.py:415}}
Jul 10 16:06:21.317211 np0000005027 devstack@neutron-api.service[87823]: DEBUG neutron_lib.callbacks.manager [None req-f9e85916-d038-427a-98ef-078b826a0c95 None None] Subscribe: > security_group_rule after_delete 55550000, False {{(pid=87823) subscribe /opt/stack/data/venv/lib/python3.12/site-packages/neutron_lib/callbacks/manager.py:52}}
Jul 10 16:06:21.317357 np0000005027 devstack@neutron-api.service[87825]: INFO neutron.api.extensions [None req-d048ba1e-d529-476e-91d6-abad55810b0d None None] Extension router-admin-state-down-before-update not supported by any of loaded plugins
Jul 10 16:06:21.317405 np0000005027 devstack@neutron-api.service[87823]: DEBUG neutron_lib.callbacks.manager [None req-f9e85916-d038-427a-98ef-078b826a0c95 None None] Subscribe: > address_group after_create 55550000, False {{(pid=87823) subscribe /opt/stack/data/venv/lib/python3.12/site-packages/neutron_lib/callbacks/manager.py:52}}
Jul 10 16:06:21.317443 np0000005027 devstack@neutron-api.service[87825]: DEBUG neutron.api.extensions [None req-d048ba1e-d529-476e-91d6-abad55810b0d None None] Loading extension file: agent.py {{(pid=87825) _load_all_extensions_from_path /opt/stack/neutron/neutron/api/extensions.py:449}}
Jul 10 16:06:21.317498 np0000005027 devstack@neutron-api.service[87823]: DEBUG neutron_lib.callbacks.manager [None req-f9e85916-d038-427a-98ef-078b826a0c95 None None] Subscribe: > address_group after_update 55550000, False {{(pid=87823) subscribe /opt/stack/data/venv/lib/python3.12/site-packages/neutron_lib/callbacks/manager.py:52}}
Jul 10 16:06:21.317650 np0000005027 devstack@neutron-api.service[87823]: DEBUG neutron_lib.callbacks.manager [None req-f9e85916-d038-427a-98ef-078b826a0c95 None None] Subscribe: > address_group after_delete 55550000, False {{(pid=87823) subscribe /opt/stack/data/venv/lib/python3.12/site-packages/neutron_lib/callbacks/manager.py:52}}
Jul 10 16:06:21.317818 np0000005027 devstack@neutron-api.service[87823]: DEBUG neutron.plugins.ml2.ovo_rpc [None req-f9e85916-d038-427a-98ef-078b826a0c95 None None] ML2 OVO RPC backend initialized. {{(pid=87823) __init__ /opt/stack/neutron/neutron/plugins/ml2/ovo_rpc.py:117}}
Jul 10 16:06:21.317958 np0000005027 devstack@neutron-api.service[87825]: DEBUG neutron.api.extensions [None req-d048ba1e-d529-476e-91d6-abad55810b0d None None] Ext name="agent" alias="agent" description="The agent management extension." updated="2013-02-03T10:00:00-00:00" {{(pid=87825) _check_extension /opt/stack/neutron/neutron/api/extensions.py:415}}
Jul 10 16:06:21.318336 np0000005027 devstack@neutron-api.service[87825]: INFO neutron.api.extensions [None req-d048ba1e-d529-476e-91d6-abad55810b0d None None] Loaded extension: agent
Jul 10 16:06:21.318627 np0000005027 devstack@neutron-api.service[87825]: DEBUG neutron.api.extensions [None req-d048ba1e-d529-476e-91d6-abad55810b0d None None] Loading extension file: agent_resources_synced.py {{(pid=87825) _load_all_extensions_from_path /opt/stack/neutron/neutron/api/extensions.py:449}}
Jul 10 16:06:21.318627 np0000005027 devstack@neutron-api.service[87825]: DEBUG neutron.api.extensions [None req-d048ba1e-d529-476e-91d6-abad55810b0d None None] Ext name="Agent's Resource View Synced to Placement" alias="agent-resources-synced" description="Stores success/failure of last sync to Placement" updated="2018-12-19T00:00:00-00:00" {{(pid=87825) _check_extension /opt/stack/neutron/neutron/api/extensions.py:415}}
Jul 10 16:06:21.318876 np0000005027 devstack@neutron-api.service[87825]: INFO neutron.api.extensions [None req-d048ba1e-d529-476e-91d6-abad55810b0d None None] Extension agent-resources-synced not supported by any of loaded plugins
Jul 10 16:06:21.318876 np0000005027 devstack@neutron-api.service[87825]: DEBUG neutron.api.extensions [None req-d048ba1e-d529-476e-91d6-abad55810b0d None None] Loading extension file: agent_sort_key.py {{(pid=87825) _load_all_extensions_from_path /opt/stack/neutron/neutron/api/extensions.py:449}}
Jul 10 16:06:21.319246 np0000005027 devstack@neutron-api.service[87825]: DEBUG neutron.api.extensions [None req-d048ba1e-d529-476e-91d6-abad55810b0d None None] Ext name="Agents Sort Key" alias="agent_sort_key" description="Enabling the keyword sort_key for sorting in agents." updated="2013-02-03T10:00:00-00:00" {{(pid=87825) _check_extension /opt/stack/neutron/neutron/api/extensions.py:415}}
Jul 10 16:06:21.319387 np0000005027 devstack@neutron-api.service[87823]: INFO neutron.quota [None req-f9e85916-d038-427a-98ef-078b826a0c95 None None] Loaded quota_driver: .
