May 27 16:09:21.566466 np0000001520 devstack@g-api.service[98971]: [pid: 98971|app: 0|req: 253/515] 127.0.0.1 () {44 vars in 1039 bytes} [Wed May 27 16:09:21 2026] GET /versions => generated 1407 bytes in 1 msecs (HTTP/1.1 200) 3 headers in 92 bytes (1 switches on core 0)
May 27 16:09:21.575678 np0000001520 devstack@g-api.service[98970]: DEBUG glance.api.middleware.version_negotiation [None req-c270fd47-3a81-4624-8c18-a7c5873d1454 tempest-TestVolumeBackupRestore-10845199 tempest-TestVolumeBackupRestore-10845199-project-member] Determining version of request: GET /v2/images/936702b3-e43c-49ec-9c12-8eb1ef56f488/locations Accept: */* {{(pid=98970) process_request /opt/stack/glance/glance/api/middleware/version_negotiation.py:44}}
May 27 16:09:21.576243 np0000001520 devstack@g-api.service[98970]: DEBUG glance.api.middleware.version_negotiation [None req-c270fd47-3a81-4624-8c18-a7c5873d1454 tempest-TestVolumeBackupRestore-10845199 tempest-TestVolumeBackupRestore-10845199-project-member] Using url versioning {{(pid=98970) process_request /opt/stack/glance/glance/api/middleware/version_negotiation.py:57}}
May 27 16:09:21.576444 np0000001520 devstack@g-api.service[98970]: DEBUG glance.api.middleware.version_negotiation [None req-c270fd47-3a81-4624-8c18-a7c5873d1454 tempest-TestVolumeBackupRestore-10845199 tempest-TestVolumeBackupRestore-10845199-project-member] Matched version: v2 {{(pid=98970) process_request /opt/stack/glance/glance/api/middleware/version_negotiation.py:69}}
May 27 16:09:21.576637 np0000001520 devstack@g-api.service[98970]: DEBUG glance.api.middleware.version_negotiation [None req-c270fd47-3a81-4624-8c18-a7c5873d1454 tempest-TestVolumeBackupRestore-10845199 tempest-TestVolumeBackupRestore-10845199-project-member] new path /v2/images/936702b3-e43c-49ec-9c12-8eb1ef56f488/locations {{(pid=98970) process_request /opt/stack/glance/glance/api/middleware/version_negotiation.py:70}}
May 27 16:09:21.610115 np0000001520 devstack@g-api.service[98970]: [pid: 98970|app: 0|req: 263/516] 127.0.0.1 () {44 vars in 1135 bytes} [Wed May 27 16:09:21 2026] GET /v2/images/936702b3-e43c-49ec-9c12-8eb1ef56f488/locations => generated 92 bytes in 34 msecs (HTTP/1.1 200) 4 headers in 156 bytes (1 switches on core 0)
May 27 16:09:21.622359 np0000001520 devstack@g-api.service[98971]: DEBUG glance.api.middleware.version_negotiation [None req-c270fd47-3a81-4624-8c18-a7c5873d1454 tempest-TestVolumeBackupRestore-10845199 tempest-TestVolumeBackupRestore-10845199-project-member] Determining version of request: GET /v2/images/936702b3-e43c-49ec-9c12-8eb1ef56f488 Accept: */* {{(pid=98971) process_request /opt/stack/glance/glance/api/middleware/version_negotiation.py:44}}
May 27 16:09:21.622811 np0000001520 devstack@g-api.service[98971]: DEBUG glance.api.middleware.version_negotiation [None req-c270fd47-3a81-4624-8c18-a7c5873d1454 tempest-TestVolumeBackupRestore-10845199 tempest-TestVolumeBackupRestore-10845199-project-member] Using url versioning {{(pid=98971) process_request /opt/stack/glance/glance/api/middleware/version_negotiation.py:57}}
May 27 16:09:21.623223 np0000001520 devstack@g-api.service[98971]: DEBUG glance.api.middleware.version_negotiation [None req-c270fd47-3a81-4624-8c18-a7c5873d1454 tempest-TestVolumeBackupRestore-10845199 tempest-TestVolumeBackupRestore-10845199-project-member] Matched version: v2 {{(pid=98971) process_request /opt/stack/glance/glance/api/middleware/version_negotiation.py:69}}
May 27 16:09:21.623462 np0000001520 devstack@g-api.service[98971]: DEBUG glance.api.middleware.version_negotiation [None req-c270fd47-3a81-4624-8c18-a7c5873d1454 tempest-TestVolumeBackupRestore-10845199 tempest-TestVolumeBackupRestore-10845199-project-member] new path /v2/images/936702b3-e43c-49ec-9c12-8eb1ef56f488 {{(pid=98971) process_request /opt/stack/glance/glance/api/middleware/version_negotiation.py:70}}
May 27 16:09:21.634552 np0000001520 devstack@g-api.service[98971]: [pid: 98971|app: 0|req: 254/517] 127.0.0.1 () {44 vars in 1115 bytes} [Wed May 27 16:09:21 2026] GET /v2/images/936702b3-e43c-49ec-9c12-8eb1ef56f488 => generated 1044 bytes in 12 msecs (HTTP/1.1 200) 4 headers in 158 bytes (1 switches on core 0)
May 27 16:09:21.642256 np0000001520 devstack@g-api.service[98970]: DEBUG glance.api.middleware.version_negotiation [None req-c270fd47-3a81-4624-8c18-a7c5873d1454 service glance] Determining version of request: GET /v2/schemas/image Accept: */* {{(pid=98970) process_request /opt/stack/glance/glance/api/middleware/version_negotiation.py:44}}
May 27 16:09:21.642585 np0000001520 devstack@g-api.service[98970]: DEBUG glance.api.middleware.version_negotiation [None req-c270fd47-3a81-4624-8c18-a7c5873d1454 service glance] Using url versioning {{(pid=98970) process_request /opt/stack/glance/glance/api/middleware/version_negotiation.py:57}}
May 27 16:09:21.642781 np0000001520 devstack@g-api.service[98970]: DEBUG glance.api.middleware.version_negotiation [None req-c270fd47-3a81-4624-8c18-a7c5873d1454 service glance] Matched version: v2 {{(pid=98970) process_request /opt/stack/glance/glance/api/middleware/version_negotiation.py:69}}
May 27 16:09:21.643164 np0000001520 devstack@g-api.service[98970]: DEBUG glance.api.middleware.version_negotiation [None req-c270fd47-3a81-4624-8c18-a7c5873d1454 service glance] new path /v2/schemas/image {{(pid=98970) process_request /opt/stack/glance/glance/api/middleware/version_negotiation.py:70}}
May 27 16:09:21.646121 np0000001520 devstack@g-api.service[98970]: [pid: 98970|app: 0|req: 264/518] 127.0.0.1 () {44 vars in 1055 bytes} [Wed May 27 16:09:21 2026] GET /v2/schemas/image => generated 6083 bytes in 4 msecs (HTTP/1.1 200) 4 headers in 158 bytes (1 switches on core 0)
May 27 16:09:21.658083 np0000001520 devstack@g-api.service[98971]: DEBUG glance.api.middleware.version_negotiation [None req-c270fd47-3a81-4624-8c18-a7c5873d1454 tempest-TestVolumeBackupRestore-10845199 tempest-TestVolumeBackupRestore-10845199-project-member] Determining version of request: GET /v2/schemas/image Accept: */* {{(pid=98971) process_request /opt/stack/glance/glance/api/middleware/version_negotiation.py:44}}
May 27 16:09:21.658083 np0000001520 devstack@g-api.service[98971]: DEBUG glance.api.middleware.version_negotiation [None req-c270fd47-3a81-4624-8c18-a7c5873d1454 tempest-TestVolumeBackupRestore-10845199 tempest-TestVolumeBackupRestore-10845199-project-member] Using url versioning {{(pid=98971) process_request /opt/stack/glance/glance/api/middleware/version_negotiation.py:57}}
May 27 16:09:21.658249 np0000001520 devstack@g-api.service[98971]: DEBUG glance.api.middleware.version_negotiation [None req-c270fd47-3a81-4624-8c18-a7c5873d1454 tempest-TestVolumeBackupRestore-10845199 tempest-TestVolumeBackupRestore-10845199-project-member] Matched version: v2 {{(pid=98971) process_request /opt/stack/glance/glance/api/middleware/version_negotiation.py:69}}
May 27 16:09:21.658353 np0000001520 devstack@g-api.service[98971]: DEBUG glance.api.middleware.version_negotiation [None req-c270fd47-3a81-4624-8c18-a7c5873d1454 tempest-TestVolumeBackupRestore-10845199 tempest-TestVolumeBackupRestore-10845199-project-member] new path /v2/schemas/image {{(pid=98971) process_request /opt/stack/glance/glance/api/middleware/version_negotiation.py:70}}
May 27 16:09:21.660848 np0000001520 devstack@g-api.service[98971]: [pid: 98971|app: 0|req: 255/519] 127.0.0.1 () {44 vars in 1055 bytes} [Wed May 27 16:09:21 2026] GET /v2/schemas/image => generated 6083 bytes in 3 msecs (HTTP/1.1 200) 4 headers in 158 bytes (1 switches on core 0)
May 27 16:09:31.608623 np0000001520 devstack@g-api.service[98970]: DEBUG dbcounter [-] [98970] Writing DB stats glance:SELECT=10 {{(pid=98970) stat_writer /opt/stack/data/venv/lib/python3.12/site-packages/dbcounter.py:115}}
May 27 16:09:31.632138 np0000001520 devstack@g-api.service[98971]: DEBUG dbcounter [-] [98971] Writing DB stats glance:SELECT=6 {{(pid=98971) stat_writer /opt/stack/data/venv/lib/python3.12/site-packages/dbcounter.py:115}}
May 27 16:09:40.220497 np0000001520 devstack@g-api.service[98970]: DEBUG glance.api.middleware.version_negotiation [None req-c270fd47-3a81-4624-8c18-a7c5873d1454 tempest-TestVolumeBackupRestore-10845199 tempest-TestVolumeBackupRestore-10845199-project-member] Determining version of request: GET /v2/schemas/image Accept: */* {{(pid=98970) process_request /opt/stack/glance/glance/api/middleware/version_negotiation.py:44}}
May 27 16:09:40.221063 np0000001520 devstack@g-api.service[98970]: DEBUG glance.api.middleware.version_negotiation [None req-c270fd47-3a81-4624-8c18-a7c5873d1454 tempest-TestVolumeBackupRestore-10845199 tempest-TestVolumeBackupRestore-10845199-project-member] Using url versioning {{(pid=98970) process_request /opt/stack/glance/glance/api/middleware/version_negotiation.py:57}}
May 27 16:09:40.221063 np0000001520 devstack@g-api.service[98970]: DEBUG glance.api.middleware.version_negotiation [None req-c270fd47-3a81-4624-8c18-a7c5873d1454 tempest-TestVolumeBackupRestore-10845199 tempest-TestVolumeBackupRestore-10845199-project-member] Matched version: v2 {{(pid=98970) process_request /opt/stack/glance/glance/api/middleware/version_negotiation.py:69}}
May 27 16:09:40.221063 np0000001520 devstack@g-api.service[98970]: DEBUG glance.api.middleware.version_negotiation [None req-c270fd47-3a81-4624-8c18-a7c5873d1454 tempest-TestVolumeBackupRestore-10845199 tempest-TestVolumeBackupRestore-10845199-project-member] new path /v2/schemas/image {{(pid=98970) process_request /opt/stack/glance/glance/api/middleware/version_negotiation.py:70}}
May 27 16:09:40.224284 np0000001520 devstack@g-api.service[98970]: [pid: 98970|app: 0|req: 265/520] 127.0.0.1 () {44 vars in 1055 bytes} [Wed May 27 16:09:40 2026] GET /v2/schemas/image => generated 6083 bytes in 4 msecs (HTTP/1.1 200) 4 headers in 158 bytes (1 switches on core 0)
May 27 16:09:40.234632 np0000001520 devstack@g-api.service[98971]: DEBUG glance.api.middleware.version_negotiation [None req-c270fd47-3a81-4624-8c18-a7c5873d1454 tempest-TestVolumeBackupRestore-10845199 tempest-TestVolumeBackupRestore-10845199-project-member] Determining version of request: POST /v2/images Accept: */* {{(pid=98971) process_request /opt/stack/glance/glance/api/middleware/version_negotiation.py:44}}
May 27 16:09:40.235106 np0000001520 devstack@g-api.service[98971]: DEBUG glance.api.middleware.version_negotiation [None req-c270fd47-3a81-4624-8c18-a7c5873d1454 tempest-TestVolumeBackupRestore-10845199 tempest-TestVolumeBackupRestore-10845199-project-member] Using url versioning {{(pid=98971) process_request /opt/stack/glance/glance/api/middleware/version_negotiation.py:57}}
May 27 16:09:40.235106 np0000001520 devstack@g-api.service[98971]: DEBUG glance.api.middleware.version_negotiation [None req-c270fd47-3a81-4624-8c18-a7c5873d1454 tempest-TestVolumeBackupRestore-10845199 tempest-TestVolumeBackupRestore-10845199-project-member] Matched version: v2 {{(pid=98971) process_request /opt/stack/glance/glance/api/middleware/version_negotiation.py:69}}
May 27 16:09:40.235199 np0000001520 devstack@g-api.service[98971]: DEBUG glance.api.middleware.version_negotiation [None req-c270fd47-3a81-4624-8c18-a7c5873d1454 tempest-TestVolumeBackupRestore-10845199 tempest-TestVolumeBackupRestore-10845199-project-member] new path /v2/images {{(pid=98971) process_request /opt/stack/glance/glance/api/middleware/version_negotiation.py:70}}
May 27 16:09:40.809362 np0000001520 devstack@g-api.service[98971]: [pid: 98971|app: 0|req: 256/521] 127.0.0.1 () {46 vars in 1055 bytes} [Wed May 27 16:09:40 2026] POST /v2/images => generated 650 bytes in 575 msecs (HTTP/1.1 201) 6 headers in 315 bytes (1 switches on core 0)
May 27 16:09:40.818230 np0000001520 devstack@g-api.service[98970]: DEBUG glance.api.middleware.version_negotiation [None req-359f5e84-ddbc-4173-be5e-bec574ef7e01 tempest-VolumesActionsTest-384055932 tempest-VolumesActionsTest-384055932-project-member] Determining version of request: GET /v2/schemas/image Accept: */* {{(pid=98970) process_request /opt/stack/glance/glance/api/middleware/version_negotiation.py:44}}
May 27 16:09:40.818413 np0000001520 devstack@g-api.service[98970]: DEBUG glance.api.middleware.version_negotiation [None req-359f5e84-ddbc-4173-be5e-bec574ef7e01 tempest-VolumesActionsTest-384055932 tempest-VolumesActionsTest-384055932-project-member] Using url versioning {{(pid=98970) process_request /opt/stack/glance/glance/api/middleware/version_negotiation.py:57}}
May 27 16:09:40.818560 np0000001520 devstack@g-api.service[98970]: DEBUG glance.api.middleware.version_negotiation [None req-359f5e84-ddbc-4173-be5e-bec574ef7e01 tempest-VolumesActionsTest-384055932 tempest-VolumesActionsTest-384055932-project-member] Matched version: v2 {{(pid=98970) process_request /opt/stack/glance/glance/api/middleware/version_negotiation.py:69}}
May 27 16:09:40.818680 np0000001520 devstack@g-api.service[98970]: DEBUG glance.api.middleware.version_negotiation [None req-359f5e84-ddbc-4173-be5e-bec574ef7e01 tempest-VolumesActionsTest-384055932 tempest-VolumesActionsTest-384055932-project-member] new path /v2/schemas/image {{(pid=98970) process_request /opt/stack/glance/glance/api/middleware/version_negotiation.py:70}}
May 27 16:09:40.822343 np0000001520 devstack@g-api.service[98970]: [pid: 98970|app: 0|req: 266/522] 127.0.0.1 () {44 vars in 1055 bytes} [Wed May 27 16:09:40 2026] GET /v2/schemas/image => generated 6083 bytes in 4 msecs (HTTP/1.1 200) 4 headers in 158 bytes (1 switches on core 0)
May 27 16:09:40.836475 np0000001520 devstack@g-api.service[98971]: DEBUG glance.api.middleware.version_negotiation [None req-359f5e84-ddbc-4173-be5e-bec574ef7e01 tempest-VolumesActionsTest-384055932 tempest-VolumesActionsTest-384055932-project-member] Determining version of request: GET /v2/images/75e5f18f-e5d2-4106-8754-7744f5802c69 Accept: application/json {{(pid=98971) process_request /opt/stack/glance/glance/api/middleware/version_negotiation.py:44}}
May 27 16:09:40.836705 np0000001520 devstack@g-api.service[98971]: DEBUG glance.api.middleware.version_negotiation [None req-359f5e84-ddbc-4173-be5e-bec574ef7e01 tempest-VolumesActionsTest-384055932 tempest-VolumesActionsTest-384055932-project-member] Using url versioning {{(pid=98971) process_request /opt/stack/glance/glance/api/middleware/version_negotiation.py:57}}
May 27 16:09:40.836939 np0000001520 devstack@g-api.service[98971]: DEBUG glance.api.middleware.version_negotiation [None req-359f5e84-ddbc-4173-be5e-bec574ef7e01 tempest-VolumesActionsTest-384055932 tempest-VolumesActionsTest-384055932-project-member] Matched version: v2 {{(pid=98971) process_request /opt/stack/glance/glance/api/middleware/version_negotiation.py:69}}
May 27 16:09:40.837047 np0000001520 devstack@g-api.service[98971]: DEBUG glance.api.middleware.version_negotiation [None req-359f5e84-ddbc-4173-be5e-bec574ef7e01 tempest-VolumesActionsTest-384055932 tempest-VolumesActionsTest-384055932-project-member] new path /v2/images/75e5f18f-e5d2-4106-8754-7744f5802c69 {{(pid=98971) process_request /opt/stack/glance/glance/api/middleware/version_negotiation.py:70}}
May 27 16:09:40.848417 np0000001520 devstack@g-api.service[98971]: [pid: 98971|app: 0|req: 257/523] 127.0.0.1 () {40 vars in 838 bytes} [Wed May 27 16:09:40 2026] GET /v2/images/75e5f18f-e5d2-4106-8754-7744f5802c69 => generated 650 bytes in 12 msecs (HTTP/1.1 200) 4 headers in 157 bytes (1 switches on core 0)
May 27 16:09:41.430598 np0000001520 devstack@g-api.service[98970]: DEBUG glance.api.middleware.version_negotiation [None req-359f5e84-ddbc-4173-be5e-bec574ef7e01 tempest-VolumesActionsTest-384055932 tempest-VolumesActionsTest-384055932-project-member] Determining version of request: PUT /v2/images/75e5f18f-e5d2-4106-8754-7744f5802c69/file Accept: */* {{(pid=98970) process_request /opt/stack/glance/glance/api/middleware/version_negotiation.py:44}}
May 27 16:09:41.432276 np0000001520 devstack@g-api.service[98970]: DEBUG glance.api.middleware.version_negotiation [None req-359f5e84-ddbc-4173-be5e-bec574ef7e01 tempest-VolumesActionsTest-384055932 tempest-VolumesActionsTest-384055932-project-member] Using url versioning {{(pid=98970) process_request /opt/stack/glance/glance/api/middleware/version_negotiation.py:57}}
May 27 16:09:41.432417 np0000001520 devstack@g-api.service[98970]: DEBUG glance.api.middleware.version_negotiation [None req-359f5e84-ddbc-4173-be5e-bec574ef7e01 tempest-VolumesActionsTest-384055932 tempest-VolumesActionsTest-384055932-project-member] Matched version: v2 {{(pid=98970) process_request /opt/stack/glance/glance/api/middleware/version_negotiation.py:69}}
May 27 16:09:41.432510 np0000001520 devstack@g-api.service[98970]: DEBUG glance.api.middleware.version_negotiation [None req-359f5e84-ddbc-4173-be5e-bec574ef7e01 tempest-VolumesActionsTest-384055932 tempest-VolumesActionsTest-384055932-project-member] new path /v2/images/75e5f18f-e5d2-4106-8754-7744f5802c69/file {{(pid=98970) process_request /opt/stack/glance/glance/api/middleware/version_negotiation.py:70}}
May 27 16:09:41.857150 np0000001520 devstack@g-api.service[98971]: DEBUG glance.api.middleware.version_negotiation [None req-1c696983-375f-4bc2-b38d-77b1937ac028 tempest-VolumesActionsTest-384055932 tempest-VolumesActionsTest-384055932-project-member] Determining version of request: GET /v2/images/75e5f18f-e5d2-4106-8754-7744f5802c69 Accept: application/json {{(pid=98971) process_request /opt/stack/glance/glance/api/middleware/version_negotiation.py:44}}
May 27 16:09:41.857600 np0000001520 devstack@g-api.service[98971]: DEBUG glance.api.middleware.version_negotiation [None req-1c696983-375f-4bc2-b38d-77b1937ac028 tempest-VolumesActionsTest-384055932 tempest-VolumesActionsTest-384055932-project-member] Using url versioning {{(pid=98971) process_request /opt/stack/glance/glance/api/middleware/version_negotiation.py:57}}
May 27 16:09:41.857600 np0000001520 devstack@g-api.service[98971]: DEBUG glance.api.middleware.version_negotiation [None req-1c696983-375f-4bc2-b38d-77b1937ac028 tempest-VolumesActionsTest-384055932 tempest-VolumesActionsTest-384055932-project-member] Matched version: v2 {{(pid=98971) process_request /opt/stack/glance/glance/api/middleware/version_negotiation.py:69}}
May 27 16:09:41.857600 np0000001520 devstack@g-api.service[98971]: DEBUG glance.api.middleware.version_negotiation [None req-1c696983-375f-4bc2-b38d-77b1937ac028 tempest-VolumesActionsTest-384055932 tempest-VolumesActionsTest-384055932-project-member] new path /v2/images/75e5f18f-e5d2-4106-8754-7744f5802c69 {{(pid=98971) process_request /opt/stack/glance/glance/api/middleware/version_negotiation.py:70}}
May 27 16:09:41.867794 np0000001520 devstack@g-api.service[98971]: [pid: 98971|app: 0|req: 258/524] 127.0.0.1 () {40 vars in 838 bytes} [Wed May 27 16:09:41 2026] GET /v2/images/75e5f18f-e5d2-4106-8754-7744f5802c69 => generated 650 bytes in 11 msecs (HTTP/1.1 200) 4 headers in 157 bytes (1 switches on core 0)
May 27 16:09:42.023964 np0000001520 devstack@g-api.service[98970]: INFO glance.api.v2.image_data [None req-359f5e84-ddbc-4173-be5e-bec574ef7e01 tempest-VolumesActionsTest-384055932 tempest-VolumesActionsTest-384055932-project-member] Unable to create trust: no such option collect_timing in group [keystone_authtoken] Use the existing user token.
May 27 16:09:42.460267 np0000001520 devstack@g-api.service[98970]: DEBUG glance.location [None req-359f5e84-ddbc-4173-be5e-bec574ef7e01 tempest-VolumesActionsTest-384055932 tempest-VolumesActionsTest-384055932-project-member] Enabling in-flight format inspection for raw {{(pid=98970) set_data /opt/stack/glance/glance/location.py:616}}
May 27 16:09:42.461062 np0000001520 devstack@g-api.service[98970]: DEBUG glance_store.backend [None req-359f5e84-ddbc-4173-be5e-bec574ef7e01 tempest-VolumesActionsTest-384055932 tempest-VolumesActionsTest-384055932-project-member] Attempting to import store swift {{(pid=98970) _load_store /opt/stack/data/venv/lib/python3.12/site-packages/glance_store/backend.py:215}}
May 27 16:09:42.463251 np0000001520 devstack@g-api.service[98970]: DEBUG glance_store.capabilities [None req-359f5e84-ddbc-4173-be5e-bec574ef7e01 tempest-VolumesActionsTest-384055932 tempest-VolumesActionsTest-384055932-project-member] Store glance_store._drivers.swift.store.SingleTenantStore doesn't support updating dynamic storage capabilities. Please overwrite 'update_capabilities' method of the store to implement updating logics if needed. {{(pid=98970) update_capabilities /opt/stack/data/venv/lib/python3.12/site-packages/glance_store/capabilities.py:91}}
May 27 16:09:42.463380 np0000001520 devstack@g-api.service[98970]: DEBUG glance_store.driver [None req-359f5e84-ddbc-4173-be5e-bec574ef7e01 tempest-VolumesActionsTest-384055932 tempest-VolumesActionsTest-384055932-project-member] Late loading location class glance_store._drivers.swift.store.StoreLocation {{(pid=98970) get_store_location_class /opt/stack/data/venv/lib/python3.12/site-packages/glance_store/driver.py:134}}
May 27 16:09:42.463517 np0000001520 devstack@g-api.service[98970]: DEBUG glance_store.location [None req-359f5e84-ddbc-4173-be5e-bec574ef7e01 tempest-VolumesActionsTest-384055932 tempest-VolumesActionsTest-384055932-project-member] Registering scheme swift+https with {'store': , 'location_class': , 'store_entry': 'swift'} {{(pid=98970) register_scheme_map /opt/stack/data/venv/lib/python3.12/site-packages/glance_store/location.py:146}}
May 27 16:09:42.463612 np0000001520 devstack@g-api.service[98970]: DEBUG glance_store.location [None req-359f5e84-ddbc-4173-be5e-bec574ef7e01 tempest-VolumesActionsTest-384055932 tempest-VolumesActionsTest-384055932-project-member] Registering scheme swift+https with {'store': , 'location_class': , 'store_entry': 'swift'} {{(pid=98970) register_scheme_map /opt/stack/data/venv/lib/python3.12/site-packages/glance_store/location.py:146}}
May 27 16:09:42.463818 np0000001520 devstack@g-api.service[98970]: DEBUG glance_store.location [None req-359f5e84-ddbc-4173-be5e-bec574ef7e01 tempest-VolumesActionsTest-384055932 tempest-VolumesActionsTest-384055932-project-member] Registering scheme swift with {'store': , 'location_class': , 'store_entry': 'swift'} {{(pid=98970) register_scheme_map /opt/stack/data/venv/lib/python3.12/site-packages/glance_store/location.py:146}}
May 27 16:09:42.463818 np0000001520 devstack@g-api.service[98970]: DEBUG glance_store.location [None req-359f5e84-ddbc-4173-be5e-bec574ef7e01 tempest-VolumesActionsTest-384055932 tempest-VolumesActionsTest-384055932-project-member] Registering scheme swift+https with {'store': , 'location_class': , 'store_entry': 'swift'} {{(pid=98970) register_scheme_map /opt/stack/data/venv/lib/python3.12/site-packages/glance_store/location.py:146}}
May 27 16:09:42.464098 np0000001520 devstack@g-api.service[98970]: DEBUG glance_store.location [None req-359f5e84-ddbc-4173-be5e-bec574ef7e01 tempest-VolumesActionsTest-384055932 tempest-VolumesActionsTest-384055932-project-member] Registering scheme swift with {'store': , 'location_class': , 'store_entry': 'swift'} {{(pid=98970) register_scheme_map /opt/stack/data/venv/lib/python3.12/site-packages/glance_store/location.py:146}}
May 27 16:09:42.464098 np0000001520 devstack@g-api.service[98970]: DEBUG glance_store.location [None req-359f5e84-ddbc-4173-be5e-bec574ef7e01 tempest-VolumesActionsTest-384055932 tempest-VolumesActionsTest-384055932-project-member] Registering scheme swift+http with {'store': , 'location_class': , 'store_entry': 'swift'} {{(pid=98970) register_scheme_map /opt/stack/data/venv/lib/python3.12/site-packages/glance_store/location.py:146}}
May 27 16:09:42.464098 np0000001520 devstack@g-api.service[98970]: DEBUG glance_store.location [None req-359f5e84-ddbc-4173-be5e-bec574ef7e01 tempest-VolumesActionsTest-384055932 tempest-VolumesActionsTest-384055932-project-member] Registering scheme swift+https with {'store': , 'location_class': , 'store_entry': 'swift'} {{(pid=98970) register_scheme_map /opt/stack/data/venv/lib/python3.12/site-packages/glance_store/location.py:146}}
May 27 16:09:42.464502 np0000001520 devstack@g-api.service[98970]: DEBUG glance_store.location [None req-359f5e84-ddbc-4173-be5e-bec574ef7e01 tempest-VolumesActionsTest-384055932 tempest-VolumesActionsTest-384055932-project-member] Registering scheme swift with {'store': , 'location_class': , 'store_entry': 'swift'} {{(pid=98970) register_scheme_map /opt/stack/data/venv/lib/python3.12/site-packages/glance_store/location.py:146}}
May 27 16:09:42.464502 np0000001520 devstack@g-api.service[98970]: DEBUG glance_store.location [None req-359f5e84-ddbc-4173-be5e-bec574ef7e01 tempest-VolumesActionsTest-384055932 tempest-VolumesActionsTest-384055932-project-member] Registering scheme swift+http with {'store': , 'location_class': , 'store_entry': 'swift'} {{(pid=98970) register_scheme_map /opt/stack/data/venv/lib/python3.12/site-packages/glance_store/location.py:146}}
May 27 16:09:42.464502 np0000001520 devstack@g-api.service[98970]: DEBUG glance_store.location [None req-359f5e84-ddbc-4173-be5e-bec574ef7e01 tempest-VolumesActionsTest-384055932 tempest-VolumesActionsTest-384055932-project-member] Registering scheme swift+config with {'store': , 'location_class': , 'store_entry': 'swift'} {{(pid=98970) register_scheme_map /opt/stack/data/venv/lib/python3.12/site-packages/glance_store/location.py:146}}
May 27 16:09:42.715039 np0000001520 devstack@g-api.service[98970]: DEBUG swiftclient [None req-359f5e84-ddbc-4173-be5e-bec574ef7e01 tempest-VolumesActionsTest-384055932 tempest-VolumesActionsTest-384055932-project-member] REQ: curl -i https://10.4.3.232:8080/v1/AUTH_5ea3bf56e8184282b5c3f1ddb8759e05/glance -I -H "X-Auth-Token: gAAAAABqFxdGZN_A..." {{(pid=98970) http_log /opt/stack/data/venv/lib/python3.12/site-packages/swiftclient/client.py:160}}
May 27 16:09:42.715999 np0000001520 devstack@g-api.service[98970]: DEBUG swiftclient [None req-359f5e84-ddbc-4173-be5e-bec574ef7e01 tempest-VolumesActionsTest-384055932 tempest-VolumesActionsTest-384055932-project-member] RESP STATUS: 204 No Content {{(pid=98970) http_log /opt/stack/data/venv/lib/python3.12/site-packages/swiftclient/client.py:161}}
May 27 16:09:42.715999 np0000001520 devstack@g-api.service[98970]: DEBUG swiftclient [None req-359f5e84-ddbc-4173-be5e-bec574ef7e01 tempest-VolumesActionsTest-384055932 tempest-VolumesActionsTest-384055932-project-member] RESP HEADERS: {'Date': 'Wed, 27 May 2026 16:09:42 GMT', 'Server': 'Apache/2.4.58 (Ubuntu)', 'Content-Type': 'text/plain; charset=utf-8', 'X-Container-Object-Count': '3', 'X-Container-Bytes-Used': '64356352', 'X-Timestamp': '1779897511.34812', 'Last-Modified': 'Wed, 27 May 2026 15:58:32 GMT', 'Accept-Ranges': 'bytes', 'X-Storage-Policy': 'Policy-0', 'X-Container-Sharding': 'False', 'Vary': 'Accept', 'X-Trans-Id': 'tx390091bcbc524fefa7a00-006a171746', 'X-Openstack-Request-Id': 'tx390091bcbc524fefa7a00-006a171746', 'Connection': 'close'} {{(pid=98970) http_log /opt/stack/data/venv/lib/python3.12/site-packages/swiftclient/client.py:162}}
May 27 16:09:42.715999 np0000001520 devstack@g-api.service[98970]: DEBUG glance_store._drivers.swift.store [None req-359f5e84-ddbc-4173-be5e-bec574ef7e01 tempest-VolumesActionsTest-384055932 tempest-VolumesActionsTest-384055932-project-member] Adding image object '75e5f18f-e5d2-4106-8754-7744f5802c69' to Swift {{(pid=98970) add /opt/stack/data/venv/lib/python3.12/site-packages/glance_store/_drivers/swift/store.py:970}}
May 27 16:09:42.715999 np0000001520 devstack@g-api.service[98970]: DEBUG glance_store._drivers.swift.store [None req-359f5e84-ddbc-4173-be5e-bec574ef7e01 tempest-VolumesActionsTest-384055932 tempest-VolumesActionsTest-384055932-project-member] Cannot determine image size because it is either not provided in the request or chunked-transfer encoding is used. Adding image as a segmented object to Swift. {{(pid=98970) add /opt/stack/data/venv/lib/python3.12/site-packages/glance_store/_drivers/swift/store.py:994}}
May 27 16:09:42.721562 np0000001520 devstack@g-api.service[98970]: DEBUG oslo_utils.imageutils.format_inspector [None req-359f5e84-ddbc-4173-be5e-bec574ef7e01 tempest-VolumesActionsTest-384055932 tempest-VolumesActionsTest-384055932-project-member] Format inspector for vmdk does not match, excluding from consideration (Signature KDMV not found: b'\x00\x00\x00\x00') {{(pid=98970) _process_chunk /opt/stack/data/venv/lib/python3.12/site-packages/oslo_utils/imageutils/format_inspector.py:1538}}
May 27 16:09:42.729885 np0000001520 devstack@g-api.service[98970]: DEBUG oslo_utils.imageutils.format_inspector [None req-359f5e84-ddbc-4173-be5e-bec574ef7e01 tempest-VolumesActionsTest-384055932 tempest-VolumesActionsTest-384055932-project-member] Format inspector for vhdx does not match, excluding from consideration (Region signature not found at 30000) {{(pid=98970) _process_chunk /opt/stack/data/venv/lib/python3.12/site-packages/oslo_utils/imageutils/format_inspector.py:1538}}
May 27 16:09:42.874984 np0000001520 devstack@g-api.service[98971]: DEBUG glance.api.middleware.version_negotiation [None req-7d279042-1642-4a62-a4b1-109dc8df268a tempest-VolumesActionsTest-384055932 tempest-VolumesActionsTest-384055932-project-member] Determining version of request: GET /v2/images/75e5f18f-e5d2-4106-8754-7744f5802c69 Accept: application/json {{(pid=98971) process_request /opt/stack/glance/glance/api/middleware/version_negotiation.py:44}}
May 27 16:09:42.875442 np0000001520 devstack@g-api.service[98971]: DEBUG glance.api.middleware.version_negotiation [None req-7d279042-1642-4a62-a4b1-109dc8df268a tempest-VolumesActionsTest-384055932 tempest-VolumesActionsTest-384055932-project-member] Using url versioning {{(pid=98971) process_request /opt/stack/glance/glance/api/middleware/version_negotiation.py:57}}
May 27 16:09:42.875442 np0000001520 devstack@g-api.service[98971]: DEBUG glance.api.middleware.version_negotiation [None req-7d279042-1642-4a62-a4b1-109dc8df268a tempest-VolumesActionsTest-384055932 tempest-VolumesActionsTest-384055932-project-member] Matched version: v2 {{(pid=98971) process_request /opt/stack/glance/glance/api/middleware/version_negotiation.py:69}}
May 27 16:09:42.875442 np0000001520 devstack@g-api.service[98971]: DEBUG glance.api.middleware.version_negotiation [None req-7d279042-1642-4a62-a4b1-109dc8df268a tempest-VolumesActionsTest-384055932 tempest-VolumesActionsTest-384055932-project-member] new path /v2/images/75e5f18f-e5d2-4106-8754-7744f5802c69 {{(pid=98971) process_request /opt/stack/glance/glance/api/middleware/version_negotiation.py:70}}
May 27 16:09:42.883706 np0000001520 devstack@g-api.service[98971]: [pid: 98971|app: 0|req: 259/525] 127.0.0.1 () {40 vars in 838 bytes} [Wed May 27 16:09:42 2026] GET /v2/images/75e5f18f-e5d2-4106-8754-7744f5802c69 => generated 650 bytes in 9 msecs (HTTP/1.1 200) 4 headers in 157 bytes (1 switches on core 0)
May 27 16:09:43.895609 np0000001520 devstack@g-api.service[98971]: DEBUG glance.api.middleware.version_negotiation [None req-100f921c-81d4-4f55-bf9b-7a7ff39e2063 tempest-VolumesActionsTest-384055932 tempest-VolumesActionsTest-384055932-project-member] Determining version of request: GET /v2/images/75e5f18f-e5d2-4106-8754-7744f5802c69 Accept: application/json {{(pid=98971) process_request /opt/stack/glance/glance/api/middleware/version_negotiation.py:44}}
May 27 16:09:43.896116 np0000001520 devstack@g-api.service[98971]: DEBUG glance.api.middleware.version_negotiation [None req-100f921c-81d4-4f55-bf9b-7a7ff39e2063 tempest-VolumesActionsTest-384055932 tempest-VolumesActionsTest-384055932-project-member] Using url versioning {{(pid=98971) process_request /opt/stack/glance/glance/api/middleware/version_negotiation.py:57}}
May 27 16:09:43.896116 np0000001520 devstack@g-api.service[98971]: DEBUG glance.api.middleware.version_negotiation [None req-100f921c-81d4-4f55-bf9b-7a7ff39e2063 tempest-VolumesActionsTest-384055932 tempest-VolumesActionsTest-384055932-project-member] Matched version: v2 {{(pid=98971) process_request /opt/stack/glance/glance/api/middleware/version_negotiation.py:69}}
May 27 16:09:43.896191 np0000001520 devstack@g-api.service[98971]: DEBUG glance.api.middleware.version_negotiation [None req-100f921c-81d4-4f55-bf9b-7a7ff39e2063 tempest-VolumesActionsTest-384055932 tempest-VolumesActionsTest-384055932-project-member] new path /v2/images/75e5f18f-e5d2-4106-8754-7744f5802c69 {{(pid=98971) process_request /opt/stack/glance/glance/api/middleware/version_negotiation.py:70}}
May 27 16:09:43.919899 np0000001520 devstack@g-api.service[98971]: [pid: 98971|app: 0|req: 260/526] 127.0.0.1 () {40 vars in 838 bytes} [Wed May 27 16:09:43 2026] GET /v2/images/75e5f18f-e5d2-4106-8754-7744f5802c69 => generated 650 bytes in 24 msecs (HTTP/1.1 200) 4 headers in 157 bytes (1 switches on core 0)
May 27 16:09:44.928327 np0000001520 devstack@g-api.service[98971]: DEBUG glance.api.middleware.version_negotiation [None req-1cc1564c-3eaf-4b20-82bd-4d5fd841e8aa tempest-VolumesActionsTest-384055932 tempest-VolumesActionsTest-384055932-project-member] Determining version of request: GET /v2/images/75e5f18f-e5d2-4106-8754-7744f5802c69 Accept: application/json {{(pid=98971) process_request /opt/stack/glance/glance/api/middleware/version_negotiation.py:44}}
May 27 16:09:44.928993 np0000001520 devstack@g-api.service[98971]: DEBUG glance.api.middleware.version_negotiation [None req-1cc1564c-3eaf-4b20-82bd-4d5fd841e8aa tempest-VolumesActionsTest-384055932 tempest-VolumesActionsTest-384055932-project-member] Using url versioning {{(pid=98971) process_request /opt/stack/glance/glance/api/middleware/version_negotiation.py:57}}
May 27 16:09:44.928993 np0000001520 devstack@g-api.service[98971]: DEBUG glance.api.middleware.version_negotiation [None req-1cc1564c-3eaf-4b20-82bd-4d5fd841e8aa tempest-VolumesActionsTest-384055932 tempest-VolumesActionsTest-384055932-project-member] Matched version: v2 {{(pid=98971) process_request /opt/stack/glance/glance/api/middleware/version_negotiation.py:69}}
May 27 16:09:44.928993 np0000001520 devstack@g-api.service[98971]: DEBUG glance.api.middleware.version_negotiation [None req-1cc1564c-3eaf-4b20-82bd-4d5fd841e8aa tempest-VolumesActionsTest-384055932 tempest-VolumesActionsTest-384055932-project-member] new path /v2/images/75e5f18f-e5d2-4106-8754-7744f5802c69 {{(pid=98971) process_request /opt/stack/glance/glance/api/middleware/version_negotiation.py:70}}
May 27 16:09:44.940943 np0000001520 devstack@g-api.service[98971]: [pid: 98971|app: 0|req: 261/527] 127.0.0.1 () {40 vars in 838 bytes} [Wed May 27 16:09:44 2026] GET /v2/images/75e5f18f-e5d2-4106-8754-7744f5802c69 => generated 650 bytes in 12 msecs (HTTP/1.1 200) 4 headers in 157 bytes (1 switches on core 0)
May 27 16:09:45.482546 np0000001520 devstack@g-api.service[98970]: DEBUG swiftclient [None req-359f5e84-ddbc-4173-be5e-bec574ef7e01 tempest-VolumesActionsTest-384055932 tempest-VolumesActionsTest-384055932-project-member] REQ: curl -i https://10.4.3.232:8080/v1/AUTH_5ea3bf56e8184282b5c3f1ddb8759e05/glance/75e5f18f-e5d2-4106-8754-7744f5802c69-00001 -X PUT -H "X-Auth-Token: gAAAAABqFxdGZN_A..." {{(pid=98970) http_log /opt/stack/data/venv/lib/python3.12/site-packages/swiftclient/client.py:160}}
May 27 16:09:45.483000 np0000001520 devstack@g-api.service[98970]: DEBUG swiftclient [None req-359f5e84-ddbc-4173-be5e-bec574ef7e01 tempest-VolumesActionsTest-384055932 tempest-VolumesActionsTest-384055932-project-member] RESP STATUS: 201 Created {{(pid=98970) http_log /opt/stack/data/venv/lib/python3.12/site-packages/swiftclient/client.py:161}}
May 27 16:09:45.483000 np0000001520 devstack@g-api.service[98970]: DEBUG swiftclient [None req-359f5e84-ddbc-4173-be5e-bec574ef7e01 tempest-VolumesActionsTest-384055932 tempest-VolumesActionsTest-384055932-project-member] RESP HEADERS: {'Date': 'Wed, 27 May 2026 16:09:45 GMT', 'Server': 'Apache/2.4.58 (Ubuntu)', 'Content-Type': 'text/html; charset=UTF-8', 'Content-Length': '0', 'Etag': 'eda9a9889837ac4bc81d6387d92c1bec', 'Last-Modified': 'Wed, 27 May 2026 16:09:43 GMT', 'X-Trans-Id': 'txcfc22fdba224496aa3540-006a171746', 'X-Openstack-Request-Id': 'txcfc22fdba224496aa3540-006a171746', 'Connection': 'close'} {{(pid=98970) http_log /opt/stack/data/venv/lib/python3.12/site-packages/swiftclient/client.py:162}}
May 27 16:09:45.483138 np0000001520 devstack@g-api.service[98970]: DEBUG glance_store._drivers.swift.store [None req-359f5e84-ddbc-4173-be5e-bec574ef7e01 tempest-VolumesActionsTest-384055932 tempest-VolumesActionsTest-384055932-project-member] Wrote chunk 75e5f18f-e5d2-4106-8754-7744f5802c69-00001 (1/?) of length 204800000 to Swift returning MD5 of content: eda9a9889837ac4bc81d6387d92c1bec {{(pid=98970) add /opt/stack/data/venv/lib/python3.12/site-packages/glance_store/_drivers/swift/store.py:1059}}
May 27 16:09:45.950916 np0000001520 devstack@g-api.service[98971]: DEBUG glance.api.middleware.version_negotiation [None req-5aafc6a8-d485-4f8a-9eb1-79314d0684d7 tempest-VolumesActionsTest-384055932 tempest-VolumesActionsTest-384055932-project-member] Determining version of request: GET /v2/images/75e5f18f-e5d2-4106-8754-7744f5802c69 Accept: application/json {{(pid=98971) process_request /opt/stack/glance/glance/api/middleware/version_negotiation.py:44}}
May 27 16:09:45.951319 np0000001520 devstack@g-api.service[98971]: DEBUG glance.api.middleware.version_negotiation [None req-5aafc6a8-d485-4f8a-9eb1-79314d0684d7 tempest-VolumesActionsTest-384055932 tempest-VolumesActionsTest-384055932-project-member] Using url versioning {{(pid=98971) process_request /opt/stack/glance/glance/api/middleware/version_negotiation.py:57}}
May 27 16:09:45.951319 np0000001520 devstack@g-api.service[98971]: DEBUG glance.api.middleware.version_negotiation [None req-5aafc6a8-d485-4f8a-9eb1-79314d0684d7 tempest-VolumesActionsTest-384055932 tempest-VolumesActionsTest-384055932-project-member] Matched version: v2 {{(pid=98971) process_request /opt/stack/glance/glance/api/middleware/version_negotiation.py:69}}
May 27 16:09:45.951854 np0000001520 devstack@g-api.service[98971]: DEBUG glance.api.middleware.version_negotiation [None req-5aafc6a8-d485-4f8a-9eb1-79314d0684d7 tempest-VolumesActionsTest-384055932 tempest-VolumesActionsTest-384055932-project-member] new path /v2/images/75e5f18f-e5d2-4106-8754-7744f5802c69 {{(pid=98971) process_request /opt/stack/glance/glance/api/middleware/version_negotiation.py:70}}
May 27 16:09:45.961504 np0000001520 devstack@g-api.service[98971]: [pid: 98971|app: 0|req: 262/528] 127.0.0.1 () {40 vars in 838 bytes} [Wed May 27 16:09:45 2026] GET /v2/images/75e5f18f-e5d2-4106-8754-7744f5802c69 => generated 650 bytes in 11 msecs (HTTP/1.1 200) 4 headers in 157 bytes (1 switches on core 0)
May 27 16:09:46.971010 np0000001520 devstack@g-api.service[98971]: DEBUG glance.api.middleware.version_negotiation [None req-b7a5cb99-0ed2-40f8-8876-42c2c5b1aef5 tempest-VolumesActionsTest-384055932 tempest-VolumesActionsTest-384055932-project-member] Determining version of request: GET /v2/images/75e5f18f-e5d2-4106-8754-7744f5802c69 Accept: application/json {{(pid=98971) process_request /opt/stack/glance/glance/api/middleware/version_negotiation.py:44}}
May 27 16:09:46.971010 np0000001520 devstack@g-api.service[98971]: DEBUG glance.api.middleware.version_negotiation [None req-b7a5cb99-0ed2-40f8-8876-42c2c5b1aef5 tempest-VolumesActionsTest-384055932 tempest-VolumesActionsTest-384055932-project-member] Using url versioning {{(pid=98971) process_request /opt/stack/glance/glance/api/middleware/version_negotiation.py:57}}
May 27 16:09:46.971010 np0000001520 devstack@g-api.service[98971]: DEBUG glance.api.middleware.version_negotiation [None req-b7a5cb99-0ed2-40f8-8876-42c2c5b1aef5 tempest-VolumesActionsTest-384055932 tempest-VolumesActionsTest-384055932-project-member] Matched version: v2 {{(pid=98971) process_request /opt/stack/glance/glance/api/middleware/version_negotiation.py:69}}
May 27 16:09:46.971599 np0000001520 devstack@g-api.service[98971]: DEBUG glance.api.middleware.version_negotiation [None req-b7a5cb99-0ed2-40f8-8876-42c2c5b1aef5 tempest-VolumesActionsTest-384055932 tempest-VolumesActionsTest-384055932-project-member] new path /v2/images/75e5f18f-e5d2-4106-8754-7744f5802c69 {{(pid=98971) process_request /opt/stack/glance/glance/api/middleware/version_negotiation.py:70}}
May 27 16:09:46.985521 np0000001520 devstack@g-api.service[98971]: [pid: 98971|app: 0|req: 263/529] 127.0.0.1 () {40 vars in 838 bytes} [Wed May 27 16:09:46 2026] GET /v2/images/75e5f18f-e5d2-4106-8754-7744f5802c69 => generated 650 bytes in 15 msecs (HTTP/1.1 200) 4 headers in 157 bytes (1 switches on core 0)
May 27 16:09:47.407188 np0000001520 devstack@g-api.service[98970]: DEBUG swiftclient [None req-359f5e84-ddbc-4173-be5e-bec574ef7e01 tempest-VolumesActionsTest-384055932 tempest-VolumesActionsTest-384055932-project-member] REQ: curl -i https://10.4.3.232:8080/v1/AUTH_5ea3bf56e8184282b5c3f1ddb8759e05/glance/75e5f18f-e5d2-4106-8754-7744f5802c69-00002 -X PUT -H "X-Auth-Token: gAAAAABqFxdGZN_A..." {{(pid=98970) http_log /opt/stack/data/venv/lib/python3.12/site-packages/swiftclient/client.py:160}}
May 27 16:09:47.407567 np0000001520 devstack@g-api.service[98970]: DEBUG swiftclient [None req-359f5e84-ddbc-4173-be5e-bec574ef7e01 tempest-VolumesActionsTest-384055932 tempest-VolumesActionsTest-384055932-project-member] RESP STATUS: 201 Created {{(pid=98970) http_log /opt/stack/data/venv/lib/python3.12/site-packages/swiftclient/client.py:161}}
May 27 16:09:47.407567 np0000001520 devstack@g-api.service[98970]: DEBUG swiftclient [None req-359f5e84-ddbc-4173-be5e-bec574ef7e01 tempest-VolumesActionsTest-384055932 tempest-VolumesActionsTest-384055932-project-member] RESP HEADERS: {'Date': 'Wed, 27 May 2026 16:09:47 GMT', 'Server': 'Apache/2.4.58 (Ubuntu)', 'Content-Type': 'text/html; charset=UTF-8', 'Content-Length': '0', 'Etag': 'eda9a9889837ac4bc81d6387d92c1bec', 'Last-Modified': 'Wed, 27 May 2026 16:09:46 GMT', 'X-Trans-Id': 'txdf185ac4b8ff4270aa74c-006a171749', 'X-Openstack-Request-Id': 'txdf185ac4b8ff4270aa74c-006a171749', 'Connection': 'close'} {{(pid=98970) http_log /opt/stack/data/venv/lib/python3.12/site-packages/swiftclient/client.py:162}}
May 27 16:09:47.407713 np0000001520 devstack@g-api.service[98970]: DEBUG glance_store._drivers.swift.store [None req-359f5e84-ddbc-4173-be5e-bec574ef7e01 tempest-VolumesActionsTest-384055932 tempest-VolumesActionsTest-384055932-project-member] Wrote chunk 75e5f18f-e5d2-4106-8754-7744f5802c69-00002 (2/?) of length 204800000 to Swift returning MD5 of content: eda9a9889837ac4bc81d6387d92c1bec {{(pid=98970) add /opt/stack/data/venv/lib/python3.12/site-packages/glance_store/_drivers/swift/store.py:1059}}
May 27 16:09:47.999284 np0000001520 devstack@g-api.service[98971]: DEBUG glance.api.middleware.version_negotiation [None req-c6eea758-4a46-485d-b1d4-524ee3a29473 tempest-VolumesActionsTest-384055932 tempest-VolumesActionsTest-384055932-project-member] Determining version of request: GET /v2/images/75e5f18f-e5d2-4106-8754-7744f5802c69 Accept: application/json {{(pid=98971) process_request /opt/stack/glance/glance/api/middleware/version_negotiation.py:44}}
May 27 16:09:47.999863 np0000001520 devstack@g-api.service[98971]: DEBUG glance.api.middleware.version_negotiation [None req-c6eea758-4a46-485d-b1d4-524ee3a29473 tempest-VolumesActionsTest-384055932 tempest-VolumesActionsTest-384055932-project-member] Using url versioning {{(pid=98971) process_request /opt/stack/glance/glance/api/middleware/version_negotiation.py:57}}
May 27 16:09:47.999863 np0000001520 devstack@g-api.service[98971]: DEBUG glance.api.middleware.version_negotiation [None req-c6eea758-4a46-485d-b1d4-524ee3a29473 tempest-VolumesActionsTest-384055932 tempest-VolumesActionsTest-384055932-project-member] Matched version: v2 {{(pid=98971) process_request /opt/stack/glance/glance/api/middleware/version_negotiation.py:69}}
May 27 16:09:47.999863 np0000001520 devstack@g-api.service[98971]: DEBUG glance.api.middleware.version_negotiation [None req-c6eea758-4a46-485d-b1d4-524ee3a29473 tempest-VolumesActionsTest-384055932 tempest-VolumesActionsTest-384055932-project-member] new path /v2/images/75e5f18f-e5d2-4106-8754-7744f5802c69 {{(pid=98971) process_request /opt/stack/glance/glance/api/middleware/version_negotiation.py:70}}
May 27 16:09:48.009816 np0000001520 devstack@g-api.service[98971]: [pid: 98971|app: 0|req: 264/530] 127.0.0.1 () {40 vars in 838 bytes} [Wed May 27 16:09:47 2026] GET /v2/images/75e5f18f-e5d2-4106-8754-7744f5802c69 => generated 650 bytes in 11 msecs (HTTP/1.1 200) 4 headers in 157 bytes (1 switches on core 0)
May 27 16:09:49.018921 np0000001520 devstack@g-api.service[98971]: DEBUG glance.api.middleware.version_negotiation [None req-cd90e262-ed99-4b66-b75b-50f8c3e32fc5 tempest-VolumesActionsTest-384055932 tempest-VolumesActionsTest-384055932-project-member] Determining version of request: GET /v2/images/75e5f18f-e5d2-4106-8754-7744f5802c69 Accept: application/json {{(pid=98971) process_request /opt/stack/glance/glance/api/middleware/version_negotiation.py:44}}
May 27 16:09:49.018921 np0000001520 devstack@g-api.service[98971]: DEBUG glance.api.middleware.version_negotiation [None req-cd90e262-ed99-4b66-b75b-50f8c3e32fc5 tempest-VolumesActionsTest-384055932 tempest-VolumesActionsTest-384055932-project-member] Using url versioning {{(pid=98971) process_request /opt/stack/glance/glance/api/middleware/version_negotiation.py:57}}
May 27 16:09:49.018921 np0000001520 devstack@g-api.service[98971]: DEBUG glance.api.middleware.version_negotiation [None req-cd90e262-ed99-4b66-b75b-50f8c3e32fc5 tempest-VolumesActionsTest-384055932 tempest-VolumesActionsTest-384055932-project-member] Matched version: v2 {{(pid=98971) process_request /opt/stack/glance/glance/api/middleware/version_negotiation.py:69}}
May 27 16:09:49.018921 np0000001520 devstack@g-api.service[98971]: DEBUG glance.api.middleware.version_negotiation [None req-cd90e262-ed99-4b66-b75b-50f8c3e32fc5 tempest-VolumesActionsTest-384055932 tempest-VolumesActionsTest-384055932-project-member] new path /v2/images/75e5f18f-e5d2-4106-8754-7744f5802c69 {{(pid=98971) process_request /opt/stack/glance/glance/api/middleware/version_negotiation.py:70}}
May 27 16:09:49.031178 np0000001520 devstack@g-api.service[98971]: [pid: 98971|app: 0|req: 265/531] 127.0.0.1 () {40 vars in 838 bytes} [Wed May 27 16:09:49 2026] GET /v2/images/75e5f18f-e5d2-4106-8754-7744f5802c69 => generated 650 bytes in 14 msecs (HTTP/1.1 200) 4 headers in 157 bytes (1 switches on core 0)
May 27 16:09:49.450195 np0000001520 devstack@g-api.service[98970]: DEBUG swiftclient [None req-359f5e84-ddbc-4173-be5e-bec574ef7e01 tempest-VolumesActionsTest-384055932 tempest-VolumesActionsTest-384055932-project-member] REQ: curl -i https://10.4.3.232:8080/v1/AUTH_5ea3bf56e8184282b5c3f1ddb8759e05/glance/75e5f18f-e5d2-4106-8754-7744f5802c69-00003 -X PUT -H "X-Auth-Token: gAAAAABqFxdGZN_A..." {{(pid=98970) http_log /opt/stack/data/venv/lib/python3.12/site-packages/swiftclient/client.py:160}}
May 27 16:09:49.450667 np0000001520 devstack@g-api.service[98970]: DEBUG swiftclient [None req-359f5e84-ddbc-4173-be5e-bec574ef7e01 tempest-VolumesActionsTest-384055932 tempest-VolumesActionsTest-384055932-project-member] RESP STATUS: 201 Created {{(pid=98970) http_log /opt/stack/data/venv/lib/python3.12/site-packages/swiftclient/client.py:161}}
May 27 16:09:49.450667 np0000001520 devstack@g-api.service[98970]: DEBUG swiftclient [None req-359f5e84-ddbc-4173-be5e-bec574ef7e01 tempest-VolumesActionsTest-384055932 tempest-VolumesActionsTest-384055932-project-member] RESP HEADERS: {'Date': 'Wed, 27 May 2026 16:09:49 GMT', 'Server': 'Apache/2.4.58 (Ubuntu)', 'Content-Type': 'text/html; charset=UTF-8', 'Content-Length': '0', 'Etag': 'eda9a9889837ac4bc81d6387d92c1bec', 'Last-Modified': 'Wed, 27 May 2026 16:09:48 GMT', 'X-Trans-Id': 'tx5a71c4b971254e61a64cd-006a17174b', 'X-Openstack-Request-Id': 'tx5a71c4b971254e61a64cd-006a17174b', 'Connection': 'close'} {{(pid=98970) http_log /opt/stack/data/venv/lib/python3.12/site-packages/swiftclient/client.py:162}}
May 27 16:09:49.450667 np0000001520 devstack@g-api.service[98970]: DEBUG glance_store._drivers.swift.store [None req-359f5e84-ddbc-4173-be5e-bec574ef7e01 tempest-VolumesActionsTest-384055932 tempest-VolumesActionsTest-384055932-project-member] Wrote chunk 75e5f18f-e5d2-4106-8754-7744f5802c69-00003 (3/?) of length 204800000 to Swift returning MD5 of content: eda9a9889837ac4bc81d6387d92c1bec {{(pid=98970) add /opt/stack/data/venv/lib/python3.12/site-packages/glance_store/_drivers/swift/store.py:1059}}
May 27 16:09:50.049352 np0000001520 devstack@g-api.service[98971]: DEBUG glance.api.middleware.version_negotiation [None req-55719ef1-9637-41d1-8856-6123bc311de8 tempest-VolumesActionsTest-384055932 tempest-VolumesActionsTest-384055932-project-member] Determining version of request: GET /v2/images/75e5f18f-e5d2-4106-8754-7744f5802c69 Accept: application/json {{(pid=98971) process_request /opt/stack/glance/glance/api/middleware/version_negotiation.py:44}}
May 27 16:09:50.049352 np0000001520 devstack@g-api.service[98971]: DEBUG glance.api.middleware.version_negotiation [None req-55719ef1-9637-41d1-8856-6123bc311de8 tempest-VolumesActionsTest-384055932 tempest-VolumesActionsTest-384055932-project-member] Using url versioning {{(pid=98971) process_request /opt/stack/glance/glance/api/middleware/version_negotiation.py:57}}
May 27 16:09:50.049352 np0000001520 devstack@g-api.service[98971]: DEBUG glance.api.middleware.version_negotiation [None req-55719ef1-9637-41d1-8856-6123bc311de8 tempest-VolumesActionsTest-384055932 tempest-VolumesActionsTest-384055932-project-member] Matched version: v2 {{(pid=98971) process_request /opt/stack/glance/glance/api/middleware/version_negotiation.py:69}}
