May 14 16:39:37.816418 np0000000783 nova-scheduler[95454]: DEBUG cotyledon.oslo_config_glue [-] oslo_messaging_notifications.retry = -1 {{(pid=95454) log_opt_values /opt/stack/data/venv/lib/python3.12/site-packages/oslo_config/cfg.py:3006}}
May 14 16:39:37.816418 np0000000783 nova-scheduler[95454]: DEBUG cotyledon.oslo_config_glue [-] oslo_messaging_notifications.topics = ['notifications'] {{(pid=95454) log_opt_values /opt/stack/data/venv/lib/python3.12/site-packages/oslo_config/cfg.py:3006}}
May 14 16:39:37.816418 np0000000783 nova-scheduler[95454]: DEBUG cotyledon.oslo_config_glue [-] oslo_messaging_notifications.transport_url = **** {{(pid=95454) log_opt_values /opt/stack/data/venv/lib/python3.12/site-packages/oslo_config/cfg.py:3006}}
May 14 16:39:37.816418 np0000000783 nova-scheduler[95454]: DEBUG cotyledon.oslo_config_glue [-] oslo_limit.auth_section = None {{(pid=95454) log_opt_values /opt/stack/data/venv/lib/python3.12/site-packages/oslo_config/cfg.py:3006}}
May 14 16:39:37.816418 np0000000783 nova-scheduler[95454]: DEBUG cotyledon.oslo_config_glue [-] oslo_limit.auth_type = None {{(pid=95454) log_opt_values /opt/stack/data/venv/lib/python3.12/site-packages/oslo_config/cfg.py:3006}}
May 14 16:39:37.816418 np0000000783 nova-scheduler[95454]: DEBUG cotyledon.oslo_config_glue [-] oslo_limit.cafile = None {{(pid=95454) log_opt_values /opt/stack/data/venv/lib/python3.12/site-packages/oslo_config/cfg.py:3006}}
May 14 16:39:37.817223 np0000000783 nova-scheduler[95454]: DEBUG cotyledon.oslo_config_glue [-] oslo_limit.certfile = None {{(pid=95454) log_opt_values /opt/stack/data/venv/lib/python3.12/site-packages/oslo_config/cfg.py:3006}}
May 14 16:39:37.817223 np0000000783 nova-scheduler[95454]: DEBUG cotyledon.oslo_config_glue [-] oslo_limit.collect_timing = False {{(pid=95454) log_opt_values /opt/stack/data/venv/lib/python3.12/site-packages/oslo_config/cfg.py:3006}}
May 14 16:39:37.817223 np0000000783 nova-scheduler[95454]: DEBUG cotyledon.oslo_config_glue [-] oslo_limit.connect_retries = None {{(pid=95454) log_opt_values /opt/stack/data/venv/lib/python3.12/site-packages/oslo_config/cfg.py:3006}}
May 14 16:39:37.817223 np0000000783 nova-scheduler[95454]: DEBUG cotyledon.oslo_config_glue [-] oslo_limit.connect_retry_delay = None {{(pid=95454) log_opt_values /opt/stack/data/venv/lib/python3.12/site-packages/oslo_config/cfg.py:3006}}
May 14 16:39:37.817223 np0000000783 nova-scheduler[95454]: DEBUG cotyledon.oslo_config_glue [-] oslo_limit.endpoint_id = None {{(pid=95454) log_opt_values /opt/stack/data/venv/lib/python3.12/site-packages/oslo_config/cfg.py:3006}}
May 14 16:39:37.817223 np0000000783 nova-scheduler[95454]: DEBUG cotyledon.oslo_config_glue [-] oslo_limit.endpoint_interface = public {{(pid=95454) log_opt_values /opt/stack/data/venv/lib/python3.12/site-packages/oslo_config/cfg.py:3006}}
May 14 16:39:37.817223 np0000000783 nova-scheduler[95454]: DEBUG cotyledon.oslo_config_glue [-] oslo_limit.endpoint_override = None {{(pid=95454) log_opt_values /opt/stack/data/venv/lib/python3.12/site-packages/oslo_config/cfg.py:3006}}
May 14 16:39:37.817223 np0000000783 nova-scheduler[95454]: DEBUG cotyledon.oslo_config_glue [-] oslo_limit.endpoint_region_name = None {{(pid=95454) log_opt_values /opt/stack/data/venv/lib/python3.12/site-packages/oslo_config/cfg.py:3006}}
May 14 16:39:37.817223 np0000000783 nova-scheduler[95454]: DEBUG cotyledon.oslo_config_glue [-] oslo_limit.endpoint_service_name = None {{(pid=95454) log_opt_values /opt/stack/data/venv/lib/python3.12/site-packages/oslo_config/cfg.py:3006}}
May 14 16:39:37.817446 np0000000783 nova-scheduler[95454]: DEBUG cotyledon.oslo_config_glue [-] oslo_limit.endpoint_service_type = None {{(pid=95454) log_opt_values /opt/stack/data/venv/lib/python3.12/site-packages/oslo_config/cfg.py:3006}}
May 14 16:39:37.817446 np0000000783 nova-scheduler[95454]: DEBUG cotyledon.oslo_config_glue [-] oslo_limit.insecure = False {{(pid=95454) log_opt_values /opt/stack/data/venv/lib/python3.12/site-packages/oslo_config/cfg.py:3006}}
May 14 16:39:37.817446 np0000000783 nova-scheduler[95454]: DEBUG cotyledon.oslo_config_glue [-] oslo_limit.keyfile = None {{(pid=95454) log_opt_values /opt/stack/data/venv/lib/python3.12/site-packages/oslo_config/cfg.py:3006}}
May 14 16:39:37.817446 np0000000783 nova-scheduler[95454]: DEBUG cotyledon.oslo_config_glue [-] oslo_limit.max_version = None {{(pid=95454) log_opt_values /opt/stack/data/venv/lib/python3.12/site-packages/oslo_config/cfg.py:3006}}
May 14 16:39:37.817446 np0000000783 nova-scheduler[95454]: DEBUG cotyledon.oslo_config_glue [-] oslo_limit.min_version = None {{(pid=95454) log_opt_values /opt/stack/data/venv/lib/python3.12/site-packages/oslo_config/cfg.py:3006}}
May 14 16:39:37.817446 np0000000783 nova-scheduler[95454]: DEBUG cotyledon.oslo_config_glue [-] oslo_limit.region_name = None {{(pid=95454) log_opt_values /opt/stack/data/venv/lib/python3.12/site-packages/oslo_config/cfg.py:3006}}
May 14 16:39:37.817446 np0000000783 nova-scheduler[95454]: DEBUG cotyledon.oslo_config_glue [-] oslo_limit.retriable_status_codes = None {{(pid=95454) log_opt_values /opt/stack/data/venv/lib/python3.12/site-packages/oslo_config/cfg.py:3006}}
May 14 16:39:37.817446 np0000000783 nova-scheduler[95454]: DEBUG cotyledon.oslo_config_glue [-] oslo_limit.service_name = None {{(pid=95454) log_opt_values /opt/stack/data/venv/lib/python3.12/site-packages/oslo_config/cfg.py:3006}}
May 14 16:39:37.817446 np0000000783 nova-scheduler[95454]: DEBUG cotyledon.oslo_config_glue [-] oslo_limit.service_type = None {{(pid=95454) log_opt_values /opt/stack/data/venv/lib/python3.12/site-packages/oslo_config/cfg.py:3006}}
May 14 16:39:37.817642 np0000000783 nova-scheduler[95454]: DEBUG cotyledon.oslo_config_glue [-] oslo_limit.split_loggers = False {{(pid=95454) log_opt_values /opt/stack/data/venv/lib/python3.12/site-packages/oslo_config/cfg.py:3006}}
May 14 16:39:37.817642 np0000000783 nova-scheduler[95454]: DEBUG cotyledon.oslo_config_glue [-] oslo_limit.status_code_retries = None {{(pid=95454) log_opt_values /opt/stack/data/venv/lib/python3.12/site-packages/oslo_config/cfg.py:3006}}
May 14 16:39:37.817642 np0000000783 nova-scheduler[95454]: DEBUG cotyledon.oslo_config_glue [-] oslo_limit.status_code_retry_delay = None {{(pid=95454) log_opt_values /opt/stack/data/venv/lib/python3.12/site-packages/oslo_config/cfg.py:3006}}
May 14 16:39:37.817642 np0000000783 nova-scheduler[95454]: DEBUG cotyledon.oslo_config_glue [-] oslo_limit.timeout = None {{(pid=95454) log_opt_values /opt/stack/data/venv/lib/python3.12/site-packages/oslo_config/cfg.py:3006}}
May 14 16:39:37.817642 np0000000783 nova-scheduler[95454]: DEBUG cotyledon.oslo_config_glue [-] oslo_limit.valid_interfaces = None {{(pid=95454) log_opt_values /opt/stack/data/venv/lib/python3.12/site-packages/oslo_config/cfg.py:3006}}
May 14 16:39:37.817642 np0000000783 nova-scheduler[95454]: DEBUG cotyledon.oslo_config_glue [-] oslo_limit.version = None {{(pid=95454) log_opt_values /opt/stack/data/venv/lib/python3.12/site-packages/oslo_config/cfg.py:3006}}
May 14 16:39:37.817642 np0000000783 nova-scheduler[95454]: DEBUG cotyledon.oslo_config_glue [-] oslo_reports.file_event_handler = None {{(pid=95454) log_opt_values /opt/stack/data/venv/lib/python3.12/site-packages/oslo_config/cfg.py:3006}}
May 14 16:39:37.817642 np0000000783 nova-scheduler[95454]: DEBUG cotyledon.oslo_config_glue [-] oslo_reports.file_event_handler_interval = 1 {{(pid=95454) log_opt_values /opt/stack/data/venv/lib/python3.12/site-packages/oslo_config/cfg.py:3006}}
May 14 16:39:37.817642 np0000000783 nova-scheduler[95454]: DEBUG cotyledon.oslo_config_glue [-] oslo_reports.log_dir = None {{(pid=95454) log_opt_values /opt/stack/data/venv/lib/python3.12/site-packages/oslo_config/cfg.py:3006}}
May 14 16:39:37.817816 np0000000783 nova-scheduler[95454]: DEBUG cotyledon.oslo_config_glue [-] ******************************************************************************** {{(pid=95454) log_opt_values /opt/stack/data/venv/lib/python3.12/site-packages/oslo_config/cfg.py:3013}}
May 14 16:39:37.817816 np0000000783 nova-scheduler[95454]: DEBUG cotyledon._service_worker [-] Run service ServiceWrapper(2) [95454] {{(pid=95454) wait_forever /opt/stack/data/venv/lib/python3.12/site-packages/cotyledon/_service_worker.py:218}}
May 14 16:39:37.817816 np0000000783 nova-scheduler[95454]: INFO nova.service [-] Starting scheduler node (version 33.1.0)
May 14 16:39:37.817881 np0000000783 nova-scheduler[95452]: DEBUG oslo_db.sqlalchemy.engines [None req-fff5545f-6723-416d-97e2-e6a568b28426 None None] MySQL server mode set to STRICT_TRANS_TABLES,STRICT_ALL_TABLES,NO_ZERO_IN_DATE,NO_ZERO_DATE,ERROR_FOR_DIVISION_BY_ZERO,TRADITIONAL,NO_ENGINE_SUBSTITUTION {{(pid=95452) _check_effective_sql_mode /opt/stack/data/venv/lib/python3.12/site-packages/oslo_db/sqlalchemy/engines.py:325}}
May 14 16:39:37.820200 np0000000783 nova-scheduler[95454]: INFO dbcounter [None req-3daa1b1a-c9ef-44f7-9e03-0595f650d3cb None None] Registered counter for database nova_cell0
May 14 16:39:37.824713 np0000000783 nova-scheduler[95431]: DEBUG nova.service [None req-947b1c1d-cb3a-4714-8ed5-b033c8e29a2c None None] Creating RPC server for service: nova-scheduler on topic: scheduler {{(pid=95431) start /opt/stack/nova/nova/service.py:195}}
May 14 16:39:37.828535 np0000000783 nova-scheduler[95452]: DEBUG dbcounter [-] [95452] Writer thread running {{(pid=95452) stat_writer /opt/stack/data/venv/lib/python3.12/site-packages/dbcounter.py:102}}
May 14 16:39:37.832760 np0000000783 nova-scheduler[95454]: DEBUG oslo_db.sqlalchemy.engines [None req-3daa1b1a-c9ef-44f7-9e03-0595f650d3cb None None] MySQL server mode set to STRICT_TRANS_TABLES,STRICT_ALL_TABLES,NO_ZERO_IN_DATE,NO_ZERO_DATE,ERROR_FOR_DIVISION_BY_ZERO,TRADITIONAL,NO_ENGINE_SUBSTITUTION {{(pid=95454) _check_effective_sql_mode /opt/stack/data/venv/lib/python3.12/site-packages/oslo_db/sqlalchemy/engines.py:325}}
May 14 16:39:37.833437 np0000000783 nova-scheduler[95452]: DEBUG nova.service [None req-fff5545f-6723-416d-97e2-e6a568b28426 None None] Creating RPC server for service: nova-scheduler on topic: scheduler {{(pid=95452) start /opt/stack/nova/nova/service.py:195}}
May 14 16:39:37.843967 np0000000783 nova-scheduler[95454]: DEBUG dbcounter [-] [95454] Writer thread running {{(pid=95454) stat_writer /opt/stack/data/venv/lib/python3.12/site-packages/dbcounter.py:102}}
May 14 16:39:37.847250 np0000000783 nova-scheduler[95454]: DEBUG nova.service [None req-3daa1b1a-c9ef-44f7-9e03-0595f650d3cb None None] Creating RPC server for service: nova-scheduler on topic: scheduler {{(pid=95454) start /opt/stack/nova/nova/service.py:195}}
May 14 16:39:37.859152 np0000000783 nova-scheduler[95452]: DEBUG nova.service [None req-fff5545f-6723-416d-97e2-e6a568b28426 None None] Join ServiceGroup membership for this service scheduler {{(pid=95452) start /opt/stack/nova/nova/service.py:221}}
May 14 16:39:37.859336 np0000000783 nova-scheduler[95452]: DEBUG nova.servicegroup.drivers.db [None req-fff5545f-6723-416d-97e2-e6a568b28426 None None] DB_Driver: join new ServiceGroup member np0000000783 to the scheduler group, service = {{(pid=95452) join /opt/stack/nova/nova/servicegroup/drivers/db.py:44}}
May 14 16:39:37.866206 np0000000783 nova-scheduler[95454]: DEBUG nova.service [None req-3daa1b1a-c9ef-44f7-9e03-0595f650d3cb None None] Join ServiceGroup membership for this service scheduler {{(pid=95454) start /opt/stack/nova/nova/service.py:221}}
May 14 16:39:37.866705 np0000000783 nova-scheduler[95454]: DEBUG nova.servicegroup.drivers.db [None req-3daa1b1a-c9ef-44f7-9e03-0595f650d3cb None None] DB_Driver: join new ServiceGroup member np0000000783 to the scheduler group, service = {{(pid=95454) join /opt/stack/nova/nova/servicegroup/drivers/db.py:44}}
May 14 16:39:37.867639 np0000000783 nova-scheduler[95431]: DEBUG nova.service [None req-947b1c1d-cb3a-4714-8ed5-b033c8e29a2c None None] Join ServiceGroup membership for this service scheduler {{(pid=95431) start /opt/stack/nova/nova/service.py:221}}
May 14 16:39:37.867730 np0000000783 nova-scheduler[95431]: DEBUG nova.servicegroup.drivers.db [None req-947b1c1d-cb3a-4714-8ed5-b033c8e29a2c None None] DB_Driver: join new ServiceGroup member np0000000783 to the scheduler group, service = {{(pid=95431) join /opt/stack/nova/nova/servicegroup/drivers/db.py:44}}
May 14 16:39:39.861332 np0000000783 nova-scheduler[95452]: DEBUG oslo.service.backend._threading.loopingcall [None req-54cbb50c-9240-451f-8fa4-9bd1a008a475 None None] Dynamic interval looping call 'nova.service.Service.periodic_tasks' sleeping for 60.00 seconds {{(pid=95452) _run_loop /opt/stack/data/venv/lib/python3.12/site-packages/oslo_service/backend/_threading/loopingcall.py:125}}
May 14 16:39:42.874855 np0000000783 nova-scheduler[95452]: DEBUG oslo.service.backend._threading.loopingcall [-] Fixed interval looping call 'nova.servicegroup.drivers.db.DbDriver._report_state' sleeping for 119.99 seconds {{(pid=95452) _run_loop /opt/stack/data/venv/lib/python3.12/site-packages/oslo_service/backend/_threading/loopingcall.py:125}}
May 14 16:39:42.877221 np0000000783 nova-scheduler[95431]: DEBUG oslo.service.backend._threading.loopingcall [-] Fixed interval looping call 'nova.servicegroup.drivers.db.DbDriver._report_state' sleeping for 119.99 seconds {{(pid=95431) _run_loop /opt/stack/data/venv/lib/python3.12/site-packages/oslo_service/backend/_threading/loopingcall.py:125}}
May 14 16:39:42.877782 np0000000783 nova-scheduler[95454]: DEBUG oslo.service.backend._threading.loopingcall [-] Fixed interval looping call 'nova.servicegroup.drivers.db.DbDriver._report_state' sleeping for 119.99 seconds {{(pid=95454) _run_loop /opt/stack/data/venv/lib/python3.12/site-packages/oslo_service/backend/_threading/loopingcall.py:125}}
May 14 16:39:46.526142 np0000000783 nova-scheduler[94177]: DEBUG dbcounter [-] [94177] Writing DB stats nova_api:SELECT=3 {{(pid=94177) stat_writer /opt/stack/data/venv/lib/python3.12/site-packages/dbcounter.py:115}}
May 14 16:39:46.621361 np0000000783 nova-scheduler[94177]: DEBUG dbcounter [-] [94177] Writing DB stats nova_cell0:SELECT=1 {{(pid=94177) stat_writer /opt/stack/data/venv/lib/python3.12/site-packages/dbcounter.py:115}}
May 14 16:39:46.621907 np0000000783 nova-scheduler[94177]: DEBUG dbcounter [-] [94177] Writing DB stats nova_cell1:SELECT=1 {{(pid=94177) stat_writer /opt/stack/data/venv/lib/python3.12/site-packages/dbcounter.py:115}}
May 14 16:39:52.873022 np0000000783 nova-scheduler[95452]: DEBUG dbcounter [-] [95452] Writing DB stats nova_cell0:SELECT=3,nova_cell0:UPDATE=1 {{(pid=95452) stat_writer /opt/stack/data/venv/lib/python3.12/site-packages/dbcounter.py:115}}
May 14 16:39:52.876225 np0000000783 nova-scheduler[95431]: DEBUG dbcounter [-] [95431] Writing DB stats nova_cell0:SELECT=4,nova_cell0:INSERT=1,nova_cell0:UPDATE=1 {{(pid=95431) stat_writer /opt/stack/data/venv/lib/python3.12/site-packages/dbcounter.py:115}}
May 14 16:39:52.876750 np0000000783 nova-scheduler[95454]: DEBUG dbcounter [-] [95454] Writing DB stats nova_cell0:SELECT=3,nova_cell0:UPDATE=1 {{(pid=95454) stat_writer /opt/stack/data/venv/lib/python3.12/site-packages/dbcounter.py:115}}
May 14 16:39:59.869800 np0000000783 nova-scheduler[95431]: DEBUG oslo.service.backend._threading.loopingcall [None req-183910bb-18c9-43f4-b4f8-c7e07f0a9fdc None None] Dynamic interval looping call 'nova.service.Service.periodic_tasks' sleeping for 60.00 seconds {{(pid=95431) _run_loop /opt/stack/data/venv/lib/python3.12/site-packages/oslo_service/backend/_threading/loopingcall.py:125}}
May 14 16:40:22.868519 np0000000783 nova-scheduler[95454]: DEBUG oslo.service.backend._threading.loopingcall [None req-c0cdd595-dbfe-4aff-8e53-b94ecf95402a None None] Dynamic interval looping call 'nova.service.Service.periodic_tasks' sleeping for 60.00 seconds {{(pid=95454) _run_loop /opt/stack/data/venv/lib/python3.12/site-packages/oslo_service/backend/_threading/loopingcall.py:125}}
May 14 16:40:39.861902 np0000000783 nova-scheduler[95452]: DEBUG oslo.service.backend._threading.loopingcall [None req-54cbb50c-9240-451f-8fa4-9bd1a008a475 None None] Dynamic interval looping call 'nova.service.Service.periodic_tasks' sleeping for 60.00 seconds {{(pid=95452) _run_loop /opt/stack/data/venv/lib/python3.12/site-packages/oslo_service/backend/_threading/loopingcall.py:125}}
May 14 16:40:59.870286 np0000000783 nova-scheduler[95431]: DEBUG oslo.service.backend._threading.loopingcall [None req-183910bb-18c9-43f4-b4f8-c7e07f0a9fdc None None] Dynamic interval looping call 'nova.service.Service.periodic_tasks' sleeping for 60.00 seconds {{(pid=95431) _run_loop /opt/stack/data/venv/lib/python3.12/site-packages/oslo_service/backend/_threading/loopingcall.py:125}}
May 14 16:41:22.868976 np0000000783 nova-scheduler[95454]: DEBUG oslo.service.backend._threading.loopingcall [None req-c0cdd595-dbfe-4aff-8e53-b94ecf95402a None None] Dynamic interval looping call 'nova.service.Service.periodic_tasks' sleeping for 60.00 seconds {{(pid=95454) _run_loop /opt/stack/data/venv/lib/python3.12/site-packages/oslo_service/backend/_threading/loopingcall.py:125}}
May 14 16:41:39.862530 np0000000783 nova-scheduler[95452]: DEBUG oslo.service.backend._threading.loopingcall [None req-54cbb50c-9240-451f-8fa4-9bd1a008a475 None None] Dynamic interval looping call 'nova.service.Service.periodic_tasks' sleeping for 60.00 seconds {{(pid=95452) _run_loop /opt/stack/data/venv/lib/python3.12/site-packages/oslo_service/backend/_threading/loopingcall.py:125}}
May 14 16:41:42.876793 np0000000783 nova-scheduler[95452]: DEBUG oslo.service.backend._threading.loopingcall [-] Fixed interval looping call 'nova.servicegroup.drivers.db.DbDriver._report_state' sleeping for 119.99 seconds {{(pid=95452) _run_loop /opt/stack/data/venv/lib/python3.12/site-packages/oslo_service/backend/_threading/loopingcall.py:125}}
May 14 16:41:42.877349 np0000000783 nova-scheduler[95431]: DEBUG oslo.service.backend._threading.loopingcall [-] Fixed interval looping call 'nova.servicegroup.drivers.db.DbDriver._report_state' sleeping for 119.99 seconds {{(pid=95431) _run_loop /opt/stack/data/venv/lib/python3.12/site-packages/oslo_service/backend/_threading/loopingcall.py:125}}
May 14 16:41:42.878117 np0000000783 nova-scheduler[95454]: DEBUG oslo.service.backend._threading.loopingcall [-] Fixed interval looping call 'nova.servicegroup.drivers.db.DbDriver._report_state' sleeping for 119.99 seconds {{(pid=95454) _run_loop /opt/stack/data/venv/lib/python3.12/site-packages/oslo_service/backend/_threading/loopingcall.py:125}}
May 14 16:41:52.871228 np0000000783 nova-scheduler[95452]: DEBUG dbcounter [-] [95452] Writing DB stats nova_cell0:SELECT=1,nova_cell0:UPDATE=1 {{(pid=95452) stat_writer /opt/stack/data/venv/lib/python3.12/site-packages/dbcounter.py:115}}
May 14 16:41:52.871830 np0000000783 nova-scheduler[95431]: DEBUG dbcounter [-] [95431] Writing DB stats nova_cell0:SELECT=1,nova_cell0:UPDATE=1 {{(pid=95431) stat_writer /opt/stack/data/venv/lib/python3.12/site-packages/dbcounter.py:115}}
May 14 16:41:52.872115 np0000000783 nova-scheduler[95454]: DEBUG dbcounter [-] [95454] Writing DB stats nova_cell0:SELECT=1,nova_cell0:UPDATE=1 {{(pid=95454) stat_writer /opt/stack/data/venv/lib/python3.12/site-packages/dbcounter.py:115}}
May 14 16:41:59.870758 np0000000783 nova-scheduler[95431]: DEBUG oslo.service.backend._threading.loopingcall [None req-183910bb-18c9-43f4-b4f8-c7e07f0a9fdc None None] Dynamic interval looping call 'nova.service.Service.periodic_tasks' sleeping for 60.00 seconds {{(pid=95431) _run_loop /opt/stack/data/venv/lib/python3.12/site-packages/oslo_service/backend/_threading/loopingcall.py:125}}
May 14 16:42:21.772481 np0000000783 nova-scheduler[95452]: DEBUG nova.scheduler.manager [None req-79641288-f4db-41fc-bcff-2d4374f4b729 tempest-ServerRescueNegativeTestJSON-253390883 tempest-ServerRescueNegativeTestJSON-253390883-project-member] Starting to schedule for instances: ['5a6ace2c-0b02-4c39-9940-aee5a6452f1c'] {{(pid=95452) select_destinations /opt/stack/nova/nova/scheduler/manager.py:210}}
May 14 16:42:21.774426 np0000000783 nova-scheduler[95452]: DEBUG nova.scheduler.request_filter [None req-79641288-f4db-41fc-bcff-2d4374f4b729 tempest-ServerRescueNegativeTestJSON-253390883 tempest-ServerRescueNegativeTestJSON-253390883-project-member] compute_status_filter request filter added forbidden trait COMPUTE_STATUS_DISABLED {{(pid=95452) compute_status_filter /opt/stack/nova/nova/scheduler/request_filter.py:253}}
May 14 16:42:21.774426 np0000000783 nova-scheduler[95452]: DEBUG nova.scheduler.request_filter [None req-79641288-f4db-41fc-bcff-2d4374f4b729 tempest-ServerRescueNegativeTestJSON-253390883 tempest-ServerRescueNegativeTestJSON-253390883-project-member] Request filter 'compute_status_filter' took 0.0 seconds {{(pid=95452) wrapper /opt/stack/nova/nova/scheduler/request_filter.py:46}}
May 14 16:42:21.774426 np0000000783 nova-scheduler[95452]: DEBUG nova.scheduler.request_filter [None req-79641288-f4db-41fc-bcff-2d4374f4b729 tempest-ServerRescueNegativeTestJSON-253390883 tempest-ServerRescueNegativeTestJSON-253390883-project-member] Request filter 'accelerators_filter' took 0.0 seconds {{(pid=95452) wrapper /opt/stack/nova/nova/scheduler/request_filter.py:46}}
May 14 16:42:21.774426 np0000000783 nova-scheduler[95452]: DEBUG nova.scheduler.request_filter [None req-79641288-f4db-41fc-bcff-2d4374f4b729 tempest-ServerRescueNegativeTestJSON-253390883 tempest-ServerRescueNegativeTestJSON-253390883-project-member] Request filter 'packed_virtqueue_filter' took 0.0 seconds {{(pid=95452) wrapper /opt/stack/nova/nova/scheduler/request_filter.py:46}}
May 14 16:42:21.774426 np0000000783 nova-scheduler[95452]: DEBUG nova.scheduler.request_filter [None req-79641288-f4db-41fc-bcff-2d4374f4b729 tempest-ServerRescueNegativeTestJSON-253390883 tempest-ServerRescueNegativeTestJSON-253390883-project-member] Request filter 'remote_managed_ports_filter' took 0.0 seconds {{(pid=95452) wrapper /opt/stack/nova/nova/scheduler/request_filter.py:46}}
May 14 16:42:21.774762 np0000000783 nova-scheduler[95452]: DEBUG nova.scheduler.request_filter [None req-79641288-f4db-41fc-bcff-2d4374f4b729 tempest-ServerRescueNegativeTestJSON-253390883 tempest-ServerRescueNegativeTestJSON-253390883-project-member] ephemeral_encryption_filter skipped {{(pid=95452) ephemeral_encryption_filter /opt/stack/nova/nova/scheduler/request_filter.py:426}}
May 14 16:42:21.774762 np0000000783 nova-scheduler[95452]: DEBUG nova.scheduler.request_filter [None req-79641288-f4db-41fc-bcff-2d4374f4b729 tempest-ServerRescueNegativeTestJSON-253390883 tempest-ServerRescueNegativeTestJSON-253390883-project-member] virtio_sound_filter skipped {{(pid=95452) virtio_sound_filter /opt/stack/nova/nova/scheduler/request_filter.py:460}}
May 14 16:42:21.774762 np0000000783 nova-scheduler[95452]: DEBUG nova.scheduler.request_filter [None req-79641288-f4db-41fc-bcff-2d4374f4b729 tempest-ServerRescueNegativeTestJSON-253390883 tempest-ServerRescueNegativeTestJSON-253390883-project-member] tpm_secret_security_filter skipped {{(pid=95452) tpm_secret_security_filter /opt/stack/nova/nova/scheduler/request_filter.py:477}}
May 14 16:42:21.814525 np0000000783 nova-scheduler[95454]: DEBUG nova.scheduler.manager [None req-e5d5f957-3444-44df-bae9-fde17eff8779 tempest-ServerBootFromVolumeStableRescueTest-2112772597 tempest-ServerBootFromVolumeStableRescueTest-2112772597-project-member] Starting to schedule for instances: ['e2d27c27-2249-4bd4-a91d-a7c6c6f0d08e'] {{(pid=95454) select_destinations /opt/stack/nova/nova/scheduler/manager.py:210}}
May 14 16:42:21.815871 np0000000783 nova-scheduler[95454]: DEBUG nova.scheduler.request_filter [None req-e5d5f957-3444-44df-bae9-fde17eff8779 tempest-ServerBootFromVolumeStableRescueTest-2112772597 tempest-ServerBootFromVolumeStableRescueTest-2112772597-project-member] compute_status_filter request filter added forbidden trait COMPUTE_STATUS_DISABLED {{(pid=95454) compute_status_filter /opt/stack/nova/nova/scheduler/request_filter.py:253}}
May 14 16:42:21.816008 np0000000783 nova-scheduler[95454]: DEBUG nova.scheduler.request_filter [None req-e5d5f957-3444-44df-bae9-fde17eff8779 tempest-ServerBootFromVolumeStableRescueTest-2112772597 tempest-ServerBootFromVolumeStableRescueTest-2112772597-project-member] Request filter 'compute_status_filter' took 0.0 seconds {{(pid=95454) wrapper /opt/stack/nova/nova/scheduler/request_filter.py:46}}
May 14 16:42:21.816220 np0000000783 nova-scheduler[95454]: DEBUG nova.scheduler.request_filter [None req-e5d5f957-3444-44df-bae9-fde17eff8779 tempest-ServerBootFromVolumeStableRescueTest-2112772597 tempest-ServerBootFromVolumeStableRescueTest-2112772597-project-member] Request filter 'accelerators_filter' took 0.0 seconds {{(pid=95454) wrapper /opt/stack/nova/nova/scheduler/request_filter.py:46}}
May 14 16:42:21.816420 np0000000783 nova-scheduler[95454]: DEBUG nova.scheduler.request_filter [None req-e5d5f957-3444-44df-bae9-fde17eff8779 tempest-ServerBootFromVolumeStableRescueTest-2112772597 tempest-ServerBootFromVolumeStableRescueTest-2112772597-project-member] Request filter 'packed_virtqueue_filter' took 0.0 seconds {{(pid=95454) wrapper /opt/stack/nova/nova/scheduler/request_filter.py:46}}
May 14 16:42:21.816756 np0000000783 nova-scheduler[95454]: DEBUG nova.scheduler.request_filter [None req-e5d5f957-3444-44df-bae9-fde17eff8779 tempest-ServerBootFromVolumeStableRescueTest-2112772597 tempest-ServerBootFromVolumeStableRescueTest-2112772597-project-member] Request filter 'remote_managed_ports_filter' took 0.0 seconds {{(pid=95454) wrapper /opt/stack/nova/nova/scheduler/request_filter.py:46}}
May 14 16:42:21.816872 np0000000783 nova-scheduler[95454]: DEBUG nova.scheduler.request_filter [None req-e5d5f957-3444-44df-bae9-fde17eff8779 tempest-ServerBootFromVolumeStableRescueTest-2112772597 tempest-ServerBootFromVolumeStableRescueTest-2112772597-project-member] ephemeral_encryption_filter skipped {{(pid=95454) ephemeral_encryption_filter /opt/stack/nova/nova/scheduler/request_filter.py:426}}
May 14 16:42:21.817019 np0000000783 nova-scheduler[95454]: DEBUG nova.scheduler.request_filter [None req-e5d5f957-3444-44df-bae9-fde17eff8779 tempest-ServerBootFromVolumeStableRescueTest-2112772597 tempest-ServerBootFromVolumeStableRescueTest-2112772597-project-member] virtio_sound_filter skipped {{(pid=95454) virtio_sound_filter /opt/stack/nova/nova/scheduler/request_filter.py:460}}
May 14 16:42:21.817019 np0000000783 nova-scheduler[95454]: DEBUG nova.scheduler.request_filter [None req-e5d5f957-3444-44df-bae9-fde17eff8779 tempest-ServerBootFromVolumeStableRescueTest-2112772597 tempest-ServerBootFromVolumeStableRescueTest-2112772597-project-member] tpm_secret_security_filter skipped {{(pid=95454) tpm_secret_security_filter /opt/stack/nova/nova/scheduler/request_filter.py:477}}
May 14 16:42:22.224672 np0000000783 nova-scheduler[95454]: INFO nova.utils [None req-e5d5f957-3444-44df-bae9-fde17eff8779 tempest-ServerBootFromVolumeStableRescueTest-2112772597 tempest-ServerBootFromVolumeStableRescueTest-2112772597-project-member] The cell worker thread pool ForkProcess-3.cell_worker is initialized
May 14 16:42:22.224823 np0000000783 nova-scheduler[95454]: DEBUG oslo_concurrency.lockutils [None req-e5d5f957-3444-44df-bae9-fde17eff8779 tempest-ServerBootFromVolumeStableRescueTest-2112772597 tempest-ServerBootFromVolumeStableRescueTest-2112772597-project-member] Acquiring lock "87fa944d-4aa2-4e8d-830d-6d6341320ac2" by "nova.context.set_target_cell..get_or_set_cached_cell_and_set_connections" {{(pid=95454) inner /opt/stack/data/venv/lib/python3.12/site-packages/oslo_concurrency/lockutils.py:506}}
May 14 16:42:22.226115 np0000000783 nova-scheduler[95454]: DEBUG oslo_concurrency.lockutils [None req-e5d5f957-3444-44df-bae9-fde17eff8779 tempest-ServerBootFromVolumeStableRescueTest-2112772597 tempest-ServerBootFromVolumeStableRescueTest-2112772597-project-member] Lock "87fa944d-4aa2-4e8d-830d-6d6341320ac2" acquired by "nova.context.set_target_cell..get_or_set_cached_cell_and_set_connections" :: waited 0.000s {{(pid=95454) inner /opt/stack/data/venv/lib/python3.12/site-packages/oslo_concurrency/lockutils.py:519}}
May 14 16:42:22.227440 np0000000783 nova-scheduler[95454]: DEBUG oslo_concurrency.lockutils [None req-e5d5f957-3444-44df-bae9-fde17eff8779 tempest-ServerBootFromVolumeStableRescueTest-2112772597 tempest-ServerBootFromVolumeStableRescueTest-2112772597-project-member] Lock "87fa944d-4aa2-4e8d-830d-6d6341320ac2" "released" by "nova.context.set_target_cell..get_or_set_cached_cell_and_set_connections" :: held 0.002s {{(pid=95454) inner /opt/stack/data/venv/lib/python3.12/site-packages/oslo_concurrency/lockutils.py:538}}
May 14 16:42:22.228974 np0000000783 nova-scheduler[95454]: INFO dbcounter [None req-e5d5f957-3444-44df-bae9-fde17eff8779 tempest-ServerBootFromVolumeStableRescueTest-2112772597 tempest-ServerBootFromVolumeStableRescueTest-2112772597-project-member] Registered counter for database nova_cell1
May 14 16:42:22.238061 np0000000783 nova-scheduler[95454]: DEBUG oslo_db.sqlalchemy.engines [None req-e5d5f957-3444-44df-bae9-fde17eff8779 tempest-ServerBootFromVolumeStableRescueTest-2112772597 tempest-ServerBootFromVolumeStableRescueTest-2112772597-project-member] MySQL server mode set to STRICT_TRANS_TABLES,STRICT_ALL_TABLES,NO_ZERO_IN_DATE,NO_ZERO_DATE,ERROR_FOR_DIVISION_BY_ZERO,TRADITIONAL,NO_ENGINE_SUBSTITUTION {{(pid=95454) _check_effective_sql_mode /opt/stack/data/venv/lib/python3.12/site-packages/oslo_db/sqlalchemy/engines.py:325}}
May 14 16:42:22.243738 np0000000783 nova-scheduler[95454]: DEBUG dbcounter [-] [95454] Writer thread running {{(pid=95454) stat_writer /opt/stack/data/venv/lib/python3.12/site-packages/dbcounter.py:102}}
May 14 16:42:22.257631 np0000000783 nova-scheduler[95454]: DEBUG oslo_db.sqlalchemy.engines [None req-e5d5f957-3444-44df-bae9-fde17eff8779 tempest-ServerBootFromVolumeStableRescueTest-2112772597 tempest-ServerBootFromVolumeStableRescueTest-2112772597-project-member] Parent process 94177 forked (95454) with an open database connection, which is being discarded and recreated. {{(pid=95454) checkout /opt/stack/data/venv/lib/python3.12/site-packages/oslo_db/sqlalchemy/engines.py:402}}
May 14 16:42:22.267219 np0000000783 nova-scheduler[95454]: DEBUG dbcounter [-] [95454] Writer thread running {{(pid=95454) stat_writer /opt/stack/data/venv/lib/python3.12/site-packages/dbcounter.py:102}}
May 14 16:42:22.271057 np0000000783 nova-scheduler[95454]: DEBUG oslo_concurrency.lockutils [None req-e5d5f957-3444-44df-bae9-fde17eff8779 tempest-ServerBootFromVolumeStableRescueTest-2112772597 tempest-ServerBootFromVolumeStableRescueTest-2112772597-project-member] Acquiring lock "87fa944d-4aa2-4e8d-830d-6d6341320ac2" by "nova.context.set_target_cell..get_or_set_cached_cell_and_set_connections" {{(pid=95454) inner /opt/stack/data/venv/lib/python3.12/site-packages/oslo_concurrency/lockutils.py:506}}
May 14 16:42:22.271248 np0000000783 nova-scheduler[95454]: DEBUG oslo_concurrency.lockutils [None req-e5d5f957-3444-44df-bae9-fde17eff8779 tempest-ServerBootFromVolumeStableRescueTest-2112772597 tempest-ServerBootFromVolumeStableRescueTest-2112772597-project-member] Lock "87fa944d-4aa2-4e8d-830d-6d6341320ac2" acquired by "nova.context.set_target_cell..get_or_set_cached_cell_and_set_connections" :: waited 0.000s {{(pid=95454) inner /opt/stack/data/venv/lib/python3.12/site-packages/oslo_concurrency/lockutils.py:519}}
May 14 16:42:22.271431 np0000000783 nova-scheduler[95454]: DEBUG oslo_concurrency.lockutils [None req-e5d5f957-3444-44df-bae9-fde17eff8779 tempest-ServerBootFromVolumeStableRescueTest-2112772597 tempest-ServerBootFromVolumeStableRescueTest-2112772597-project-member] Lock "87fa944d-4aa2-4e8d-830d-6d6341320ac2" "released" by "nova.context.set_target_cell..get_or_set_cached_cell_and_set_connections" :: held 0.000s {{(pid=95454) inner /opt/stack/data/venv/lib/python3.12/site-packages/oslo_concurrency/lockutils.py:538}}
May 14 16:42:22.274948 np0000000783 nova-scheduler[95454]: DEBUG oslo_concurrency.lockutils [None req-e5d5f957-3444-44df-bae9-fde17eff8779 tempest-ServerBootFromVolumeStableRescueTest-2112772597 tempest-ServerBootFromVolumeStableRescueTest-2112772597-project-member] Acquiring lock "('np0000000783', 'np0000000783')" by "nova.scheduler.host_manager.HostState.update.._locked_update" {{(pid=95454) inner /opt/stack/data/venv/lib/python3.12/site-packages/oslo_concurrency/lockutils.py:506}}
May 14 16:42:22.275135 np0000000783 nova-scheduler[95454]: DEBUG oslo_concurrency.lockutils [None req-e5d5f957-3444-44df-bae9-fde17eff8779 tempest-ServerBootFromVolumeStableRescueTest-2112772597 tempest-ServerBootFromVolumeStableRescueTest-2112772597-project-member] Lock "('np0000000783', 'np0000000783')" acquired by "nova.scheduler.host_manager.HostState.update.._locked_update" :: waited 0.000s {{(pid=95454) inner /opt/stack/data/venv/lib/python3.12/site-packages/oslo_concurrency/lockutils.py:519}}
May 14 16:42:22.276285 np0000000783 nova-scheduler[95454]: DEBUG nova.scheduler.host_manager [None req-e5d5f957-3444-44df-bae9-fde17eff8779 tempest-ServerBootFromVolumeStableRescueTest-2112772597 tempest-ServerBootFromVolumeStableRescueTest-2112772597-project-member] Update host state from compute node: ComputeNode(cpu_allocation_ratio=4.0,cpu_info='{"arch": "x86_64", "model": "EPYC-Milan", "vendor": "AMD", "topology": {"cells": 1, "sockets": 12, "cores": 1, "threads": 1}, "maxphysaddr": {"mode": "emulate", "bits": 40}, "features": ["umip", "cmov", "tsc", "cx16", "vaes", "cmp_legacy", "vgif", "pclmuldq", "sse2", "fsrm", "mds-no", "3dnowprefetch", "ibrs", "vme", "flushbyasid", "svm", "amd-ssbd", "topoext", "smap", "lm", "pcid", "fsgsbase", "gds-no", "sse", "cx8", "sse4.2", "xsavec", "nrip-save", "x2apic", "v-vmsave-vmload", "pdpe1gb", "pschange-mc-no", "skip-l1dfl-vmentry", "bmi2", "lahf_lm", "arat", "svme-addr-chk", "vmcb-clean", "rdseed", "amd-psfd", "syscall", "avx", "pfthreshold", "clflush", "rdpid", "rdrand", "npt", "apic", "clflushopt", "msr", "xsaveopt", "sse4.1", "rdtscp", "fxsr", "smep", "fpu", "pni", "null-sel-clr-base", "fxsr_opt", "stibp", "ibpb", "perfctr_core", "movbe", "fma", "abm", "popcnt", "pae", "adx", "mmx", "bmi1", "mce", "osvw", "arch-capabilities", "spec-ctrl", "pge", "mca", "mmxext", "amd-stibp", "invpcid", "tsc-scale", "sha-ni", "pause-filter", "xgetbv1", "cr8legacy", "sep", "pse36", "xsave", "ssse3", "stibp-always-on", "lfence-always-serializing", "pat", "nx", "clwb", "virt-ssbd", "xsaveerptr", "pse", "f16c", "avx2", "erms", "no-nested-data-bp", "tsc-deadline", "de", "misalignsse", "clzero", "ssbd", "hypervisor", "rdctl-no", "xsaves", "wbnoinvd", "pku", "vpclmulqdq", "mtrr", "aes", "lbrv", "sse4a", "tsc_adjust"]}',created_at=2026-05-14T16:40:02Z,current_workload=0,deleted=False,deleted_at=None,disk_allocation_ratio=1.0,disk_available_least=74,free_disk_gb=95,free_ram_mb=23518,host='np0000000783',host_ip=10.4.3.177,hypervisor_hostname='np0000000783',hypervisor_type='QEMU',hypervisor_version=8002002,id=1,local_gb=95,local_gb_used=0,mapped=1,memory_mb=24030,memory_mb_used=512,metrics='[]',numa_topology='{"nova_object.name": "NUMATopology", "nova_object.namespace": "nova", "nova_object.version": "1.2", "nova_object.data": {"cells": [{"nova_object.name": "NUMACell", "nova_object.namespace": "nova", "nova_object.version": "1.5", "nova_object.data": {"id": 0, "cpuset": [0, 1, 2, 3, 4, 5, 6, 7, 8, 9, 10, 11], "pcpuset": [0, 1, 2, 3, 4, 5, 6, 7, 8, 9, 10, 11], "memory": 24030, "cpu_usage": 0, "memory_usage": 0, "pinned_cpus": [], "siblings": [[6], [2], [5], [11], [8], [4], [1], [7], [10], [0], [3], [9]], "mempages": [{"nova_object.name": "NUMAPagesTopology", "nova_object.namespace": "nova", "nova_object.version": "1.1", "nova_object.data": {"size_kb": 4, "total": 6151798, "used": 0, "reserved": 0}, "nova_object.changes": ["total", "size_kb", "reserved", "used"]}, {"nova_object.name": "NUMAPagesTopology", "nova_object.namespace": "nova", "nova_object.version": "1.1", "nova_object.data": {"size_kb": 2048, "total": 0, "used": 0, "reserved": 0}, "nova_object.changes": ["total", "size_kb", "reserved", "used"]}, {"nova_object.name": "NUMAPagesTopology", "nova_object.namespace": "nova", "nova_object.version": "1.1", "nova_object.data": {"size_kb": 1048576, "total": 0, "used": 0, "reserved": 0}, "nova_object.changes": ["total", "size_kb", "reserved", "used"]}], "network_metadata": {"nova_object.name": "NetworkMetadata", "nova_object.namespace": "nova", "nova_object.version": "1.0", "nova_object.data": {"physnets": [], "tunneled": false}, "nova_object.changes": ["tunneled", "physnets"]}, "socket": null}, "nova_object.changes": ["memory", "memory_usage", "cpuset", "pinned_cpus", "socket", "mempages", "cpu_usage", "id", "network_metadata", "pcpuset", "siblings"]}]}, "nova_object.changes": ["cells"]}',pci_device_pools=PciDevicePoolList,ram_allocation_ratio=1.0,running_vms=0,service_id=2,stats={failed_builds='0',uptime=' 16:41:48 up 25 min, 2 users, load average: 1.37, 1.36, 0.77
May 14 16:42:22.276285 np0000000783 nova-scheduler[95454]: '},supported_hv_specs=[HVSpec,HVSpec,HVSpec,HVSpec,HVSpec,HVSpec,HVSpec,HVSpec,HVSpec,HVSpec,HVSpec,HVSpec,HVSpec,HVSpec,HVSpec,HVSpec,HVSpec,HVSpec,HVSpec,HVSpec,HVSpec,HVSpec,HVSpec,HVSpec,HVSpec],updated_at=2026-05-14T16:41:50Z,uuid=96f18d68-baab-40ea-988c-90e80d8e6891,vcpus=12,vcpus_used=0) {{(pid=95454) _locked_update /opt/stack/nova/nova/scheduler/host_manager.py:168}}
May 14 16:42:22.277346 np0000000783 nova-scheduler[95454]: DEBUG nova.scheduler.host_manager [None req-e5d5f957-3444-44df-bae9-fde17eff8779 tempest-ServerBootFromVolumeStableRescueTest-2112772597 tempest-ServerBootFromVolumeStableRescueTest-2112772597-project-member] Update host state with aggregates: [] {{(pid=95454) _locked_update /opt/stack/nova/nova/scheduler/host_manager.py:171}}
May 14 16:42:22.277443 np0000000783 nova-scheduler[95454]: DEBUG nova.scheduler.host_manager [None req-e5d5f957-3444-44df-bae9-fde17eff8779 tempest-ServerBootFromVolumeStableRescueTest-2112772597 tempest-ServerBootFromVolumeStableRescueTest-2112772597-project-member] Update host state with service dict: {'id': 2, 'uuid': '62bf6624-5cb8-4406-a731-909641afa151', 'host': 'np0000000783', 'binary': 'nova-compute', 'topic': 'compute', 'report_count': 2, 'disabled': False, 'disabled_reason': None, 'last_seen_up': datetime.datetime(2026, 5, 14, 16, 42, 11, tzinfo=datetime.timezone.utc), 'forced_down': False, 'version': 72, 'created_at': datetime.datetime(2026, 5, 14, 16, 40, 1, tzinfo=datetime.timezone.utc), 'updated_at': datetime.datetime(2026, 5, 14, 16, 42, 11, tzinfo=datetime.timezone.utc), 'deleted_at': None, 'deleted': False} {{(pid=95454) _locked_update /opt/stack/nova/nova/scheduler/host_manager.py:174}}
May 14 16:42:22.277518 np0000000783 nova-scheduler[95454]: DEBUG nova.scheduler.host_manager [None req-e5d5f957-3444-44df-bae9-fde17eff8779 tempest-ServerBootFromVolumeStableRescueTest-2112772597 tempest-ServerBootFromVolumeStableRescueTest-2112772597-project-member] Update host state with instances: [] {{(pid=95454) _locked_update /opt/stack/nova/nova/scheduler/host_manager.py:177}}
May 14 16:42:22.277636 np0000000783 nova-scheduler[95454]: DEBUG oslo_concurrency.lockutils [None req-e5d5f957-3444-44df-bae9-fde17eff8779 tempest-ServerBootFromVolumeStableRescueTest-2112772597 tempest-ServerBootFromVolumeStableRescueTest-2112772597-project-member] Lock "('np0000000783', 'np0000000783')" "released" by "nova.scheduler.host_manager.HostState.update.._locked_update" :: held 0.003s {{(pid=95454) inner /opt/stack/data/venv/lib/python3.12/site-packages/oslo_concurrency/lockutils.py:538}}
May 14 16:42:22.279476 np0000000783 nova-scheduler[95454]: DEBUG nova.filters [None req-e5d5f957-3444-44df-bae9-fde17eff8779 tempest-ServerBootFromVolumeStableRescueTest-2112772597 tempest-ServerBootFromVolumeStableRescueTest-2112772597-project-member] Starting with 1 host(s) {{(pid=95454) get_filtered_objects /opt/stack/nova/nova/filters.py:70}}
May 14 16:42:22.279686 np0000000783 nova-scheduler[95454]: DEBUG nova.filters [None req-e5d5f957-3444-44df-bae9-fde17eff8779 tempest-ServerBootFromVolumeStableRescueTest-2112772597 tempest-ServerBootFromVolumeStableRescueTest-2112772597-project-member] Filter ComputeFilter returned 1 host(s) {{(pid=95454) get_filtered_objects /opt/stack/nova/nova/filters.py:102}}
May 14 16:42:22.283411 np0000000783 nova-scheduler[95454]: DEBUG nova.filters [None req-e5d5f957-3444-44df-bae9-fde17eff8779 tempest-ServerBootFromVolumeStableRescueTest-2112772597 tempest-ServerBootFromVolumeStableRescueTest-2112772597-project-member] Filter ComputeCapabilitiesFilter returned 1 host(s) {{(pid=95454) get_filtered_objects /opt/stack/nova/nova/filters.py:102}}
May 14 16:42:22.283606 np0000000783 nova-scheduler[95454]: DEBUG nova.filters [None req-e5d5f957-3444-44df-bae9-fde17eff8779 tempest-ServerBootFromVolumeStableRescueTest-2112772597 tempest-ServerBootFromVolumeStableRescueTest-2112772597-project-member] Filter ImagePropertiesFilter returned 1 host(s) {{(pid=95454) get_filtered_objects /opt/stack/nova/nova/filters.py:102}}
May 14 16:42:22.283733 np0000000783 nova-scheduler[95454]: DEBUG nova.filters [None req-e5d5f957-3444-44df-bae9-fde17eff8779 tempest-ServerBootFromVolumeStableRescueTest-2112772597 tempest-ServerBootFromVolumeStableRescueTest-2112772597-project-member] Filter ServerGroupAntiAffinityFilter returned 1 host(s) {{(pid=95454) get_filtered_objects /opt/stack/nova/nova/filters.py:102}}
May 14 16:42:22.283833 np0000000783 nova-scheduler[95454]: DEBUG nova.filters [None req-e5d5f957-3444-44df-bae9-fde17eff8779 tempest-ServerBootFromVolumeStableRescueTest-2112772597 tempest-ServerBootFromVolumeStableRescueTest-2112772597-project-member] Filter ServerGroupAffinityFilter returned 1 host(s) {{(pid=95454) get_filtered_objects /opt/stack/nova/nova/filters.py:102}}
May 14 16:42:22.283956 np0000000783 nova-scheduler[95454]: DEBUG nova.filters [None req-e5d5f957-3444-44df-bae9-fde17eff8779 tempest-ServerBootFromVolumeStableRescueTest-2112772597 tempest-ServerBootFromVolumeStableRescueTest-2112772597-project-member] Filter SameHostFilter returned 1 host(s) {{(pid=95454) get_filtered_objects /opt/stack/nova/nova/filters.py:102}}
May 14 16:42:22.284059 np0000000783 nova-scheduler[95454]: DEBUG nova.filters [None req-e5d5f957-3444-44df-bae9-fde17eff8779 tempest-ServerBootFromVolumeStableRescueTest-2112772597 tempest-ServerBootFromVolumeStableRescueTest-2112772597-project-member] Filter DifferentHostFilter returned 1 host(s) {{(pid=95454) get_filtered_objects /opt/stack/nova/nova/filters.py:102}}
May 14 16:42:22.284559 np0000000783 nova-scheduler[95454]: DEBUG nova.scheduler.manager [None req-e5d5f957-3444-44df-bae9-fde17eff8779 tempest-ServerBootFromVolumeStableRescueTest-2112772597 tempest-ServerBootFromVolumeStableRescueTest-2112772597-project-member] Filtered [(np0000000783, np0000000783) ram: 23518MB disk: 75776MB io_ops: 0 instances: 0, allocation_candidates: 1] {{(pid=95454) _get_sorted_hosts /opt/stack/nova/nova/scheduler/manager.py:743}}
May 14 16:42:22.284559 np0000000783 nova-scheduler[95454]: DEBUG nova.scheduler.manager [None req-e5d5f957-3444-44df-bae9-fde17eff8779 tempest-ServerBootFromVolumeStableRescueTest-2112772597 tempest-ServerBootFromVolumeStableRescueTest-2112772597-project-member] Weighed [WeighedHost [host: (np0000000783, np0000000783) ram: 23518MB disk: 75776MB io_ops: 0 instances: 0, allocation_candidates: 1, weight: 0.0]] {{(pid=95454) _get_sorted_hosts /opt/stack/nova/nova/scheduler/manager.py:765}}
May 14 16:42:22.284559 np0000000783 nova-scheduler[95454]: DEBUG nova.scheduler.utils [None req-e5d5f957-3444-44df-bae9-fde17eff8779 tempest-ServerBootFromVolumeStableRescueTest-2112772597 tempest-ServerBootFromVolumeStableRescueTest-2112772597-project-member] Attempting to claim resources in the placement API for instance e2d27c27-2249-4bd4-a91d-a7c6c6f0d08e {{(pid=95454) claim_resources /opt/stack/nova/nova/scheduler/utils.py:1304}}
May 14 16:42:22.353542 np0000000783 nova-scheduler[95452]: INFO nova.utils [None req-79641288-f4db-41fc-bcff-2d4374f4b729 tempest-ServerRescueNegativeTestJSON-253390883 tempest-ServerRescueNegativeTestJSON-253390883-project-member] The cell worker thread pool ForkProcess-2.cell_worker is initialized
May 14 16:42:22.353915 np0000000783 nova-scheduler[95452]: DEBUG oslo_concurrency.lockutils [None req-79641288-f4db-41fc-bcff-2d4374f4b729 tempest-ServerRescueNegativeTestJSON-253390883 tempest-ServerRescueNegativeTestJSON-253390883-project-member] Acquiring lock "87fa944d-4aa2-4e8d-830d-6d6341320ac2" by "nova.context.set_target_cell..get_or_set_cached_cell_and_set_connections" {{(pid=95452) inner /opt/stack/data/venv/lib/python3.12/site-packages/oslo_concurrency/lockutils.py:506}}
May 14 16:42:22.354177 np0000000783 nova-scheduler[95452]: DEBUG oslo_concurrency.lockutils [None req-79641288-f4db-41fc-bcff-2d4374f4b729 tempest-ServerRescueNegativeTestJSON-253390883 tempest-ServerRescueNegativeTestJSON-253390883-project-member] Lock "87fa944d-4aa2-4e8d-830d-6d6341320ac2" acquired by "nova.context.set_target_cell..get_or_set_cached_cell_and_set_connections" :: waited 0.000s {{(pid=95452) inner /opt/stack/data/venv/lib/python3.12/site-packages/oslo_concurrency/lockutils.py:519}}
May 14 16:42:22.355542 np0000000783 nova-scheduler[95452]: DEBUG oslo_concurrency.lockutils [None req-79641288-f4db-41fc-bcff-2d4374f4b729 tempest-ServerRescueNegativeTestJSON-253390883 tempest-ServerRescueNegativeTestJSON-253390883-project-member] Lock "87fa944d-4aa2-4e8d-830d-6d6341320ac2" "released" by "nova.context.set_target_cell..get_or_set_cached_cell_and_set_connections" :: held 0.001s {{(pid=95452) inner /opt/stack/data/venv/lib/python3.12/site-packages/oslo_concurrency/lockutils.py:538}}
May 14 16:42:22.358431 np0000000783 nova-scheduler[95452]: INFO dbcounter [None req-79641288-f4db-41fc-bcff-2d4374f4b729 tempest-ServerRescueNegativeTestJSON-253390883 tempest-ServerRescueNegativeTestJSON-253390883-project-member] Registered counter for database nova_cell1
May 14 16:42:22.364803 np0000000783 nova-scheduler[95452]: DEBUG oslo_db.sqlalchemy.engines [None req-79641288-f4db-41fc-bcff-2d4374f4b729 tempest-ServerRescueNegativeTestJSON-253390883 tempest-ServerRescueNegativeTestJSON-253390883-project-member] MySQL server mode set to STRICT_TRANS_TABLES,STRICT_ALL_TABLES,NO_ZERO_IN_DATE,NO_ZERO_DATE,ERROR_FOR_DIVISION_BY_ZERO,TRADITIONAL,NO_ENGINE_SUBSTITUTION {{(pid=95452) _check_effective_sql_mode /opt/stack/data/venv/lib/python3.12/site-packages/oslo_db/sqlalchemy/engines.py:325}}
May 14 16:42:22.369988 np0000000783 nova-scheduler[95452]: DEBUG dbcounter [-] [95452] Writer thread running {{(pid=95452) stat_writer /opt/stack/data/venv/lib/python3.12/site-packages/dbcounter.py:102}}
May 14 16:42:22.388855 np0000000783 nova-scheduler[95452]: DEBUG dbcounter [-] [95452] Writer thread running {{(pid=95452) stat_writer /opt/stack/data/venv/lib/python3.12/site-packages/dbcounter.py:102}}
May 14 16:42:22.392594 np0000000783 nova-scheduler[95452]: DEBUG oslo_concurrency.lockutils [None req-79641288-f4db-41fc-bcff-2d4374f4b729 tempest-ServerRescueNegativeTestJSON-253390883 tempest-ServerRescueNegativeTestJSON-253390883-project-member] Acquiring lock "87fa944d-4aa2-4e8d-830d-6d6341320ac2" by "nova.context.set_target_cell..get_or_set_cached_cell_and_set_connections" {{(pid=95452) inner /opt/stack/data/venv/lib/python3.12/site-packages/oslo_concurrency/lockutils.py:506}}
May 14 16:42:22.393081 np0000000783 nova-scheduler[95452]: DEBUG oslo_concurrency.lockutils [None req-79641288-f4db-41fc-bcff-2d4374f4b729 tempest-ServerRescueNegativeTestJSON-253390883 tempest-ServerRescueNegativeTestJSON-253390883-project-member] Lock "87fa944d-4aa2-4e8d-830d-6d6341320ac2" acquired by "nova.context.set_target_cell..get_or_set_cached_cell_and_set_connections" :: waited 0.000s {{(pid=95452) inner /opt/stack/data/venv/lib/python3.12/site-packages/oslo_concurrency/lockutils.py:519}}
May 14 16:42:22.393233 np0000000783 nova-scheduler[95452]: DEBUG oslo_concurrency.lockutils [None req-79641288-f4db-41fc-bcff-2d4374f4b729 tempest-ServerRescueNegativeTestJSON-253390883 tempest-ServerRescueNegativeTestJSON-253390883-project-member] Lock "87fa944d-4aa2-4e8d-830d-6d6341320ac2" "released" by "nova.context.set_target_cell..get_or_set_cached_cell_and_set_connections" :: held 0.000s {{(pid=95452) inner /opt/stack/data/venv/lib/python3.12/site-packages/oslo_concurrency/lockutils.py:538}}
May 14 16:42:22.397641 np0000000783 nova-scheduler[95452]: DEBUG oslo_concurrency.lockutils [None req-79641288-f4db-41fc-bcff-2d4374f4b729 tempest-ServerRescueNegativeTestJSON-253390883 tempest-ServerRescueNegativeTestJSON-253390883-project-member] Acquiring lock "('np0000000783', 'np0000000783')" by "nova.scheduler.host_manager.HostState.update.._locked_update" {{(pid=95452) inner /opt/stack/data/venv/lib/python3.12/site-packages/oslo_concurrency/lockutils.py:506}}
May 14 16:42:22.397641 np0000000783 nova-scheduler[95452]: DEBUG oslo_concurrency.lockutils [None req-79641288-f4db-41fc-bcff-2d4374f4b729 tempest-ServerRescueNegativeTestJSON-253390883 tempest-ServerRescueNegativeTestJSON-253390883-project-member] Lock "('np0000000783', 'np0000000783')" acquired by "nova.scheduler.host_manager.HostState.update.._locked_update" :: waited 0.000s {{(pid=95452) inner /opt/stack/data/venv/lib/python3.12/site-packages/oslo_concurrency/lockutils.py:519}}
