Jul 31 15:00:49.668335 np0000006239 devstack@g-api.service[99772]: DEBUG glance.sqlite_migration [-] SQLite caching database not located, skipping migration {{(pid=99772) get_db_path /opt/stack/glance/glance/sqlite_migration.py:68}}
Jul 31 15:00:49.668362 np0000006239 devstack@g-api.service[99770]: DEBUG glance_store.location [-] Registering scheme swift+https with {'store': , 'location_class': , 'store_entry': 'swift'} {{(pid=99770) register_scheme_map /opt/stack/data/venv/lib/python3.12/site-packages/glance_store/location.py:146}}
Jul 31 15:00:49.668362 np0000006239 devstack@g-api.service[99770]: DEBUG glance_store.location [-] Registering scheme swift with {'store': , 'location_class': , 'store_entry': 'swift'} {{(pid=99770) register_scheme_map /opt/stack/data/venv/lib/python3.12/site-packages/glance_store/location.py:146}}
Jul 31 15:00:49.668362 np0000006239 devstack@g-api.service[99770]: DEBUG glance_store.location [-] Registering scheme swift+http with {'store': , 'location_class': , 'store_entry': 'swift'} {{(pid=99770) register_scheme_map /opt/stack/data/venv/lib/python3.12/site-packages/glance_store/location.py:146}}
Jul 31 15:00:49.668362 np0000006239 devstack@g-api.service[99770]: DEBUG glance_store.location [-] Registering scheme swift+config with {'store': , 'location_class': , 'store_entry': 'swift'} {{(pid=99770) register_scheme_map /opt/stack/data/venv/lib/python3.12/site-packages/glance_store/location.py:146}}
Jul 31 15:00:49.668453 np0000006239 devstack@g-api.service[99772]: WARNING glance.common.wsgi_app [-] Import methods are enabled but staging directory /tmp/staging/ does not exist; Imports will fail!
Jul 31 15:00:49.668492 np0000006239 devstack@g-api.service[99770]: DEBUG glance_store.backend [-] Attempting to import store file {{(pid=99770) _load_store /opt/stack/data/venv/lib/python3.12/site-packages/glance_store/backend.py:215}}
Jul 31 15:00:49.668492 np0000006239 devstack@g-api.service[99770]: DEBUG glance_store.capabilities [-] Store glance_store._drivers.filesystem.Store doesn't support updating dynamic storage capabilities. Please overwrite 'update_capabilities' method of the store to implement updating logics if needed. {{(pid=99770) update_capabilities /opt/stack/data/venv/lib/python3.12/site-packages/glance_store/capabilities.py:91}}
Jul 31 15:00:49.668492 np0000006239 devstack@g-api.service[99770]: DEBUG glance_store.backend [-] Registering store file with schemes ('file', 'filesystem') {{(pid=99770) create_stores /opt/stack/data/venv/lib/python3.12/site-packages/glance_store/backend.py:261}}
Jul 31 15:00:49.668492 np0000006239 devstack@g-api.service[99770]: DEBUG glance_store.driver [-] Late loading location class glance_store._drivers.filesystem.StoreLocation {{(pid=99770) get_store_location_class /opt/stack/data/venv/lib/python3.12/site-packages/glance_store/driver.py:134}}
Jul 31 15:00:49.668492 np0000006239 devstack@g-api.service[99770]: DEBUG glance_store.location [-] Registering scheme file with {'store': , 'location_class': , 'store_entry': 'file'} {{(pid=99770) register_scheme_map /opt/stack/data/venv/lib/python3.12/site-packages/glance_store/location.py:146}}
Jul 31 15:00:49.668492 np0000006239 devstack@g-api.service[99770]: DEBUG glance_store.location [-] Registering scheme filesystem with {'store': , 'location_class': , 'store_entry': 'file'} {{(pid=99770) register_scheme_map /opt/stack/data/venv/lib/python3.12/site-packages/glance_store/location.py:146}}
Jul 31 15:00:49.668626 np0000006239 devstack@g-api.service[99770]: DEBUG glance_store.backend [-] Attempting to import store swift {{(pid=99770) _load_store /opt/stack/data/venv/lib/python3.12/site-packages/glance_store/backend.py:215}}
Jul 31 15:00:49.668766 np0000006239 devstack@g-api.service[99770]: DEBUG glance_store.capabilities [-] Store glance_store._drivers.swift.store.SingleTenantStore doesn't support updating dynamic storage capabilities. Please overwrite 'update_capabilities' method of the store to implement updating logics if needed. {{(pid=99770) update_capabilities /opt/stack/data/venv/lib/python3.12/site-packages/glance_store/capabilities.py:91}}
Jul 31 15:00:49.668827 np0000006239 devstack@g-api.service[99770]: DEBUG glance_store.driver [-] Late loading location class glance_store._drivers.swift.store.StoreLocation {{(pid=99770) get_store_location_class /opt/stack/data/venv/lib/python3.12/site-packages/glance_store/driver.py:134}}
Jul 31 15:00:49.668889 np0000006239 devstack@g-api.service[99770]: DEBUG glance_store.location [-] Registering scheme swift+https with {'store': , 'location_class': , 'store_entry': 'swift'} {{(pid=99770) register_scheme_map /opt/stack/data/venv/lib/python3.12/site-packages/glance_store/location.py:146}}
Jul 31 15:00:49.668960 np0000006239 devstack@g-api.service[99770]: DEBUG glance_store.location [-] Registering scheme swift+https with {'store': , 'location_class': , 'store_entry': 'swift'} {{(pid=99770) register_scheme_map /opt/stack/data/venv/lib/python3.12/site-packages/glance_store/location.py:146}}
Jul 31 15:00:49.669027 np0000006239 devstack@g-api.service[99770]: DEBUG glance_store.location [-] Registering scheme swift with {'store': , 'location_class': , 'store_entry': 'swift'} {{(pid=99770) register_scheme_map /opt/stack/data/venv/lib/python3.12/site-packages/glance_store/location.py:146}}
Jul 31 15:00:49.669080 np0000006239 devstack@g-api.service[99770]: DEBUG glance_store.location [-] Registering scheme swift+https with {'store': , 'location_class': , 'store_entry': 'swift'} {{(pid=99770) register_scheme_map /opt/stack/data/venv/lib/python3.12/site-packages/glance_store/location.py:146}}
Jul 31 15:00:49.669130 np0000006239 devstack@g-api.service[99770]: DEBUG glance_store.location [-] Registering scheme swift with {'store': , 'location_class': , 'store_entry': 'swift'} {{(pid=99770) register_scheme_map /opt/stack/data/venv/lib/python3.12/site-packages/glance_store/location.py:146}}
Jul 31 15:00:49.669179 np0000006239 devstack@g-api.service[99770]: DEBUG glance_store.location [-] Registering scheme swift+http with {'store': , 'location_class': , 'store_entry': 'swift'} {{(pid=99770) register_scheme_map /opt/stack/data/venv/lib/python3.12/site-packages/glance_store/location.py:146}}
Jul 31 15:00:49.669230 np0000006239 devstack@g-api.service[99770]: DEBUG glance_store.location [-] Registering scheme swift+https with {'store': , 'location_class': , 'store_entry': 'swift'} {{(pid=99770) register_scheme_map /opt/stack/data/venv/lib/python3.12/site-packages/glance_store/location.py:146}}
Jul 31 15:00:49.669306 np0000006239 devstack@g-api.service[99770]: DEBUG glance_store.location [-] Registering scheme swift with {'store': , 'location_class': , 'store_entry': 'swift'} {{(pid=99770) register_scheme_map /opt/stack/data/venv/lib/python3.12/site-packages/glance_store/location.py:146}}
Jul 31 15:00:49.669379 np0000006239 devstack@g-api.service[99770]: DEBUG glance_store.location [-] Registering scheme swift+http with {'store': , 'location_class': , 'store_entry': 'swift'} {{(pid=99770) register_scheme_map /opt/stack/data/venv/lib/python3.12/site-packages/glance_store/location.py:146}}
Jul 31 15:00:49.669430 np0000006239 devstack@g-api.service[99770]: DEBUG glance_store.location [-] Registering scheme swift+config with {'store': , 'location_class': , 'store_entry': 'swift'} {{(pid=99770) register_scheme_map /opt/stack/data/venv/lib/python3.12/site-packages/glance_store/location.py:146}}
Jul 31 15:00:49.669711 np0000006239 devstack@g-api.service[99770]: DEBUG glance.sqlite_migration [-] SQLite caching database not located, skipping migration {{(pid=99770) get_db_path /opt/stack/glance/glance/sqlite_migration.py:68}}
Jul 31 15:00:49.669890 np0000006239 devstack@g-api.service[99770]: WARNING glance.common.wsgi_app [-] Import methods are enabled but staging directory /tmp/staging/ does not exist; Imports will fail!
Jul 31 15:00:49.800099 np0000006239 devstack@g-api.service[99770]: DEBUG glance.common.config [None req-29d215b6-41d2-4e6c-b141-c867853027f3 None None] Loading glance-api-keystone+cachemanagement from /etc/glance/glance-api-paste.ini {{(pid=99770) load_paste_app /opt/stack/glance/glance/common/config.py:765}}
Jul 31 15:00:49.805451 np0000006239 devstack@g-api.service[99772]: DEBUG glance.common.config [None req-b8c537b9-4ddd-41a6-933b-095b4be73438 None None] Loading glance-api-keystone+cachemanagement from /etc/glance/glance-api-paste.ini {{(pid=99772) load_paste_app /opt/stack/glance/glance/common/config.py:765}}
Jul 31 15:00:49.806604 np0000006239 devstack@g-api.service[99771]: DEBUG glance.common.config [None req-984a818f-464f-48cf-8861-47efd741c34d None None] Loading glance-api-keystone+cachemanagement from /etc/glance/glance-api-paste.ini {{(pid=99771) load_paste_app /opt/stack/glance/glance/common/config.py:765}}
Jul 31 15:00:50.411186 np0000006239 devstack@g-api.service[99771]: INFO glance.image_cache [None req-984a818f-464f-48cf-8861-47efd741c34d None None] Image cache loaded driver 'centralized_db'.
Jul 31 15:00:50.424242 np0000006239 devstack@g-api.service[99772]: INFO glance.image_cache [None req-b8c537b9-4ddd-41a6-933b-095b4be73438 None None] Image cache loaded driver 'centralized_db'.
Jul 31 15:00:50.445846 np0000006239 devstack@g-api.service[99770]: INFO glance.image_cache [None req-29d215b6-41d2-4e6c-b141-c867853027f3 None None] Image cache loaded driver 'centralized_db'.
Jul 31 15:00:50.457723 np0000006239 devstack@g-api.service[99771]: INFO dbcounter [None req-984a818f-464f-48cf-8861-47efd741c34d None None] Registered counter for database glance
Jul 31 15:00:50.472872 np0000006239 devstack@g-api.service[99772]: INFO dbcounter [None req-b8c537b9-4ddd-41a6-933b-095b4be73438 None None] Registered counter for database glance
Jul 31 15:00:50.493414 np0000006239 devstack@g-api.service[99771]: DEBUG oslo_db.sqlalchemy.engines [None req-984a818f-464f-48cf-8861-47efd741c34d None None] MySQL server mode set to STRICT_TRANS_TABLES,STRICT_ALL_TABLES,NO_ZERO_IN_DATE,NO_ZERO_DATE,ERROR_FOR_DIVISION_BY_ZERO,TRADITIONAL,NO_ENGINE_SUBSTITUTION {{(pid=99771) _check_effective_sql_mode /opt/stack/data/venv/lib/python3.12/site-packages/oslo_db/sqlalchemy/engines.py:325}}
Jul 31 15:00:50.494455 np0000006239 devstack@g-api.service[99770]: INFO dbcounter [None req-29d215b6-41d2-4e6c-b141-c867853027f3 None None] Registered counter for database glance
Jul 31 15:00:50.511787 np0000006239 devstack@g-api.service[99772]: DEBUG oslo_db.sqlalchemy.engines [None req-b8c537b9-4ddd-41a6-933b-095b4be73438 None None] MySQL server mode set to STRICT_TRANS_TABLES,STRICT_ALL_TABLES,NO_ZERO_IN_DATE,NO_ZERO_DATE,ERROR_FOR_DIVISION_BY_ZERO,TRADITIONAL,NO_ENGINE_SUBSTITUTION {{(pid=99772) _check_effective_sql_mode /opt/stack/data/venv/lib/python3.12/site-packages/oslo_db/sqlalchemy/engines.py:325}}
Jul 31 15:00:50.532115 np0000006239 devstack@g-api.service[99770]: DEBUG oslo_db.sqlalchemy.engines [None req-29d215b6-41d2-4e6c-b141-c867853027f3 None None] MySQL server mode set to STRICT_TRANS_TABLES,STRICT_ALL_TABLES,NO_ZERO_IN_DATE,NO_ZERO_DATE,ERROR_FOR_DIVISION_BY_ZERO,TRADITIONAL,NO_ENGINE_SUBSTITUTION {{(pid=99770) _check_effective_sql_mode /opt/stack/data/venv/lib/python3.12/site-packages/oslo_db/sqlalchemy/engines.py:325}}
Jul 31 15:00:50.599953 np0000006239 devstack@g-api.service[99771]: DEBUG dbcounter [-] [99771] Writer thread running {{(pid=99771) stat_writer /opt/stack/data/venv/lib/python3.12/site-packages/dbcounter.py:102}}
Jul 31 15:00:50.610779 np0000006239 devstack@g-api.service[99771]: INFO glance.image_cache [None req-984a818f-464f-48cf-8861-47efd741c34d None None] Image cache loaded driver 'centralized_db'.
Jul 31 15:00:50.618642 np0000006239 devstack@g-api.service[99771]: DEBUG glance.image_cache.drivers.centralized_db [None req-984a818f-464f-48cf-8861-47efd741c34d None None] Node reference is already recorded, ignoring it {{(pid=99771) configure /opt/stack/glance/glance/image_cache/drivers/centralized_db.py:71}}
Jul 31 15:00:50.623288 np0000006239 devstack@g-api.service[99771]: DEBUG glance.api.v2.cached_images [None req-984a818f-464f-48cf-8861-47efd741c34d None None] Started cache worker thread {{(pid=99771) __init__ /opt/stack/glance/glance/api/v2/cached_images.py:71}}
Jul 31 15:00:50.623999 np0000006239 devstack@g-api.service[99771]: INFO glance.image_cache [None req-984a818f-464f-48cf-8861-47efd741c34d None None] Image cache loaded driver 'centralized_db'.
Jul 31 15:00:50.629158 np0000006239 devstack@g-api.service[99772]: DEBUG dbcounter [-] [99772] Writer thread running {{(pid=99772) stat_writer /opt/stack/data/venv/lib/python3.12/site-packages/dbcounter.py:102}}
Jul 31 15:00:50.630746 np0000006239 devstack@g-api.service[99771]: DEBUG glance.image_cache.drivers.centralized_db [None req-984a818f-464f-48cf-8861-47efd741c34d None None] Node reference is already recorded, ignoring it {{(pid=99771) configure /opt/stack/glance/glance/image_cache/drivers/centralized_db.py:71}}
Jul 31 15:00:50.632251 np0000006239 devstack@g-api.service[99772]: DEBUG glance.image_cache.drivers.centralized_db [None req-b8c537b9-4ddd-41a6-933b-095b4be73438 None None] Node reference is already recorded, ignoring it {{(pid=99772) configure /opt/stack/glance/glance/image_cache/drivers/centralized_db.py:71}}
Jul 31 15:00:50.635140 np0000006239 devstack@g-api.service[99771]: INFO glance.api.middleware.cache_manage [None req-984a818f-464f-48cf-8861-47efd741c34d None None] Initialized image cache management middleware
Jul 31 15:00:50.635391 np0000006239 devstack@g-api.service[99771]: INFO glance.image_cache [None req-984a818f-464f-48cf-8861-47efd741c34d None None] Image cache loaded driver 'centralized_db'.
Jul 31 15:00:50.638324 np0000006239 devstack@g-api.service[99772]: INFO glance.image_cache [None req-b8c537b9-4ddd-41a6-933b-095b4be73438 None None] Image cache loaded driver 'centralized_db'.
Jul 31 15:00:50.640638 np0000006239 devstack@g-api.service[99770]: DEBUG dbcounter [-] [99770] Writer thread running {{(pid=99770) stat_writer /opt/stack/data/venv/lib/python3.12/site-packages/dbcounter.py:102}}
Jul 31 15:00:50.643288 np0000006239 devstack@g-api.service[99771]: DEBUG glance.image_cache.drivers.centralized_db [None req-984a818f-464f-48cf-8861-47efd741c34d None None] Node reference is already recorded, ignoring it {{(pid=99771) configure /opt/stack/glance/glance/image_cache/drivers/centralized_db.py:71}}
Jul 31 15:00:50.643355 np0000006239 devstack@g-api.service[99770]: DEBUG glance.image_cache.drivers.centralized_db [None req-29d215b6-41d2-4e6c-b141-c867853027f3 None None] Node reference is already recorded, ignoring it {{(pid=99770) configure /opt/stack/glance/glance/image_cache/drivers/centralized_db.py:71}}
Jul 31 15:00:50.645554 np0000006239 devstack@g-api.service[99772]: DEBUG glance.image_cache.drivers.centralized_db [None req-b8c537b9-4ddd-41a6-933b-095b4be73438 None None] Node reference is already recorded, ignoring it {{(pid=99772) configure /opt/stack/glance/glance/image_cache/drivers/centralized_db.py:71}}
Jul 31 15:00:50.646829 np0000006239 devstack@g-api.service[99771]: INFO glance.api.middleware.cache [None req-984a818f-464f-48cf-8861-47efd741c34d None None] Initialized image cache middleware
Jul 31 15:00:50.648481 np0000006239 devstack@g-api.service[99770]: INFO glance.image_cache [None req-29d215b6-41d2-4e6c-b141-c867853027f3 None None] Image cache loaded driver 'centralized_db'.
Jul 31 15:00:50.651309 np0000006239 devstack@g-api.service[99772]: DEBUG glance.api.v2.cached_images [None req-b8c537b9-4ddd-41a6-933b-095b4be73438 None None] Started cache worker thread {{(pid=99772) __init__ /opt/stack/glance/glance/api/v2/cached_images.py:71}}
Jul 31 15:00:50.652043 np0000006239 devstack@g-api.service[99772]: INFO glance.image_cache [None req-b8c537b9-4ddd-41a6-933b-095b4be73438 None None] Image cache loaded driver 'centralized_db'.
Jul 31 15:00:50.655333 np0000006239 devstack@g-api.service[99770]: DEBUG glance.image_cache.drivers.centralized_db [None req-29d215b6-41d2-4e6c-b141-c867853027f3 None None] Node reference is already recorded, ignoring it {{(pid=99770) configure /opt/stack/glance/glance/image_cache/drivers/centralized_db.py:71}}
Jul 31 15:00:50.657315 np0000006239 devstack@g-api.service[99771]: DEBUG glance.common.config [None req-984a818f-464f-48cf-8861-47efd741c34d None None] ******************************************************************************** {{(pid=99771) log_opt_values /opt/stack/data/venv/lib/python3.12/site-packages/oslo_config/cfg.py:3226}}
Jul 31 15:00:50.657446 np0000006239 devstack@g-api.service[99771]: DEBUG glance.common.config [None req-984a818f-464f-48cf-8861-47efd741c34d None None] Configuration options gathered from: {{(pid=99771) log_opt_values /opt/stack/data/venv/lib/python3.12/site-packages/oslo_config/cfg.py:3227}}
Jul 31 15:00:50.657764 np0000006239 devstack@g-api.service[99771]: DEBUG glance.common.config [None req-984a818f-464f-48cf-8861-47efd741c34d None None] command line args: [] {{(pid=99771) log_opt_values /opt/stack/data/venv/lib/python3.12/site-packages/oslo_config/cfg.py:3228}}
Jul 31 15:00:50.657910 np0000006239 devstack@g-api.service[99771]: DEBUG glance.common.config [None req-984a818f-464f-48cf-8861-47efd741c34d None None] config files: ['/etc/glance/glance-image-import.conf', '/etc/glance/glance-api.conf'] {{(pid=99771) log_opt_values /opt/stack/data/venv/lib/python3.12/site-packages/oslo_config/cfg.py:3229}}
Jul 31 15:00:50.658026 np0000006239 devstack@g-api.service[99771]: DEBUG glance.common.config [None req-984a818f-464f-48cf-8861-47efd741c34d None None] ================================================================================ {{(pid=99771) log_opt_values /opt/stack/data/venv/lib/python3.12/site-packages/oslo_config/cfg.py:3234}}
Jul 31 15:00:50.658169 np0000006239 devstack@g-api.service[99771]: DEBUG glance.common.config [None req-984a818f-464f-48cf-8861-47efd741c34d None None] allow_anonymous_access = False {{(pid=99771) log_opt_values /opt/stack/data/venv/lib/python3.12/site-packages/oslo_config/cfg.py:3242}}
Jul 31 15:00:50.658296 np0000006239 devstack@g-api.service[99771]: DEBUG glance.common.config [None req-984a818f-464f-48cf-8861-47efd741c34d None None] api_limit_max = 1000 {{(pid=99771) log_opt_values /opt/stack/data/venv/lib/python3.12/site-packages/oslo_config/cfg.py:3242}}
Jul 31 15:00:50.658397 np0000006239 devstack@g-api.service[99771]: DEBUG glance.common.config [None req-984a818f-464f-48cf-8861-47efd741c34d None None] config_dir = [] {{(pid=99771) log_opt_values /opt/stack/data/venv/lib/python3.12/site-packages/oslo_config/cfg.py:3242}}
Jul 31 15:00:50.658468 np0000006239 devstack@g-api.service[99771]: DEBUG glance.common.config [None req-984a818f-464f-48cf-8861-47efd741c34d None None] config_file = ['/etc/glance/glance-image-import.conf', '/etc/glance/glance-api.conf'] {{(pid=99771) log_opt_values /opt/stack/data/venv/lib/python3.12/site-packages/oslo_config/cfg.py:3242}}
Jul 31 15:00:50.658574 np0000006239 devstack@g-api.service[99771]: DEBUG glance.common.config [None req-984a818f-464f-48cf-8861-47efd741c34d None None] config_source = [] {{(pid=99771) log_opt_values /opt/stack/data/venv/lib/python3.12/site-packages/oslo_config/cfg.py:3242}}
Jul 31 15:00:50.658689 np0000006239 devstack@g-api.service[99771]: DEBUG glance.common.config [None req-984a818f-464f-48cf-8861-47efd741c34d None None] control_exchange = glance {{(pid=99771) log_opt_values /opt/stack/data/venv/lib/python3.12/site-packages/oslo_config/cfg.py:3242}}
Jul 31 15:00:50.658774 np0000006239 devstack@g-api.service[99771]: DEBUG glance.common.config [None req-984a818f-464f-48cf-8861-47efd741c34d None None] debug = True {{(pid=99771) log_opt_values /opt/stack/data/venv/lib/python3.12/site-packages/oslo_config/cfg.py:3242}}
Jul 31 15:00:50.658934 np0000006239 devstack@g-api.service[99771]: DEBUG glance.common.config [None req-984a818f-464f-48cf-8861-47efd741c34d None None] default_log_levels = ['amqp=WARN', 'boto=WARN', 'sqlalchemy=WARN', 'suds=INFO', 'oslo.messaging=INFO', 'oslo_messaging=INFO', 'iso8601=WARN', 'requests.packages.urllib3.connectionpool=WARN', 'urllib3.connectionpool=WARN', 'websocket=WARN', 'requests.packages.urllib3.util.retry=WARN', 'urllib3.util.retry=WARN', 'keystonemiddleware=WARN', 'routes.middleware=WARN', 'stevedore=WARN', 'taskflow=WARN', 'keystoneauth=WARN', 'oslo.cache=INFO', 'oslo_policy=INFO', 'dogpile.core.dogpile=INFO'] {{(pid=99771) log_opt_values /opt/stack/data/venv/lib/python3.12/site-packages/oslo_config/cfg.py:3242}}
Jul 31 15:00:50.659052 np0000006239 devstack@g-api.service[99771]: DEBUG glance.common.config [None req-984a818f-464f-48cf-8861-47efd741c34d None None] default_publisher_id = image.localhost {{(pid=99771) log_opt_values /opt/stack/data/venv/lib/python3.12/site-packages/oslo_config/cfg.py:3242}}
Jul 31 15:00:50.659140 np0000006239 devstack@g-api.service[99771]: DEBUG glance.common.config [None req-984a818f-464f-48cf-8861-47efd741c34d None None] delayed_delete = False {{(pid=99771) log_opt_values /opt/stack/data/venv/lib/python3.12/site-packages/oslo_config/cfg.py:3242}}
Jul 31 15:00:50.659234 np0000006239 devstack@g-api.service[99771]: DEBUG glance.common.config [None req-984a818f-464f-48cf-8861-47efd741c34d None None] digest_algorithm = sha256 {{(pid=99771) log_opt_values /opt/stack/data/venv/lib/python3.12/site-packages/oslo_config/cfg.py:3242}}
Jul 31 15:00:50.659328 np0000006239 devstack@g-api.service[99771]: DEBUG glance.common.config [None req-984a818f-464f-48cf-8861-47efd741c34d None None] disabled_notifications = [] {{(pid=99771) log_opt_values /opt/stack/data/venv/lib/python3.12/site-packages/oslo_config/cfg.py:3242}}
Jul 31 15:00:50.659416 np0000006239 devstack@g-api.service[99771]: DEBUG glance.common.config [None req-984a818f-464f-48cf-8861-47efd741c34d None None] do_secure_hash = True {{(pid=99771) log_opt_values /opt/stack/data/venv/lib/python3.12/site-packages/oslo_config/cfg.py:3242}}
Jul 31 15:00:50.659510 np0000006239 devstack@g-api.service[99771]: DEBUG glance.common.config [None req-984a818f-464f-48cf-8861-47efd741c34d None None] enabled_backends = None {{(pid=99771) log_opt_values /opt/stack/data/venv/lib/python3.12/site-packages/oslo_config/cfg.py:3242}}
Jul 31 15:00:50.659635 np0000006239 devstack@g-api.service[99771]: DEBUG glance.common.config [None req-984a818f-464f-48cf-8861-47efd741c34d None None] enabled_import_methods = ['glance-direct', 'web-download', 'copy-image'] {{(pid=99771) log_opt_values /opt/stack/data/venv/lib/python3.12/site-packages/oslo_config/cfg.py:3242}}
Jul 31 15:00:50.659765 np0000006239 devstack@g-api.service[99771]: DEBUG glance.common.config [None req-984a818f-464f-48cf-8861-47efd741c34d None None] fatal_deprecations = False {{(pid=99771) log_opt_values /opt/stack/data/venv/lib/python3.12/site-packages/oslo_config/cfg.py:3242}}
Jul 31 15:00:50.659815 np0000006239 devstack@g-api.service[99771]: DEBUG glance.common.config [None req-984a818f-464f-48cf-8861-47efd741c34d None None] hashing_algorithm = sha512 {{(pid=99771) log_opt_values /opt/stack/data/venv/lib/python3.12/site-packages/oslo_config/cfg.py:3242}}
Jul 31 15:00:50.659871 np0000006239 devstack@g-api.service[99770]: DEBUG glance.api.v2.cached_images [None req-29d215b6-41d2-4e6c-b141-c867853027f3 None None] Started cache worker thread {{(pid=99770) __init__ /opt/stack/glance/glance/api/v2/cached_images.py:71}}
Jul 31 15:00:50.659915 np0000006239 devstack@g-api.service[99771]: DEBUG glance.common.config [None req-984a818f-464f-48cf-8861-47efd741c34d None None] http_retries = 3 {{(pid=99771) log_opt_values /opt/stack/data/venv/lib/python3.12/site-packages/oslo_config/cfg.py:3242}}
Jul 31 15:00:50.660069 np0000006239 devstack@g-api.service[99771]: DEBUG glance.common.config [None req-984a818f-464f-48cf-8861-47efd741c34d None None] image_cache_dir = /opt/stack/data/glance/cache/ {{(pid=99771) log_opt_values /opt/stack/data/venv/lib/python3.12/site-packages/oslo_config/cfg.py:3242}}
Jul 31 15:00:50.660110 np0000006239 devstack@g-api.service[99771]: DEBUG glance.common.config [None req-984a818f-464f-48cf-8861-47efd741c34d None None] image_cache_driver = centralized_db {{(pid=99771) log_opt_values /opt/stack/data/venv/lib/python3.12/site-packages/oslo_config/cfg.py:3242}}
Jul 31 15:00:50.660237 np0000006239 devstack@g-api.service[99771]: DEBUG glance.common.config [None req-984a818f-464f-48cf-8861-47efd741c34d None None] image_cache_max_size = 10737418240 {{(pid=99771) log_opt_values /opt/stack/data/venv/lib/python3.12/site-packages/oslo_config/cfg.py:3242}}
Jul 31 15:00:50.660325 np0000006239 devstack@g-api.service[99771]: DEBUG glance.common.config [None req-984a818f-464f-48cf-8861-47efd741c34d None None] image_cache_sqlite_db = cache.db {{(pid=99771) log_opt_values /opt/stack/data/venv/lib/python3.12/site-packages/oslo_config/cfg.py:3242}}
Jul 31 15:00:50.660413 np0000006239 devstack@g-api.service[99771]: DEBUG glance.common.config [None req-984a818f-464f-48cf-8861-47efd741c34d None None] image_cache_stall_time = 86400 {{(pid=99771) log_opt_values /opt/stack/data/venv/lib/python3.12/site-packages/oslo_config/cfg.py:3242}}
Jul 31 15:00:50.660454 np0000006239 devstack@g-api.service[99770]: INFO glance.image_cache [None req-29d215b6-41d2-4e6c-b141-c867853027f3 None None] Image cache loaded driver 'centralized_db'.
Jul 31 15:00:50.660501 np0000006239 devstack@g-api.service[99771]: DEBUG glance.common.config [None req-984a818f-464f-48cf-8861-47efd741c34d None None] image_location_quota = 10 {{(pid=99771) log_opt_values /opt/stack/data/venv/lib/python3.12/site-packages/oslo_config/cfg.py:3242}}
Jul 31 15:00:50.660593 np0000006239 devstack@g-api.service[99772]: DEBUG glance.image_cache.drivers.centralized_db [None req-b8c537b9-4ddd-41a6-933b-095b4be73438 None None] Node reference is already recorded, ignoring it {{(pid=99772) configure /opt/stack/glance/glance/image_cache/drivers/centralized_db.py:71}}
Jul 31 15:00:50.660627 np0000006239 devstack@g-api.service[99771]: DEBUG glance.common.config [None req-984a818f-464f-48cf-8861-47efd741c34d None None] image_member_quota = 128 {{(pid=99771) log_opt_values /opt/stack/data/venv/lib/python3.12/site-packages/oslo_config/cfg.py:3242}}
Jul 31 15:00:50.660697 np0000006239 devstack@g-api.service[99771]: DEBUG glance.common.config [None req-984a818f-464f-48cf-8861-47efd741c34d None None] image_property_quota = 128 {{(pid=99771) log_opt_values /opt/stack/data/venv/lib/python3.12/site-packages/oslo_config/cfg.py:3242}}
Jul 31 15:00:50.660831 np0000006239 devstack@g-api.service[99771]: DEBUG glance.common.config [None req-984a818f-464f-48cf-8861-47efd741c34d None None] image_size_cap = 1099511627776 {{(pid=99771) log_opt_values /opt/stack/data/venv/lib/python3.12/site-packages/oslo_config/cfg.py:3242}}
Jul 31 15:00:50.660882 np0000006239 devstack@g-api.service[99771]: DEBUG glance.common.config [None req-984a818f-464f-48cf-8861-47efd741c34d None None] image_tag_quota = 128 {{(pid=99771) log_opt_values /opt/stack/data/venv/lib/python3.12/site-packages/oslo_config/cfg.py:3242}}
Jul 31 15:00:50.660999 np0000006239 devstack@g-api.service[99771]: DEBUG glance.common.config [None req-984a818f-464f-48cf-8861-47efd741c34d None None] instance_format = [instance: %(uuid)s] {{(pid=99771) log_opt_values /opt/stack/data/venv/lib/python3.12/site-packages/oslo_config/cfg.py:3242}}
Jul 31 15:00:50.661091 np0000006239 devstack@g-api.service[99771]: DEBUG glance.common.config [None req-984a818f-464f-48cf-8861-47efd741c34d None None] instance_uuid_format = [instance: %(uuid)s] {{(pid=99771) log_opt_values /opt/stack/data/venv/lib/python3.12/site-packages/oslo_config/cfg.py:3242}}
Jul 31 15:00:50.661182 np0000006239 devstack@g-api.service[99771]: DEBUG glance.common.config [None req-984a818f-464f-48cf-8861-47efd741c34d None None] limit_param_default = 25 {{(pid=99771) log_opt_values /opt/stack/data/venv/lib/python3.12/site-packages/oslo_config/cfg.py:3242}}
Jul 31 15:00:50.661273 np0000006239 devstack@g-api.service[99771]: DEBUG glance.common.config [None req-984a818f-464f-48cf-8861-47efd741c34d None None] log_color = False {{(pid=99771) log_opt_values /opt/stack/data/venv/lib/python3.12/site-packages/oslo_config/cfg.py:3242}}
Jul 31 15:00:50.661363 np0000006239 devstack@g-api.service[99771]: DEBUG glance.common.config [None req-984a818f-464f-48cf-8861-47efd741c34d None None] log_config_append = None {{(pid=99771) log_opt_values /opt/stack/data/venv/lib/python3.12/site-packages/oslo_config/cfg.py:3242}}
Jul 31 15:00:50.661453 np0000006239 devstack@g-api.service[99771]: DEBUG glance.common.config [None req-984a818f-464f-48cf-8861-47efd741c34d None None] log_date_format = %Y-%m-%d %H:%M:%S {{(pid=99771) log_opt_values /opt/stack/data/venv/lib/python3.12/site-packages/oslo_config/cfg.py:3242}}
Jul 31 15:00:50.661554 np0000006239 devstack@g-api.service[99771]: DEBUG glance.common.config [None req-984a818f-464f-48cf-8861-47efd741c34d None None] log_dir = None {{(pid=99771) log_opt_values /opt/stack/data/venv/lib/python3.12/site-packages/oslo_config/cfg.py:3242}}
Jul 31 15:00:50.661642 np0000006239 devstack@g-api.service[99771]: DEBUG glance.common.config [None req-984a818f-464f-48cf-8861-47efd741c34d None None] log_file = None {{(pid=99771) log_opt_values /opt/stack/data/venv/lib/python3.12/site-packages/oslo_config/cfg.py:3242}}
Jul 31 15:00:50.661728 np0000006239 devstack@g-api.service[99771]: DEBUG glance.common.config [None req-984a818f-464f-48cf-8861-47efd741c34d None None] log_rotate_interval = 1 {{(pid=99771) log_opt_values /opt/stack/data/venv/lib/python3.12/site-packages/oslo_config/cfg.py:3242}}
Jul 31 15:00:50.661820 np0000006239 devstack@g-api.service[99771]: DEBUG glance.common.config [None req-984a818f-464f-48cf-8861-47efd741c34d None None] log_rotate_interval_type = days {{(pid=99771) log_opt_values /opt/stack/data/venv/lib/python3.12/site-packages/oslo_config/cfg.py:3242}}
Jul 31 15:00:50.661912 np0000006239 devstack@g-api.service[99771]: DEBUG glance.common.config [None req-984a818f-464f-48cf-8861-47efd741c34d None None] log_rotation_type = none {{(pid=99771) log_opt_values /opt/stack/data/venv/lib/python3.12/site-packages/oslo_config/cfg.py:3242}}
Jul 31 15:00:50.662009 np0000006239 devstack@g-api.service[99771]: DEBUG glance.common.config [None req-984a818f-464f-48cf-8861-47efd741c34d None None] logging_context_format_string = %(color)s%(levelname)s %(name)s [%(global_request_id)s %(request_id)s %(project_name)s %(user_name)s%(color)s] %(instance)s%(color)s%(message)s {{(pid=99771) log_opt_values /opt/stack/data/venv/lib/python3.12/site-packages/oslo_config/cfg.py:3242}}
Jul 31 15:00:50.662088 np0000006239 devstack@g-api.service[99771]: DEBUG glance.common.config [None req-984a818f-464f-48cf-8861-47efd741c34d None None] logging_debug_format_suffix = {{(pid=%(process)d) %(funcName)s %(pathname)s:%(lineno)d}} {{(pid=99771) log_opt_values /opt/stack/data/venv/lib/python3.12/site-packages/oslo_config/cfg.py:3242}}
Jul 31 15:00:50.662206 np0000006239 devstack@g-api.service[99771]: DEBUG glance.common.config [None req-984a818f-464f-48cf-8861-47efd741c34d None None] logging_default_format_string = %(color)s%(levelname)s %(name)s [-%(color)s] %(instance)s%(color)s%(message)s {{(pid=99771) log_opt_values /opt/stack/data/venv/lib/python3.12/site-packages/oslo_config/cfg.py:3242}}
Jul 31 15:00:50.662331 np0000006239 devstack@g-api.service[99771]: DEBUG glance.common.config [None req-984a818f-464f-48cf-8861-47efd741c34d None None] logging_exception_prefix = ERROR %(name)s %(instance)s {{(pid=99771) log_opt_values /opt/stack/data/venv/lib/python3.12/site-packages/oslo_config/cfg.py:3242}}
Jul 31 15:00:50.662396 np0000006239 devstack@g-api.service[99771]: DEBUG glance.common.config [None req-984a818f-464f-48cf-8861-47efd741c34d None None] logging_user_identity_format = %(user)s %(project)s %(domain)s %(system_scope)s %(user_domain)s %(project_domain)s {{(pid=99771) log_opt_values /opt/stack/data/venv/lib/python3.12/site-packages/oslo_config/cfg.py:3242}}
Jul 31 15:00:50.662487 np0000006239 devstack@g-api.service[99771]: DEBUG glance.common.config [None req-984a818f-464f-48cf-8861-47efd741c34d None None] max_logfile_count = 30 {{(pid=99771) log_opt_values /opt/stack/data/venv/lib/python3.12/site-packages/oslo_config/cfg.py:3242}}
Jul 31 15:00:50.662587 np0000006239 devstack@g-api.service[99771]: DEBUG glance.common.config [None req-984a818f-464f-48cf-8861-47efd741c34d None None] max_logfile_size_mb = 200 {{(pid=99771) log_opt_values /opt/stack/data/venv/lib/python3.12/site-packages/oslo_config/cfg.py:3242}}
Jul 31 15:00:50.662683 np0000006239 devstack@g-api.service[99771]: DEBUG glance.common.config [None req-984a818f-464f-48cf-8861-47efd741c34d None None] max_request_id_length = 64 {{(pid=99771) log_opt_values /opt/stack/data/venv/lib/python3.12/site-packages/oslo_config/cfg.py:3242}}
Jul 31 15:00:50.662785 np0000006239 devstack@g-api.service[99771]: DEBUG glance.common.config [None req-984a818f-464f-48cf-8861-47efd741c34d None None] metadata_encryption_key = **** {{(pid=99771) log_opt_values /opt/stack/data/venv/lib/python3.12/site-packages/oslo_config/cfg.py:3242}}
Jul 31 15:00:50.662877 np0000006239 devstack@g-api.service[99771]: DEBUG glance.common.config [None req-984a818f-464f-48cf-8861-47efd741c34d None None] node_staging_uri = file:///tmp/staging/ {{(pid=99771) log_opt_values /opt/stack/data/venv/lib/python3.12/site-packages/oslo_config/cfg.py:3242}}
Jul 31 15:00:50.662991 np0000006239 devstack@g-api.service[99771]: DEBUG glance.common.config [None req-984a818f-464f-48cf-8861-47efd741c34d None None] property_protection_file = None {{(pid=99771) log_opt_values /opt/stack/data/venv/lib/python3.12/site-packages/oslo_config/cfg.py:3242}}
Jul 31 15:00:50.663097 np0000006239 devstack@g-api.service[99771]: DEBUG glance.common.config [None req-984a818f-464f-48cf-8861-47efd741c34d None None] property_protection_rule_format = roles {{(pid=99771) log_opt_values /opt/stack/data/venv/lib/python3.12/site-packages/oslo_config/cfg.py:3242}}
Jul 31 15:00:50.663191 np0000006239 devstack@g-api.service[99771]: DEBUG glance.common.config [None req-984a818f-464f-48cf-8861-47efd741c34d None None] public_endpoint = https://10.4.3.135/image {{(pid=99771) log_opt_values /opt/stack/data/venv/lib/python3.12/site-packages/oslo_config/cfg.py:3242}}
Jul 31 15:00:50.663278 np0000006239 devstack@g-api.service[99771]: DEBUG glance.common.config [None req-984a818f-464f-48cf-8861-47efd741c34d None None] publish_errors = False {{(pid=99771) log_opt_values /opt/stack/data/venv/lib/python3.12/site-packages/oslo_config/cfg.py:3242}}
Jul 31 15:00:50.663391 np0000006239 devstack@g-api.service[99771]: DEBUG glance.common.config [None req-984a818f-464f-48cf-8861-47efd741c34d None None] pydev_worker_debug_host = None {{(pid=99771) log_opt_values /opt/stack/data/venv/lib/python3.12/site-packages/oslo_config/cfg.py:3242}}
Jul 31 15:00:50.663460 np0000006239 devstack@g-api.service[99771]: DEBUG glance.common.config [None req-984a818f-464f-48cf-8861-47efd741c34d None None] pydev_worker_debug_port = 5678 {{(pid=99771) log_opt_values /opt/stack/data/venv/lib/python3.12/site-packages/oslo_config/cfg.py:3242}}
Jul 31 15:00:50.663558 np0000006239 devstack@g-api.service[99771]: DEBUG glance.common.config [None req-984a818f-464f-48cf-8861-47efd741c34d None None] rate_limit_burst = 0 {{(pid=99771) log_opt_values /opt/stack/data/venv/lib/python3.12/site-packages/oslo_config/cfg.py:3242}}
Jul 31 15:00:50.663649 np0000006239 devstack@g-api.service[99771]: DEBUG glance.common.config [None req-984a818f-464f-48cf-8861-47efd741c34d None None] rate_limit_except_level = CRITICAL {{(pid=99771) log_opt_values /opt/stack/data/venv/lib/python3.12/site-packages/oslo_config/cfg.py:3242}}
Jul 31 15:00:50.663733 np0000006239 devstack@g-api.service[99771]: DEBUG glance.common.config [None req-984a818f-464f-48cf-8861-47efd741c34d None None] rate_limit_interval = 0 {{(pid=99771) log_opt_values /opt/stack/data/venv/lib/python3.12/site-packages/oslo_config/cfg.py:3242}}
Jul 31 15:00:50.663818 np0000006239 devstack@g-api.service[99771]: DEBUG glance.common.config [None req-984a818f-464f-48cf-8861-47efd741c34d None None] scrub_pool_size = 1 {{(pid=99771) log_opt_values /opt/stack/data/venv/lib/python3.12/site-packages/oslo_config/cfg.py:3242}}
Jul 31 15:00:50.663902 np0000006239 devstack@g-api.service[99771]: DEBUG glance.common.config [None req-984a818f-464f-48cf-8861-47efd741c34d None None] scrub_time = 0 {{(pid=99771) log_opt_values /opt/stack/data/venv/lib/python3.12/site-packages/oslo_config/cfg.py:3242}}
Jul 31 15:00:50.664022 np0000006239 devstack@g-api.service[99771]: DEBUG glance.common.config [None req-984a818f-464f-48cf-8861-47efd741c34d None None] shell_completion = None {{(pid=99771) log_opt_values /opt/stack/data/venv/lib/python3.12/site-packages/oslo_config/cfg.py:3242}}
Jul 31 15:00:50.664116 np0000006239 devstack@g-api.service[99771]: DEBUG glance.common.config [None req-984a818f-464f-48cf-8861-47efd741c34d None None] show_image_direct_url = False {{(pid=99771) log_opt_values /opt/stack/data/venv/lib/python3.12/site-packages/oslo_config/cfg.py:3242}}
Jul 31 15:00:50.664345 np0000006239 devstack@g-api.service[99771]: WARNING oslo_config.cfg [None req-984a818f-464f-48cf-8861-47efd741c34d None None] Deprecated: Option "show_multiple_locations" from group "DEFAULT" is deprecated for removal (Use of this option, deprecated since Newton, is a security risk and will be removed once we figure out a way to satisfy those use cases that currently require it. An earlier announcement that the same functionality can be achieved with greater granularity by using policies is incorrect. You cannot work around this option via policy configuration at the present time, though that is the direction we believe the fix will take. Please keep an eye on the Glance release notes to stay up to date on progress in addressing this issue.). Its value may be silently ignored in the future.
Jul 31 15:00:50.664441 np0000006239 devstack@g-api.service[99771]: DEBUG glance.common.config [None req-984a818f-464f-48cf-8861-47efd741c34d None None] show_multiple_locations = False {{(pid=99771) log_opt_values /opt/stack/data/venv/lib/python3.12/site-packages/oslo_config/cfg.py:3242}}
Jul 31 15:00:50.664558 np0000006239 devstack@g-api.service[99771]: DEBUG glance.common.config [None req-984a818f-464f-48cf-8861-47efd741c34d None None] syslog_log_facility = LOG_USER {{(pid=99771) log_opt_values /opt/stack/data/venv/lib/python3.12/site-packages/oslo_config/cfg.py:3242}}
Jul 31 15:00:50.664641 np0000006239 devstack@g-api.service[99771]: DEBUG glance.common.config [None req-984a818f-464f-48cf-8861-47efd741c34d None None] transport_url = **** {{(pid=99771) log_opt_values /opt/stack/data/venv/lib/python3.12/site-packages/oslo_config/cfg.py:3242}}
Jul 31 15:00:50.664752 np0000006239 devstack@g-api.service[99771]: DEBUG glance.common.config [None req-984a818f-464f-48cf-8861-47efd741c34d None None] use_journal = False {{(pid=99771) log_opt_values /opt/stack/data/venv/lib/python3.12/site-packages/oslo_config/cfg.py:3242}}
Jul 31 15:00:50.664840 np0000006239 devstack@g-api.service[99771]: DEBUG glance.common.config [None req-984a818f-464f-48cf-8861-47efd741c34d None None] use_json = False {{(pid=99771) log_opt_values /opt/stack/data/venv/lib/python3.12/site-packages/oslo_config/cfg.py:3242}}
Jul 31 15:00:50.664934 np0000006239 devstack@g-api.service[99771]: DEBUG glance.common.config [None req-984a818f-464f-48cf-8861-47efd741c34d None None] use_keystone_limits = True {{(pid=99771) log_opt_values /opt/stack/data/venv/lib/python3.12/site-packages/oslo_config/cfg.py:3242}}
Jul 31 15:00:50.665061 np0000006239 devstack@g-api.service[99771]: DEBUG glance.common.config [None req-984a818f-464f-48cf-8861-47efd741c34d None None] use_stderr = False {{(pid=99771) log_opt_values /opt/stack/data/venv/lib/python3.12/site-packages/oslo_config/cfg.py:3242}}
Jul 31 15:00:50.665154 np0000006239 devstack@g-api.service[99771]: DEBUG glance.common.config [None req-984a818f-464f-48cf-8861-47efd741c34d None None] use_syslog = False {{(pid=99771) log_opt_values /opt/stack/data/venv/lib/python3.12/site-packages/oslo_config/cfg.py:3242}}
Jul 31 15:00:50.665246 np0000006239 devstack@g-api.service[99771]: DEBUG glance.common.config [None req-984a818f-464f-48cf-8861-47efd741c34d None None] user_storage_quota = 0 {{(pid=99771) log_opt_values /opt/stack/data/venv/lib/python3.12/site-packages/oslo_config/cfg.py:3242}}
Jul 31 15:00:50.665336 np0000006239 devstack@g-api.service[99771]: DEBUG glance.common.config [None req-984a818f-464f-48cf-8861-47efd741c34d None None] worker_self_reference_url = http://127.0.0.1:60999 {{(pid=99771) log_opt_values /opt/stack/data/venv/lib/python3.12/site-packages/oslo_config/cfg.py:3242}}
Jul 31 15:00:50.665449 np0000006239 devstack@g-api.service[99771]: DEBUG glance.common.config [None req-984a818f-464f-48cf-8861-47efd741c34d None None] oslo_concurrency.disable_process_locking = False {{(pid=99771) log_opt_values /opt/stack/data/venv/lib/python3.12/site-packages/oslo_config/cfg.py:3253}}
Jul 31 15:00:50.665563 np0000006239 devstack@g-api.service[99771]: DEBUG glance.common.config [None req-984a818f-464f-48cf-8861-47efd741c34d None None] oslo_concurrency.lock_path = /opt/stack/data/glance/locks {{(pid=99771) log_opt_values /opt/stack/data/venv/lib/python3.12/site-packages/oslo_config/cfg.py:3253}}
Jul 31 15:00:50.665671 np0000006239 devstack@g-api.service[99771]: DEBUG glance.common.config [None req-984a818f-464f-48cf-8861-47efd741c34d None None] oslo_middleware.enable_proxy_headers_parsing = False {{(pid=99771) log_opt_values /opt/stack/data/venv/lib/python3.12/site-packages/oslo_config/cfg.py:3253}}
Jul 31 15:00:50.665781 np0000006239 devstack@g-api.service[99771]: DEBUG glance.common.config [None req-984a818f-464f-48cf-8861-47efd741c34d None None] oslo_middleware.http_basic_auth_user_file = /etc/htpasswd {{(pid=99771) log_opt_values /opt/stack/data/venv/lib/python3.12/site-packages/oslo_config/cfg.py:3253}}
Jul 31 15:00:50.665895 np0000006239 devstack@g-api.service[99771]: DEBUG glance.common.config [None req-984a818f-464f-48cf-8861-47efd741c34d None None] paste_deploy.config_file = None {{(pid=99771) log_opt_values /opt/stack/data/venv/lib/python3.12/site-packages/oslo_config/cfg.py:3253}}
Jul 31 15:00:50.666026 np0000006239 devstack@g-api.service[99771]: DEBUG glance.common.config [None req-984a818f-464f-48cf-8861-47efd741c34d None None] paste_deploy.flavor = keystone+cachemanagement {{(pid=99771) log_opt_values /opt/stack/data/venv/lib/python3.12/site-packages/oslo_config/cfg.py:3253}}
Jul 31 15:00:50.666194 np0000006239 devstack@g-api.service[99771]: DEBUG glance.common.config [None req-984a818f-464f-48cf-8861-47efd741c34d None None] image_format.container_formats = ['ami', 'ari', 'aki', 'bare', 'ovf', 'ova', 'docker', 'compressed'] {{(pid=99771) log_opt_values /opt/stack/data/venv/lib/python3.12/site-packages/oslo_config/cfg.py:3253}}
Jul 31 15:00:50.666364 np0000006239 devstack@g-api.service[99771]: DEBUG glance.common.config [None req-984a818f-464f-48cf-8861-47efd741c34d None None] image_format.disk_formats = ['ami', 'ari', 'aki', 'vhd', 'vhdx', 'vmdk', 'raw', 'qcow2', 'vdi', 'iso', 'ploop'] {{(pid=99771) log_opt_values /opt/stack/data/venv/lib/python3.12/site-packages/oslo_config/cfg.py:3253}}
Jul 31 15:00:50.666457 np0000006239 devstack@g-api.service[99771]: DEBUG glance.common.config [None req-984a818f-464f-48cf-8861-47efd741c34d None None] image_format.gpt_safety_checks_nonfatal = [] {{(pid=99771) log_opt_values /opt/stack/data/venv/lib/python3.12/site-packages/oslo_config/cfg.py:3253}}
Jul 31 15:00:50.666566 np0000006239 devstack@g-api.service[99771]: DEBUG glance.common.config [None req-984a818f-464f-48cf-8861-47efd741c34d None None] image_format.require_image_format_match = True {{(pid=99771) log_opt_values /opt/stack/data/venv/lib/python3.12/site-packages/oslo_config/cfg.py:3253}}
Jul 31 15:00:50.666679 np0000006239 devstack@g-api.service[99771]: DEBUG glance.common.config [None req-984a818f-464f-48cf-8861-47efd741c34d None None] image_format.vmdk_allowed_types = ['streamOptimized', 'monolithicSparse'] {{(pid=99771) log_opt_values /opt/stack/data/venv/lib/python3.12/site-packages/oslo_config/cfg.py:3253}}
Jul 31 15:00:50.666800 np0000006239 devstack@g-api.service[99771]: DEBUG glance.common.config [None req-984a818f-464f-48cf-8861-47efd741c34d None None] task.task_executor = taskflow {{(pid=99771) log_opt_values /opt/stack/data/venv/lib/python3.12/site-packages/oslo_config/cfg.py:3253}}
Jul 31 15:00:50.666891 np0000006239 devstack@g-api.service[99771]: DEBUG glance.common.config [None req-984a818f-464f-48cf-8861-47efd741c34d None None] task.task_time_to_live = 48 {{(pid=99771) log_opt_values /opt/stack/data/venv/lib/python3.12/site-packages/oslo_config/cfg.py:3253}}
Jul 31 15:00:50.666997 np0000006239 devstack@g-api.service[99771]: DEBUG glance.common.config [None req-984a818f-464f-48cf-8861-47efd741c34d None None] task.work_dir = None {{(pid=99771) log_opt_values /opt/stack/data/venv/lib/python3.12/site-packages/oslo_config/cfg.py:3253}}
Jul 31 15:00:50.667038 np0000006239 devstack@g-api.service[99770]: DEBUG glance.image_cache.drivers.centralized_db [None req-29d215b6-41d2-4e6c-b141-c867853027f3 None None] Node reference is already recorded, ignoring it {{(pid=99770) configure /opt/stack/glance/glance/image_cache/drivers/centralized_db.py:71}}
Jul 31 15:00:50.667091 np0000006239 devstack@g-api.service[99771]: DEBUG glance.common.config [None req-984a818f-464f-48cf-8861-47efd741c34d None None] wsgi.python_interpreter = /opt/stack/data/venv/bin/python3 {{(pid=99771) log_opt_values /opt/stack/data/venv/lib/python3.12/site-packages/oslo_config/cfg.py:3253}}
Jul 31 15:00:50.667143 np0000006239 devstack@g-api.service[99772]: INFO glance.api.middleware.cache_manage [None req-b8c537b9-4ddd-41a6-933b-095b4be73438 None None] Initialized image cache management middleware
Jul 31 15:00:50.667178 np0000006239 devstack@g-api.service[99771]: DEBUG glance.common.config [None req-984a818f-464f-48cf-8861-47efd741c34d None None] wsgi.task_pool_threads = 16 {{(pid=99771) log_opt_values /opt/stack/data/venv/lib/python3.12/site-packages/oslo_config/cfg.py:3253}}
Jul 31 15:00:50.667293 np0000006239 devstack@g-api.service[99771]: DEBUG glance.common.config [None req-984a818f-464f-48cf-8861-47efd741c34d None None] import_filtering_opts.allowed_hosts = [] {{(pid=99771) log_opt_values /opt/stack/data/venv/lib/python3.12/site-packages/oslo_config/cfg.py:3253}}
Jul 31 15:00:50.667320 np0000006239 devstack@g-api.service[99772]: INFO glance.image_cache [None req-b8c537b9-4ddd-41a6-933b-095b4be73438 None None] Image cache loaded driver 'centralized_db'.
Jul 31 15:00:50.667389 np0000006239 devstack@g-api.service[99771]: DEBUG glance.common.config [None req-984a818f-464f-48cf-8861-47efd741c34d None None] import_filtering_opts.allowed_ports = [80, 443] {{(pid=99771) log_opt_values /opt/stack/data/venv/lib/python3.12/site-packages/oslo_config/cfg.py:3253}}
Jul 31 15:00:50.667495 np0000006239 devstack@g-api.service[99771]: DEBUG glance.common.config [None req-984a818f-464f-48cf-8861-47efd741c34d None None] import_filtering_opts.allowed_schemes = ['http', 'https'] {{(pid=99771) log_opt_values /opt/stack/data/venv/lib/python3.12/site-packages/oslo_config/cfg.py:3253}}
Jul 31 15:00:50.667592 np0000006239 devstack@g-api.service[99771]: DEBUG glance.common.config [None req-984a818f-464f-48cf-8861-47efd741c34d None None] import_filtering_opts.disallowed_hosts = [] {{(pid=99771) log_opt_values /opt/stack/data/venv/lib/python3.12/site-packages/oslo_config/cfg.py:3253}}
Jul 31 15:00:50.667679 np0000006239 devstack@g-api.service[99771]: DEBUG glance.common.config [None req-984a818f-464f-48cf-8861-47efd741c34d None None] import_filtering_opts.disallowed_ports = [] {{(pid=99771) log_opt_values /opt/stack/data/venv/lib/python3.12/site-packages/oslo_config/cfg.py:3253}}
Jul 31 15:00:50.667768 np0000006239 devstack@g-api.service[99771]: DEBUG glance.common.config [None req-984a818f-464f-48cf-8861-47efd741c34d None None] import_filtering_opts.disallowed_schemes = [] {{(pid=99771) log_opt_values /opt/stack/data/venv/lib/python3.12/site-packages/oslo_config/cfg.py:3253}}
Jul 31 15:00:50.667860 np0000006239 devstack@g-api.service[99771]: DEBUG glance.common.config [None req-984a818f-464f-48cf-8861-47efd741c34d None None] oslo_messaging_metrics.metrics_buffer_size = 1000 {{(pid=99771) log_opt_values /opt/stack/data/venv/lib/python3.12/site-packages/oslo_config/cfg.py:3253}}
Jul 31 15:00:50.667965 np0000006239 devstack@g-api.service[99771]: DEBUG glance.common.config [None req-984a818f-464f-48cf-8861-47efd741c34d None None] oslo_messaging_metrics.metrics_enabled = False {{(pid=99771) log_opt_values /opt/stack/data/venv/lib/python3.12/site-packages/oslo_config/cfg.py:3253}}
Jul 31 15:00:50.668056 np0000006239 devstack@g-api.service[99771]: DEBUG glance.common.config [None req-984a818f-464f-48cf-8861-47efd741c34d None None] oslo_messaging_metrics.metrics_process_name = {{(pid=99771) log_opt_values /opt/stack/data/venv/lib/python3.12/site-packages/oslo_config/cfg.py:3253}}
Jul 31 15:00:50.668146 np0000006239 devstack@g-api.service[99771]: DEBUG glance.common.config [None req-984a818f-464f-48cf-8861-47efd741c34d None None] oslo_messaging_metrics.metrics_socket_file = /var/tmp/metrics_collector.sock {{(pid=99771) log_opt_values /opt/stack/data/venv/lib/python3.12/site-packages/oslo_config/cfg.py:3253}}
Jul 31 15:00:50.668238 np0000006239 devstack@g-api.service[99771]: DEBUG glance.common.config [None req-984a818f-464f-48cf-8861-47efd741c34d None None] oslo_messaging_metrics.metrics_thread_stop_timeout = 10 {{(pid=99771) log_opt_values /opt/stack/data/venv/lib/python3.12/site-packages/oslo_config/cfg.py:3253}}
