Jul 31 15:00:28.134072 np0000006239 nova-scheduler[93477]: DEBUG cotyledon.oslo_config_glue [-] oslo_messaging_rabbit.rabbit_quorum_max_memory_bytes = 0 {{(pid=93477) log_opt_values /opt/stack/data/venv/lib/python3.12/site-packages/oslo_config/cfg.py:3253}}
Jul 31 15:00:28.134072 np0000006239 nova-scheduler[93477]: DEBUG cotyledon.oslo_config_glue [-] oslo_messaging_rabbit.rabbit_quorum_max_memory_length = 0 {{(pid=93477) log_opt_values /opt/stack/data/venv/lib/python3.12/site-packages/oslo_config/cfg.py:3253}}
Jul 31 15:00:28.134072 np0000006239 nova-scheduler[93477]: DEBUG cotyledon.oslo_config_glue [-] oslo_messaging_rabbit.rabbit_quorum_queue = False {{(pid=93477) log_opt_values /opt/stack/data/venv/lib/python3.12/site-packages/oslo_config/cfg.py:3253}}
Jul 31 15:00:28.134072 np0000006239 nova-scheduler[93477]: DEBUG cotyledon.oslo_config_glue [-] oslo_messaging_rabbit.rabbit_retry_backoff = 2 {{(pid=93477) log_opt_values /opt/stack/data/venv/lib/python3.12/site-packages/oslo_config/cfg.py:3253}}
Jul 31 15:00:28.134072 np0000006239 nova-scheduler[93477]: DEBUG cotyledon.oslo_config_glue [-] oslo_messaging_rabbit.rabbit_retry_interval = 1 {{(pid=93477) log_opt_values /opt/stack/data/venv/lib/python3.12/site-packages/oslo_config/cfg.py:3253}}
Jul 31 15:00:28.134072 np0000006239 nova-scheduler[93477]: DEBUG cotyledon.oslo_config_glue [-] oslo_messaging_rabbit.rabbit_stream_fanout = False {{(pid=93477) log_opt_values /opt/stack/data/venv/lib/python3.12/site-packages/oslo_config/cfg.py:3253}}
Jul 31 15:00:28.134310 np0000006239 nova-scheduler[93477]: DEBUG cotyledon.oslo_config_glue [-] oslo_messaging_rabbit.rabbit_transient_queues_ttl = 1800 {{(pid=93477) log_opt_values /opt/stack/data/venv/lib/python3.12/site-packages/oslo_config/cfg.py:3253}}
Jul 31 15:00:28.134310 np0000006239 nova-scheduler[93477]: DEBUG cotyledon.oslo_config_glue [-] oslo_messaging_rabbit.rabbit_transient_quorum_queue = False {{(pid=93477) log_opt_values /opt/stack/data/venv/lib/python3.12/site-packages/oslo_config/cfg.py:3253}}
Jul 31 15:00:28.134310 np0000006239 nova-scheduler[93477]: DEBUG cotyledon.oslo_config_glue [-] oslo_messaging_rabbit.rpc_conn_pool_size = 30 {{(pid=93477) log_opt_values /opt/stack/data/venv/lib/python3.12/site-packages/oslo_config/cfg.py:3253}}
Jul 31 15:00:28.134310 np0000006239 nova-scheduler[93477]: DEBUG cotyledon.oslo_config_glue [-] oslo_messaging_rabbit.ssl = False {{(pid=93477) log_opt_values /opt/stack/data/venv/lib/python3.12/site-packages/oslo_config/cfg.py:3253}}
Jul 31 15:00:28.134310 np0000006239 nova-scheduler[93477]: DEBUG cotyledon.oslo_config_glue [-] oslo_messaging_rabbit.ssl_ca_file = {{(pid=93477) log_opt_values /opt/stack/data/venv/lib/python3.12/site-packages/oslo_config/cfg.py:3253}}
Jul 31 15:00:28.134310 np0000006239 nova-scheduler[93477]: DEBUG cotyledon.oslo_config_glue [-] oslo_messaging_rabbit.ssl_cert_file = {{(pid=93477) log_opt_values /opt/stack/data/venv/lib/python3.12/site-packages/oslo_config/cfg.py:3253}}
Jul 31 15:00:28.134310 np0000006239 nova-scheduler[93477]: DEBUG cotyledon.oslo_config_glue [-] oslo_messaging_rabbit.ssl_enforce_fips_mode = False {{(pid=93477) log_opt_values /opt/stack/data/venv/lib/python3.12/site-packages/oslo_config/cfg.py:3253}}
Jul 31 15:00:28.134310 np0000006239 nova-scheduler[93477]: DEBUG cotyledon.oslo_config_glue [-] oslo_messaging_rabbit.ssl_enforce_hostname_verification = True {{(pid=93477) log_opt_values /opt/stack/data/venv/lib/python3.12/site-packages/oslo_config/cfg.py:3253}}
Jul 31 15:00:28.134310 np0000006239 nova-scheduler[93477]: DEBUG cotyledon.oslo_config_glue [-] oslo_messaging_rabbit.ssl_key_file = {{(pid=93477) log_opt_values /opt/stack/data/venv/lib/python3.12/site-packages/oslo_config/cfg.py:3253}}
Jul 31 15:00:28.134518 np0000006239 nova-scheduler[93477]: DEBUG cotyledon.oslo_config_glue [-] oslo_messaging_rabbit.ssl_version = {{(pid=93477) log_opt_values /opt/stack/data/venv/lib/python3.12/site-packages/oslo_config/cfg.py:3253}}
Jul 31 15:00:28.134518 np0000006239 nova-scheduler[93477]: DEBUG cotyledon.oslo_config_glue [-] oslo_messaging_rabbit.use_queue_manager = False {{(pid=93477) log_opt_values /opt/stack/data/venv/lib/python3.12/site-packages/oslo_config/cfg.py:3253}}
Jul 31 15:00:28.134518 np0000006239 nova-scheduler[93477]: DEBUG cotyledon.oslo_config_glue [-] oslo_messaging_notifications.driver = ['messagingv2'] {{(pid=93477) log_opt_values /opt/stack/data/venv/lib/python3.12/site-packages/oslo_config/cfg.py:3253}}
Jul 31 15:00:28.134518 np0000006239 nova-scheduler[93477]: DEBUG cotyledon.oslo_config_glue [-] oslo_messaging_notifications.retry = -1 {{(pid=93477) log_opt_values /opt/stack/data/venv/lib/python3.12/site-packages/oslo_config/cfg.py:3253}}
Jul 31 15:00:28.134518 np0000006239 nova-scheduler[93477]: DEBUG cotyledon.oslo_config_glue [-] oslo_messaging_notifications.topics = ['notifications'] {{(pid=93477) log_opt_values /opt/stack/data/venv/lib/python3.12/site-packages/oslo_config/cfg.py:3253}}
Jul 31 15:00:28.134518 np0000006239 nova-scheduler[93477]: DEBUG cotyledon.oslo_config_glue [-] oslo_messaging_notifications.transport_url = **** {{(pid=93477) log_opt_values /opt/stack/data/venv/lib/python3.12/site-packages/oslo_config/cfg.py:3253}}
Jul 31 15:00:28.134518 np0000006239 nova-scheduler[93477]: DEBUG cotyledon.oslo_config_glue [-] oslo_limit.auth_section = None {{(pid=93477) log_opt_values /opt/stack/data/venv/lib/python3.12/site-packages/oslo_config/cfg.py:3253}}
Jul 31 15:00:28.134518 np0000006239 nova-scheduler[93477]: DEBUG cotyledon.oslo_config_glue [-] oslo_limit.auth_type = None {{(pid=93477) log_opt_values /opt/stack/data/venv/lib/python3.12/site-packages/oslo_config/cfg.py:3253}}
Jul 31 15:00:28.134518 np0000006239 nova-scheduler[93477]: DEBUG cotyledon.oslo_config_glue [-] oslo_limit.cafile = None {{(pid=93477) log_opt_values /opt/stack/data/venv/lib/python3.12/site-packages/oslo_config/cfg.py:3253}}
Jul 31 15:00:28.134697 np0000006239 nova-scheduler[93477]: DEBUG cotyledon.oslo_config_glue [-] oslo_limit.certfile = None {{(pid=93477) log_opt_values /opt/stack/data/venv/lib/python3.12/site-packages/oslo_config/cfg.py:3253}}
Jul 31 15:00:28.134697 np0000006239 nova-scheduler[93477]: DEBUG cotyledon.oslo_config_glue [-] oslo_limit.collect_timing = False {{(pid=93477) log_opt_values /opt/stack/data/venv/lib/python3.12/site-packages/oslo_config/cfg.py:3253}}
Jul 31 15:00:28.134697 np0000006239 nova-scheduler[93477]: DEBUG cotyledon.oslo_config_glue [-] oslo_limit.connect_retries = None {{(pid=93477) log_opt_values /opt/stack/data/venv/lib/python3.12/site-packages/oslo_config/cfg.py:3253}}
Jul 31 15:00:28.134697 np0000006239 nova-scheduler[93477]: DEBUG cotyledon.oslo_config_glue [-] oslo_limit.connect_retry_delay = None {{(pid=93477) log_opt_values /opt/stack/data/venv/lib/python3.12/site-packages/oslo_config/cfg.py:3253}}
Jul 31 15:00:28.134697 np0000006239 nova-scheduler[93477]: DEBUG cotyledon.oslo_config_glue [-] oslo_limit.endpoint_id = None {{(pid=93477) log_opt_values /opt/stack/data/venv/lib/python3.12/site-packages/oslo_config/cfg.py:3253}}
Jul 31 15:00:28.134697 np0000006239 nova-scheduler[93477]: DEBUG cotyledon.oslo_config_glue [-] oslo_limit.endpoint_interface = public {{(pid=93477) log_opt_values /opt/stack/data/venv/lib/python3.12/site-packages/oslo_config/cfg.py:3253}}
Jul 31 15:00:28.134697 np0000006239 nova-scheduler[93477]: DEBUG cotyledon.oslo_config_glue [-] oslo_limit.endpoint_override = None {{(pid=93477) log_opt_values /opt/stack/data/venv/lib/python3.12/site-packages/oslo_config/cfg.py:3253}}
Jul 31 15:00:28.134697 np0000006239 nova-scheduler[93477]: DEBUG cotyledon.oslo_config_glue [-] oslo_limit.endpoint_region_name = None {{(pid=93477) log_opt_values /opt/stack/data/venv/lib/python3.12/site-packages/oslo_config/cfg.py:3253}}
Jul 31 15:00:28.134697 np0000006239 nova-scheduler[93477]: DEBUG cotyledon.oslo_config_glue [-] oslo_limit.endpoint_service_name = None {{(pid=93477) log_opt_values /opt/stack/data/venv/lib/python3.12/site-packages/oslo_config/cfg.py:3253}}
Jul 31 15:00:28.134866 np0000006239 nova-scheduler[93477]: DEBUG cotyledon.oslo_config_glue [-] oslo_limit.endpoint_service_type = None {{(pid=93477) log_opt_values /opt/stack/data/venv/lib/python3.12/site-packages/oslo_config/cfg.py:3253}}
Jul 31 15:00:28.134866 np0000006239 nova-scheduler[93477]: DEBUG cotyledon.oslo_config_glue [-] oslo_limit.insecure = False {{(pid=93477) log_opt_values /opt/stack/data/venv/lib/python3.12/site-packages/oslo_config/cfg.py:3253}}
Jul 31 15:00:28.134866 np0000006239 nova-scheduler[93477]: DEBUG cotyledon.oslo_config_glue [-] oslo_limit.keyfile = None {{(pid=93477) log_opt_values /opt/stack/data/venv/lib/python3.12/site-packages/oslo_config/cfg.py:3253}}
Jul 31 15:00:28.134866 np0000006239 nova-scheduler[93477]: DEBUG cotyledon.oslo_config_glue [-] oslo_limit.max_version = None {{(pid=93477) log_opt_values /opt/stack/data/venv/lib/python3.12/site-packages/oslo_config/cfg.py:3253}}
Jul 31 15:00:28.134866 np0000006239 nova-scheduler[93477]: DEBUG cotyledon.oslo_config_glue [-] oslo_limit.min_version = None {{(pid=93477) log_opt_values /opt/stack/data/venv/lib/python3.12/site-packages/oslo_config/cfg.py:3253}}
Jul 31 15:00:28.134866 np0000006239 nova-scheduler[93477]: DEBUG cotyledon.oslo_config_glue [-] oslo_limit.region_name = None {{(pid=93477) log_opt_values /opt/stack/data/venv/lib/python3.12/site-packages/oslo_config/cfg.py:3253}}
Jul 31 15:00:28.134866 np0000006239 nova-scheduler[93477]: DEBUG cotyledon.oslo_config_glue [-] oslo_limit.retriable_status_codes = None {{(pid=93477) log_opt_values /opt/stack/data/venv/lib/python3.12/site-packages/oslo_config/cfg.py:3253}}
Jul 31 15:00:28.134866 np0000006239 nova-scheduler[93477]: DEBUG cotyledon.oslo_config_glue [-] oslo_limit.service_name = None {{(pid=93477) log_opt_values /opt/stack/data/venv/lib/python3.12/site-packages/oslo_config/cfg.py:3253}}
Jul 31 15:00:28.134866 np0000006239 nova-scheduler[93477]: DEBUG cotyledon.oslo_config_glue [-] oslo_limit.service_type = None {{(pid=93477) log_opt_values /opt/stack/data/venv/lib/python3.12/site-packages/oslo_config/cfg.py:3253}}
Jul 31 15:00:28.135057 np0000006239 nova-scheduler[93477]: DEBUG cotyledon.oslo_config_glue [-] oslo_limit.split_loggers = False {{(pid=93477) log_opt_values /opt/stack/data/venv/lib/python3.12/site-packages/oslo_config/cfg.py:3253}}
Jul 31 15:00:28.135057 np0000006239 nova-scheduler[93477]: DEBUG cotyledon.oslo_config_glue [-] oslo_limit.status_code_retries = None {{(pid=93477) log_opt_values /opt/stack/data/venv/lib/python3.12/site-packages/oslo_config/cfg.py:3253}}
Jul 31 15:00:28.135057 np0000006239 nova-scheduler[93477]: DEBUG cotyledon.oslo_config_glue [-] oslo_limit.status_code_retry_delay = None {{(pid=93477) log_opt_values /opt/stack/data/venv/lib/python3.12/site-packages/oslo_config/cfg.py:3253}}
Jul 31 15:00:28.135057 np0000006239 nova-scheduler[93477]: DEBUG cotyledon.oslo_config_glue [-] oslo_limit.timeout = None {{(pid=93477) log_opt_values /opt/stack/data/venv/lib/python3.12/site-packages/oslo_config/cfg.py:3253}}
Jul 31 15:00:28.135057 np0000006239 nova-scheduler[93477]: DEBUG cotyledon.oslo_config_glue [-] oslo_limit.valid_interfaces = None {{(pid=93477) log_opt_values /opt/stack/data/venv/lib/python3.12/site-packages/oslo_config/cfg.py:3253}}
Jul 31 15:00:28.135057 np0000006239 nova-scheduler[93477]: DEBUG cotyledon.oslo_config_glue [-] oslo_limit.version = None {{(pid=93477) log_opt_values /opt/stack/data/venv/lib/python3.12/site-packages/oslo_config/cfg.py:3253}}
Jul 31 15:00:28.135057 np0000006239 nova-scheduler[93477]: DEBUG cotyledon.oslo_config_glue [-] oslo_reports.file_event_handler = None {{(pid=93477) log_opt_values /opt/stack/data/venv/lib/python3.12/site-packages/oslo_config/cfg.py:3253}}
Jul 31 15:00:28.135057 np0000006239 nova-scheduler[93477]: DEBUG cotyledon.oslo_config_glue [-] oslo_reports.file_event_handler_interval = 1 {{(pid=93477) log_opt_values /opt/stack/data/venv/lib/python3.12/site-packages/oslo_config/cfg.py:3253}}
Jul 31 15:00:28.135057 np0000006239 nova-scheduler[93477]: DEBUG cotyledon.oslo_config_glue [-] oslo_reports.log_dir = None {{(pid=93477) log_opt_values /opt/stack/data/venv/lib/python3.12/site-packages/oslo_config/cfg.py:3253}}
Jul 31 15:00:28.135225 np0000006239 nova-scheduler[93477]: DEBUG cotyledon.oslo_config_glue [-] ******************************************************************************** {{(pid=93477) log_opt_values /opt/stack/data/venv/lib/python3.12/site-packages/oslo_config/cfg.py:3260}}
Jul 31 15:00:28.135225 np0000006239 nova-scheduler[93477]: DEBUG cotyledon._service_worker [-] Run service ServiceWrapper(2) [93477] {{(pid=93477) wait_forever /opt/stack/data/venv/lib/python3.12/site-packages/cotyledon/_service_worker.py:218}}
Jul 31 15:00:28.135225 np0000006239 nova-scheduler[93477]: INFO nova.service [-] Starting scheduler node (version 33.1.0)
Jul 31 15:00:28.139315 np0000006239 nova-scheduler[93477]: INFO dbcounter [None req-df289140-c864-4e43-a210-dcb70b05003f None None] Registered counter for database nova_cell0
Jul 31 15:00:28.164388 np0000006239 nova-scheduler[93473]: DEBUG oslo_db.sqlalchemy.engines [None req-8deb533f-a2f9-45de-b84e-8bd9d52eda66 None None] MySQL server mode set to STRICT_TRANS_TABLES,STRICT_ALL_TABLES,NO_ZERO_IN_DATE,NO_ZERO_DATE,ERROR_FOR_DIVISION_BY_ZERO,TRADITIONAL,NO_ENGINE_SUBSTITUTION {{(pid=93473) _check_effective_sql_mode /opt/stack/data/venv/lib/python3.12/site-packages/oslo_db/sqlalchemy/engines.py:325}}
Jul 31 15:00:28.168117 np0000006239 nova-scheduler[93475]: DEBUG oslo_db.sqlalchemy.engines [None req-19784fdc-75a8-4a58-9560-9f5679d28b9e None None] MySQL server mode set to STRICT_TRANS_TABLES,STRICT_ALL_TABLES,NO_ZERO_IN_DATE,NO_ZERO_DATE,ERROR_FOR_DIVISION_BY_ZERO,TRADITIONAL,NO_ENGINE_SUBSTITUTION {{(pid=93475) _check_effective_sql_mode /opt/stack/data/venv/lib/python3.12/site-packages/oslo_db/sqlalchemy/engines.py:325}}
Jul 31 15:00:28.177760 np0000006239 nova-scheduler[93473]: DEBUG dbcounter [-] [93473] Writer thread running {{(pid=93473) stat_writer /opt/stack/data/venv/lib/python3.12/site-packages/dbcounter.py:102}}
Jul 31 15:00:28.179451 np0000006239 nova-scheduler[93475]: DEBUG dbcounter [-] [93475] Writer thread running {{(pid=93475) stat_writer /opt/stack/data/venv/lib/python3.12/site-packages/dbcounter.py:102}}
Jul 31 15:00:28.180268 np0000006239 nova-scheduler[93477]: DEBUG oslo_db.sqlalchemy.engines [None req-df289140-c864-4e43-a210-dcb70b05003f None None] MySQL server mode set to STRICT_TRANS_TABLES,STRICT_ALL_TABLES,NO_ZERO_IN_DATE,NO_ZERO_DATE,ERROR_FOR_DIVISION_BY_ZERO,TRADITIONAL,NO_ENGINE_SUBSTITUTION {{(pid=93477) _check_effective_sql_mode /opt/stack/data/venv/lib/python3.12/site-packages/oslo_db/sqlalchemy/engines.py:325}}
Jul 31 15:00:28.197248 np0000006239 nova-scheduler[93477]: DEBUG dbcounter [-] [93477] Writer thread running {{(pid=93477) stat_writer /opt/stack/data/venv/lib/python3.12/site-packages/dbcounter.py:102}}
Jul 31 15:00:28.199197 np0000006239 nova-scheduler[93473]: DEBUG nova.service [None req-8deb533f-a2f9-45de-b84e-8bd9d52eda66 None None] Creating RPC server for service: nova-scheduler on topic: scheduler {{(pid=93473) start /opt/stack/nova/nova/service.py:196}}
Jul 31 15:00:28.205052 np0000006239 nova-scheduler[93475]: DEBUG nova.service [None req-19784fdc-75a8-4a58-9560-9f5679d28b9e None None] Creating RPC server for service: nova-scheduler on topic: scheduler {{(pid=93475) start /opt/stack/nova/nova/service.py:196}}
Jul 31 15:00:28.210462 np0000006239 nova-scheduler[93477]: DEBUG nova.service [None req-df289140-c864-4e43-a210-dcb70b05003f None None] Creating RPC server for service: nova-scheduler on topic: scheduler {{(pid=93477) start /opt/stack/nova/nova/service.py:196}}
Jul 31 15:00:28.223323 np0000006239 nova-scheduler[93473]: DEBUG nova.service [None req-8deb533f-a2f9-45de-b84e-8bd9d52eda66 None None] Join ServiceGroup membership for this service scheduler {{(pid=93473) start /opt/stack/nova/nova/service.py:222}}
Jul 31 15:00:28.223986 np0000006239 nova-scheduler[93473]: DEBUG nova.servicegroup.drivers.db [None req-8deb533f-a2f9-45de-b84e-8bd9d52eda66 None None] DB_Driver: join new ServiceGroup member np0000006239 to the scheduler group, service = {{(pid=93473) join /opt/stack/nova/nova/servicegroup/drivers/db.py:44}}
Jul 31 15:00:28.224072 np0000006239 nova-scheduler[93475]: DEBUG nova.service [None req-19784fdc-75a8-4a58-9560-9f5679d28b9e None None] Join ServiceGroup membership for this service scheduler {{(pid=93475) start /opt/stack/nova/nova/service.py:222}}
Jul 31 15:00:28.224072 np0000006239 nova-scheduler[93475]: DEBUG nova.servicegroup.drivers.db [None req-19784fdc-75a8-4a58-9560-9f5679d28b9e None None] DB_Driver: join new ServiceGroup member np0000006239 to the scheduler group, service = {{(pid=93475) join /opt/stack/nova/nova/servicegroup/drivers/db.py:44}}
Jul 31 15:00:28.226968 np0000006239 nova-scheduler[93477]: DEBUG nova.service [None req-df289140-c864-4e43-a210-dcb70b05003f None None] Join ServiceGroup membership for this service scheduler {{(pid=93477) start /opt/stack/nova/nova/service.py:222}}
Jul 31 15:00:28.227222 np0000006239 nova-scheduler[93477]: DEBUG nova.servicegroup.drivers.db [None req-df289140-c864-4e43-a210-dcb70b05003f None None] DB_Driver: join new ServiceGroup member np0000006239 to the scheduler group, service = {{(pid=93477) join /opt/stack/nova/nova/servicegroup/drivers/db.py:44}}
Jul 31 15:00:32.229471 np0000006239 nova-scheduler[93477]: DEBUG oslo.service.backend._threading.loopingcall [None req-c76ae6cc-2bba-4c65-8ac9-93fe1698a1e9 None None] Dynamic interval looping call 'nova.service.Service.periodic_tasks' sleeping for 60.00 seconds {{(pid=93477) _run_loop /opt/stack/data/venv/lib/python3.12/site-packages/oslo_service/backend/_threading/loopingcall.py:125}}
Jul 31 15:00:33.244056 np0000006239 nova-scheduler[93475]: DEBUG oslo.service.backend._threading.loopingcall [-] Fixed interval looping call 'nova.servicegroup.drivers.db.DbDriver._report_state' sleeping for 119.98 seconds {{(pid=93475) _run_loop /opt/stack/data/venv/lib/python3.12/site-packages/oslo_service/backend/_threading/loopingcall.py:125}}
Jul 31 15:00:33.245277 np0000006239 nova-scheduler[93477]: DEBUG oslo.service.backend._threading.loopingcall [-] Fixed interval looping call 'nova.servicegroup.drivers.db.DbDriver._report_state' sleeping for 119.98 seconds {{(pid=93477) _run_loop /opt/stack/data/venv/lib/python3.12/site-packages/oslo_service/backend/_threading/loopingcall.py:125}}
Jul 31 15:00:33.245699 np0000006239 nova-scheduler[93473]: DEBUG oslo.service.backend._threading.loopingcall [-] Fixed interval looping call 'nova.servicegroup.drivers.db.DbDriver._report_state' sleeping for 119.98 seconds {{(pid=93473) _run_loop /opt/stack/data/venv/lib/python3.12/site-packages/oslo_service/backend/_threading/loopingcall.py:125}}
Jul 31 15:00:35.226654 np0000006239 nova-scheduler[93475]: DEBUG oslo.service.backend._threading.loopingcall [None req-05809b30-f63b-4fd6-a215-4a0001b864fc None None] Dynamic interval looping call 'nova.service.Service.periodic_tasks' sleeping for 60.00 seconds {{(pid=93475) _run_loop /opt/stack/data/venv/lib/python3.12/site-packages/oslo_service/backend/_threading/loopingcall.py:125}}
Jul 31 15:00:36.754918 np0000006239 nova-scheduler[92269]: DEBUG dbcounter [-] [92269] Writing DB stats nova_api:SELECT=3 {{(pid=92269) stat_writer /opt/stack/data/venv/lib/python3.12/site-packages/dbcounter.py:115}}
Jul 31 15:00:36.881265 np0000006239 nova-scheduler[92269]: DEBUG dbcounter [-] [92269] Writing DB stats nova_cell1:SELECT=1 {{(pid=92269) stat_writer /opt/stack/data/venv/lib/python3.12/site-packages/dbcounter.py:115}}
Jul 31 15:00:36.887283 np0000006239 nova-scheduler[92269]: DEBUG dbcounter [-] [92269] Writing DB stats nova_cell0:SELECT=1 {{(pid=92269) stat_writer /opt/stack/data/venv/lib/python3.12/site-packages/dbcounter.py:115}}
Jul 31 15:00:43.237335 np0000006239 nova-scheduler[93475]: DEBUG dbcounter [-] [93475] Writing DB stats nova_cell0:SELECT=5,nova_cell0:INSERT=1,nova_cell0:UPDATE=1 {{(pid=93475) stat_writer /opt/stack/data/venv/lib/python3.12/site-packages/dbcounter.py:115}}
Jul 31 15:00:43.242965 np0000006239 nova-scheduler[93473]: DEBUG dbcounter [-] [93473] Writing DB stats nova_cell0:SELECT=4,nova_cell0:INSERT=1,nova_cell0:UPDATE=1 {{(pid=93473) stat_writer /opt/stack/data/venv/lib/python3.12/site-packages/dbcounter.py:115}}
Jul 31 15:00:43.243285 np0000006239 nova-scheduler[93477]: DEBUG dbcounter [-] [93477] Writing DB stats nova_cell0:SELECT=4,nova_cell0:INSERT=1,nova_cell0:UPDATE=1 {{(pid=93477) stat_writer /opt/stack/data/venv/lib/python3.12/site-packages/dbcounter.py:115}}
Jul 31 15:01:19.225480 np0000006239 nova-scheduler[93473]: DEBUG oslo.service.backend._threading.loopingcall [None req-1a4f5a02-8232-41ec-80dd-2272bb0255f4 None None] Dynamic interval looping call 'nova.service.Service.periodic_tasks' sleeping for 60.00 seconds {{(pid=93473) _run_loop /opt/stack/data/venv/lib/python3.12/site-packages/oslo_service/backend/_threading/loopingcall.py:125}}
Jul 31 15:01:32.229962 np0000006239 nova-scheduler[93477]: DEBUG oslo.service.backend._threading.loopingcall [None req-c76ae6cc-2bba-4c65-8ac9-93fe1698a1e9 None None] Dynamic interval looping call 'nova.service.Service.periodic_tasks' sleeping for 60.00 seconds {{(pid=93477) _run_loop /opt/stack/data/venv/lib/python3.12/site-packages/oslo_service/backend/_threading/loopingcall.py:125}}
Jul 31 15:01:35.227139 np0000006239 nova-scheduler[93475]: DEBUG oslo.service.backend._threading.loopingcall [None req-05809b30-f63b-4fd6-a215-4a0001b864fc None None] Dynamic interval looping call 'nova.service.Service.periodic_tasks' sleeping for 60.00 seconds {{(pid=93475) _run_loop /opt/stack/data/venv/lib/python3.12/site-packages/oslo_service/backend/_threading/loopingcall.py:125}}
Jul 31 15:02:19.225969 np0000006239 nova-scheduler[93473]: DEBUG oslo.service.backend._threading.loopingcall [None req-1a4f5a02-8232-41ec-80dd-2272bb0255f4 None None] Dynamic interval looping call 'nova.service.Service.periodic_tasks' sleeping for 60.00 seconds {{(pid=93473) _run_loop /opt/stack/data/venv/lib/python3.12/site-packages/oslo_service/backend/_threading/loopingcall.py:125}}
Jul 31 15:02:32.230356 np0000006239 nova-scheduler[93477]: DEBUG oslo.service.backend._threading.loopingcall [None req-c76ae6cc-2bba-4c65-8ac9-93fe1698a1e9 None None] Dynamic interval looping call 'nova.service.Service.periodic_tasks' sleeping for 60.00 seconds {{(pid=93477) _run_loop /opt/stack/data/venv/lib/python3.12/site-packages/oslo_service/backend/_threading/loopingcall.py:125}}
Jul 31 15:02:33.237237 np0000006239 nova-scheduler[93475]: DEBUG oslo.service.backend._threading.loopingcall [-] Fixed interval looping call 'nova.servicegroup.drivers.db.DbDriver._report_state' sleeping for 119.99 seconds {{(pid=93475) _run_loop /opt/stack/data/venv/lib/python3.12/site-packages/oslo_service/backend/_threading/loopingcall.py:125}}
Jul 31 15:02:33.237656 np0000006239 nova-scheduler[93473]: DEBUG oslo.service.backend._threading.loopingcall [-] Fixed interval looping call 'nova.servicegroup.drivers.db.DbDriver._report_state' sleeping for 119.99 seconds {{(pid=93473) _run_loop /opt/stack/data/venv/lib/python3.12/site-packages/oslo_service/backend/_threading/loopingcall.py:125}}
Jul 31 15:02:33.241748 np0000006239 nova-scheduler[93477]: DEBUG oslo.service.backend._threading.loopingcall [-] Fixed interval looping call 'nova.servicegroup.drivers.db.DbDriver._report_state' sleeping for 119.98 seconds {{(pid=93477) _run_loop /opt/stack/data/venv/lib/python3.12/site-packages/oslo_service/backend/_threading/loopingcall.py:125}}
Jul 31 15:02:35.227588 np0000006239 nova-scheduler[93475]: DEBUG oslo.service.backend._threading.loopingcall [None req-05809b30-f63b-4fd6-a215-4a0001b864fc None None] Dynamic interval looping call 'nova.service.Service.periodic_tasks' sleeping for 60.00 seconds {{(pid=93475) _run_loop /opt/stack/data/venv/lib/python3.12/site-packages/oslo_service/backend/_threading/loopingcall.py:125}}
Jul 31 15:02:43.233797 np0000006239 nova-scheduler[93475]: DEBUG dbcounter [-] [93475] Writing DB stats nova_cell0:SELECT=1,nova_cell0:UPDATE=1 {{(pid=93475) stat_writer /opt/stack/data/venv/lib/python3.12/site-packages/dbcounter.py:115}}
Jul 31 15:02:43.234695 np0000006239 nova-scheduler[93473]: DEBUG dbcounter [-] [93473] Writing DB stats nova_cell0:SELECT=1,nova_cell0:UPDATE=1 {{(pid=93473) stat_writer /opt/stack/data/venv/lib/python3.12/site-packages/dbcounter.py:115}}
Jul 31 15:02:43.239830 np0000006239 nova-scheduler[93477]: DEBUG dbcounter [-] [93477] Writing DB stats nova_cell0:SELECT=1,nova_cell0:UPDATE=1 {{(pid=93477) stat_writer /opt/stack/data/venv/lib/python3.12/site-packages/dbcounter.py:115}}
Jul 31 15:02:58.619006 np0000006239 nova-scheduler[93473]: DEBUG nova.scheduler.manager [None req-72ee5e6b-1d75-4a64-829a-1c24868f3d6d tempest-ServerBootFromVolumeStableRescueTest-103348679 tempest-ServerBootFromVolumeStableRescueTest-103348679-project-member] Starting to schedule for instances: ['4141d83d-a48c-4df3-a7d0-6d0db15d64b6'] {{(pid=93473) select_destinations /opt/stack/nova/nova/scheduler/manager.py:209}}
Jul 31 15:02:58.619697 np0000006239 nova-scheduler[93473]: DEBUG nova.scheduler.request_filter [None req-72ee5e6b-1d75-4a64-829a-1c24868f3d6d tempest-ServerBootFromVolumeStableRescueTest-103348679 tempest-ServerBootFromVolumeStableRescueTest-103348679-project-member] compute_status_filter request filter added forbidden trait COMPUTE_STATUS_DISABLED {{(pid=93473) compute_status_filter /opt/stack/nova/nova/scheduler/request_filter.py:253}}
Jul 31 15:02:58.619767 np0000006239 nova-scheduler[93473]: DEBUG nova.scheduler.request_filter [None req-72ee5e6b-1d75-4a64-829a-1c24868f3d6d tempest-ServerBootFromVolumeStableRescueTest-103348679 tempest-ServerBootFromVolumeStableRescueTest-103348679-project-member] Request filter 'compute_status_filter' took 0.0 seconds {{(pid=93473) wrapper /opt/stack/nova/nova/scheduler/request_filter.py:46}}
Jul 31 15:02:58.619974 np0000006239 nova-scheduler[93473]: DEBUG nova.scheduler.request_filter [None req-72ee5e6b-1d75-4a64-829a-1c24868f3d6d tempest-ServerBootFromVolumeStableRescueTest-103348679 tempest-ServerBootFromVolumeStableRescueTest-103348679-project-member] Request filter 'accelerators_filter' took 0.0 seconds {{(pid=93473) wrapper /opt/stack/nova/nova/scheduler/request_filter.py:46}}
Jul 31 15:02:58.620219 np0000006239 nova-scheduler[93473]: DEBUG nova.scheduler.request_filter [None req-72ee5e6b-1d75-4a64-829a-1c24868f3d6d tempest-ServerBootFromVolumeStableRescueTest-103348679 tempest-ServerBootFromVolumeStableRescueTest-103348679-project-member] Request filter 'packed_virtqueue_filter' took 0.0 seconds {{(pid=93473) wrapper /opt/stack/nova/nova/scheduler/request_filter.py:46}}
Jul 31 15:02:58.620880 np0000006239 nova-scheduler[93473]: DEBUG nova.scheduler.request_filter [None req-72ee5e6b-1d75-4a64-829a-1c24868f3d6d tempest-ServerBootFromVolumeStableRescueTest-103348679 tempest-ServerBootFromVolumeStableRescueTest-103348679-project-member] Request filter 'remote_managed_ports_filter' took 0.0 seconds {{(pid=93473) wrapper /opt/stack/nova/nova/scheduler/request_filter.py:46}}
Jul 31 15:02:58.621097 np0000006239 nova-scheduler[93473]: DEBUG nova.scheduler.request_filter [None req-72ee5e6b-1d75-4a64-829a-1c24868f3d6d tempest-ServerBootFromVolumeStableRescueTest-103348679 tempest-ServerBootFromVolumeStableRescueTest-103348679-project-member] ephemeral_encryption_filter skipped {{(pid=93473) ephemeral_encryption_filter /opt/stack/nova/nova/scheduler/request_filter.py:426}}
Jul 31 15:02:58.621273 np0000006239 nova-scheduler[93473]: DEBUG nova.scheduler.request_filter [None req-72ee5e6b-1d75-4a64-829a-1c24868f3d6d tempest-ServerBootFromVolumeStableRescueTest-103348679 tempest-ServerBootFromVolumeStableRescueTest-103348679-project-member] virtio_sound_filter skipped {{(pid=93473) virtio_sound_filter /opt/stack/nova/nova/scheduler/request_filter.py:460}}
Jul 31 15:02:58.621450 np0000006239 nova-scheduler[93473]: DEBUG nova.scheduler.request_filter [None req-72ee5e6b-1d75-4a64-829a-1c24868f3d6d tempest-ServerBootFromVolumeStableRescueTest-103348679 tempest-ServerBootFromVolumeStableRescueTest-103348679-project-member] tpm_secret_security_filter skipped {{(pid=93473) tpm_secret_security_filter /opt/stack/nova/nova/scheduler/request_filter.py:477}}
Jul 31 15:02:59.237453 np0000006239 nova-scheduler[93473]: INFO nova.utils [None req-72ee5e6b-1d75-4a64-829a-1c24868f3d6d tempest-ServerBootFromVolumeStableRescueTest-103348679 tempest-ServerBootFromVolumeStableRescueTest-103348679-project-member] The cell worker thread pool ForkProcess-1.cell_worker is initialized
Jul 31 15:02:59.237833 np0000006239 nova-scheduler[93473]: DEBUG oslo_concurrency.lockutils [None req-72ee5e6b-1d75-4a64-829a-1c24868f3d6d tempest-ServerBootFromVolumeStableRescueTest-103348679 tempest-ServerBootFromVolumeStableRescueTest-103348679-project-member] Acquiring lock "1e4f56b0-92c0-48cb-9352-06a4de361ee1" by "nova.context.set_target_cell..get_or_set_cached_cell_and_set_connections" {{(pid=93473) inner /opt/stack/data/venv/lib/python3.12/site-packages/oslo_concurrency/lockutils.py:512}}
Jul 31 15:02:59.238075 np0000006239 nova-scheduler[93473]: DEBUG oslo_concurrency.lockutils [None req-72ee5e6b-1d75-4a64-829a-1c24868f3d6d tempest-ServerBootFromVolumeStableRescueTest-103348679 tempest-ServerBootFromVolumeStableRescueTest-103348679-project-member] Lock "1e4f56b0-92c0-48cb-9352-06a4de361ee1" acquired by "nova.context.set_target_cell..get_or_set_cached_cell_and_set_connections" :: waited 0.000s {{(pid=93473) inner /opt/stack/data/venv/lib/python3.12/site-packages/oslo_concurrency/lockutils.py:525}}
Jul 31 15:02:59.239599 np0000006239 nova-scheduler[93473]: DEBUG oslo_concurrency.lockutils [None req-72ee5e6b-1d75-4a64-829a-1c24868f3d6d tempest-ServerBootFromVolumeStableRescueTest-103348679 tempest-ServerBootFromVolumeStableRescueTest-103348679-project-member] Lock "1e4f56b0-92c0-48cb-9352-06a4de361ee1" "released" by "nova.context.set_target_cell..get_or_set_cached_cell_and_set_connections" :: held 0.001s {{(pid=93473) inner /opt/stack/data/venv/lib/python3.12/site-packages/oslo_concurrency/lockutils.py:544}}
Jul 31 15:02:59.242115 np0000006239 nova-scheduler[93473]: INFO dbcounter [None req-72ee5e6b-1d75-4a64-829a-1c24868f3d6d tempest-ServerBootFromVolumeStableRescueTest-103348679 tempest-ServerBootFromVolumeStableRescueTest-103348679-project-member] Registered counter for database nova_cell1
Jul 31 15:02:59.285694 np0000006239 nova-scheduler[93473]: DEBUG oslo_db.sqlalchemy.engines [None req-72ee5e6b-1d75-4a64-829a-1c24868f3d6d tempest-ServerBootFromVolumeStableRescueTest-103348679 tempest-ServerBootFromVolumeStableRescueTest-103348679-project-member] MySQL server mode set to STRICT_TRANS_TABLES,STRICT_ALL_TABLES,NO_ZERO_IN_DATE,NO_ZERO_DATE,ERROR_FOR_DIVISION_BY_ZERO,TRADITIONAL,NO_ENGINE_SUBSTITUTION {{(pid=93473) _check_effective_sql_mode /opt/stack/data/venv/lib/python3.12/site-packages/oslo_db/sqlalchemy/engines.py:325}}
Jul 31 15:02:59.291278 np0000006239 nova-scheduler[93473]: DEBUG dbcounter [-] [93473] Writer thread running {{(pid=93473) stat_writer /opt/stack/data/venv/lib/python3.12/site-packages/dbcounter.py:102}}
Jul 31 15:02:59.309698 np0000006239 nova-scheduler[93473]: DEBUG oslo_db.sqlalchemy.engines [None req-72ee5e6b-1d75-4a64-829a-1c24868f3d6d tempest-ServerBootFromVolumeStableRescueTest-103348679 tempest-ServerBootFromVolumeStableRescueTest-103348679-project-member] Parent process 92269 forked (93473) with an open database connection, which is being discarded and recreated. {{(pid=93473) checkout /opt/stack/data/venv/lib/python3.12/site-packages/oslo_db/sqlalchemy/engines.py:402}}
Jul 31 15:02:59.367863 np0000006239 nova-scheduler[93473]: DEBUG dbcounter [-] [93473] Writer thread running {{(pid=93473) stat_writer /opt/stack/data/venv/lib/python3.12/site-packages/dbcounter.py:102}}
Jul 31 15:02:59.372374 np0000006239 nova-scheduler[93473]: DEBUG oslo_concurrency.lockutils [None req-72ee5e6b-1d75-4a64-829a-1c24868f3d6d tempest-ServerBootFromVolumeStableRescueTest-103348679 tempest-ServerBootFromVolumeStableRescueTest-103348679-project-member] Acquiring lock "1e4f56b0-92c0-48cb-9352-06a4de361ee1" by "nova.context.set_target_cell..get_or_set_cached_cell_and_set_connections" {{(pid=93473) inner /opt/stack/data/venv/lib/python3.12/site-packages/oslo_concurrency/lockutils.py:512}}
Jul 31 15:02:59.372639 np0000006239 nova-scheduler[93473]: DEBUG oslo_concurrency.lockutils [None req-72ee5e6b-1d75-4a64-829a-1c24868f3d6d tempest-ServerBootFromVolumeStableRescueTest-103348679 tempest-ServerBootFromVolumeStableRescueTest-103348679-project-member] Lock "1e4f56b0-92c0-48cb-9352-06a4de361ee1" acquired by "nova.context.set_target_cell..get_or_set_cached_cell_and_set_connections" :: waited 0.000s {{(pid=93473) inner /opt/stack/data/venv/lib/python3.12/site-packages/oslo_concurrency/lockutils.py:525}}
Jul 31 15:02:59.372755 np0000006239 nova-scheduler[93473]: DEBUG oslo_concurrency.lockutils [None req-72ee5e6b-1d75-4a64-829a-1c24868f3d6d tempest-ServerBootFromVolumeStableRescueTest-103348679 tempest-ServerBootFromVolumeStableRescueTest-103348679-project-member] Lock "1e4f56b0-92c0-48cb-9352-06a4de361ee1" "released" by "nova.context.set_target_cell..get_or_set_cached_cell_and_set_connections" :: held 0.000s {{(pid=93473) inner /opt/stack/data/venv/lib/python3.12/site-packages/oslo_concurrency/lockutils.py:544}}
Jul 31 15:02:59.376517 np0000006239 nova-scheduler[93473]: DEBUG oslo_concurrency.lockutils [None req-72ee5e6b-1d75-4a64-829a-1c24868f3d6d tempest-ServerBootFromVolumeStableRescueTest-103348679 tempest-ServerBootFromVolumeStableRescueTest-103348679-project-member] Acquiring lock "np0000006239-np0000006239" by "nova.scheduler.host_manager.HostState.update.._locked_update" {{(pid=93473) inner /opt/stack/data/venv/lib/python3.12/site-packages/oslo_concurrency/lockutils.py:512}}
Jul 31 15:02:59.376705 np0000006239 nova-scheduler[93473]: DEBUG oslo_concurrency.lockutils [None req-72ee5e6b-1d75-4a64-829a-1c24868f3d6d tempest-ServerBootFromVolumeStableRescueTest-103348679 tempest-ServerBootFromVolumeStableRescueTest-103348679-project-member] Lock "np0000006239-np0000006239" acquired by "nova.scheduler.host_manager.HostState.update.._locked_update" :: waited 0.000s {{(pid=93473) inner /opt/stack/data/venv/lib/python3.12/site-packages/oslo_concurrency/lockutils.py:525}}
Jul 31 15:02:59.378306 np0000006239 nova-scheduler[93473]: DEBUG nova.scheduler.host_manager [None req-72ee5e6b-1d75-4a64-829a-1c24868f3d6d tempest-ServerBootFromVolumeStableRescueTest-103348679 tempest-ServerBootFromVolumeStableRescueTest-103348679-project-member] Update host state from compute node: ComputeNode(cpu_allocation_ratio=4.0,cpu_info='{"arch": "x86_64", "model": "EPYC-Milan", "vendor": "AMD", "topology": {"cells": 1, "sockets": 16, "cores": 1, "threads": 1}, "maxphysaddr": {"mode": "emulate", "bits": 40}, "features": ["avx2", "tsc-deadline", "vaes", "clwb", "wbnoinvd", "cx8", "arch-capabilities", "svm", "sse2", "flushbyasid", "lahf_lm", "pfthreshold", "ssse3", "ibrs", "umip", "f16c", "sse", "avx", "misalignsse", "vgif", "xsave", "pause-filter", "erms", "smap", "sse4a", "cx16", "svme-addr-chk", "stibp", "amd-psfd", "pdpe1gb", "fxsr", "msr", "invpcid", "mmxext", "xgetbv1", "pse36", "tsc-scale", "fsgsbase", "mds-no", "rdseed", "topoext", "mmx", "cmov", "pclmuldq", "aes", "rdctl-no", "npt", "pat", "smep", "no-nested-data-bp", "syscall", "xsavec", "abm", "pni", "lbrv", "gds-no", "popcnt", "sse4.2", "sse4.1", "mce", "apic", "nx", "osvw", "cmp_legacy", "fxsr_opt", "rdtscp", "bmi1", "cr8legacy", "pschange-mc-no", "clflushopt", "x2apic", "sep", "pge", "3dnowprefetch", "amd-ssbd", "virt-ssbd", "xsaveopt", "perfctr_core", "clzero", "ssbd", "pku", "xsaveerptr", "fma", "rdpid", "bmi2", "rdrand", "sha-ni", "tsc_adjust", "fsrm", "lm", "spec-ctrl", "adx", "amd-stibp", "stibp-always-on", "null-sel-clr-base", "xsaves", "vme", "hypervisor", "skip-l1dfl-vmentry", "v-vmsave-vmload", "vpclmulqdq", "lfence-always-serializing", "de", "clflush", "pcid", "pse", "arat", "nrip-save", "ibpb", "tsc", "movbe", "mtrr", "fpu", "mca", "vmcb-clean", "pae"]}',created_at=2026-07-31T15:00:49Z,current_workload=0,deleted=False,deleted_at=None,disk_allocation_ratio=1.0,disk_available_least=73,free_disk_gb=95,free_ram_mb=62765,host='np0000006239',host_ip=10.4.3.135,hypervisor_hostname='np0000006239',hypervisor_type='QEMU',hypervisor_version=8002002,id=1,local_gb=95,local_gb_used=0,mapped=1,memory_mb=63277,memory_mb_used=512,metrics='[]',numa_topology='{"nova_object.name": "NUMATopology", "nova_object.namespace": "nova", "nova_object.version": "1.2", "nova_object.data": {"cells": [{"nova_object.name": "NUMACell", "nova_object.namespace": "nova", "nova_object.version": "1.5", "nova_object.data": {"id": 0, "cpuset": [0, 1, 2, 3, 4, 5, 6, 7, 8, 9, 10, 11, 12, 13, 14, 15], "pcpuset": [0, 1, 2, 3, 4, 5, 6, 7, 8, 9, 10, 11, 12, 13, 14, 15], "memory": 63277, "cpu_usage": 0, "memory_usage": 0, "pinned_cpus": [], "siblings": [[6], [12], [2], [15], [5], [11], [8], [14], [4], [1], [7], [10], [0], [13], [3], [9]], "mempages": [{"nova_object.name": "NUMAPagesTopology", "nova_object.namespace": "nova", "nova_object.version": "1.1", "nova_object.data": {"size_kb": 4, "total": 16177930, "used": 0, "reserved": 0}, "nova_object.changes": ["used", "total", "size_kb", "reserved"]}, {"nova_object.name": "NUMAPagesTopology", "nova_object.namespace": "nova", "nova_object.version": "1.1", "nova_object.data": {"size_kb": 2048, "total": 41, "used": 0, "reserved": 0}, "nova_object.changes": ["used", "total", "size_kb", "reserved"]}, {"nova_object.name": "NUMAPagesTopology", "nova_object.namespace": "nova", "nova_object.version": "1.1", "nova_object.data": {"size_kb": 1048576, "total": 0, "used": 0, "reserved": 0}, "nova_object.changes": ["used", "total", "size_kb", "reserved"]}], "network_metadata": {"nova_object.name": "NetworkMetadata", "nova_object.namespace": "nova", "nova_object.version": "1.0", "nova_object.data": {"physnets": [], "tunneled": false}, "nova_object.changes": ["physnets", "tunneled"]}, "socket": null}, "nova_object.changes": ["id", "memory_usage", "cpuset", "socket", "cpu_usage", "siblings", "memory", "pcpuset", "mempages", "pinned_cpus", "network_metadata"]}]}, "nova_object.changes": ["cells"]}',pci_device_pools=PciDevicePoolList,ram_allocation_ratio=1.0,running_vms=0,service_id=2,stats={failed_builds='0',uptime=' 15:02:37 up 13 min, 2 users, load average: 1.37, 1.32, 0.81
Jul 31 15:02:59.378306 np0000006239 nova-scheduler[93473]: '},supported_hv_specs=[HVSpec,HVSpec,HVSpec,HVSpec,HVSpec,HVSpec,HVSpec,HVSpec,HVSpec,HVSpec,HVSpec,HVSpec,HVSpec,HVSpec,HVSpec,HVSpec,HVSpec,HVSpec,HVSpec,HVSpec,HVSpec,HVSpec,HVSpec,HVSpec,HVSpec],updated_at=2026-07-31T15:02:38Z,uuid=5d94db66-1c7d-4884-aa62-5140c683d242,vcpus=16,vcpus_used=0) {{(pid=93473) _locked_update /opt/stack/nova/nova/scheduler/host_manager.py:168}}
Jul 31 15:02:59.378967 np0000006239 nova-scheduler[93473]: DEBUG nova.scheduler.host_manager [None req-72ee5e6b-1d75-4a64-829a-1c24868f3d6d tempest-ServerBootFromVolumeStableRescueTest-103348679 tempest-ServerBootFromVolumeStableRescueTest-103348679-project-member] Update host state with aggregates: [] {{(pid=93473) _locked_update /opt/stack/nova/nova/scheduler/host_manager.py:171}}
Jul 31 15:02:59.379093 np0000006239 nova-scheduler[93473]: DEBUG nova.scheduler.host_manager [None req-72ee5e6b-1d75-4a64-829a-1c24868f3d6d tempest-ServerBootFromVolumeStableRescueTest-103348679 tempest-ServerBootFromVolumeStableRescueTest-103348679-project-member] Update host state with service dict: {'id': 2, 'uuid': '3c8b64c9-dd9e-43b9-b980-b791790a547c', 'host': 'np0000006239', 'binary': 'nova-compute', 'topic': 'compute', 'report_count': 2, 'disabled': False, 'disabled_reason': None, 'last_seen_up': datetime.datetime(2026, 7, 31, 15, 2, 55, tzinfo=datetime.timezone.utc), 'forced_down': False, 'version': 72, 'created_at': datetime.datetime(2026, 7, 31, 15, 0, 49, tzinfo=datetime.timezone.utc), 'updated_at': datetime.datetime(2026, 7, 31, 15, 2, 55, tzinfo=datetime.timezone.utc), 'deleted_at': None, 'deleted': False} {{(pid=93473) _locked_update /opt/stack/nova/nova/scheduler/host_manager.py:174}}
Jul 31 15:02:59.379186 np0000006239 nova-scheduler[93473]: DEBUG nova.scheduler.host_manager [None req-72ee5e6b-1d75-4a64-829a-1c24868f3d6d tempest-ServerBootFromVolumeStableRescueTest-103348679 tempest-ServerBootFromVolumeStableRescueTest-103348679-project-member] Update host state with instances: [] {{(pid=93473) _locked_update /opt/stack/nova/nova/scheduler/host_manager.py:177}}
Jul 31 15:02:59.379352 np0000006239 nova-scheduler[93473]: DEBUG oslo_concurrency.lockutils [None req-72ee5e6b-1d75-4a64-829a-1c24868f3d6d tempest-ServerBootFromVolumeStableRescueTest-103348679 tempest-ServerBootFromVolumeStableRescueTest-103348679-project-member] Lock "np0000006239-np0000006239" "released" by "nova.scheduler.host_manager.HostState.update.._locked_update" :: held 0.003s {{(pid=93473) inner /opt/stack/data/venv/lib/python3.12/site-packages/oslo_concurrency/lockutils.py:544}}
Jul 31 15:02:59.379659 np0000006239 nova-scheduler[93473]: DEBUG nova.filters [None req-72ee5e6b-1d75-4a64-829a-1c24868f3d6d tempest-ServerBootFromVolumeStableRescueTest-103348679 tempest-ServerBootFromVolumeStableRescueTest-103348679-project-member] Starting with 1 host(s) {{(pid=93473) get_filtered_objects /opt/stack/nova/nova/filters.py:70}}
Jul 31 15:02:59.380307 np0000006239 nova-scheduler[93473]: DEBUG nova.filters [None req-72ee5e6b-1d75-4a64-829a-1c24868f3d6d tempest-ServerBootFromVolumeStableRescueTest-103348679 tempest-ServerBootFromVolumeStableRescueTest-103348679-project-member] Filter ComputeFilter returned 1 host(s) {{(pid=93473) get_filtered_objects /opt/stack/nova/nova/filters.py:102}}
Jul 31 15:02:59.381004 np0000006239 nova-scheduler[93473]: DEBUG nova.filters [None req-72ee5e6b-1d75-4a64-829a-1c24868f3d6d tempest-ServerBootFromVolumeStableRescueTest-103348679 tempest-ServerBootFromVolumeStableRescueTest-103348679-project-member] Filter ComputeCapabilitiesFilter returned 1 host(s) {{(pid=93473) get_filtered_objects /opt/stack/nova/nova/filters.py:102}}
Jul 31 15:02:59.381004 np0000006239 nova-scheduler[93473]: DEBUG nova.filters [None req-72ee5e6b-1d75-4a64-829a-1c24868f3d6d tempest-ServerBootFromVolumeStableRescueTest-103348679 tempest-ServerBootFromVolumeStableRescueTest-103348679-project-member] Filter ImagePropertiesFilter returned 1 host(s) {{(pid=93473) get_filtered_objects /opt/stack/nova/nova/filters.py:102}}
Jul 31 15:02:59.381004 np0000006239 nova-scheduler[93473]: DEBUG nova.filters [None req-72ee5e6b-1d75-4a64-829a-1c24868f3d6d tempest-ServerBootFromVolumeStableRescueTest-103348679 tempest-ServerBootFromVolumeStableRescueTest-103348679-project-member] Filter ServerGroupAntiAffinityFilter returned 1 host(s) {{(pid=93473) get_filtered_objects /opt/stack/nova/nova/filters.py:102}}
Jul 31 15:02:59.381004 np0000006239 nova-scheduler[93473]: DEBUG nova.filters [None req-72ee5e6b-1d75-4a64-829a-1c24868f3d6d tempest-ServerBootFromVolumeStableRescueTest-103348679 tempest-ServerBootFromVolumeStableRescueTest-103348679-project-member] Filter ServerGroupAffinityFilter returned 1 host(s) {{(pid=93473) get_filtered_objects /opt/stack/nova/nova/filters.py:102}}
Jul 31 15:02:59.381172 np0000006239 nova-scheduler[93473]: DEBUG nova.filters [None req-72ee5e6b-1d75-4a64-829a-1c24868f3d6d tempest-ServerBootFromVolumeStableRescueTest-103348679 tempest-ServerBootFromVolumeStableRescueTest-103348679-project-member] Filter SameHostFilter returned 1 host(s) {{(pid=93473) get_filtered_objects /opt/stack/nova/nova/filters.py:102}}
Jul 31 15:02:59.381327 np0000006239 nova-scheduler[93473]: DEBUG nova.filters [None req-72ee5e6b-1d75-4a64-829a-1c24868f3d6d tempest-ServerBootFromVolumeStableRescueTest-103348679 tempest-ServerBootFromVolumeStableRescueTest-103348679-project-member] Filter DifferentHostFilter returned 1 host(s) {{(pid=93473) get_filtered_objects /opt/stack/nova/nova/filters.py:102}}
Jul 31 15:02:59.381489 np0000006239 nova-scheduler[93473]: DEBUG nova.scheduler.manager [None req-72ee5e6b-1d75-4a64-829a-1c24868f3d6d tempest-ServerBootFromVolumeStableRescueTest-103348679 tempest-ServerBootFromVolumeStableRescueTest-103348679-project-member] Filtered [(np0000006239, np0000006239) ram: 62765MB disk: 74752MB io_ops: 0 instances: 0, allocation_candidates: 1] {{(pid=93473) _get_sorted_hosts /opt/stack/nova/nova/scheduler/manager.py:742}}
Jul 31 15:02:59.381904 np0000006239 nova-scheduler[93473]: DEBUG nova.scheduler.manager [None req-72ee5e6b-1d75-4a64-829a-1c24868f3d6d tempest-ServerBootFromVolumeStableRescueTest-103348679 tempest-ServerBootFromVolumeStableRescueTest-103348679-project-member] Weighed [WeighedHost [host: (np0000006239, np0000006239) ram: 62765MB disk: 74752MB io_ops: 0 instances: 0, allocation_candidates: 1, weight: 0.0]] {{(pid=93473) _get_sorted_hosts /opt/stack/nova/nova/scheduler/manager.py:764}}
Jul 31 15:02:59.382353 np0000006239 nova-scheduler[93473]: DEBUG nova.scheduler.utils [None req-72ee5e6b-1d75-4a64-829a-1c24868f3d6d tempest-ServerBootFromVolumeStableRescueTest-103348679 tempest-ServerBootFromVolumeStableRescueTest-103348679-project-member] Attempting to claim resources in the placement API for instance 4141d83d-a48c-4df3-a7d0-6d0db15d64b6 {{(pid=93473) claim_resources /opt/stack/nova/nova/scheduler/utils.py:1345}}
Jul 31 15:02:59.552691 np0000006239 nova-scheduler[93473]: DEBUG nova.scheduler.manager [None req-72ee5e6b-1d75-4a64-829a-1c24868f3d6d tempest-ServerBootFromVolumeStableRescueTest-103348679 tempest-ServerBootFromVolumeStableRescueTest-103348679-project-member] [instance: 4141d83d-a48c-4df3-a7d0-6d0db15d64b6] Selected host: (np0000006239, np0000006239) ram: 62765MB disk: 74752MB io_ops: 0 instances: 0, allocation_candidates: 1 {{(pid=93473) _consume_selected_host /opt/stack/nova/nova/scheduler/manager.py:624}}
Jul 31 15:02:59.553436 np0000006239 nova-scheduler[93473]: DEBUG oslo_concurrency.lockutils [None req-72ee5e6b-1d75-4a64-829a-1c24868f3d6d tempest-ServerBootFromVolumeStableRescueTest-103348679 tempest-ServerBootFromVolumeStableRescueTest-103348679-project-member] Acquiring lock "np0000006239-np0000006239" by "nova.scheduler.host_manager.HostState.consume_from_request.._locked" {{(pid=93473) inner /opt/stack/data/venv/lib/python3.12/site-packages/oslo_concurrency/lockutils.py:512}}
Jul 31 15:02:59.553922 np0000006239 nova-scheduler[93473]: DEBUG oslo_concurrency.lockutils [None req-72ee5e6b-1d75-4a64-829a-1c24868f3d6d tempest-ServerBootFromVolumeStableRescueTest-103348679 tempest-ServerBootFromVolumeStableRescueTest-103348679-project-member] Lock "np0000006239-np0000006239" acquired by "nova.scheduler.host_manager.HostState.consume_from_request.._locked" :: waited 0.000s {{(pid=93473) inner /opt/stack/data/venv/lib/python3.12/site-packages/oslo_concurrency/lockutils.py:525}}
Jul 31 15:02:59.554376 np0000006239 nova-scheduler[93473]: DEBUG oslo_concurrency.lockutils [None req-72ee5e6b-1d75-4a64-829a-1c24868f3d6d tempest-ServerBootFromVolumeStableRescueTest-103348679 tempest-ServerBootFromVolumeStableRescueTest-103348679-project-member] Lock "np0000006239-np0000006239" "released" by "nova.scheduler.host_manager.HostState.consume_from_request.._locked" :: held 0.001s {{(pid=93473) inner /opt/stack/data/venv/lib/python3.12/site-packages/oslo_concurrency/lockutils.py:544}}
Jul 31 15:03:01.986344 np0000006239 nova-scheduler[93475]: DEBUG nova.scheduler.manager [None req-dc7905bb-4e20-4aa1-ba61-2a09f05f7493 tempest-ServerActionsTestOtherA-1842101757 tempest-ServerActionsTestOtherA-1842101757-project-member] Starting to schedule for instances: ['b3a214a9-eb7e-4241-beaf-0b842cbac907'] {{(pid=93475) select_destinations /opt/stack/nova/nova/scheduler/manager.py:209}}
Jul 31 15:03:01.986743 np0000006239 nova-scheduler[93475]: DEBUG nova.scheduler.request_filter [None req-dc7905bb-4e20-4aa1-ba61-2a09f05f7493 tempest-ServerActionsTestOtherA-1842101757 tempest-ServerActionsTestOtherA-1842101757-project-member] compute_status_filter request filter added forbidden trait COMPUTE_STATUS_DISABLED {{(pid=93475) compute_status_filter /opt/stack/nova/nova/scheduler/request_filter.py:253}}
Jul 31 15:03:01.987095 np0000006239 nova-scheduler[93475]: DEBUG nova.scheduler.request_filter [None req-dc7905bb-4e20-4aa1-ba61-2a09f05f7493 tempest-ServerActionsTestOtherA-1842101757 tempest-ServerActionsTestOtherA-1842101757-project-member] Request filter 'compute_status_filter' took 0.0 seconds {{(pid=93475) wrapper /opt/stack/nova/nova/scheduler/request_filter.py:46}}
Jul 31 15:03:01.987276 np0000006239 nova-scheduler[93475]: DEBUG nova.scheduler.request_filter [None req-dc7905bb-4e20-4aa1-ba61-2a09f05f7493 tempest-ServerActionsTestOtherA-1842101757 tempest-ServerActionsTestOtherA-1842101757-project-member] Request filter 'accelerators_filter' took 0.0 seconds {{(pid=93475) wrapper /opt/stack/nova/nova/scheduler/request_filter.py:46}}
Jul 31 15:03:01.987445 np0000006239 nova-scheduler[93475]: DEBUG nova.scheduler.request_filter [None req-dc7905bb-4e20-4aa1-ba61-2a09f05f7493 tempest-ServerActionsTestOtherA-1842101757 tempest-ServerActionsTestOtherA-1842101757-project-member] Request filter 'packed_virtqueue_filter' took 0.0 seconds {{(pid=93475) wrapper /opt/stack/nova/nova/scheduler/request_filter.py:46}}
Jul 31 15:03:01.987695 np0000006239 nova-scheduler[93475]: DEBUG nova.scheduler.request_filter [None req-dc7905bb-4e20-4aa1-ba61-2a09f05f7493 tempest-ServerActionsTestOtherA-1842101757 tempest-ServerActionsTestOtherA-1842101757-project-member] Request filter 'remote_managed_ports_filter' took 0.0 seconds {{(pid=93475) wrapper /opt/stack/nova/nova/scheduler/request_filter.py:46}}
