Jun 21 17:46:24.790747 np0000003350 nova-scheduler[95790]: DEBUG cotyledon.oslo_config_glue [-] oslo_limit.certfile = None {{(pid=95790) log_opt_values /opt/stack/data/venv/lib/python3.12/site-packages/oslo_config/cfg.py:3253}}
Jun 21 17:46:24.790747 np0000003350 nova-scheduler[95790]: DEBUG cotyledon.oslo_config_glue [-] oslo_limit.collect_timing = False {{(pid=95790) log_opt_values /opt/stack/data/venv/lib/python3.12/site-packages/oslo_config/cfg.py:3253}}
Jun 21 17:46:24.790747 np0000003350 nova-scheduler[95790]: DEBUG cotyledon.oslo_config_glue [-] oslo_limit.connect_retries = None {{(pid=95790) log_opt_values /opt/stack/data/venv/lib/python3.12/site-packages/oslo_config/cfg.py:3253}}
Jun 21 17:46:24.790747 np0000003350 nova-scheduler[95790]: DEBUG cotyledon.oslo_config_glue [-] oslo_limit.connect_retry_delay = None {{(pid=95790) log_opt_values /opt/stack/data/venv/lib/python3.12/site-packages/oslo_config/cfg.py:3253}}
Jun 21 17:46:24.790747 np0000003350 nova-scheduler[95790]: DEBUG cotyledon.oslo_config_glue [-] oslo_limit.endpoint_id = None {{(pid=95790) log_opt_values /opt/stack/data/venv/lib/python3.12/site-packages/oslo_config/cfg.py:3253}}
Jun 21 17:46:24.790895 np0000003350 nova-scheduler[95790]: DEBUG cotyledon.oslo_config_glue [-] oslo_limit.endpoint_interface = public {{(pid=95790) log_opt_values /opt/stack/data/venv/lib/python3.12/site-packages/oslo_config/cfg.py:3253}}
Jun 21 17:46:24.790895 np0000003350 nova-scheduler[95790]: DEBUG cotyledon.oslo_config_glue [-] oslo_limit.endpoint_override = None {{(pid=95790) log_opt_values /opt/stack/data/venv/lib/python3.12/site-packages/oslo_config/cfg.py:3253}}
Jun 21 17:46:24.790895 np0000003350 nova-scheduler[95790]: DEBUG cotyledon.oslo_config_glue [-] oslo_limit.endpoint_region_name = None {{(pid=95790) log_opt_values /opt/stack/data/venv/lib/python3.12/site-packages/oslo_config/cfg.py:3253}}
Jun 21 17:46:24.790895 np0000003350 nova-scheduler[95790]: DEBUG cotyledon.oslo_config_glue [-] oslo_limit.endpoint_service_name = None {{(pid=95790) log_opt_values /opt/stack/data/venv/lib/python3.12/site-packages/oslo_config/cfg.py:3253}}
Jun 21 17:46:24.790895 np0000003350 nova-scheduler[95790]: DEBUG cotyledon.oslo_config_glue [-] oslo_limit.endpoint_service_type = None {{(pid=95790) log_opt_values /opt/stack/data/venv/lib/python3.12/site-packages/oslo_config/cfg.py:3253}}
Jun 21 17:46:24.790895 np0000003350 nova-scheduler[95790]: DEBUG cotyledon.oslo_config_glue [-] oslo_limit.insecure = False {{(pid=95790) log_opt_values /opt/stack/data/venv/lib/python3.12/site-packages/oslo_config/cfg.py:3253}}
Jun 21 17:46:24.790895 np0000003350 nova-scheduler[95790]: DEBUG cotyledon.oslo_config_glue [-] oslo_limit.keyfile = None {{(pid=95790) log_opt_values /opt/stack/data/venv/lib/python3.12/site-packages/oslo_config/cfg.py:3253}}
Jun 21 17:46:24.790895 np0000003350 nova-scheduler[95790]: DEBUG cotyledon.oslo_config_glue [-] oslo_limit.max_version = None {{(pid=95790) log_opt_values /opt/stack/data/venv/lib/python3.12/site-packages/oslo_config/cfg.py:3253}}
Jun 21 17:46:24.790895 np0000003350 nova-scheduler[95790]: DEBUG cotyledon.oslo_config_glue [-] oslo_limit.min_version = None {{(pid=95790) log_opt_values /opt/stack/data/venv/lib/python3.12/site-packages/oslo_config/cfg.py:3253}}
Jun 21 17:46:24.791056 np0000003350 nova-scheduler[95790]: DEBUG cotyledon.oslo_config_glue [-] oslo_limit.region_name = None {{(pid=95790) log_opt_values /opt/stack/data/venv/lib/python3.12/site-packages/oslo_config/cfg.py:3253}}
Jun 21 17:46:24.791056 np0000003350 nova-scheduler[95790]: DEBUG cotyledon.oslo_config_glue [-] oslo_limit.retriable_status_codes = None {{(pid=95790) log_opt_values /opt/stack/data/venv/lib/python3.12/site-packages/oslo_config/cfg.py:3253}}
Jun 21 17:46:24.791056 np0000003350 nova-scheduler[95790]: DEBUG cotyledon.oslo_config_glue [-] oslo_limit.service_name = None {{(pid=95790) log_opt_values /opt/stack/data/venv/lib/python3.12/site-packages/oslo_config/cfg.py:3253}}
Jun 21 17:46:24.791056 np0000003350 nova-scheduler[95790]: DEBUG cotyledon.oslo_config_glue [-] oslo_limit.service_type = None {{(pid=95790) log_opt_values /opt/stack/data/venv/lib/python3.12/site-packages/oslo_config/cfg.py:3253}}
Jun 21 17:46:24.791056 np0000003350 nova-scheduler[95790]: DEBUG cotyledon.oslo_config_glue [-] oslo_limit.split_loggers = False {{(pid=95790) log_opt_values /opt/stack/data/venv/lib/python3.12/site-packages/oslo_config/cfg.py:3253}}
Jun 21 17:46:24.791056 np0000003350 nova-scheduler[95790]: DEBUG cotyledon.oslo_config_glue [-] oslo_limit.status_code_retries = None {{(pid=95790) log_opt_values /opt/stack/data/venv/lib/python3.12/site-packages/oslo_config/cfg.py:3253}}
Jun 21 17:46:24.791056 np0000003350 nova-scheduler[95790]: DEBUG cotyledon.oslo_config_glue [-] oslo_limit.status_code_retry_delay = None {{(pid=95790) log_opt_values /opt/stack/data/venv/lib/python3.12/site-packages/oslo_config/cfg.py:3253}}
Jun 21 17:46:24.791056 np0000003350 nova-scheduler[95790]: DEBUG cotyledon.oslo_config_glue [-] oslo_limit.timeout = None {{(pid=95790) log_opt_values /opt/stack/data/venv/lib/python3.12/site-packages/oslo_config/cfg.py:3253}}
Jun 21 17:46:24.791056 np0000003350 nova-scheduler[95790]: DEBUG cotyledon.oslo_config_glue [-] oslo_limit.valid_interfaces = None {{(pid=95790) log_opt_values /opt/stack/data/venv/lib/python3.12/site-packages/oslo_config/cfg.py:3253}}
Jun 21 17:46:24.791226 np0000003350 nova-scheduler[95790]: DEBUG cotyledon.oslo_config_glue [-] oslo_limit.version = None {{(pid=95790) log_opt_values /opt/stack/data/venv/lib/python3.12/site-packages/oslo_config/cfg.py:3253}}
Jun 21 17:46:24.791226 np0000003350 nova-scheduler[95790]: DEBUG cotyledon.oslo_config_glue [-] oslo_reports.file_event_handler = None {{(pid=95790) log_opt_values /opt/stack/data/venv/lib/python3.12/site-packages/oslo_config/cfg.py:3253}}
Jun 21 17:46:24.791226 np0000003350 nova-scheduler[95790]: DEBUG cotyledon.oslo_config_glue [-] oslo_reports.file_event_handler_interval = 1 {{(pid=95790) log_opt_values /opt/stack/data/venv/lib/python3.12/site-packages/oslo_config/cfg.py:3253}}
Jun 21 17:46:24.791226 np0000003350 nova-scheduler[95790]: DEBUG cotyledon.oslo_config_glue [-] oslo_reports.log_dir = None {{(pid=95790) log_opt_values /opt/stack/data/venv/lib/python3.12/site-packages/oslo_config/cfg.py:3253}}
Jun 21 17:46:24.791226 np0000003350 nova-scheduler[95790]: DEBUG cotyledon.oslo_config_glue [-] ******************************************************************************** {{(pid=95790) log_opt_values /opt/stack/data/venv/lib/python3.12/site-packages/oslo_config/cfg.py:3260}}
Jun 21 17:46:24.791226 np0000003350 nova-scheduler[95790]: DEBUG cotyledon._service_worker [-] Run service ServiceWrapper(0) [95790] {{(pid=95790) wait_forever /opt/stack/data/venv/lib/python3.12/site-packages/cotyledon/_service_worker.py:218}}
Jun 21 17:46:24.791226 np0000003350 nova-scheduler[95790]: INFO nova.service [-] Starting scheduler node (version 33.1.0)
Jun 21 17:46:24.791366 np0000003350 nova-scheduler[95794]: INFO dbcounter [None req-dc159093-efd8-4477-95b8-bf8cfad7e013 None None] Registered counter for database nova_cell0
Jun 21 17:46:24.791389 np0000003350 nova-scheduler[95790]: INFO dbcounter [None req-cab43690-ce7b-4f51-98a4-20ab5d5aef7f None None] Registered counter for database nova_cell0
Jun 21 17:46:24.816303 np0000003350 nova-scheduler[95792]: DEBUG oslo_db.sqlalchemy.engines [None req-2a32f2cb-09bf-4490-baed-4768ac9e498d None None] MySQL server mode set to STRICT_TRANS_TABLES,STRICT_ALL_TABLES,NO_ZERO_IN_DATE,NO_ZERO_DATE,ERROR_FOR_DIVISION_BY_ZERO,TRADITIONAL,NO_ENGINE_SUBSTITUTION {{(pid=95792) _check_effective_sql_mode /opt/stack/data/venv/lib/python3.12/site-packages/oslo_db/sqlalchemy/engines.py:325}}
Jun 21 17:46:24.827918 np0000003350 nova-scheduler[95792]: DEBUG dbcounter [-] [95792] Writer thread running {{(pid=95792) stat_writer /opt/stack/data/venv/lib/python3.12/site-packages/dbcounter.py:102}}
Jun 21 17:46:24.838959 np0000003350 nova-scheduler[95790]: DEBUG oslo_db.sqlalchemy.engines [None req-cab43690-ce7b-4f51-98a4-20ab5d5aef7f None None] MySQL server mode set to STRICT_TRANS_TABLES,STRICT_ALL_TABLES,NO_ZERO_IN_DATE,NO_ZERO_DATE,ERROR_FOR_DIVISION_BY_ZERO,TRADITIONAL,NO_ENGINE_SUBSTITUTION {{(pid=95790) _check_effective_sql_mode /opt/stack/data/venv/lib/python3.12/site-packages/oslo_db/sqlalchemy/engines.py:325}}
Jun 21 17:46:24.850587 np0000003350 nova-scheduler[95790]: DEBUG dbcounter [-] [95790] Writer thread running {{(pid=95790) stat_writer /opt/stack/data/venv/lib/python3.12/site-packages/dbcounter.py:102}}
Jun 21 17:46:24.855787 np0000003350 nova-scheduler[95792]: DEBUG nova.service [None req-2a32f2cb-09bf-4490-baed-4768ac9e498d None None] Creating RPC server for service: nova-scheduler on topic: scheduler {{(pid=95792) start /opt/stack/nova/nova/service.py:196}}
Jun 21 17:46:24.857412 np0000003350 nova-scheduler[95794]: DEBUG oslo_db.sqlalchemy.engines [None req-dc159093-efd8-4477-95b8-bf8cfad7e013 None None] MySQL server mode set to STRICT_TRANS_TABLES,STRICT_ALL_TABLES,NO_ZERO_IN_DATE,NO_ZERO_DATE,ERROR_FOR_DIVISION_BY_ZERO,TRADITIONAL,NO_ENGINE_SUBSTITUTION {{(pid=95794) _check_effective_sql_mode /opt/stack/data/venv/lib/python3.12/site-packages/oslo_db/sqlalchemy/engines.py:325}}
Jun 21 17:46:24.876720 np0000003350 nova-scheduler[95794]: DEBUG dbcounter [-] [95794] Writer thread running {{(pid=95794) stat_writer /opt/stack/data/venv/lib/python3.12/site-packages/dbcounter.py:102}}
Jun 21 17:46:24.878874 np0000003350 nova-scheduler[95790]: DEBUG nova.service [None req-cab43690-ce7b-4f51-98a4-20ab5d5aef7f None None] Creating RPC server for service: nova-scheduler on topic: scheduler {{(pid=95790) start /opt/stack/nova/nova/service.py:196}}
Jun 21 17:46:24.880258 np0000003350 nova-scheduler[95794]: DEBUG nova.service [None req-dc159093-efd8-4477-95b8-bf8cfad7e013 None None] Creating RPC server for service: nova-scheduler on topic: scheduler {{(pid=95794) start /opt/stack/nova/nova/service.py:196}}
Jun 21 17:46:24.884328 np0000003350 nova-scheduler[95792]: DEBUG nova.service [None req-2a32f2cb-09bf-4490-baed-4768ac9e498d None None] Join ServiceGroup membership for this service scheduler {{(pid=95792) start /opt/stack/nova/nova/service.py:222}}
Jun 21 17:46:24.884567 np0000003350 nova-scheduler[95792]: DEBUG nova.servicegroup.drivers.db [None req-2a32f2cb-09bf-4490-baed-4768ac9e498d None None] DB_Driver: join new ServiceGroup member np0000003350 to the scheduler group, service = {{(pid=95792) join /opt/stack/nova/nova/servicegroup/drivers/db.py:44}}
Jun 21 17:46:24.901480 np0000003350 nova-scheduler[95790]: DEBUG nova.service [None req-cab43690-ce7b-4f51-98a4-20ab5d5aef7f None None] Join ServiceGroup membership for this service scheduler {{(pid=95790) start /opt/stack/nova/nova/service.py:222}}
Jun 21 17:46:24.901621 np0000003350 nova-scheduler[95794]: DEBUG nova.service [None req-dc159093-efd8-4477-95b8-bf8cfad7e013 None None] Join ServiceGroup membership for this service scheduler {{(pid=95794) start /opt/stack/nova/nova/service.py:222}}
Jun 21 17:46:24.901734 np0000003350 nova-scheduler[95794]: DEBUG nova.servicegroup.drivers.db [None req-dc159093-efd8-4477-95b8-bf8cfad7e013 None None] DB_Driver: join new ServiceGroup member np0000003350 to the scheduler group, service = {{(pid=95794) join /opt/stack/nova/nova/servicegroup/drivers/db.py:44}}
Jun 21 17:46:24.901782 np0000003350 nova-scheduler[95790]: DEBUG nova.servicegroup.drivers.db [None req-cab43690-ce7b-4f51-98a4-20ab5d5aef7f None None] DB_Driver: join new ServiceGroup member np0000003350 to the scheduler group, service = {{(pid=95790) join /opt/stack/nova/nova/servicegroup/drivers/db.py:44}}
Jun 21 17:46:29.901046 np0000003350 nova-scheduler[95792]: DEBUG oslo.service.backend._threading.loopingcall [-] Fixed interval looping call 'nova.servicegroup.drivers.db.DbDriver._report_state' sleeping for 119.99 seconds {{(pid=95792) _run_loop /opt/stack/data/venv/lib/python3.12/site-packages/oslo_service/backend/_threading/loopingcall.py:125}}
Jun 21 17:46:29.908569 np0000003350 nova-scheduler[95790]: DEBUG oslo.service.backend._threading.loopingcall [-] Fixed interval looping call 'nova.servicegroup.drivers.db.DbDriver._report_state' sleeping for 119.99 seconds {{(pid=95790) _run_loop /opt/stack/data/venv/lib/python3.12/site-packages/oslo_service/backend/_threading/loopingcall.py:125}}
Jun 21 17:46:29.914981 np0000003350 nova-scheduler[95794]: DEBUG oslo.service.backend._threading.loopingcall [-] Fixed interval looping call 'nova.servicegroup.drivers.db.DbDriver._report_state' sleeping for 119.99 seconds {{(pid=95794) _run_loop /opt/stack/data/venv/lib/python3.12/site-packages/oslo_service/backend/_threading/loopingcall.py:125}}
Jun 21 17:46:33.363121 np0000003350 nova-scheduler[94598]: DEBUG dbcounter [-] [94598] Writing DB stats nova_api:SELECT=3 {{(pid=94598) stat_writer /opt/stack/data/venv/lib/python3.12/site-packages/dbcounter.py:115}}
Jun 21 17:46:33.534944 np0000003350 nova-scheduler[94598]: DEBUG dbcounter [-] [94598] Writing DB stats nova_cell1:SELECT=1 {{(pid=94598) stat_writer /opt/stack/data/venv/lib/python3.12/site-packages/dbcounter.py:115}}
Jun 21 17:46:33.545511 np0000003350 nova-scheduler[94598]: DEBUG dbcounter [-] [94598] Writing DB stats nova_cell0:SELECT=1 {{(pid=94598) stat_writer /opt/stack/data/venv/lib/python3.12/site-packages/dbcounter.py:115}}
Jun 21 17:46:39.893733 np0000003350 nova-scheduler[95792]: DEBUG dbcounter [-] [95792] Writing DB stats nova_cell0:SELECT=4,nova_cell0:INSERT=1,nova_cell0:UPDATE=1 {{(pid=95792) stat_writer /opt/stack/data/venv/lib/python3.12/site-packages/dbcounter.py:115}}
Jun 21 17:46:39.906048 np0000003350 nova-scheduler[95790]: DEBUG dbcounter [-] [95790] Writing DB stats nova_cell0:SELECT=4,nova_cell0:INSERT=1 {{(pid=95790) stat_writer /opt/stack/data/venv/lib/python3.12/site-packages/dbcounter.py:115}}
Jun 21 17:46:39.912661 np0000003350 nova-scheduler[95794]: DEBUG dbcounter [-] [95794] Writing DB stats nova_cell0:SELECT=3 {{(pid=95794) stat_writer /opt/stack/data/venv/lib/python3.12/site-packages/dbcounter.py:115}}
Jun 21 17:46:58.904944 np0000003350 nova-scheduler[95794]: DEBUG oslo.service.backend._threading.loopingcall [None req-2c08a7dd-0f34-45ce-817e-57b75df9aa07 None None] Dynamic interval looping call 'nova.service.Service.periodic_tasks' sleeping for 60.00 seconds {{(pid=95794) _run_loop /opt/stack/data/venv/lib/python3.12/site-packages/oslo_service/backend/_threading/loopingcall.py:125}}
Jun 21 17:47:02.904184 np0000003350 nova-scheduler[95790]: DEBUG oslo.service.backend._threading.loopingcall [None req-91ab2f54-6a52-41c6-993b-029578ee16e4 None None] Dynamic interval looping call 'nova.service.Service.periodic_tasks' sleeping for 60.00 seconds {{(pid=95790) _run_loop /opt/stack/data/venv/lib/python3.12/site-packages/oslo_service/backend/_threading/loopingcall.py:125}}
Jun 21 17:47:08.886470 np0000003350 nova-scheduler[95792]: DEBUG oslo.service.backend._threading.loopingcall [None req-1b24620f-a4ff-4599-89a7-0cb7bf51a752 None None] Dynamic interval looping call 'nova.service.Service.periodic_tasks' sleeping for 60.00 seconds {{(pid=95792) _run_loop /opt/stack/data/venv/lib/python3.12/site-packages/oslo_service/backend/_threading/loopingcall.py:125}}
Jun 21 17:47:58.905461 np0000003350 nova-scheduler[95794]: DEBUG oslo.service.backend._threading.loopingcall [None req-2c08a7dd-0f34-45ce-817e-57b75df9aa07 None None] Dynamic interval looping call 'nova.service.Service.periodic_tasks' sleeping for 60.00 seconds {{(pid=95794) _run_loop /opt/stack/data/venv/lib/python3.12/site-packages/oslo_service/backend/_threading/loopingcall.py:125}}
Jun 21 17:48:02.904658 np0000003350 nova-scheduler[95790]: DEBUG oslo.service.backend._threading.loopingcall [None req-91ab2f54-6a52-41c6-993b-029578ee16e4 None None] Dynamic interval looping call 'nova.service.Service.periodic_tasks' sleeping for 60.00 seconds {{(pid=95790) _run_loop /opt/stack/data/venv/lib/python3.12/site-packages/oslo_service/backend/_threading/loopingcall.py:125}}
Jun 21 17:48:08.886990 np0000003350 nova-scheduler[95792]: DEBUG oslo.service.backend._threading.loopingcall [None req-1b24620f-a4ff-4599-89a7-0cb7bf51a752 None None] Dynamic interval looping call 'nova.service.Service.periodic_tasks' sleeping for 60.00 seconds {{(pid=95792) _run_loop /opt/stack/data/venv/lib/python3.12/site-packages/oslo_service/backend/_threading/loopingcall.py:125}}
Jun 21 17:48:29.901657 np0000003350 nova-scheduler[95792]: DEBUG oslo.service.backend._threading.loopingcall [-] Fixed interval looping call 'nova.servicegroup.drivers.db.DbDriver._report_state' sleeping for 119.99 seconds {{(pid=95792) _run_loop /opt/stack/data/venv/lib/python3.12/site-packages/oslo_service/backend/_threading/loopingcall.py:125}}
Jun 21 17:48:29.904326 np0000003350 nova-scheduler[95790]: DEBUG oslo.service.backend._threading.loopingcall [-] Fixed interval looping call 'nova.servicegroup.drivers.db.DbDriver._report_state' sleeping for 119.99 seconds {{(pid=95790) _run_loop /opt/stack/data/venv/lib/python3.12/site-packages/oslo_service/backend/_threading/loopingcall.py:125}}
Jun 21 17:48:29.908945 np0000003350 nova-scheduler[95794]: DEBUG oslo.service.backend._threading.loopingcall [-] Fixed interval looping call 'nova.servicegroup.drivers.db.DbDriver._report_state' sleeping for 120.00 seconds {{(pid=95794) _run_loop /opt/stack/data/venv/lib/python3.12/site-packages/oslo_service/backend/_threading/loopingcall.py:125}}
Jun 21 17:48:39.894130 np0000003350 nova-scheduler[95792]: DEBUG dbcounter [-] [95792] Writing DB stats nova_cell0:SELECT=1,nova_cell0:UPDATE=1 {{(pid=95792) stat_writer /opt/stack/data/venv/lib/python3.12/site-packages/dbcounter.py:115}}
Jun 21 17:48:39.903292 np0000003350 nova-scheduler[95790]: DEBUG dbcounter [-] [95790] Writing DB stats nova_cell0:SELECT=1,nova_cell0:UPDATE=1 {{(pid=95790) stat_writer /opt/stack/data/venv/lib/python3.12/site-packages/dbcounter.py:115}}
Jun 21 17:48:39.906805 np0000003350 nova-scheduler[95794]: DEBUG dbcounter [-] [95794] Writing DB stats nova_cell0:SELECT=1 {{(pid=95794) stat_writer /opt/stack/data/venv/lib/python3.12/site-packages/dbcounter.py:115}}
Jun 21 17:48:58.906443 np0000003350 nova-scheduler[95794]: DEBUG oslo.service.backend._threading.loopingcall [None req-2c08a7dd-0f34-45ce-817e-57b75df9aa07 None None] Dynamic interval looping call 'nova.service.Service.periodic_tasks' sleeping for 60.00 seconds {{(pid=95794) _run_loop /opt/stack/data/venv/lib/python3.12/site-packages/oslo_service/backend/_threading/loopingcall.py:125}}
Jun 21 17:49:02.905130 np0000003350 nova-scheduler[95790]: DEBUG oslo.service.backend._threading.loopingcall [None req-91ab2f54-6a52-41c6-993b-029578ee16e4 None None] Dynamic interval looping call 'nova.service.Service.periodic_tasks' sleeping for 60.00 seconds {{(pid=95790) _run_loop /opt/stack/data/venv/lib/python3.12/site-packages/oslo_service/backend/_threading/loopingcall.py:125}}
Jun 21 17:49:08.889711 np0000003350 nova-scheduler[95792]: DEBUG oslo.service.backend._threading.loopingcall [None req-1b24620f-a4ff-4599-89a7-0cb7bf51a752 None None] Dynamic interval looping call 'nova.service.Service.periodic_tasks' sleeping for 60.00 seconds {{(pid=95792) _run_loop /opt/stack/data/venv/lib/python3.12/site-packages/oslo_service/backend/_threading/loopingcall.py:125}}
Jun 21 17:49:18.125774 np0000003350 nova-scheduler[95792]: DEBUG nova.scheduler.manager [None req-b377280d-7c6c-45f3-816e-8cdb927e92f7 tempest-ServerActionsTestOtherA-1069503729 tempest-ServerActionsTestOtherA-1069503729-project-member] Starting to schedule for instances: ['ac1079a3-9128-4035-aeb4-591239b4652c'] {{(pid=95792) select_destinations /opt/stack/nova/nova/scheduler/manager.py:210}}
Jun 21 17:49:18.127461 np0000003350 nova-scheduler[95792]: DEBUG nova.scheduler.request_filter [None req-b377280d-7c6c-45f3-816e-8cdb927e92f7 tempest-ServerActionsTestOtherA-1069503729 tempest-ServerActionsTestOtherA-1069503729-project-member] compute_status_filter request filter added forbidden trait COMPUTE_STATUS_DISABLED {{(pid=95792) compute_status_filter /opt/stack/nova/nova/scheduler/request_filter.py:253}}
Jun 21 17:49:18.127461 np0000003350 nova-scheduler[95792]: DEBUG nova.scheduler.request_filter [None req-b377280d-7c6c-45f3-816e-8cdb927e92f7 tempest-ServerActionsTestOtherA-1069503729 tempest-ServerActionsTestOtherA-1069503729-project-member] Request filter 'compute_status_filter' took 0.0 seconds {{(pid=95792) wrapper /opt/stack/nova/nova/scheduler/request_filter.py:46}}
Jun 21 17:49:18.127461 np0000003350 nova-scheduler[95792]: DEBUG nova.scheduler.request_filter [None req-b377280d-7c6c-45f3-816e-8cdb927e92f7 tempest-ServerActionsTestOtherA-1069503729 tempest-ServerActionsTestOtherA-1069503729-project-member] Request filter 'accelerators_filter' took 0.0 seconds {{(pid=95792) wrapper /opt/stack/nova/nova/scheduler/request_filter.py:46}}
Jun 21 17:49:18.128416 np0000003350 nova-scheduler[95792]: DEBUG nova.scheduler.request_filter [None req-b377280d-7c6c-45f3-816e-8cdb927e92f7 tempest-ServerActionsTestOtherA-1069503729 tempest-ServerActionsTestOtherA-1069503729-project-member] Request filter 'packed_virtqueue_filter' took 0.0 seconds {{(pid=95792) wrapper /opt/stack/nova/nova/scheduler/request_filter.py:46}}
Jun 21 17:49:18.128567 np0000003350 nova-scheduler[95792]: DEBUG nova.scheduler.request_filter [None req-b377280d-7c6c-45f3-816e-8cdb927e92f7 tempest-ServerActionsTestOtherA-1069503729 tempest-ServerActionsTestOtherA-1069503729-project-member] Request filter 'remote_managed_ports_filter' took 0.0 seconds {{(pid=95792) wrapper /opt/stack/nova/nova/scheduler/request_filter.py:46}}
Jun 21 17:49:18.128750 np0000003350 nova-scheduler[95792]: DEBUG nova.scheduler.request_filter [None req-b377280d-7c6c-45f3-816e-8cdb927e92f7 tempest-ServerActionsTestOtherA-1069503729 tempest-ServerActionsTestOtherA-1069503729-project-member] ephemeral_encryption_filter skipped {{(pid=95792) ephemeral_encryption_filter /opt/stack/nova/nova/scheduler/request_filter.py:426}}
Jun 21 17:49:18.129470 np0000003350 nova-scheduler[95792]: DEBUG nova.scheduler.request_filter [None req-b377280d-7c6c-45f3-816e-8cdb927e92f7 tempest-ServerActionsTestOtherA-1069503729 tempest-ServerActionsTestOtherA-1069503729-project-member] virtio_sound_filter skipped {{(pid=95792) virtio_sound_filter /opt/stack/nova/nova/scheduler/request_filter.py:460}}
Jun 21 17:49:18.129692 np0000003350 nova-scheduler[95792]: DEBUG nova.scheduler.request_filter [None req-b377280d-7c6c-45f3-816e-8cdb927e92f7 tempest-ServerActionsTestOtherA-1069503729 tempest-ServerActionsTestOtherA-1069503729-project-member] tpm_secret_security_filter skipped {{(pid=95792) tpm_secret_security_filter /opt/stack/nova/nova/scheduler/request_filter.py:477}}
Jun 21 17:49:18.755287 np0000003350 nova-scheduler[95792]: INFO nova.utils [None req-b377280d-7c6c-45f3-816e-8cdb927e92f7 tempest-ServerActionsTestOtherA-1069503729 tempest-ServerActionsTestOtherA-1069503729-project-member] The cell worker thread pool ForkProcess-2.cell_worker is initialized
Jun 21 17:49:18.755287 np0000003350 nova-scheduler[95792]: DEBUG oslo_concurrency.lockutils [None req-b377280d-7c6c-45f3-816e-8cdb927e92f7 tempest-ServerActionsTestOtherA-1069503729 tempest-ServerActionsTestOtherA-1069503729-project-member] Acquiring lock "35d6d44d-4055-416d-a4d3-84525725ddf5" by "nova.context.set_target_cell..get_or_set_cached_cell_and_set_connections" {{(pid=95792) inner /opt/stack/data/venv/lib/python3.12/site-packages/oslo_concurrency/lockutils.py:511}}
Jun 21 17:49:18.755287 np0000003350 nova-scheduler[95792]: DEBUG oslo_concurrency.lockutils [None req-b377280d-7c6c-45f3-816e-8cdb927e92f7 tempest-ServerActionsTestOtherA-1069503729 tempest-ServerActionsTestOtherA-1069503729-project-member] Lock "35d6d44d-4055-416d-a4d3-84525725ddf5" acquired by "nova.context.set_target_cell..get_or_set_cached_cell_and_set_connections" :: waited 0.000s {{(pid=95792) inner /opt/stack/data/venv/lib/python3.12/site-packages/oslo_concurrency/lockutils.py:524}}
Jun 21 17:49:18.755287 np0000003350 nova-scheduler[95792]: DEBUG oslo_concurrency.lockutils [None req-b377280d-7c6c-45f3-816e-8cdb927e92f7 tempest-ServerActionsTestOtherA-1069503729 tempest-ServerActionsTestOtherA-1069503729-project-member] Lock "35d6d44d-4055-416d-a4d3-84525725ddf5" "released" by "nova.context.set_target_cell..get_or_set_cached_cell_and_set_connections" :: held 0.001s {{(pid=95792) inner /opt/stack/data/venv/lib/python3.12/site-packages/oslo_concurrency/lockutils.py:543}}
Jun 21 17:49:18.758418 np0000003350 nova-scheduler[95792]: INFO dbcounter [None req-b377280d-7c6c-45f3-816e-8cdb927e92f7 tempest-ServerActionsTestOtherA-1069503729 tempest-ServerActionsTestOtherA-1069503729-project-member] Registered counter for database nova_cell1
Jun 21 17:49:18.810929 np0000003350 nova-scheduler[95792]: DEBUG oslo_db.sqlalchemy.engines [None req-b377280d-7c6c-45f3-816e-8cdb927e92f7 tempest-ServerActionsTestOtherA-1069503729 tempest-ServerActionsTestOtherA-1069503729-project-member] MySQL server mode set to STRICT_TRANS_TABLES,STRICT_ALL_TABLES,NO_ZERO_IN_DATE,NO_ZERO_DATE,ERROR_FOR_DIVISION_BY_ZERO,TRADITIONAL,NO_ENGINE_SUBSTITUTION {{(pid=95792) _check_effective_sql_mode /opt/stack/data/venv/lib/python3.12/site-packages/oslo_db/sqlalchemy/engines.py:325}}
Jun 21 17:49:18.832915 np0000003350 nova-scheduler[95792]: DEBUG dbcounter [-] [95792] Writer thread running {{(pid=95792) stat_writer /opt/stack/data/venv/lib/python3.12/site-packages/dbcounter.py:102}}
Jun 21 17:49:18.853431 np0000003350 nova-scheduler[95792]: DEBUG oslo_db.sqlalchemy.engines [None req-b377280d-7c6c-45f3-816e-8cdb927e92f7 tempest-ServerActionsTestOtherA-1069503729 tempest-ServerActionsTestOtherA-1069503729-project-member] Parent process 94598 forked (95792) with an open database connection, which is being discarded and recreated. {{(pid=95792) checkout /opt/stack/data/venv/lib/python3.12/site-packages/oslo_db/sqlalchemy/engines.py:402}}
Jun 21 17:49:18.895560 np0000003350 nova-scheduler[95792]: DEBUG dbcounter [-] [95792] Writer thread running {{(pid=95792) stat_writer /opt/stack/data/venv/lib/python3.12/site-packages/dbcounter.py:102}}
Jun 21 17:49:18.898770 np0000003350 nova-scheduler[95792]: DEBUG oslo_concurrency.lockutils [None req-b377280d-7c6c-45f3-816e-8cdb927e92f7 tempest-ServerActionsTestOtherA-1069503729 tempest-ServerActionsTestOtherA-1069503729-project-member] Acquiring lock "35d6d44d-4055-416d-a4d3-84525725ddf5" by "nova.context.set_target_cell..get_or_set_cached_cell_and_set_connections" {{(pid=95792) inner /opt/stack/data/venv/lib/python3.12/site-packages/oslo_concurrency/lockutils.py:511}}
Jun 21 17:49:18.898952 np0000003350 nova-scheduler[95792]: DEBUG oslo_concurrency.lockutils [None req-b377280d-7c6c-45f3-816e-8cdb927e92f7 tempest-ServerActionsTestOtherA-1069503729 tempest-ServerActionsTestOtherA-1069503729-project-member] Lock "35d6d44d-4055-416d-a4d3-84525725ddf5" acquired by "nova.context.set_target_cell..get_or_set_cached_cell_and_set_connections" :: waited 0.000s {{(pid=95792) inner /opt/stack/data/venv/lib/python3.12/site-packages/oslo_concurrency/lockutils.py:524}}
Jun 21 17:49:18.899120 np0000003350 nova-scheduler[95792]: DEBUG oslo_concurrency.lockutils [None req-b377280d-7c6c-45f3-816e-8cdb927e92f7 tempest-ServerActionsTestOtherA-1069503729 tempest-ServerActionsTestOtherA-1069503729-project-member] Lock "35d6d44d-4055-416d-a4d3-84525725ddf5" "released" by "nova.context.set_target_cell..get_or_set_cached_cell_and_set_connections" :: held 0.000s {{(pid=95792) inner /opt/stack/data/venv/lib/python3.12/site-packages/oslo_concurrency/lockutils.py:543}}
Jun 21 17:49:18.905652 np0000003350 nova-scheduler[95792]: DEBUG oslo_concurrency.lockutils [None req-b377280d-7c6c-45f3-816e-8cdb927e92f7 tempest-ServerActionsTestOtherA-1069503729 tempest-ServerActionsTestOtherA-1069503729-project-member] Acquiring lock "('np0000003350', 'np0000003350')" by "nova.scheduler.host_manager.HostState.update.._locked_update" {{(pid=95792) inner /opt/stack/data/venv/lib/python3.12/site-packages/oslo_concurrency/lockutils.py:511}}
Jun 21 17:49:18.905652 np0000003350 nova-scheduler[95792]: DEBUG oslo_concurrency.lockutils [None req-b377280d-7c6c-45f3-816e-8cdb927e92f7 tempest-ServerActionsTestOtherA-1069503729 tempest-ServerActionsTestOtherA-1069503729-project-member] Lock "('np0000003350', 'np0000003350')" acquired by "nova.scheduler.host_manager.HostState.update.._locked_update" :: waited 0.000s {{(pid=95792) inner /opt/stack/data/venv/lib/python3.12/site-packages/oslo_concurrency/lockutils.py:524}}
Jun 21 17:49:18.906473 np0000003350 nova-scheduler[95792]: DEBUG nova.scheduler.host_manager [None req-b377280d-7c6c-45f3-816e-8cdb927e92f7 tempest-ServerActionsTestOtherA-1069503729 tempest-ServerActionsTestOtherA-1069503729-project-member] Update host state from compute node: ComputeNode(cpu_allocation_ratio=4.0,cpu_info='{"arch": "x86_64", "model": "EPYC-Milan", "vendor": "AMD", "topology": {"cells": 1, "sockets": 12, "cores": 1, "threads": 1}, "maxphysaddr": {"mode": "emulate", "bits": 40}, "features": ["mca", "v-vmsave-vmload", "clwb", "vaes", "arch-capabilities", "sse4.1", "pat", "amd-ssbd", "spec-ctrl", "osvw", "lbrv", "xsaveerptr", "fsgsbase", "rdctl-no", "pause-filter", "lahf_lm", "skip-l1dfl-vmentry", "rdrand", "vgif", "npt", "nx", "xsave", "pku", "fma", "gds-no", "invpcid", "mds-no", "clflushopt", "xsavec", "pae", "vmcb-clean", "mce", "cmp_legacy", "amd-psfd", "misalignsse", "ibrs", "x2apic", "xgetbv1", "xsaves", "sha-ni", "pclmuldq", "clzero", "fsrm", "rdseed", "hypervisor", "rdpid", "ssse3", "vme", "topoext", "erms", "cx16", "sse", "pge", "tsc-scale", "clflush", "svme-addr-chk", "nrip-save", "sse4a", "lm", "msr", "fxsr", "movbe", "tsc-deadline", "pni", "de", "popcnt", "perfctr_core", "mtrr", "fxsr_opt", "tsc_adjust", "xsaveopt", "amd-stibp", "cx8", "lfence-always-serializing", "3dnowprefetch", "smap", "mmx", "pschange-mc-no", "tsc", "no-nested-data-bp", "pdpe1gb", "null-sel-clr-base", "bmi2", "pfthreshold", "vpclmulqdq", "fpu", "pse36", "sse4.2", "ibpb", "apic", "smep", "abm", "adx", "aes", "avx2", "f16c", "cr8legacy", "mmxext", "bmi1", "wbnoinvd", "stibp-always-on", "syscall", "sse2", "avx", "pcid", "svm", "ssbd", "pse", "virt-ssbd", "stibp", "sep", "arat", "rdtscp", "flushbyasid", "cmov", "umip"]}',created_at=2026-06-21T17:46:50Z,current_workload=0,deleted=False,deleted_at=None,disk_allocation_ratio=1.0,disk_available_least=74,free_disk_gb=95,free_ram_mb=23518,host='np0000003350',host_ip=10.4.3.162,hypervisor_hostname='np0000003350',hypervisor_type='QEMU',hypervisor_version=8002002,id=1,local_gb=95,local_gb_used=0,mapped=1,memory_mb=24030,memory_mb_used=512,metrics='[]',numa_topology='{"nova_object.name": "NUMATopology", "nova_object.namespace": "nova", "nova_object.version": "1.2", "nova_object.data": {"cells": [{"nova_object.name": "NUMACell", "nova_object.namespace": "nova", "nova_object.version": "1.5", "nova_object.data": {"id": 0, "cpuset": [0, 1, 2, 3, 4, 5, 6, 7, 8, 9, 10, 11], "pcpuset": [0, 1, 2, 3, 4, 5, 6, 7, 8, 9, 10, 11], "memory": 24030, "cpu_usage": 0, "memory_usage": 0, "pinned_cpus": [], "siblings": [[6], [2], [5], [11], [8], [4], [1], [7], [10], [0], [3], [9]], "mempages": [{"nova_object.name": "NUMAPagesTopology", "nova_object.namespace": "nova", "nova_object.version": "1.1", "nova_object.data": {"size_kb": 4, "total": 6151798, "used": 0, "reserved": 0}, "nova_object.changes": ["size_kb", "total", "reserved", "used"]}, {"nova_object.name": "NUMAPagesTopology", "nova_object.namespace": "nova", "nova_object.version": "1.1", "nova_object.data": {"size_kb": 2048, "total": 0, "used": 0, "reserved": 0}, "nova_object.changes": ["size_kb", "total", "reserved", "used"]}, {"nova_object.name": "NUMAPagesTopology", "nova_object.namespace": "nova", "nova_object.version": "1.1", "nova_object.data": {"size_kb": 1048576, "total": 0, "used": 0, "reserved": 0}, "nova_object.changes": ["size_kb", "total", "reserved", "used"]}], "network_metadata": {"nova_object.name": "NetworkMetadata", "nova_object.namespace": "nova", "nova_object.version": "1.0", "nova_object.data": {"physnets": [], "tunneled": false}, "nova_object.changes": ["physnets", "tunneled"]}, "socket": null}, "nova_object.changes": ["mempages", "network_metadata", "memory_usage", "memory", "pinned_cpus", "siblings", "cpu_usage", "pcpuset", "socket", "cpuset", "id"]}]}, "nova_object.changes": ["cells"]}',pci_device_pools=PciDevicePoolList,ram_allocation_ratio=1.0,running_vms=0,service_id=2,stats={failed_builds='0',uptime=' 17:48:35 up 26 min, 2 users, load average: 1.25, 1.40, 0.86
Jun 21 17:49:18.906473 np0000003350 nova-scheduler[95792]: '},supported_hv_specs=[HVSpec,HVSpec,HVSpec,HVSpec,HVSpec,HVSpec,HVSpec,HVSpec,HVSpec,HVSpec,HVSpec,HVSpec,HVSpec,HVSpec,HVSpec,HVSpec,HVSpec,HVSpec,HVSpec,HVSpec,HVSpec,HVSpec,HVSpec,HVSpec,HVSpec],updated_at=2026-06-21T17:48:37Z,uuid=cd4d120b-34dc-4cc9-84a5-a94749f77e1f,vcpus=12,vcpus_used=0) {{(pid=95792) _locked_update /opt/stack/nova/nova/scheduler/host_manager.py:168}}
Jun 21 17:49:18.907412 np0000003350 nova-scheduler[95792]: DEBUG nova.scheduler.host_manager [None req-b377280d-7c6c-45f3-816e-8cdb927e92f7 tempest-ServerActionsTestOtherA-1069503729 tempest-ServerActionsTestOtherA-1069503729-project-member] Update host state with aggregates: [] {{(pid=95792) _locked_update /opt/stack/nova/nova/scheduler/host_manager.py:171}}
Jun 21 17:49:18.907586 np0000003350 nova-scheduler[95792]: DEBUG nova.scheduler.host_manager [None req-b377280d-7c6c-45f3-816e-8cdb927e92f7 tempest-ServerActionsTestOtherA-1069503729 tempest-ServerActionsTestOtherA-1069503729-project-member] Update host state with service dict: {'id': 2, 'uuid': '6ceef8e6-ad04-4946-babe-010609aaf527', 'host': 'np0000003350', 'binary': 'nova-compute', 'topic': 'compute', 'report_count': 2, 'disabled': False, 'disabled_reason': None, 'last_seen_up': datetime.datetime(2026, 6, 21, 17, 48, 59, tzinfo=datetime.timezone.utc), 'forced_down': False, 'version': 72, 'created_at': datetime.datetime(2026, 6, 21, 17, 46, 48, tzinfo=datetime.timezone.utc), 'updated_at': datetime.datetime(2026, 6, 21, 17, 48, 59, tzinfo=datetime.timezone.utc), 'deleted_at': None, 'deleted': False} {{(pid=95792) _locked_update /opt/stack/nova/nova/scheduler/host_manager.py:174}}
Jun 21 17:49:18.908837 np0000003350 nova-scheduler[95792]: DEBUG nova.scheduler.host_manager [None req-b377280d-7c6c-45f3-816e-8cdb927e92f7 tempest-ServerActionsTestOtherA-1069503729 tempest-ServerActionsTestOtherA-1069503729-project-member] Update host state with instances: [] {{(pid=95792) _locked_update /opt/stack/nova/nova/scheduler/host_manager.py:177}}
Jun 21 17:49:18.908837 np0000003350 nova-scheduler[95792]: DEBUG oslo_concurrency.lockutils [None req-b377280d-7c6c-45f3-816e-8cdb927e92f7 tempest-ServerActionsTestOtherA-1069503729 tempest-ServerActionsTestOtherA-1069503729-project-member] Lock "('np0000003350', 'np0000003350')" "released" by "nova.scheduler.host_manager.HostState.update.._locked_update" :: held 0.003s {{(pid=95792) inner /opt/stack/data/venv/lib/python3.12/site-packages/oslo_concurrency/lockutils.py:543}}
Jun 21 17:49:18.908837 np0000003350 nova-scheduler[95792]: DEBUG nova.filters [None req-b377280d-7c6c-45f3-816e-8cdb927e92f7 tempest-ServerActionsTestOtherA-1069503729 tempest-ServerActionsTestOtherA-1069503729-project-member] Starting with 1 host(s) {{(pid=95792) get_filtered_objects /opt/stack/nova/nova/filters.py:70}}
Jun 21 17:49:18.908837 np0000003350 nova-scheduler[95792]: DEBUG nova.filters [None req-b377280d-7c6c-45f3-816e-8cdb927e92f7 tempest-ServerActionsTestOtherA-1069503729 tempest-ServerActionsTestOtherA-1069503729-project-member] Filter ComputeFilter returned 1 host(s) {{(pid=95792) get_filtered_objects /opt/stack/nova/nova/filters.py:102}}
Jun 21 17:49:18.908837 np0000003350 nova-scheduler[95792]: DEBUG nova.filters [None req-b377280d-7c6c-45f3-816e-8cdb927e92f7 tempest-ServerActionsTestOtherA-1069503729 tempest-ServerActionsTestOtherA-1069503729-project-member] Filter ComputeCapabilitiesFilter returned 1 host(s) {{(pid=95792) get_filtered_objects /opt/stack/nova/nova/filters.py:102}}
Jun 21 17:49:18.909013 np0000003350 nova-scheduler[95792]: DEBUG nova.filters [None req-b377280d-7c6c-45f3-816e-8cdb927e92f7 tempest-ServerActionsTestOtherA-1069503729 tempest-ServerActionsTestOtherA-1069503729-project-member] Filter ImagePropertiesFilter returned 1 host(s) {{(pid=95792) get_filtered_objects /opt/stack/nova/nova/filters.py:102}}
Jun 21 17:49:18.909098 np0000003350 nova-scheduler[95792]: DEBUG nova.filters [None req-b377280d-7c6c-45f3-816e-8cdb927e92f7 tempest-ServerActionsTestOtherA-1069503729 tempest-ServerActionsTestOtherA-1069503729-project-member] Filter ServerGroupAntiAffinityFilter returned 1 host(s) {{(pid=95792) get_filtered_objects /opt/stack/nova/nova/filters.py:102}}
Jun 21 17:49:18.909250 np0000003350 nova-scheduler[95792]: DEBUG nova.filters [None req-b377280d-7c6c-45f3-816e-8cdb927e92f7 tempest-ServerActionsTestOtherA-1069503729 tempest-ServerActionsTestOtherA-1069503729-project-member] Filter ServerGroupAffinityFilter returned 1 host(s) {{(pid=95792) get_filtered_objects /opt/stack/nova/nova/filters.py:102}}
Jun 21 17:49:18.909419 np0000003350 nova-scheduler[95792]: DEBUG nova.filters [None req-b377280d-7c6c-45f3-816e-8cdb927e92f7 tempest-ServerActionsTestOtherA-1069503729 tempest-ServerActionsTestOtherA-1069503729-project-member] Filter SameHostFilter returned 1 host(s) {{(pid=95792) get_filtered_objects /opt/stack/nova/nova/filters.py:102}}
Jun 21 17:49:18.909600 np0000003350 nova-scheduler[95792]: DEBUG nova.filters [None req-b377280d-7c6c-45f3-816e-8cdb927e92f7 tempest-ServerActionsTestOtherA-1069503729 tempest-ServerActionsTestOtherA-1069503729-project-member] Filter DifferentHostFilter returned 1 host(s) {{(pid=95792) get_filtered_objects /opt/stack/nova/nova/filters.py:102}}
Jun 21 17:49:18.909781 np0000003350 nova-scheduler[95792]: DEBUG nova.scheduler.manager [None req-b377280d-7c6c-45f3-816e-8cdb927e92f7 tempest-ServerActionsTestOtherA-1069503729 tempest-ServerActionsTestOtherA-1069503729-project-member] Filtered [(np0000003350, np0000003350) ram: 23518MB disk: 75776MB io_ops: 0 instances: 0, allocation_candidates: 1] {{(pid=95792) _get_sorted_hosts /opt/stack/nova/nova/scheduler/manager.py:743}}
Jun 21 17:49:18.910028 np0000003350 nova-scheduler[95792]: DEBUG nova.scheduler.manager [None req-b377280d-7c6c-45f3-816e-8cdb927e92f7 tempest-ServerActionsTestOtherA-1069503729 tempest-ServerActionsTestOtherA-1069503729-project-member] Weighed [WeighedHost [host: (np0000003350, np0000003350) ram: 23518MB disk: 75776MB io_ops: 0 instances: 0, allocation_candidates: 1, weight: 0.0]] {{(pid=95792) _get_sorted_hosts /opt/stack/nova/nova/scheduler/manager.py:765}}
Jun 21 17:49:18.910235 np0000003350 nova-scheduler[95792]: DEBUG nova.scheduler.utils [None req-b377280d-7c6c-45f3-816e-8cdb927e92f7 tempest-ServerActionsTestOtherA-1069503729 tempest-ServerActionsTestOtherA-1069503729-project-member] Attempting to claim resources in the placement API for instance ac1079a3-9128-4035-aeb4-591239b4652c {{(pid=95792) claim_resources /opt/stack/nova/nova/scheduler/utils.py:1345}}
Jun 21 17:49:19.075919 np0000003350 nova-scheduler[95792]: DEBUG nova.scheduler.manager [None req-b377280d-7c6c-45f3-816e-8cdb927e92f7 tempest-ServerActionsTestOtherA-1069503729 tempest-ServerActionsTestOtherA-1069503729-project-member] [instance: ac1079a3-9128-4035-aeb4-591239b4652c] Selected host: (np0000003350, np0000003350) ram: 23518MB disk: 75776MB io_ops: 0 instances: 0, allocation_candidates: 1 {{(pid=95792) _consume_selected_host /opt/stack/nova/nova/scheduler/manager.py:625}}
Jun 21 17:49:19.076197 np0000003350 nova-scheduler[95792]: DEBUG oslo_concurrency.lockutils [None req-b377280d-7c6c-45f3-816e-8cdb927e92f7 tempest-ServerActionsTestOtherA-1069503729 tempest-ServerActionsTestOtherA-1069503729-project-member] Acquiring lock "('np0000003350', 'np0000003350')" by "nova.scheduler.host_manager.HostState.consume_from_request.._locked" {{(pid=95792) inner /opt/stack/data/venv/lib/python3.12/site-packages/oslo_concurrency/lockutils.py:511}}
Jun 21 17:49:19.076377 np0000003350 nova-scheduler[95792]: DEBUG oslo_concurrency.lockutils [None req-b377280d-7c6c-45f3-816e-8cdb927e92f7 tempest-ServerActionsTestOtherA-1069503729 tempest-ServerActionsTestOtherA-1069503729-project-member] Lock "('np0000003350', 'np0000003350')" acquired by "nova.scheduler.host_manager.HostState.consume_from_request.._locked" :: waited 0.000s {{(pid=95792) inner /opt/stack/data/venv/lib/python3.12/site-packages/oslo_concurrency/lockutils.py:524}}
Jun 21 17:49:19.076660 np0000003350 nova-scheduler[95792]: DEBUG oslo_concurrency.lockutils [None req-b377280d-7c6c-45f3-816e-8cdb927e92f7 tempest-ServerActionsTestOtherA-1069503729 tempest-ServerActionsTestOtherA-1069503729-project-member] Lock "('np0000003350', 'np0000003350')" "released" by "nova.scheduler.host_manager.HostState.consume_from_request.._locked" :: held 0.000s {{(pid=95792) inner /opt/stack/data/venv/lib/python3.12/site-packages/oslo_concurrency/lockutils.py:543}}
Jun 21 17:49:22.533345 np0000003350 nova-scheduler[95790]: DEBUG nova.scheduler.manager [None req-8a097973-144c-4964-9abf-83ca4d514f90 tempest-ServerStableDeviceRescueTest-1877496383 tempest-ServerStableDeviceRescueTest-1877496383-project-member] Starting to schedule for instances: ['1dc42736-7f4c-4ac1-b477-8ee314ab9fe8'] {{(pid=95790) select_destinations /opt/stack/nova/nova/scheduler/manager.py:210}}
Jun 21 17:49:22.533345 np0000003350 nova-scheduler[95790]: DEBUG nova.scheduler.request_filter [None req-8a097973-144c-4964-9abf-83ca4d514f90 tempest-ServerStableDeviceRescueTest-1877496383 tempest-ServerStableDeviceRescueTest-1877496383-project-member] compute_status_filter request filter added forbidden trait COMPUTE_STATUS_DISABLED {{(pid=95790) compute_status_filter /opt/stack/nova/nova/scheduler/request_filter.py:253}}
Jun 21 17:49:22.533883 np0000003350 nova-scheduler[95790]: DEBUG nova.scheduler.request_filter [None req-8a097973-144c-4964-9abf-83ca4d514f90 tempest-ServerStableDeviceRescueTest-1877496383 tempest-ServerStableDeviceRescueTest-1877496383-project-member] Request filter 'compute_status_filter' took 0.0 seconds {{(pid=95790) wrapper /opt/stack/nova/nova/scheduler/request_filter.py:46}}
Jun 21 17:49:22.533883 np0000003350 nova-scheduler[95790]: DEBUG nova.scheduler.request_filter [None req-8a097973-144c-4964-9abf-83ca4d514f90 tempest-ServerStableDeviceRescueTest-1877496383 tempest-ServerStableDeviceRescueTest-1877496383-project-member] Request filter 'accelerators_filter' took 0.0 seconds {{(pid=95790) wrapper /opt/stack/nova/nova/scheduler/request_filter.py:46}}
Jun 21 17:49:22.534190 np0000003350 nova-scheduler[95790]: DEBUG nova.scheduler.request_filter [None req-8a097973-144c-4964-9abf-83ca4d514f90 tempest-ServerStableDeviceRescueTest-1877496383 tempest-ServerStableDeviceRescueTest-1877496383-project-member] Request filter 'packed_virtqueue_filter' took 0.0 seconds {{(pid=95790) wrapper /opt/stack/nova/nova/scheduler/request_filter.py:46}}
Jun 21 17:49:22.534859 np0000003350 nova-scheduler[95790]: DEBUG nova.scheduler.request_filter [None req-8a097973-144c-4964-9abf-83ca4d514f90 tempest-ServerStableDeviceRescueTest-1877496383 tempest-ServerStableDeviceRescueTest-1877496383-project-member] Request filter 'remote_managed_ports_filter' took 0.0 seconds {{(pid=95790) wrapper /opt/stack/nova/nova/scheduler/request_filter.py:46}}
Jun 21 17:49:22.535054 np0000003350 nova-scheduler[95790]: DEBUG nova.scheduler.request_filter [None req-8a097973-144c-4964-9abf-83ca4d514f90 tempest-ServerStableDeviceRescueTest-1877496383 tempest-ServerStableDeviceRescueTest-1877496383-project-member] ephemeral_encryption_filter skipped {{(pid=95790) ephemeral_encryption_filter /opt/stack/nova/nova/scheduler/request_filter.py:426}}
Jun 21 17:49:22.535261 np0000003350 nova-scheduler[95790]: DEBUG nova.scheduler.request_filter [None req-8a097973-144c-4964-9abf-83ca4d514f90 tempest-ServerStableDeviceRescueTest-1877496383 tempest-ServerStableDeviceRescueTest-1877496383-project-member] virtio_sound_filter skipped {{(pid=95790) virtio_sound_filter /opt/stack/nova/nova/scheduler/request_filter.py:460}}
Jun 21 17:49:22.535981 np0000003350 nova-scheduler[95790]: DEBUG nova.scheduler.request_filter [None req-8a097973-144c-4964-9abf-83ca4d514f90 tempest-ServerStableDeviceRescueTest-1877496383 tempest-ServerStableDeviceRescueTest-1877496383-project-member] tpm_secret_security_filter skipped {{(pid=95790) tpm_secret_security_filter /opt/stack/nova/nova/scheduler/request_filter.py:477}}
Jun 21 17:49:22.693240 np0000003350 nova-scheduler[95790]: INFO nova.utils [None req-8a097973-144c-4964-9abf-83ca4d514f90 tempest-ServerStableDeviceRescueTest-1877496383 tempest-ServerStableDeviceRescueTest-1877496383-project-member] The cell worker thread pool ForkProcess-1.cell_worker is initialized
Jun 21 17:49:22.693966 np0000003350 nova-scheduler[95790]: DEBUG oslo_concurrency.lockutils [None req-8a097973-144c-4964-9abf-83ca4d514f90 tempest-ServerStableDeviceRescueTest-1877496383 tempest-ServerStableDeviceRescueTest-1877496383-project-member] Acquiring lock "35d6d44d-4055-416d-a4d3-84525725ddf5" by "nova.context.set_target_cell..get_or_set_cached_cell_and_set_connections" {{(pid=95790) inner /opt/stack/data/venv/lib/python3.12/site-packages/oslo_concurrency/lockutils.py:511}}
Jun 21 17:49:22.694047 np0000003350 nova-scheduler[95790]: DEBUG oslo_concurrency.lockutils [None req-8a097973-144c-4964-9abf-83ca4d514f90 tempest-ServerStableDeviceRescueTest-1877496383 tempest-ServerStableDeviceRescueTest-1877496383-project-member] Lock "35d6d44d-4055-416d-a4d3-84525725ddf5" acquired by "nova.context.set_target_cell..get_or_set_cached_cell_and_set_connections" :: waited 0.000s {{(pid=95790) inner /opt/stack/data/venv/lib/python3.12/site-packages/oslo_concurrency/lockutils.py:524}}
Jun 21 17:49:22.696258 np0000003350 nova-scheduler[95790]: DEBUG oslo_concurrency.lockutils [None req-8a097973-144c-4964-9abf-83ca4d514f90 tempest-ServerStableDeviceRescueTest-1877496383 tempest-ServerStableDeviceRescueTest-1877496383-project-member] Lock "35d6d44d-4055-416d-a4d3-84525725ddf5" "released" by "nova.context.set_target_cell..get_or_set_cached_cell_and_set_connections" :: held 0.002s {{(pid=95790) inner /opt/stack/data/venv/lib/python3.12/site-packages/oslo_concurrency/lockutils.py:543}}
Jun 21 17:49:22.698273 np0000003350 nova-scheduler[95790]: INFO dbcounter [None req-8a097973-144c-4964-9abf-83ca4d514f90 tempest-ServerStableDeviceRescueTest-1877496383 tempest-ServerStableDeviceRescueTest-1877496383-project-member] Registered counter for database nova_cell1
Jun 21 17:49:22.748248 np0000003350 nova-scheduler[95790]: DEBUG oslo_db.sqlalchemy.engines [None req-8a097973-144c-4964-9abf-83ca4d514f90 tempest-ServerStableDeviceRescueTest-1877496383 tempest-ServerStableDeviceRescueTest-1877496383-project-member] MySQL server mode set to STRICT_TRANS_TABLES,STRICT_ALL_TABLES,NO_ZERO_IN_DATE,NO_ZERO_DATE,ERROR_FOR_DIVISION_BY_ZERO,TRADITIONAL,NO_ENGINE_SUBSTITUTION {{(pid=95790) _check_effective_sql_mode /opt/stack/data/venv/lib/python3.12/site-packages/oslo_db/sqlalchemy/engines.py:325}}
Jun 21 17:49:22.759768 np0000003350 nova-scheduler[95790]: DEBUG dbcounter [-] [95790] Writer thread running {{(pid=95790) stat_writer /opt/stack/data/venv/lib/python3.12/site-packages/dbcounter.py:102}}
Jun 21 17:49:22.807434 np0000003350 nova-scheduler[95790]: DEBUG dbcounter [-] [95790] Writer thread running {{(pid=95790) stat_writer /opt/stack/data/venv/lib/python3.12/site-packages/dbcounter.py:102}}
Jun 21 17:49:22.810467 np0000003350 nova-scheduler[95790]: DEBUG oslo_concurrency.lockutils [None req-8a097973-144c-4964-9abf-83ca4d514f90 tempest-ServerStableDeviceRescueTest-1877496383 tempest-ServerStableDeviceRescueTest-1877496383-project-member] Acquiring lock "35d6d44d-4055-416d-a4d3-84525725ddf5" by "nova.context.set_target_cell..get_or_set_cached_cell_and_set_connections" {{(pid=95790) inner /opt/stack/data/venv/lib/python3.12/site-packages/oslo_concurrency/lockutils.py:511}}
Jun 21 17:49:22.810541 np0000003350 nova-scheduler[95790]: DEBUG oslo_concurrency.lockutils [None req-8a097973-144c-4964-9abf-83ca4d514f90 tempest-ServerStableDeviceRescueTest-1877496383 tempest-ServerStableDeviceRescueTest-1877496383-project-member] Lock "35d6d44d-4055-416d-a4d3-84525725ddf5" acquired by "nova.context.set_target_cell..get_or_set_cached_cell_and_set_connections" :: waited 0.000s {{(pid=95790) inner /opt/stack/data/venv/lib/python3.12/site-packages/oslo_concurrency/lockutils.py:524}}
Jun 21 17:49:22.810642 np0000003350 nova-scheduler[95790]: DEBUG oslo_concurrency.lockutils [None req-8a097973-144c-4964-9abf-83ca4d514f90 tempest-ServerStableDeviceRescueTest-1877496383 tempest-ServerStableDeviceRescueTest-1877496383-project-member] Lock "35d6d44d-4055-416d-a4d3-84525725ddf5" "released" by "nova.context.set_target_cell..get_or_set_cached_cell_and_set_connections" :: held 0.000s {{(pid=95790) inner /opt/stack/data/venv/lib/python3.12/site-packages/oslo_concurrency/lockutils.py:543}}
Jun 21 17:49:22.813598 np0000003350 nova-scheduler[95790]: DEBUG oslo_concurrency.lockutils [None req-8a097973-144c-4964-9abf-83ca4d514f90 tempest-ServerStableDeviceRescueTest-1877496383 tempest-ServerStableDeviceRescueTest-1877496383-project-member] Acquiring lock "('np0000003350', 'np0000003350')" by "nova.scheduler.host_manager.HostState.update.._locked_update" {{(pid=95790) inner /opt/stack/data/venv/lib/python3.12/site-packages/oslo_concurrency/lockutils.py:511}}
