Jun 21 17:45:59.611192 np0000003350 devstack@neutron-api.service[90004]: DEBUG neutron.plugins.ml2.drivers.ovn.mech_driver.ovsdb.ovsdb_monitor [-] Hash Ring: Node 8773868b656f5b6dac717621be795f3b (host: np0000003350) handling event "update" for row 608f7f80-7b10-4b16-9d45-1790a5e2d3ab (table: Connection) {{(pid=90004) notify /opt/stack/neutron/neutron/plugins/ml2/drivers/ovn/mech_driver/ovsdb/ovsdb_monitor.py:1015}}
Jun 21 17:45:59.611400 np0000003350 devstack@neutron-api.service[90006]: DEBUG neutron.common.ovn.hash_ring_manager [-] Allow caching, nodes 3>=3 {{(pid=90006) _wait_startup_before_caching /opt/stack/neutron/neutron/common/ovn/hash_ring_manager.py:71}}
Jun 21 17:45:59.611880 np0000003350 devstack@neutron-api.service[90006]: DEBUG neutron.plugins.ml2.drivers.ovn.mech_driver.ovsdb.ovsdb_monitor [-] Hash Ring: Node 01454a81678c5cbaa6206e9d239d331b (host: np0000003350) handling event "update" for row 608f7f80-7b10-4b16-9d45-1790a5e2d3ab (table: Connection) {{(pid=90006) notify /opt/stack/neutron/neutron/plugins/ml2/drivers/ovn/mech_driver/ovsdb/ovsdb_monitor.py:1015}}
Jun 21 17:45:59.615857 np0000003350 devstack@neutron-api.service[90004]: DEBUG neutron.common.ovn.hash_ring_manager [None req-bad06f73-39a2-47e3-91c8-1075f9b7e6ea None None] Allow caching, nodes 3>=3 {{(pid=90004) _wait_startup_before_caching /opt/stack/neutron/neutron/common/ovn/hash_ring_manager.py:71}}
Jun 21 17:45:59.618077 np0000003350 devstack@neutron-api.service[90005]: DEBUG neutron.common.ovn.hash_ring_manager [None req-2ac9eee5-8d2d-432d-b0f7-4e3297d301c5 None None] Allow caching, nodes 3>=3 {{(pid=90005) _wait_startup_before_caching /opt/stack/neutron/neutron/common/ovn/hash_ring_manager.py:71}}
Jun 21 17:45:59.622029 np0000003350 devstack@neutron-api.service[90004]: DEBUG neutron.common.ovn.hash_ring_manager [None req-bad06f73-39a2-47e3-91c8-1075f9b7e6ea None None] Hash Ring loaded. 3 active nodes. 0 offline nodes {{(pid=90004) _load_hash_ring /opt/stack/neutron/neutron/common/ovn/hash_ring_manager.py:110}}
Jun 21 17:45:59.622310 np0000003350 devstack@neutron-api.service[90004]: DEBUG neutron.plugins.ml2.drivers.ovn.mech_driver.ovsdb.ovsdb_monitor [None req-bad06f73-39a2-47e3-91c8-1075f9b7e6ea None None] ChassisAgentWriteEvent : Matched Chassis_Private, create, None None {{(pid=90004) matches /opt/stack/neutron/neutron/plugins/ml2/drivers/ovn/mech_driver/ovsdb/ovsdb_monitor.py:64}}
Jun 21 17:45:59.622565 np0000003350 devstack@neutron-api.service[90004]: DEBUG neutron.plugins.ml2.drivers.ovn.mech_driver.ovsdb.ovsdb_monitor [None req-bad06f73-39a2-47e3-91c8-1075f9b7e6ea None None] ChassisOVNAgentWriteEvent : Matched Chassis_Private, create, None None {{(pid=90004) matches /opt/stack/neutron/neutron/plugins/ml2/drivers/ovn/mech_driver/ovsdb/ovsdb_monitor.py:64}}
Jun 21 17:45:59.624596 np0000003350 devstack@neutron-api.service[90004]: INFO neutron.plugins.ml2.drivers.ovn.mech_driver.mech_driver [None req-bad06f73-39a2-47e3-91c8-1075f9b7e6ea None None] WorkerService process has finished the post initialization
Jun 21 17:45:59.624914 np0000003350 devstack@neutron-api.service[90004]: DEBUG oslo_concurrency.processutils [None req-bad06f73-39a2-47e3-91c8-1075f9b7e6ea None None] Running cmd (subprocess): ovsdb-client transact ssl:10.4.3.162:6641 --timeout 180 -p /opt/stack/data/CA/int-ca/private/devstack-cert.key -c /opt/stack/data/CA/int-ca/devstack-cert.crt -C /opt/stack/data/CA/int-ca/ca-chain.pem ["OVN_Northbound", {"op": "wait", "timeout": 0, "table": "Port_Group", "where": [["name", "==", "pvlan_pg_drop"]], "until": "==", "rows": []}, {"op": "insert", "table": "ACL", "row": {"action": "drop", "direction": "to-lport", "match": "outport == @pvlan_pg_drop && ip", "priority": 1010}, "uuid-name": "pvlandroptoport"}, {"op": "insert", "table": "ACL", "row": {"action": "drop", "direction": "from-lport", "match": "inport == @pvlan_pg_drop && ip", "priority": 1010}, "uuid-name": "pvlandropfromport"}, {"op": "insert", "table": "Port_Group", "row": {"name": "pvlan_pg_drop", "acls": ["set", [["named-uuid", "pvlandroptoport"], ["named-uuid", "pvlandropfromport"]]]}}] {{(pid=90004) execute /opt/stack/data/venv/lib/python3.12/site-packages/oslo_concurrency/processutils.py:440}}
Jun 21 17:45:59.625708 np0000003350 devstack@neutron-api.service[90005]: DEBUG neutron.common.ovn.hash_ring_manager [None req-2ac9eee5-8d2d-432d-b0f7-4e3297d301c5 None None] Hash Ring loaded. 3 active nodes. 0 offline nodes {{(pid=90005) _load_hash_ring /opt/stack/neutron/neutron/common/ovn/hash_ring_manager.py:110}}
Jun 21 17:45:59.626029 np0000003350 devstack@neutron-api.service[90005]: DEBUG neutron.plugins.ml2.drivers.ovn.mech_driver.ovsdb.ovsdb_monitor [None req-2ac9eee5-8d2d-432d-b0f7-4e3297d301c5 None None] ChassisAgentWriteEvent : Matched Chassis_Private, create, None None {{(pid=90005) matches /opt/stack/neutron/neutron/plugins/ml2/drivers/ovn/mech_driver/ovsdb/ovsdb_monitor.py:64}}
Jun 21 17:45:59.626309 np0000003350 devstack@neutron-api.service[90005]: DEBUG neutron.plugins.ml2.drivers.ovn.mech_driver.ovsdb.ovsdb_monitor [None req-2ac9eee5-8d2d-432d-b0f7-4e3297d301c5 None None] ChassisOVNAgentWriteEvent : Matched Chassis_Private, create, None None {{(pid=90005) matches /opt/stack/neutron/neutron/plugins/ml2/drivers/ovn/mech_driver/ovsdb/ovsdb_monitor.py:64}}
Jun 21 17:45:59.626903 np0000003350 devstack@neutron-api.service[90005]: DEBUG neutron.plugins.ml2.drivers.ovn.mech_driver.ovsdb.ovsdb_monitor [None req-2ac9eee5-8d2d-432d-b0f7-4e3297d301c5 None None] Hash Ring: Node 80be86d2bf08508aac0abe64f7738ac1 (host: np0000003350) handling event "create" for row 1d3d023b-f191-49a5-b215-c7b090b1aa8c (table: Encap) {{(pid=90005) notify /opt/stack/neutron/neutron/plugins/ml2/drivers/ovn/mech_driver/ovsdb/ovsdb_monitor.py:1015}}
Jun 21 17:45:59.629179 np0000003350 devstack@neutron-api.service[90005]: INFO neutron.plugins.ml2.drivers.ovn.mech_driver.mech_driver [None req-2ac9eee5-8d2d-432d-b0f7-4e3297d301c5 None None] WorkerService process has finished the post initialization
Jun 21 17:45:59.629592 np0000003350 devstack@neutron-api.service[90005]: DEBUG oslo_concurrency.processutils [None req-2ac9eee5-8d2d-432d-b0f7-4e3297d301c5 None None] Running cmd (subprocess): ovsdb-client transact ssl:10.4.3.162:6641 --timeout 180 -p /opt/stack/data/CA/int-ca/private/devstack-cert.key -c /opt/stack/data/CA/int-ca/devstack-cert.crt -C /opt/stack/data/CA/int-ca/ca-chain.pem ["OVN_Northbound", {"op": "wait", "timeout": 0, "table": "Port_Group", "where": [["name", "==", "pvlan_pg_drop"]], "until": "==", "rows": []}, {"op": "insert", "table": "ACL", "row": {"action": "drop", "direction": "to-lport", "match": "outport == @pvlan_pg_drop && ip", "priority": 1010}, "uuid-name": "pvlandroptoport"}, {"op": "insert", "table": "ACL", "row": {"action": "drop", "direction": "from-lport", "match": "inport == @pvlan_pg_drop && ip", "priority": 1010}, "uuid-name": "pvlandropfromport"}, {"op": "insert", "table": "Port_Group", "row": {"name": "pvlan_pg_drop", "acls": ["set", [["named-uuid", "pvlandroptoport"], ["named-uuid", "pvlandropfromport"]]]}}] {{(pid=90005) execute /opt/stack/data/venv/lib/python3.12/site-packages/oslo_concurrency/processutils.py:440}}
Jun 21 17:45:59.658093 np0000003350 devstack@neutron-api.service[90004]: DEBUG oslo_concurrency.processutils [None req-bad06f73-39a2-47e3-91c8-1075f9b7e6ea None None] CMD "ovsdb-client transact ssl:10.4.3.162:6641 --timeout 180 -p /opt/stack/data/CA/int-ca/private/devstack-cert.key -c /opt/stack/data/CA/int-ca/devstack-cert.crt -C /opt/stack/data/CA/int-ca/ca-chain.pem ["OVN_Northbound", {"op": "wait", "timeout": 0, "table": "Port_Group", "where": [["name", "==", "pvlan_pg_drop"]], "until": "==", "rows": []}, {"op": "insert", "table": "ACL", "row": {"action": "drop", "direction": "to-lport", "match": "outport == @pvlan_pg_drop && ip", "priority": 1010}, "uuid-name": "pvlandroptoport"}, {"op": "insert", "table": "ACL", "row": {"action": "drop", "direction": "from-lport", "match": "inport == @pvlan_pg_drop && ip", "priority": 1010}, "uuid-name": "pvlandropfromport"}, {"op": "insert", "table": "Port_Group", "row": {"name": "pvlan_pg_drop", "acls": ["set", [["named-uuid", "pvlandroptoport"], ["named-uuid", "pvlandropfromport"]]]}}]" returned: 0 in 0.033s {{(pid=90004) execute /opt/stack/data/venv/lib/python3.12/site-packages/oslo_concurrency/processutils.py:468}}
Jun 21 17:45:59.659979 np0000003350 devstack@neutron-api.service[90005]: DEBUG oslo_concurrency.processutils [None req-2ac9eee5-8d2d-432d-b0f7-4e3297d301c5 None None] CMD "ovsdb-client transact ssl:10.4.3.162:6641 --timeout 180 -p /opt/stack/data/CA/int-ca/private/devstack-cert.key -c /opt/stack/data/CA/int-ca/devstack-cert.crt -C /opt/stack/data/CA/int-ca/ca-chain.pem ["OVN_Northbound", {"op": "wait", "timeout": 0, "table": "Port_Group", "where": [["name", "==", "pvlan_pg_drop"]], "until": "==", "rows": []}, {"op": "insert", "table": "ACL", "row": {"action": "drop", "direction": "to-lport", "match": "outport == @pvlan_pg_drop && ip", "priority": 1010}, "uuid-name": "pvlandroptoport"}, {"op": "insert", "table": "ACL", "row": {"action": "drop", "direction": "from-lport", "match": "inport == @pvlan_pg_drop && ip", "priority": 1010}, "uuid-name": "pvlandropfromport"}, {"op": "insert", "table": "Port_Group", "row": {"name": "pvlan_pg_drop", "acls": ["set", [["named-uuid", "pvlandroptoport"], ["named-uuid", "pvlandropfromport"]]]}}]" returned: 0 in 0.030s {{(pid=90005) execute /opt/stack/data/venv/lib/python3.12/site-packages/oslo_concurrency/processutils.py:468}}
Jun 21 17:45:59.660129 np0000003350 devstack@neutron-api.service[90004]: WSGI app 0 (mountpoint='') ready in 7 seconds on interpreter 0x7e6d752a3668 pid: 90004 (default app)
Jun 21 17:45:59.662004 np0000003350 devstack@neutron-api.service[90005]: WSGI app 0 (mountpoint='') ready in 7 seconds on interpreter 0x7e6d752a3668 pid: 90005 (default app)
Jun 21 17:46:02.120627 np0000003350 devstack@neutron-api.service[90006]: DEBUG neutron.plugins.ml2.drivers.ovn.mech_driver.ovsdb.ovsdb_monitor [-] Hash Ring: Node 01454a81678c5cbaa6206e9d239d331b (host: np0000003350) handling event "update" for row 608f7f80-7b10-4b16-9d45-1790a5e2d3ab (table: Connection) {{(pid=90006) notify /opt/stack/neutron/neutron/plugins/ml2/drivers/ovn/mech_driver/ovsdb/ovsdb_monitor.py:1015}}
Jun 21 17:46:02.121473 np0000003350 devstack@neutron-api.service[90004]: DEBUG neutron.plugins.ml2.drivers.ovn.mech_driver.ovsdb.ovsdb_monitor [-] Hash Ring: Node 8773868b656f5b6dac717621be795f3b (host: np0000003350) handling event "update" for row 608f7f80-7b10-4b16-9d45-1790a5e2d3ab (table: Connection) {{(pid=90004) notify /opt/stack/neutron/neutron/plugins/ml2/drivers/ovn/mech_driver/ovsdb/ovsdb_monitor.py:1015}}
Jun 21 17:46:03.493925 np0000003350 devstack@neutron-api.service[90006]: DEBUG neutron.api.wsgi [None req-f857e9c8-baaa-4cfc-b378-3a7c9a00c216 admin admin] Missing Content-Type {{(pid=90006) get_content_type /opt/stack/neutron/neutron/api/wsgi.py:80}}
Jun 21 17:46:03.494434 np0000003350 devstack@neutron-api.service[90006]: DEBUG neutron.api.wsgi [None req-f857e9c8-baaa-4cfc-b378-3a7c9a00c216 admin admin] https://10.4.3.162/networking/v2.0/extensions returned with HTTP 200 {{(pid=90006) __call__ /opt/stack/neutron/neutron/api/wsgi.py:540}}
Jun 21 17:46:03.494682 np0000003350 devstack@neutron-api.service[90006]: [pid: 90006|app: 0|req: 2/2] 10.4.3.162 () {64 vars in 1292 bytes} [Sun Jun 21 17:46:02 2026] GET /networking/v2.0/extensions => generated 16171 bytes in 561 msecs (HTTP/1.1 200) 4 headers in 159 bytes (1 switches on core 0)
Jun 21 17:46:03.863556 np0000003350 devstack@neutron-api.service[90004]: DEBUG neutron.api.v2.base [None req-c94e6268-ec94-43ca-9a8d-d87c3c4c573a admin admin] Request body: {'subnetpool': {'name': 'shared-default-subnetpool-v4', 'default_prefixlen': 26, 'shared': True, 'is_default': True, 'prefixes': ['10.1.0.0/20']}} {{(pid=90004) prepare_request_body /opt/stack/neutron/neutron/api/v2/base.py:727}}
Jun 21 17:46:04.073074 np0000003350 devstack@neutron-api.service[90004]: DEBUG neutron.policy [None req-c94e6268-ec94-43ca-9a8d-d87c3c4c573a admin admin] Loaded default policies from ['neutron'] under neutron.policies entry points {{(pid=90004) register_rules /opt/stack/neutron/neutron/policy.py:65}}
Jun 21 17:46:04.198778 np0000003350 devstack@neutron-api.service[90004]: DEBUG neutron_lib.callbacks.manager [None req-c94e6268-ec94-43ca-9a8d-d87c3c4c573a admin admin] Publish callbacks ['neutron.objects.securitygroup.RbacNeutronDbObjectMixin.validate_rbac_policy_change-1866616424713', 'neutron.objects.address_group.RbacNeutronDbObjectMixin.validate_rbac_policy_change-1866616447246', 'neutron.objects.network.RbacNeutronDbObjectMixin.validate_rbac_policy_change-1866617110260', 'neutron.objects.qos.policy.RbacNeutronDbObjectMixin.validate_rbac_policy_change-1866617110942', 'neutron.objects.subnetpool.RbacNeutronDbObjectMixin.validate_rbac_policy_change-1866617272585', 'neutron.objects.address_scope.RbacNeutronDbObjectMixin.validate_rbac_policy_change-1866617284315', 'neutron.plugins.ml2.plugin.External_net_db_mixin._process_ext_policy_create-2023472', 'neutron.plugins.ml2.plugin.NeutronDbPluginV2.validate_network_rbac_policy_change-2020420'] for rbac-policy (None), before_create {{(pid=90004) _notify_loop /opt/stack/data/venv/lib/python3.12/site-packages/neutron_lib/callbacks/manager.py:184}}
Jun 21 17:46:04.242602 np0000003350 devstack@neutron-api.service[90004]: DEBUG neutron_lib.callbacks.manager [None req-c94e6268-ec94-43ca-9a8d-d87c3c4c573a admin admin] Publish callbacks [] for subnetpool (None), before_response {{(pid=90004) _notify_loop /opt/stack/data/venv/lib/python3.12/site-packages/neutron_lib/callbacks/manager.py:184}}
Jun 21 17:46:04.243321 np0000003350 devstack@neutron-api.service[90004]: [pid: 90004|app: 0|req: 1/3] 10.4.3.162 () {68 vars in 1336 bytes} [Sun Jun 21 17:46:03 2026] POST /networking/v2.0/subnetpools => generated 533 bytes in 466 msecs (HTTP/1.1 201) 4 headers in 162 bytes (1 switches on core 0)
Jun 21 17:46:04.564125 np0000003350 devstack@neutron-api.service[90005]: DEBUG neutron.api.v2.base [None req-329f3fac-95d4-43c4-9e6c-e64fdc67b038 admin admin] Request body: {'subnetpool': {'name': 'shared-default-subnetpool-v6', 'default_prefixlen': 64, 'shared': True, 'is_default': True, 'prefixes': ['fdb9:8523:dbbe::/56']}} {{(pid=90005) prepare_request_body /opt/stack/neutron/neutron/api/v2/base.py:727}}
Jun 21 17:46:04.798314 np0000003350 devstack@neutron-api.service[90005]: DEBUG neutron.policy [None req-329f3fac-95d4-43c4-9e6c-e64fdc67b038 admin admin] Loaded default policies from ['neutron'] under neutron.policies entry points {{(pid=90005) register_rules /opt/stack/neutron/neutron/policy.py:65}}
Jun 21 17:46:04.932943 np0000003350 devstack@neutron-api.service[90005]: DEBUG neutron_lib.callbacks.manager [None req-329f3fac-95d4-43c4-9e6c-e64fdc67b038 admin admin] Publish callbacks ['neutron.objects.securitygroup.RbacNeutronDbObjectMixin.validate_rbac_policy_change-1866617106461', 'neutron.objects.address_group.RbacNeutronDbObjectMixin.validate_rbac_policy_change-1866617117531', 'neutron.objects.network.RbacNeutronDbObjectMixin.validate_rbac_policy_change-1866617070398', 'neutron.objects.qos.policy.RbacNeutronDbObjectMixin.validate_rbac_policy_change-1866617065973', 'neutron.objects.subnetpool.RbacNeutronDbObjectMixin.validate_rbac_policy_change-1866617304820', 'neutron.objects.address_scope.RbacNeutronDbObjectMixin.validate_rbac_policy_change-1866617301588', 'neutron.plugins.ml2.plugin.External_net_db_mixin._process_ext_policy_create-1138743', 'neutron.plugins.ml2.plugin.NeutronDbPluginV2.validate_network_rbac_policy_change-1096003'] for rbac-policy (None), before_create {{(pid=90005) _notify_loop /opt/stack/data/venv/lib/python3.12/site-packages/neutron_lib/callbacks/manager.py:184}}
Jun 21 17:46:04.969835 np0000003350 devstack@neutron-api.service[90005]: DEBUG neutron_lib.callbacks.manager [None req-329f3fac-95d4-43c4-9e6c-e64fdc67b038 admin admin] Publish callbacks [] for subnetpool (None), before_response {{(pid=90005) _notify_loop /opt/stack/data/venv/lib/python3.12/site-packages/neutron_lib/callbacks/manager.py:184}}
Jun 21 17:46:04.970331 np0000003350 devstack@neutron-api.service[90005]: [pid: 90005|app: 0|req: 1/4] 10.4.3.162 () {68 vars in 1336 bytes} [Sun Jun 21 17:46:04 2026] POST /networking/v2.0/subnetpools => generated 543 bytes in 502 msecs (HTTP/1.1 201) 4 headers in 162 bytes (1 switches on core 0)
Jun 21 17:46:05.219385 np0000003350 devstack@neutron-api.service[90006]: DEBUG neutron.api.v2.base [None req-c9f1522d-d625-4042-ad46-5e0773e2449c admin admin] Request body: {'network': {'name': 'private', 'admin_state_up': True}} {{(pid=90006) prepare_request_body /opt/stack/neutron/neutron/api/v2/base.py:727}}
Jun 21 17:46:05.255285 np0000003350 devstack@neutron-api.service[90006]: DEBUG neutron.pecan_wsgi.hooks.quota_enforcement [None req-c9f1522d-d625-4042-ad46-5e0773e2449c admin admin] Made reservation on behalf of 6ee5cf920936441286f97c1df2c24617 for: {'network': 1} {{(pid=90006) before /opt/stack/neutron/neutron/pecan_wsgi/hooks/quota_enforcement.py:66}}
Jun 21 17:46:05.434543 np0000003350 devstack@neutron-api.service[90006]: DEBUG neutron.policy [None req-c9f1522d-d625-4042-ad46-5e0773e2449c admin admin] Loaded default policies from ['neutron'] under neutron.policies entry points {{(pid=90006) register_rules /opt/stack/neutron/neutron/policy.py:65}}
Jun 21 17:46:05.526164 np0000003350 devstack@neutron-api.service[90006]: DEBUG neutron_lib.callbacks.manager [None req-c9f1522d-d625-4042-ad46-5e0773e2449c admin admin] Publish callbacks ['neutron.plugins.ml2.plugin.SecurityGroupDbMixin._ensure_default_security_group_handler-206179'] for network (None), before_create {{(pid=90006) _notify_loop /opt/stack/data/venv/lib/python3.12/site-packages/neutron_lib/callbacks/manager.py:184}}
Jun 21 17:46:05.544655 np0000003350 devstack@neutron-api.service[90006]: DEBUG neutron_lib.callbacks.manager [None req-c9f1522d-d625-4042-ad46-5e0773e2449c admin admin] Publish callbacks [] for security_group (None), before_create {{(pid=90006) _notify_loop /opt/stack/data/venv/lib/python3.12/site-packages/neutron_lib/callbacks/manager.py:184}}
Jun 21 17:46:05.647609 np0000003350 devstack@neutron-api.service[90006]: DEBUG neutron_lib.callbacks.manager [None req-c9f1522d-d625-4042-ad46-5e0773e2449c admin admin] Publish callbacks ['neutron.plugins.ml2.drivers.ovn.mech_driver.mech_driver.OVNMechanismDriver._create_security_group_precommit-294412'] for security_group (8ffd611d-273f-4b65-9e83-a90a4044f80f), precommit_create {{(pid=90006) _notify_loop /opt/stack/data/venv/lib/python3.12/site-packages/neutron_lib/callbacks/manager.py:184}}
Jun 21 17:46:05.647832 np0000003350 devstack@neutron-api.service[90006]: DEBUG neutron.db.ovn_revision_numbers_db [None req-c9f1522d-d625-4042-ad46-5e0773e2449c admin admin] create_initial_revision uuid=8ffd611d-273f-4b65-9e83-a90a4044f80f, type=security_groups, rev=-1 {{(pid=90006) create_initial_revision /opt/stack/neutron/neutron/db/ovn_revision_numbers_db.py:98}}
Jun 21 17:46:05.650168 np0000003350 devstack@neutron-api.service[90006]: DEBUG neutron.db.ovn_revision_numbers_db [None req-c9f1522d-d625-4042-ad46-5e0773e2449c admin admin] create_initial_revision uuid=2cbfa71e-5f46-4ba9-9395-1667335d6849, type=security_group_rules, rev=-1 {{(pid=90006) create_initial_revision /opt/stack/neutron/neutron/db/ovn_revision_numbers_db.py:98}}
Jun 21 17:46:05.651218 np0000003350 devstack@neutron-api.service[90006]: DEBUG neutron.db.ovn_revision_numbers_db [None req-c9f1522d-d625-4042-ad46-5e0773e2449c admin admin] create_initial_revision uuid=724260b9-1013-4a4b-9d69-c9692934160c, type=security_group_rules, rev=-1 {{(pid=90006) create_initial_revision /opt/stack/neutron/neutron/db/ovn_revision_numbers_db.py:98}}
Jun 21 17:46:05.652232 np0000003350 devstack@neutron-api.service[90006]: DEBUG neutron.db.ovn_revision_numbers_db [None req-c9f1522d-d625-4042-ad46-5e0773e2449c admin admin] create_initial_revision uuid=73726ff9-f5d3-4749-87ec-cf4a06cb514b, type=security_group_rules, rev=-1 {{(pid=90006) create_initial_revision /opt/stack/neutron/neutron/db/ovn_revision_numbers_db.py:98}}
Jun 21 17:46:05.653185 np0000003350 devstack@neutron-api.service[90006]: DEBUG neutron.db.ovn_revision_numbers_db [None req-c9f1522d-d625-4042-ad46-5e0773e2449c admin admin] create_initial_revision uuid=c3621705-7878-4ca8-b7d3-5c872b86b0a6, type=security_group_rules, rev=-1 {{(pid=90006) create_initial_revision /opt/stack/neutron/neutron/db/ovn_revision_numbers_db.py:98}}
Jun 21 17:46:05.657514 np0000003350 devstack@neutron-api.service[90006]: DEBUG neutron_lib.callbacks.manager [None req-c9f1522d-d625-4042-ad46-5e0773e2449c admin admin] Publish callbacks ['neutron.plugins.ml2.drivers.ovn.mech_driver.mech_driver.OVNMechanismDriver._create_security_group-294426', 'neutron.plugins.ml2.ovo_rpc._ObjectChangeHandler.handle_event-3341101'] for security_group (8ffd611d-273f-4b65-9e83-a90a4044f80f), after_create {{(pid=90006) _notify_loop /opt/stack/data/venv/lib/python3.12/site-packages/neutron_lib/callbacks/manager.py:184}}
Jun 21 17:46:05.658413 np0000003350 devstack@neutron-api.service[90006]: DEBUG ovsdbapp.backend.ovs_idl.transaction [-] Running txn n=1 command(idx=0): PgAddCommand(_result=None, name=pg_8ffd611d_273f_4b65_9e83_a90a4044f80f, may_exist=False, columns={'acls': [], 'external_ids': {'neutron:security_group_id': '8ffd611d-273f-4b65-9e83-a90a4044f80f'}}) {{(pid=90006) do_commit /opt/stack/data/venv/lib/python3.12/site-packages/ovsdbapp/backend/ovs_idl/transaction.py:89}}
Jun 21 17:46:05.659568 np0000003350 devstack@neutron-api.service[90006]: DEBUG ovsdbapp.backend.ovs_idl.transaction [-] Running txn n=1 command(idx=1): PgAclAddCommand(_result=None, entity=pg_8ffd611d_273f_4b65_9e83_a90a4044f80f, direction=to-lport, priority=1002, match=outport == @pg_8ffd611d_273f_4b65_9e83_a90a4044f80f && ip4 && ip4.src == $pg_8ffd611d_273f_4b65_9e83_a90a4044f80f_ip4, action=allow-related, log=False, may_exist=True, severity=[], name=[], meter=[], external_ids={'neutron:security_group_rule_id': '2cbfa71e-5f46-4ba9-9395-1667335d6849'}) {{(pid=90006) do_commit /opt/stack/data/venv/lib/python3.12/site-packages/ovsdbapp/backend/ovs_idl/transaction.py:89}}
Jun 21 17:46:05.659897 np0000003350 devstack@neutron-api.service[90006]: DEBUG ovsdbapp.backend.ovs_idl.transaction [-] Running txn n=1 command(idx=2): PgAclAddCommand(_result=None, entity=pg_8ffd611d_273f_4b65_9e83_a90a4044f80f, direction=from-lport, priority=1002, match=inport == @pg_8ffd611d_273f_4b65_9e83_a90a4044f80f && ip6, action=allow-related, log=False, may_exist=True, severity=[], name=[], meter=[], external_ids={'neutron:security_group_rule_id': '724260b9-1013-4a4b-9d69-c9692934160c'}) {{(pid=90006) do_commit /opt/stack/data/venv/lib/python3.12/site-packages/ovsdbapp/backend/ovs_idl/transaction.py:89}}
Jun 21 17:46:05.660134 np0000003350 devstack@neutron-api.service[90006]: DEBUG ovsdbapp.backend.ovs_idl.transaction [-] Running txn n=1 command(idx=3): PgAclAddCommand(_result=None, entity=pg_8ffd611d_273f_4b65_9e83_a90a4044f80f, direction=to-lport, priority=1002, match=outport == @pg_8ffd611d_273f_4b65_9e83_a90a4044f80f && ip6 && ip6.src == $pg_8ffd611d_273f_4b65_9e83_a90a4044f80f_ip6, action=allow-related, log=False, may_exist=True, severity=[], name=[], meter=[], external_ids={'neutron:security_group_rule_id': '73726ff9-f5d3-4749-87ec-cf4a06cb514b'}) {{(pid=90006) do_commit /opt/stack/data/venv/lib/python3.12/site-packages/ovsdbapp/backend/ovs_idl/transaction.py:89}}
Jun 21 17:46:05.660338 np0000003350 devstack@neutron-api.service[90006]: DEBUG ovsdbapp.backend.ovs_idl.transaction [-] Running txn n=1 command(idx=4): PgAclAddCommand(_result=None, entity=pg_8ffd611d_273f_4b65_9e83_a90a4044f80f, direction=from-lport, priority=1002, match=inport == @pg_8ffd611d_273f_4b65_9e83_a90a4044f80f && ip4, action=allow-related, log=False, may_exist=True, severity=[], name=[], meter=[], external_ids={'neutron:security_group_rule_id': 'c3621705-7878-4ca8-b7d3-5c872b86b0a6'}) {{(pid=90006) do_commit /opt/stack/data/venv/lib/python3.12/site-packages/ovsdbapp/backend/ovs_idl/transaction.py:89}}
Jun 21 17:46:05.666236 np0000003350 devstack@neutron-api.service[90006]: DEBUG neutron.plugins.ml2.drivers.ovn.mech_driver.ovsdb.ovsdb_monitor [-] Hash Ring: Node 01454a81678c5cbaa6206e9d239d331b (host: np0000003350) handling event "create" for row 43df7954-0721-4ae9-bd5a-a0ee9d8f6af3 (table: ACL) {{(pid=90006) notify /opt/stack/neutron/neutron/plugins/ml2/drivers/ovn/mech_driver/ovsdb/ovsdb_monitor.py:1015}}
Jun 21 17:46:05.666295 np0000003350 devstack@neutron-api.service[90004]: DEBUG neutron.plugins.ml2.drivers.ovn.mech_driver.ovsdb.ovsdb_monitor [-] Hash Ring: Node 8773868b656f5b6dac717621be795f3b (host: np0000003350) handling event "create" for row 4d5d9889-91c5-4776-8199-7e3e341427d9 (table: Port_Group) {{(pid=90004) notify /opt/stack/neutron/neutron/plugins/ml2/drivers/ovn/mech_driver/ovsdb/ovsdb_monitor.py:1015}}
Jun 21 17:46:05.666703 np0000003350 devstack@neutron-api.service[90006]: DEBUG neutron.plugins.ml2.drivers.ovn.mech_driver.ovsdb.ovsdb_monitor [-] Hash Ring: Node 01454a81678c5cbaa6206e9d239d331b (host: np0000003350) handling event "create" for row 829a563d-a2dc-49a1-8cb1-4f204f013dd8 (table: ACL) {{(pid=90006) notify /opt/stack/neutron/neutron/plugins/ml2/drivers/ovn/mech_driver/ovsdb/ovsdb_monitor.py:1015}}
Jun 21 17:46:05.666703 np0000003350 devstack@neutron-api.service[90006]: DEBUG neutron.plugins.ml2.drivers.ovn.mech_driver.ovsdb.ovsdb_monitor [-] Hash Ring: Node 01454a81678c5cbaa6206e9d239d331b (host: np0000003350) handling event "create" for row a6141df5-326c-41be-b8f8-f760cebb80cc (table: ACL) {{(pid=90006) notify /opt/stack/neutron/neutron/plugins/ml2/drivers/ovn/mech_driver/ovsdb/ovsdb_monitor.py:1015}}
Jun 21 17:46:05.666791 np0000003350 devstack@neutron-api.service[90005]: DEBUG neutron.plugins.ml2.drivers.ovn.mech_driver.ovsdb.ovsdb_monitor [-] Hash Ring: Node 80be86d2bf08508aac0abe64f7738ac1 (host: np0000003350) handling event "create" for row 43df7954-0721-4ae9-bd5a-a0ee9d8f6af3 (table: ACL) {{(pid=90005) notify /opt/stack/neutron/neutron/plugins/ml2/drivers/ovn/mech_driver/ovsdb/ovsdb_monitor.py:1015}}
Jun 21 17:46:05.667276 np0000003350 devstack@neutron-api.service[90006]: DEBUG neutron.plugins.ml2.drivers.ovn.mech_driver.ovsdb.ovsdb_monitor [-] Hash Ring: Node 01454a81678c5cbaa6206e9d239d331b (host: np0000003350) handling event "create" for row b440f5fd-0532-4c53-ad34-0f62407ecd72 (table: ACL) {{(pid=90006) notify /opt/stack/neutron/neutron/plugins/ml2/drivers/ovn/mech_driver/ovsdb/ovsdb_monitor.py:1015}}
Jun 21 17:46:05.667276 np0000003350 devstack@neutron-api.service[90006]: DEBUG neutron.plugins.ml2.drivers.ovn.mech_driver.ovsdb.ovsdb_monitor [-] Hash Ring: Node 01454a81678c5cbaa6206e9d239d331b (host: np0000003350) handling event "create" for row 4d5d9889-91c5-4776-8199-7e3e341427d9 (table: Port_Group) {{(pid=90006) notify /opt/stack/neutron/neutron/plugins/ml2/drivers/ovn/mech_driver/ovsdb/ovsdb_monitor.py:1015}}
Jun 21 17:46:05.667379 np0000003350 devstack@neutron-api.service[90005]: DEBUG neutron.plugins.ml2.drivers.ovn.mech_driver.ovsdb.ovsdb_monitor [-] Hash Ring: Node 80be86d2bf08508aac0abe64f7738ac1 (host: np0000003350) handling event "create" for row b440f5fd-0532-4c53-ad34-0f62407ecd72 (table: ACL) {{(pid=90005) notify /opt/stack/neutron/neutron/plugins/ml2/drivers/ovn/mech_driver/ovsdb/ovsdb_monitor.py:1015}}
Jun 21 17:46:05.695504 np0000003350 devstack@neutron-api.service[90006]: INFO neutron.db.ovn_revision_numbers_db [None req-c9f1522d-d625-4042-ad46-5e0773e2449c admin admin] Successfully bumped revision number for resource 8ffd611d-273f-4b65-9e83-a90a4044f80f (type: security_groups) to 1
Jun 21 17:46:05.710602 np0000003350 devstack@neutron-api.service[90006]: INFO neutron.db.ovn_revision_numbers_db [None req-c9f1522d-d625-4042-ad46-5e0773e2449c admin admin] Successfully bumped revision number for resource 2cbfa71e-5f46-4ba9-9395-1667335d6849 (type: security_group_rules) to 0
Jun 21 17:46:05.722753 np0000003350 devstack@neutron-api.service[90006]: INFO neutron.db.ovn_revision_numbers_db [None req-c9f1522d-d625-4042-ad46-5e0773e2449c admin admin] Successfully bumped revision number for resource 724260b9-1013-4a4b-9d69-c9692934160c (type: security_group_rules) to 0
Jun 21 17:46:05.733953 np0000003350 devstack@neutron-api.service[90006]: INFO neutron.db.ovn_revision_numbers_db [None req-c9f1522d-d625-4042-ad46-5e0773e2449c admin admin] Successfully bumped revision number for resource 73726ff9-f5d3-4749-87ec-cf4a06cb514b (type: security_group_rules) to 0
Jun 21 17:46:05.745922 np0000003350 devstack@neutron-api.service[90006]: INFO neutron.db.ovn_revision_numbers_db [None req-c9f1522d-d625-4042-ad46-5e0773e2449c admin admin] Successfully bumped revision number for resource c3621705-7878-4ca8-b7d3-5c872b86b0a6 (type: security_group_rules) to 0
Jun 21 17:46:05.765172 np0000003350 devstack@neutron-api.service[90006]: DEBUG neutron.api.rpc.handlers.resources_rpc [None req-c9f1522d-d625-4042-ad46-5e0773e2449c admin admin] Pushing event updated for resources: {'SecurityGroup': ['ID=8ffd611d-273f-4b65-9e83-a90a4044f80f,revision_number=1']} {{(pid=90006) push /opt/stack/neutron/neutron/api/rpc/handlers/resources_rpc.py:237}}
Jun 21 17:46:05.771438 np0000003350 devstack@neutron-api.service[90006]: DEBUG ovsdbapp.backend.ovs_idl.transaction [-] Running txn n=1 command(idx=0): CheckLivenessCommand(_result=None) {{(pid=90006) do_commit /opt/stack/data/venv/lib/python3.12/site-packages/ovsdbapp/backend/ovs_idl/transaction.py:89}}
Jun 21 17:46:05.782596 np0000003350 devstack@neutron-api.service[90006]: DEBUG neutron.plugins.ml2.drivers.ovn.mech_driver.ovsdb.ovsdb_monitor [-] Hash Ring: Node 01454a81678c5cbaa6206e9d239d331b (host: np0000003350) handling event "update" for row cc8c7611-826c-48c1-b403-93360a91e8ef (table: NB_Global) {{(pid=90006) notify /opt/stack/neutron/neutron/plugins/ml2/drivers/ovn/mech_driver/ovsdb/ovsdb_monitor.py:1015}}
Jun 21 17:46:05.784930 np0000003350 devstack@neutron-api.service[90006]: DEBUG neutron.api.rpc.callbacks.version_manager [None req-c9f1522d-d625-4042-ad46-5e0773e2449c admin admin] Tracked resource versions report:
Jun 21 17:46:05.784930 np0000003350 devstack@neutron-api.service[90006]: pushed versions:
Jun 21 17:46:05.784930 np0000003350 devstack@neutron-api.service[90006]: { 'AddressGroup': {'1.2'},
Jun 21 17:46:05.784930 np0000003350 devstack@neutron-api.service[90006]: 'Agent': {'1.1'},
Jun 21 17:46:05.784930 np0000003350 devstack@neutron-api.service[90006]: 'ConntrackHelper': {'1.0'},
Jun 21 17:46:05.784930 np0000003350 devstack@neutron-api.service[90006]: 'LocalIPAssociation': {'1.0'},
Jun 21 17:46:05.784930 np0000003350 devstack@neutron-api.service[90006]: 'Log': {'1.0'},
Jun 21 17:46:05.784930 np0000003350 devstack@neutron-api.service[90006]: 'NDPProxy': {'1.0'},
Jun 21 17:46:05.784930 np0000003350 devstack@neutron-api.service[90006]: 'Network': {'1.3'},
Jun 21 17:46:05.784930 np0000003350 devstack@neutron-api.service[90006]: 'Port': {'1.11'},
Jun 21 17:46:05.784930 np0000003350 devstack@neutron-api.service[90006]: 'PortForwarding': {'1.3'},
Jun 21 17:46:05.784930 np0000003350 devstack@neutron-api.service[90006]: 'QosPolicy': {'1.10'},
Jun 21 17:46:05.784930 np0000003350 devstack@neutron-api.service[90006]: 'SecurityGroup': {'1.6'},
Jun 21 17:46:05.784930 np0000003350 devstack@neutron-api.service[90006]: 'SecurityGroupRule': {'1.3'},
Jun 21 17:46:05.784930 np0000003350 devstack@neutron-api.service[90006]: 'SubPort': {'1.0'},
Jun 21 17:46:05.784930 np0000003350 devstack@neutron-api.service[90006]: 'Subnet': {'1.2'},
Jun 21 17:46:05.784930 np0000003350 devstack@neutron-api.service[90006]: 'Trunk': {'1.1'}}
Jun 21 17:46:05.784930 np0000003350 devstack@neutron-api.service[90006]: consumer versions:
Jun 21 17:46:05.784930 np0000003350 devstack@neutron-api.service[90006]: {}
Jun 21 17:46:05.784930 np0000003350 devstack@neutron-api.service[90006]: {{(pid=90006) report /opt/stack/neutron/neutron/api/rpc/callbacks/version_manager.py:183}}
Jun 21 17:46:05.787657 np0000003350 devstack@neutron-api.service[90005]: DEBUG neutron.plugins.ml2.drivers.ovn.mech_driver.ovsdb.ovsdb_monitor [-] ChassisAgentWriteEvent : Matched Chassis_Private, update, None None {{(pid=90005) matches /opt/stack/neutron/neutron/plugins/ml2/drivers/ovn/mech_driver/ovsdb/ovsdb_monitor.py:64}}
Jun 21 17:46:05.789982 np0000003350 devstack@neutron-api.service[90004]: DEBUG neutron.plugins.ml2.drivers.ovn.mech_driver.ovsdb.ovsdb_monitor [-] ChassisAgentWriteEvent : Matched Chassis_Private, update, None None {{(pid=90004) matches /opt/stack/neutron/neutron/plugins/ml2/drivers/ovn/mech_driver/ovsdb/ovsdb_monitor.py:64}}
Jun 21 17:46:05.792231 np0000003350 devstack@neutron-api.service[90004]: DEBUG neutron.plugins.ml2.drivers.ovn.mech_driver.ovsdb.ovsdb_monitor [-] ChassisOVNAgentWriteEvent : Matched Chassis_Private, update, None None {{(pid=90004) matches /opt/stack/neutron/neutron/plugins/ml2/drivers/ovn/mech_driver/ovsdb/ovsdb_monitor.py:64}}
Jun 21 17:46:05.793425 np0000003350 devstack@neutron-api.service[90005]: DEBUG neutron.plugins.ml2.drivers.ovn.mech_driver.ovsdb.ovsdb_monitor [-] ChassisOVNAgentWriteEvent : Matched Chassis_Private, update, None None {{(pid=90005) matches /opt/stack/neutron/neutron/plugins/ml2/drivers/ovn/mech_driver/ovsdb/ovsdb_monitor.py:64}}
Jun 21 17:46:05.794196 np0000003350 devstack@neutron-api.service[90006]: DEBUG neutron.plugins.ml2.drivers.ovn.mech_driver.ovsdb.ovsdb_monitor [-] Hash Ring: Node 01454a81678c5cbaa6206e9d239d331b (host: np0000003350) handling event "update" for row cc8c7611-826c-48c1-b403-93360a91e8ef (table: NB_Global) {{(pid=90006) notify /opt/stack/neutron/neutron/plugins/ml2/drivers/ovn/mech_driver/ovsdb/ovsdb_monitor.py:1015}}
Jun 21 17:46:05.794599 np0000003350 devstack@neutron-api.service[90006]: DEBUG neutron.plugins.ml2.drivers.ovn.mech_driver.ovsdb.ovsdb_monitor [-] ChassisAgentWriteEvent : Matched Chassis_Private, update, None None {{(pid=90006) matches /opt/stack/neutron/neutron/plugins/ml2/drivers/ovn/mech_driver/ovsdb/ovsdb_monitor.py:64}}
Jun 21 17:46:05.797489 np0000003350 devstack@neutron-api.service[90006]: DEBUG neutron.plugins.ml2.drivers.ovn.mech_driver.ovsdb.ovsdb_monitor [-] Hash Ring: Node 01454a81678c5cbaa6206e9d239d331b (host: np0000003350) handling event "update" for row cc8c7611-826c-48c1-b403-93360a91e8ef (table: NB_Global) {{(pid=90006) notify /opt/stack/neutron/neutron/plugins/ml2/drivers/ovn/mech_driver/ovsdb/ovsdb_monitor.py:1015}}
Jun 21 17:46:05.798808 np0000003350 devstack@neutron-api.service[90006]: DEBUG neutron.plugins.ml2.drivers.ovn.mech_driver.ovsdb.ovsdb_monitor [-] Hash Ring: Node 01454a81678c5cbaa6206e9d239d331b (host: np0000003350) handling event "update" for row cc8c7611-826c-48c1-b403-93360a91e8ef (table: NB_Global) {{(pid=90006) notify /opt/stack/neutron/neutron/plugins/ml2/drivers/ovn/mech_driver/ovsdb/ovsdb_monitor.py:1015}}
Jun 21 17:46:05.800830 np0000003350 devstack@neutron-api.service[90006]: DEBUG neutron.common.ovn.hash_ring_manager [-] Allow caching, nodes 3>=3 {{(pid=90006) _wait_startup_before_caching /opt/stack/neutron/neutron/common/ovn/hash_ring_manager.py:71}}
Jun 21 17:46:05.800987 np0000003350 devstack@neutron-api.service[90006]: DEBUG neutron.plugins.ml2.drivers.ovn.mech_driver.ovsdb.ovsdb_monitor [-] Hash Ring: Node 01454a81678c5cbaa6206e9d239d331b (host: np0000003350) handling event "update" for row da03d0f1-e991-48b7-ac1f-d443d32081e4 (table: Chassis_Private) {{(pid=90006) notify /opt/stack/neutron/neutron/plugins/ml2/drivers/ovn/mech_driver/ovsdb/ovsdb_monitor.py:1015}}
Jun 21 17:46:05.802382 np0000003350 devstack@neutron-api.service[90006]: DEBUG neutron.plugins.ml2.drivers.ovn.mech_driver.ovsdb.ovsdb_monitor [-] ChassisOVNAgentWriteEvent : Matched Chassis_Private, update, None None {{(pid=90006) matches /opt/stack/neutron/neutron/plugins/ml2/drivers/ovn/mech_driver/ovsdb/ovsdb_monitor.py:64}}
Jun 21 17:46:05.802674 np0000003350 devstack@neutron-api.service[90006]: DEBUG neutron.plugins.ml2.drivers.ovn.mech_driver.ovsdb.ovsdb_monitor [-] Hash Ring: Node 01454a81678c5cbaa6206e9d239d331b (host: np0000003350) handling event "update" for row da03d0f1-e991-48b7-ac1f-d443d32081e4 (table: Chassis_Private) {{(pid=90006) notify /opt/stack/neutron/neutron/plugins/ml2/drivers/ovn/mech_driver/ovsdb/ovsdb_monitor.py:1015}}
Jun 21 17:46:05.836112 np0000003350 devstack@neutron-api.service[90006]: DEBUG neutron.plugins.ml2.drivers.helpers [None req-c9f1522d-d625-4042-ad46-5e0773e2449c admin admin] geneve segment allocate from pool success with {'geneve_vni': 23137} {{(pid=90006) allocate_partially_specified_segment /opt/stack/neutron/neutron/plugins/ml2/drivers/helpers.py:142}}
Jun 21 17:46:05.845372 np0000003350 devstack@neutron-api.service[90006]: DEBUG neutron_lib.callbacks.manager [None req-c9f1522d-d625-4042-ad46-5e0773e2449c admin admin] Publish callbacks ['neutron.services.segments.db._add_segment_host_mapping_for_segment-8688029248716', 'neutron.plugins.ml2.plugin.Ml2Plugin._handle_segment_change-487799'] for segment (d2715fcb-92a5-437f-94d8-2ff73ab9d785), precommit_create {{(pid=90006) _notify_loop /opt/stack/data/venv/lib/python3.12/site-packages/neutron_lib/callbacks/manager.py:184}}
Jun 21 17:46:05.845545 np0000003350 devstack@neutron-api.service[90006]: INFO neutron.db.segments_db [None req-c9f1522d-d625-4042-ad46-5e0773e2449c admin admin] Added segment d2715fcb-92a5-437f-94d8-2ff73ab9d785 of type geneve for network 993d323c-441b-48ef-8222-d55376f8c909
Jun 21 17:46:05.885690 np0000003350 devstack@neutron-api.service[90006]: DEBUG neutron_lib.callbacks.manager [None req-c9f1522d-d625-4042-ad46-5e0773e2449c admin admin] Publish callbacks ['neutron.services.auto_allocate.db._ensure_external_network_default_value_callback-8688027600376'] for network (993d323c-441b-48ef-8222-d55376f8c909), precommit_create {{(pid=90006) _notify_loop /opt/stack/data/venv/lib/python3.12/site-packages/neutron_lib/callbacks/manager.py:184}}
Jun 21 17:46:05.900171 np0000003350 devstack@neutron-api.service[90006]: DEBUG neutron.plugins.ml2.drivers.ovn.mech_driver.mech_driver [None req-c9f1522d-d625-4042-ad46-5e0773e2449c admin admin] Validating network segment with type geneve, segmentation ID 23137, physical network None {{(pid=90006) _validate_network_segments /opt/stack/neutron/neutron/plugins/ml2/drivers/ovn/mech_driver/mech_driver.py:646}}
Jun 21 17:46:05.900345 np0000003350 devstack@neutron-api.service[90006]: DEBUG neutron.db.ovn_revision_numbers_db [None req-c9f1522d-d625-4042-ad46-5e0773e2449c admin admin] create_initial_revision uuid=993d323c-441b-48ef-8222-d55376f8c909, type=networks, rev=-1 {{(pid=90006) create_initial_revision /opt/stack/neutron/neutron/db/ovn_revision_numbers_db.py:98}}
Jun 21 17:46:05.914110 np0000003350 devstack@neutron-api.service[90006]: DEBUG neutron_lib.callbacks.manager [None req-c9f1522d-d625-4042-ad46-5e0773e2449c admin admin] Publish callbacks ['neutron.plugins.ml2.ovo_rpc._ObjectChangeHandler.handle_event-3341074'] for network (993d323c-441b-48ef-8222-d55376f8c909), after_create {{(pid=90006) _notify_loop /opt/stack/data/venv/lib/python3.12/site-packages/neutron_lib/callbacks/manager.py:184}}
Jun 21 17:46:05.958862 np0000003350 devstack@neutron-api.service[90006]: DEBUG neutron.api.rpc.handlers.resources_rpc [None req-c9f1522d-d625-4042-ad46-5e0773e2449c admin admin] Pushing event updated for resources: {'Network': ['ID=993d323c-441b-48ef-8222-d55376f8c909,revision_number=1']} {{(pid=90006) push /opt/stack/neutron/neutron/api/rpc/handlers/resources_rpc.py:237}}
Jun 21 17:46:05.965609 np0000003350 devstack@neutron-api.service[90006]: DEBUG ovsdbapp.backend.ovs_idl.transaction [-] Running txn n=1 command(idx=0): AddNetworkCommand(_result=None, network_uuid=993d323c-441b-48ef-8222-d55376f8c909, may_exist=True, columns={'external_ids': {'neutron:network_name': 'private', 'neutron:mtu': '1372', 'neutron:revision_number': '1', 'neutron:availability_zone_hints': '', 'neutron:provnet-network-type': 'geneve'}, 'other_config': {'mcast_snoop': 'false', 'mcast_flood_unregistered': 'false', 'vlan-passthru': 'false'}}) {{(pid=90006) do_commit /opt/stack/data/venv/lib/python3.12/site-packages/ovsdbapp/backend/ovs_idl/transaction.py:89}}
Jun 21 17:46:05.965738 np0000003350 devstack@neutron-api.service[90006]: DEBUG neutron.common.ovn.utils [-] OVS persist_uuid supported=True {{(pid=90006) ovs_persist_uuid_supported /opt/stack/neutron/neutron/common/ovn/utils.py:1544}}
Jun 21 17:46:05.967344 np0000003350 devstack@neutron-api.service[90006]: DEBUG neutron.plugins.ml2.drivers.ovn.mech_driver.ovsdb.ovsdb_monitor [-] Hash Ring: Node 01454a81678c5cbaa6206e9d239d331b (host: np0000003350) handling event "create" for row 993d323c-441b-48ef-8222-d55376f8c909 (table: Logical_Switch) {{(pid=90006) notify /opt/stack/neutron/neutron/plugins/ml2/drivers/ovn/mech_driver/ovsdb/ovsdb_monitor.py:1015}}
Jun 21 17:46:05.971263 np0000003350 devstack@neutron-api.service[90004]: DEBUG neutron.plugins.ml2.drivers.ovn.mech_driver.ovsdb.ovsdb_monitor [-] Hash Ring: Node 8773868b656f5b6dac717621be795f3b (host: np0000003350) handling event "create" for row 993d323c-441b-48ef-8222-d55376f8c909 (table: Logical_Switch) {{(pid=90004) notify /opt/stack/neutron/neutron/plugins/ml2/drivers/ovn/mech_driver/ovsdb/ovsdb_monitor.py:1015}}
Jun 21 17:46:05.974850 np0000003350 devstack@neutron-api.service[90004]: DEBUG neutron.plugins.ml2.drivers.ovn.mech_driver.ovsdb.ovsdb_monitor [-] Hash Ring: Node 8773868b656f5b6dac717621be795f3b (host: np0000003350) handling event "create" for row 578e7121-347b-459d-8c16-bede16541c5b (table: Datapath_Binding) {{(pid=90004) notify /opt/stack/neutron/neutron/plugins/ml2/drivers/ovn/mech_driver/ovsdb/ovsdb_monitor.py:1015}}
Jun 21 17:46:05.980468 np0000003350 devstack@neutron-api.service[90006]: DEBUG neutron.plugins.ml2.drivers.ovn.mech_driver.ovsdb.ovsdb_monitor [-] Hash Ring: Node 01454a81678c5cbaa6206e9d239d331b (host: np0000003350) handling event "create" for row 578e7121-347b-459d-8c16-bede16541c5b (table: Datapath_Binding) {{(pid=90006) notify /opt/stack/neutron/neutron/plugins/ml2/drivers/ovn/mech_driver/ovsdb/ovsdb_monitor.py:1015}}
Jun 21 17:46:06.000109 np0000003350 devstack@neutron-api.service[90006]: INFO neutron.db.ovn_revision_numbers_db [None req-c9f1522d-d625-4042-ad46-5e0773e2449c admin admin] Successfully bumped revision number for resource 993d323c-441b-48ef-8222-d55376f8c909 (type: networks) to 1
Jun 21 17:46:06.048693 np0000003350 devstack@neutron-api.service[90006]: DEBUG neutron_lib.callbacks.manager [None req-c9f1522d-d625-4042-ad46-5e0773e2449c admin admin] Publish callbacks ['neutron.plugins.ml2.plugin.SecurityGroupDbMixin._ensure_default_security_group_handler-206179'] for port (None), before_create {{(pid=90006) _notify_loop /opt/stack/data/venv/lib/python3.12/site-packages/neutron_lib/callbacks/manager.py:184}}
Jun 21 17:46:06.131419 np0000003350 devstack@neutron-api.service[90006]: DEBUG neutron_lib.callbacks.manager [None req-c9f1522d-d625-4042-ad46-5e0773e2449c admin admin] Publish callbacks ['neutron.plugins.ml2.drivers.ovn.mech_driver.mech_driver.OVNMechanismDriver._validate_allowed_address_pairs-294516'] for allowed_address_pair (34ee72d2-c027-44ad-8f14-54440ffa926a), before_create {{(pid=90006) _notify_loop /opt/stack/data/venv/lib/python3.12/site-packages/neutron_lib/callbacks/manager.py:184}}
Jun 21 17:46:06.131942 np0000003350 devstack@neutron-api.service[90006]: DEBUG neutron_lib.callbacks.manager [None req-c9f1522d-d625-4042-ad46-5e0773e2449c admin admin] Publish callbacks [] for port (34ee72d2-c027-44ad-8f14-54440ffa926a), precommit_create {{(pid=90006) _notify_loop /opt/stack/data/venv/lib/python3.12/site-packages/neutron_lib/callbacks/manager.py:184}}
Jun 21 17:46:06.132121 np0000003350 devstack@neutron-api.service[90006]: DEBUG neutron.plugins.ml2.drivers.ovn.mech_driver.mech_driver [None req-c9f1522d-d625-4042-ad46-5e0773e2449c admin admin] No provisioning block for port 34ee72d2-c027-44ad-8f14-54440ffa926a since it does not have a host {{(pid=90006) _is_port_provisioning_required /opt/stack/neutron/neutron/plugins/ml2/drivers/ovn/mech_driver/mech_driver.py:899}}
Jun 21 17:46:06.132232 np0000003350 devstack@neutron-api.service[90006]: DEBUG neutron.db.ovn_revision_numbers_db [None req-c9f1522d-d625-4042-ad46-5e0773e2449c admin admin] create_initial_revision uuid=34ee72d2-c027-44ad-8f14-54440ffa926a, type=ports, rev=-1 {{(pid=90006) create_initial_revision /opt/stack/neutron/neutron/db/ovn_revision_numbers_db.py:98}}
Jun 21 17:46:06.199982 np0000003350 devstack@neutron-api.service[90006]: DEBUG neutron_lib.callbacks.manager [None req-c9f1522d-d625-4042-ad46-5e0773e2449c admin admin] Publish callbacks ['neutron.plugins.ml2.ovo_rpc._ObjectChangeHandler.handle_event-3341090'] for port (34ee72d2-c027-44ad-8f14-54440ffa926a), after_create {{(pid=90006) _notify_loop /opt/stack/data/venv/lib/python3.12/site-packages/neutron_lib/callbacks/manager.py:184}}
Jun 21 17:46:06.256000 np0000003350 devstack@neutron-api.service[90006]: DEBUG neutron.api.rpc.handlers.resources_rpc [None req-c9f1522d-d625-4042-ad46-5e0773e2449c admin admin] Pushing event updated for resources: {'Port': ['ID=34ee72d2-c027-44ad-8f14-54440ffa926a,revision_number=1']} {{(pid=90006) push /opt/stack/neutron/neutron/api/rpc/handlers/resources_rpc.py:237}}
Jun 21 17:46:06.284907 np0000003350 devstack@neutron-api.service[90006]: DEBUG neutron.plugins.ml2.drivers.ovn.mech_driver.ovsdb.commands [None req-c9f1522d-d625-4042-ad46-5e0773e2449c admin admin] Converting tag [] to a tag_request {{(pid=90006) _tag_column_to_tag_request /opt/stack/neutron/neutron/plugins/ml2/drivers/ovn/mech_driver/ovsdb/commands.py:205}}
Jun 21 17:46:06.285513 np0000003350 devstack@neutron-api.service[90006]: DEBUG ovsdbapp.backend.ovs_idl.transaction [-] Running txn n=1 command(idx=0): AddLSwitchPortCommand(_result=None, lport=34ee72d2-c027-44ad-8f14-54440ffa926a, lswitch=neutron-993d323c-441b-48ef-8222-d55376f8c909, may_exist=True, network_uuid=993d323c-441b-48ef-8222-d55376f8c909, columns={'addresses': ['fa:16:3e:5c:15:22'], 'external_ids': {'neutron:port_name': '', 'neutron:device_id': 'ovnmeta-993d323c-441b-48ef-8222-d55376f8c909', 'neutron:project_id': '6ee5cf920936441286f97c1df2c24617', 'neutron:cidrs': '', 'neutron:device_owner': 'network:distributed', 'neutron:subnet_pool_addr_scope4': '', 'neutron:subnet_pool_addr_scope6': '', 'neutron:network_name': 'neutron-993d323c-441b-48ef-8222-d55376f8c909', 'neutron:security_group_ids': '', 'neutron:revision_number': '1', 'neutron:vnic_type': 'normal', 'neutron:port_capabilities': '', 'neutron:mtu': '1372'}, 'parent_name': [], 'enabled': True, 'options': {}, 'type': 'localport', 'port_security': [], 'dhcpv4_options': [], 'dhcpv6_options': [], 'tag_request': []}) {{(pid=90006) do_commit /opt/stack/data/venv/lib/python3.12/site-packages/ovsdbapp/backend/ovs_idl/transaction.py:89}}
Jun 21 17:46:06.285890 np0000003350 devstack@neutron-api.service[90006]: DEBUG ovsdbapp.backend.ovs_idl.transaction [-] Running txn n=1 command(idx=1): QoSDelCommand(_result=None, switch=neutron-993d323c-441b-48ef-8222-d55376f8c909, conditions=[('direction', '=', 'to-lport'), ('priority', '=', 2002), ('match', '=', 'outport == "34ee72d2-c027-44ad-8f14-54440ffa926a"')], if_exists=True) {{(pid=90006) do_commit /opt/stack/data/venv/lib/python3.12/site-packages/ovsdbapp/backend/ovs_idl/transaction.py:89}}
Jun 21 17:46:06.286040 np0000003350 devstack@neutron-api.service[90006]: DEBUG ovsdbapp.backend.ovs_idl.transaction [-] Running txn n=1 command(idx=2): QoSDelCommand(_result=None, switch=neutron-993d323c-441b-48ef-8222-d55376f8c909, conditions=[('direction', '=', 'from-lport'), ('priority', '=', 2002), ('match', '=', 'inport == "34ee72d2-c027-44ad-8f14-54440ffa926a"')], if_exists=True) {{(pid=90006) do_commit /opt/stack/data/venv/lib/python3.12/site-packages/ovsdbapp/backend/ovs_idl/transaction.py:89}}
Jun 21 17:46:06.289397 np0000003350 devstack@neutron-api.service[90004]: DEBUG neutron.plugins.ml2.drivers.ovn.mech_driver.ovsdb.ovsdb_monitor [-] Hash Ring: Node 8773868b656f5b6dac717621be795f3b (host: np0000003350) handling event "update" for row 993d323c-441b-48ef-8222-d55376f8c909 (table: Logical_Switch) {{(pid=90004) notify /opt/stack/neutron/neutron/plugins/ml2/drivers/ovn/mech_driver/ovsdb/ovsdb_monitor.py:1015}}
Jun 21 17:46:06.290100 np0000003350 devstack@neutron-api.service[90004]: DEBUG neutron.plugins.ml2.drivers.ovn.mech_driver.ovsdb.ovsdb_monitor [-] Hash Ring: Node 8773868b656f5b6dac717621be795f3b (host: np0000003350) handling event "create" for row ada84370-f53e-4a96-ab1c-dcba20cba654 (table: Logical_Switch_Port) {{(pid=90004) notify /opt/stack/neutron/neutron/plugins/ml2/drivers/ovn/mech_driver/ovsdb/ovsdb_monitor.py:1015}}
