May 27 22:03:46.439086 np0000001559 devstack@g-api.service[101932]: [pid: 101932|app: 0|req: 130/393] 127.0.0.1 () {40 vars in 830 bytes} [Wed May 27 22:03:46 2026] GET /v2/images/ec0ea247-1cad-42a8-ba5c-115883eb9db4 => generated 650 bytes in 10 msecs (HTTP/1.1 200) 4 headers in 157 bytes (1 switches on core 0)
May 27 22:03:47.448761 np0000001559 devstack@g-api.service[101931]: DEBUG glance.api.middleware.version_negotiation [None req-d08f4443-eed6-4aa8-a5de-74c5e111d560 tempest-VolumesActionsTest-1860659022 tempest-VolumesActionsTest-1860659022-project-member] Determining version of request: GET /v2/images/ec0ea247-1cad-42a8-ba5c-115883eb9db4 Accept: application/json {{(pid=101931) process_request /opt/stack/glance/glance/api/middleware/version_negotiation.py:44}}
May 27 22:03:47.449108 np0000001559 devstack@g-api.service[101931]: DEBUG glance.api.middleware.version_negotiation [None req-d08f4443-eed6-4aa8-a5de-74c5e111d560 tempest-VolumesActionsTest-1860659022 tempest-VolumesActionsTest-1860659022-project-member] Using url versioning {{(pid=101931) process_request /opt/stack/glance/glance/api/middleware/version_negotiation.py:57}}
May 27 22:03:47.449108 np0000001559 devstack@g-api.service[101931]: DEBUG glance.api.middleware.version_negotiation [None req-d08f4443-eed6-4aa8-a5de-74c5e111d560 tempest-VolumesActionsTest-1860659022 tempest-VolumesActionsTest-1860659022-project-member] Matched version: v2 {{(pid=101931) process_request /opt/stack/glance/glance/api/middleware/version_negotiation.py:69}}
May 27 22:03:47.449108 np0000001559 devstack@g-api.service[101931]: DEBUG glance.api.middleware.version_negotiation [None req-d08f4443-eed6-4aa8-a5de-74c5e111d560 tempest-VolumesActionsTest-1860659022 tempest-VolumesActionsTest-1860659022-project-member] new path /v2/images/ec0ea247-1cad-42a8-ba5c-115883eb9db4 {{(pid=101931) process_request /opt/stack/glance/glance/api/middleware/version_negotiation.py:70}}
May 27 22:03:47.460159 np0000001559 devstack@g-api.service[101931]: [pid: 101931|app: 0|req: 130/394] 127.0.0.1 () {40 vars in 830 bytes} [Wed May 27 22:03:47 2026] GET /v2/images/ec0ea247-1cad-42a8-ba5c-115883eb9db4 => generated 650 bytes in 11 msecs (HTTP/1.1 200) 4 headers in 157 bytes (1 switches on core 0)
May 27 22:03:47.819622 np0000001559 devstack@g-api.service[101930]: DEBUG glance.api.middleware.version_negotiation [None req-95fcf9a2-e869-4a70-8154-86d02be94d87 tempest-VolumesActionsTest-1860659022 tempest-VolumesActionsTest-1860659022-project-member] Determining version of request: PUT /v2/images/ec0ea247-1cad-42a8-ba5c-115883eb9db4/file Accept: */* {{(pid=101930) process_request /opt/stack/glance/glance/api/middleware/version_negotiation.py:44}}
May 27 22:03:47.820373 np0000001559 devstack@g-api.service[101930]: DEBUG glance.api.middleware.version_negotiation [None req-95fcf9a2-e869-4a70-8154-86d02be94d87 tempest-VolumesActionsTest-1860659022 tempest-VolumesActionsTest-1860659022-project-member] Using url versioning {{(pid=101930) process_request /opt/stack/glance/glance/api/middleware/version_negotiation.py:57}}
May 27 22:03:47.820373 np0000001559 devstack@g-api.service[101930]: DEBUG glance.api.middleware.version_negotiation [None req-95fcf9a2-e869-4a70-8154-86d02be94d87 tempest-VolumesActionsTest-1860659022 tempest-VolumesActionsTest-1860659022-project-member] Matched version: v2 {{(pid=101930) process_request /opt/stack/glance/glance/api/middleware/version_negotiation.py:69}}
May 27 22:03:47.820373 np0000001559 devstack@g-api.service[101930]: DEBUG glance.api.middleware.version_negotiation [None req-95fcf9a2-e869-4a70-8154-86d02be94d87 tempest-VolumesActionsTest-1860659022 tempest-VolumesActionsTest-1860659022-project-member] new path /v2/images/ec0ea247-1cad-42a8-ba5c-115883eb9db4/file {{(pid=101930) process_request /opt/stack/glance/glance/api/middleware/version_negotiation.py:70}}
May 27 22:03:48.182065 np0000001559 devstack@g-api.service[101930]: INFO glance.api.v2.image_data [None req-ddf31914-6102-4025-af25-ea1a2c4f35ad tempest-VolumesActionsTest-1860659022 tempest-VolumesActionsTest-1860659022-project-member] Unable to create trust: no such option collect_timing in group [keystone_authtoken] Use the existing user token.
May 27 22:03:48.468726 np0000001559 devstack@g-api.service[101932]: DEBUG glance.api.middleware.version_negotiation [None req-e146c5b2-4188-4fde-8293-d659e87547b8 tempest-VolumesActionsTest-1860659022 tempest-VolumesActionsTest-1860659022-project-member] Determining version of request: GET /v2/images/ec0ea247-1cad-42a8-ba5c-115883eb9db4 Accept: application/json {{(pid=101932) process_request /opt/stack/glance/glance/api/middleware/version_negotiation.py:44}}
May 27 22:03:48.469142 np0000001559 devstack@g-api.service[101932]: DEBUG glance.api.middleware.version_negotiation [None req-e146c5b2-4188-4fde-8293-d659e87547b8 tempest-VolumesActionsTest-1860659022 tempest-VolumesActionsTest-1860659022-project-member] Using url versioning {{(pid=101932) process_request /opt/stack/glance/glance/api/middleware/version_negotiation.py:57}}
May 27 22:03:48.469142 np0000001559 devstack@g-api.service[101932]: DEBUG glance.api.middleware.version_negotiation [None req-e146c5b2-4188-4fde-8293-d659e87547b8 tempest-VolumesActionsTest-1860659022 tempest-VolumesActionsTest-1860659022-project-member] Matched version: v2 {{(pid=101932) process_request /opt/stack/glance/glance/api/middleware/version_negotiation.py:69}}
May 27 22:03:48.469142 np0000001559 devstack@g-api.service[101932]: DEBUG glance.api.middleware.version_negotiation [None req-e146c5b2-4188-4fde-8293-d659e87547b8 tempest-VolumesActionsTest-1860659022 tempest-VolumesActionsTest-1860659022-project-member] new path /v2/images/ec0ea247-1cad-42a8-ba5c-115883eb9db4 {{(pid=101932) process_request /opt/stack/glance/glance/api/middleware/version_negotiation.py:70}}
May 27 22:03:48.484753 np0000001559 devstack@g-api.service[101932]: [pid: 101932|app: 0|req: 131/395] 127.0.0.1 () {40 vars in 830 bytes} [Wed May 27 22:03:48 2026] GET /v2/images/ec0ea247-1cad-42a8-ba5c-115883eb9db4 => generated 650 bytes in 16 msecs (HTTP/1.1 200) 4 headers in 157 bytes (1 switches on core 0)
May 27 22:03:48.614023 np0000001559 devstack@g-api.service[101930]: DEBUG glance.location [None req-ddf31914-6102-4025-af25-ea1a2c4f35ad tempest-VolumesActionsTest-1860659022 tempest-VolumesActionsTest-1860659022-project-member] Enabling in-flight format inspection for raw {{(pid=101930) set_data /opt/stack/glance/glance/location.py:616}}
May 27 22:03:48.614609 np0000001559 devstack@g-api.service[101930]: DEBUG glance_store.backend [None req-ddf31914-6102-4025-af25-ea1a2c4f35ad tempest-VolumesActionsTest-1860659022 tempest-VolumesActionsTest-1860659022-project-member] Attempting to import store swift {{(pid=101930) _load_store /opt/stack/data/venv/lib/python3.12/site-packages/glance_store/backend.py:215}}
May 27 22:03:48.615990 np0000001559 devstack@g-api.service[101930]: DEBUG glance_store.capabilities [None req-ddf31914-6102-4025-af25-ea1a2c4f35ad tempest-VolumesActionsTest-1860659022 tempest-VolumesActionsTest-1860659022-project-member] Store glance_store._drivers.swift.store.SingleTenantStore doesn't support updating dynamic storage capabilities. Please overwrite 'update_capabilities' method of the store to implement updating logics if needed. {{(pid=101930) update_capabilities /opt/stack/data/venv/lib/python3.12/site-packages/glance_store/capabilities.py:91}}
May 27 22:03:48.616139 np0000001559 devstack@g-api.service[101930]: DEBUG glance_store.driver [None req-ddf31914-6102-4025-af25-ea1a2c4f35ad tempest-VolumesActionsTest-1860659022 tempest-VolumesActionsTest-1860659022-project-member] Late loading location class glance_store._drivers.swift.store.StoreLocation {{(pid=101930) get_store_location_class /opt/stack/data/venv/lib/python3.12/site-packages/glance_store/driver.py:134}}
May 27 22:03:48.616357 np0000001559 devstack@g-api.service[101930]: DEBUG glance_store.location [None req-ddf31914-6102-4025-af25-ea1a2c4f35ad tempest-VolumesActionsTest-1860659022 tempest-VolumesActionsTest-1860659022-project-member] Registering scheme swift+https with {'store': , 'location_class': , 'store_entry': 'swift'} {{(pid=101930) register_scheme_map /opt/stack/data/venv/lib/python3.12/site-packages/glance_store/location.py:146}}
May 27 22:03:48.616509 np0000001559 devstack@g-api.service[101930]: DEBUG glance_store.location [None req-ddf31914-6102-4025-af25-ea1a2c4f35ad tempest-VolumesActionsTest-1860659022 tempest-VolumesActionsTest-1860659022-project-member] Registering scheme swift+https with {'store': , 'location_class': , 'store_entry': 'swift'} {{(pid=101930) register_scheme_map /opt/stack/data/venv/lib/python3.12/site-packages/glance_store/location.py:146}}
May 27 22:03:48.616624 np0000001559 devstack@g-api.service[101930]: DEBUG glance_store.location [None req-ddf31914-6102-4025-af25-ea1a2c4f35ad tempest-VolumesActionsTest-1860659022 tempest-VolumesActionsTest-1860659022-project-member] Registering scheme swift with {'store': , 'location_class': , 'store_entry': 'swift'} {{(pid=101930) register_scheme_map /opt/stack/data/venv/lib/python3.12/site-packages/glance_store/location.py:146}}
May 27 22:03:48.616729 np0000001559 devstack@g-api.service[101930]: DEBUG glance_store.location [None req-ddf31914-6102-4025-af25-ea1a2c4f35ad tempest-VolumesActionsTest-1860659022 tempest-VolumesActionsTest-1860659022-project-member] Registering scheme swift+https with {'store': , 'location_class': , 'store_entry': 'swift'} {{(pid=101930) register_scheme_map /opt/stack/data/venv/lib/python3.12/site-packages/glance_store/location.py:146}}
May 27 22:03:48.616836 np0000001559 devstack@g-api.service[101930]: DEBUG glance_store.location [None req-ddf31914-6102-4025-af25-ea1a2c4f35ad tempest-VolumesActionsTest-1860659022 tempest-VolumesActionsTest-1860659022-project-member] Registering scheme swift with {'store': , 'location_class': , 'store_entry': 'swift'} {{(pid=101930) register_scheme_map /opt/stack/data/venv/lib/python3.12/site-packages/glance_store/location.py:146}}
May 27 22:03:48.616958 np0000001559 devstack@g-api.service[101930]: DEBUG glance_store.location [None req-ddf31914-6102-4025-af25-ea1a2c4f35ad tempest-VolumesActionsTest-1860659022 tempest-VolumesActionsTest-1860659022-project-member] Registering scheme swift+http with {'store': , 'location_class': , 'store_entry': 'swift'} {{(pid=101930) register_scheme_map /opt/stack/data/venv/lib/python3.12/site-packages/glance_store/location.py:146}}
May 27 22:03:48.617064 np0000001559 devstack@g-api.service[101930]: DEBUG glance_store.location [None req-ddf31914-6102-4025-af25-ea1a2c4f35ad tempest-VolumesActionsTest-1860659022 tempest-VolumesActionsTest-1860659022-project-member] Registering scheme swift+https with {'store': , 'location_class': , 'store_entry': 'swift'} {{(pid=101930) register_scheme_map /opt/stack/data/venv/lib/python3.12/site-packages/glance_store/location.py:146}}
May 27 22:03:48.617306 np0000001559 devstack@g-api.service[101930]: DEBUG glance_store.location [None req-ddf31914-6102-4025-af25-ea1a2c4f35ad tempest-VolumesActionsTest-1860659022 tempest-VolumesActionsTest-1860659022-project-member] Registering scheme swift with {'store': , 'location_class': , 'store_entry': 'swift'} {{(pid=101930) register_scheme_map /opt/stack/data/venv/lib/python3.12/site-packages/glance_store/location.py:146}}
May 27 22:03:48.617479 np0000001559 devstack@g-api.service[101930]: DEBUG glance_store.location [None req-ddf31914-6102-4025-af25-ea1a2c4f35ad tempest-VolumesActionsTest-1860659022 tempest-VolumesActionsTest-1860659022-project-member] Registering scheme swift+http with {'store': , 'location_class': , 'store_entry': 'swift'} {{(pid=101930) register_scheme_map /opt/stack/data/venv/lib/python3.12/site-packages/glance_store/location.py:146}}
May 27 22:03:48.617625 np0000001559 devstack@g-api.service[101930]: DEBUG glance_store.location [None req-ddf31914-6102-4025-af25-ea1a2c4f35ad tempest-VolumesActionsTest-1860659022 tempest-VolumesActionsTest-1860659022-project-member] Registering scheme swift+config with {'store': , 'location_class': , 'store_entry': 'swift'} {{(pid=101930) register_scheme_map /opt/stack/data/venv/lib/python3.12/site-packages/glance_store/location.py:146}}
May 27 22:03:48.777198 np0000001559 devstack@g-api.service[101930]: DEBUG swiftclient [None req-ddf31914-6102-4025-af25-ea1a2c4f35ad tempest-VolumesActionsTest-1860659022 tempest-VolumesActionsTest-1860659022-project-member] REQ: curl -i https://10.4.3.5:8080/v1/AUTH_1a275f57fb0c4b6f9277a4f08534aa43/glance -I -H "X-Auth-Token: gAAAAABqF2pEVwl6..." {{(pid=101930) http_log /opt/stack/data/venv/lib/python3.12/site-packages/swiftclient/client.py:160}}
May 27 22:03:48.777198 np0000001559 devstack@g-api.service[101930]: DEBUG swiftclient [None req-ddf31914-6102-4025-af25-ea1a2c4f35ad tempest-VolumesActionsTest-1860659022 tempest-VolumesActionsTest-1860659022-project-member] RESP STATUS: 204 No Content {{(pid=101930) http_log /opt/stack/data/venv/lib/python3.12/site-packages/swiftclient/client.py:161}}
May 27 22:03:48.777198 np0000001559 devstack@g-api.service[101930]: DEBUG swiftclient [None req-ddf31914-6102-4025-af25-ea1a2c4f35ad tempest-VolumesActionsTest-1860659022 tempest-VolumesActionsTest-1860659022-project-member] RESP HEADERS: {'Date': 'Wed, 27 May 2026 22:03:48 GMT', 'Server': 'Apache/2.4.58 (Ubuntu)', 'Content-Type': 'text/plain; charset=utf-8', 'X-Container-Object-Count': '3', 'X-Container-Bytes-Used': '64356352', 'X-Timestamp': '1779918860.60108', 'Last-Modified': 'Wed, 27 May 2026 21:54:21 GMT', 'Accept-Ranges': 'bytes', 'X-Storage-Policy': 'Policy-0', 'X-Container-Sharding': 'False', 'Vary': 'Accept', 'X-Trans-Id': 'txca9aa4ae29584d75a9ca6-006a176a44', 'X-Openstack-Request-Id': 'txca9aa4ae29584d75a9ca6-006a176a44', 'Connection': 'close'} {{(pid=101930) http_log /opt/stack/data/venv/lib/python3.12/site-packages/swiftclient/client.py:162}}
May 27 22:03:48.777198 np0000001559 devstack@g-api.service[101930]: DEBUG glance_store._drivers.swift.store [None req-ddf31914-6102-4025-af25-ea1a2c4f35ad tempest-VolumesActionsTest-1860659022 tempest-VolumesActionsTest-1860659022-project-member] Adding image object 'ec0ea247-1cad-42a8-ba5c-115883eb9db4' to Swift {{(pid=101930) add /opt/stack/data/venv/lib/python3.12/site-packages/glance_store/_drivers/swift/store.py:970}}
May 27 22:03:48.777198 np0000001559 devstack@g-api.service[101930]: DEBUG glance_store._drivers.swift.store [None req-ddf31914-6102-4025-af25-ea1a2c4f35ad tempest-VolumesActionsTest-1860659022 tempest-VolumesActionsTest-1860659022-project-member] Cannot determine image size because it is either not provided in the request or chunked-transfer encoding is used. Adding image as a segmented object to Swift. {{(pid=101930) add /opt/stack/data/venv/lib/python3.12/site-packages/glance_store/_drivers/swift/store.py:994}}
May 27 22:03:48.781291 np0000001559 devstack@g-api.service[101930]: DEBUG oslo_utils.imageutils.format_inspector [None req-ddf31914-6102-4025-af25-ea1a2c4f35ad tempest-VolumesActionsTest-1860659022 tempest-VolumesActionsTest-1860659022-project-member] Format inspector for vmdk does not match, excluding from consideration (Signature KDMV not found: b'\x00\x00\x00\x00') {{(pid=101930) _process_chunk /opt/stack/data/venv/lib/python3.12/site-packages/oslo_utils/imageutils/format_inspector.py:1538}}
May 27 22:03:48.783580 np0000001559 devstack@g-api.service[101930]: DEBUG oslo_utils.imageutils.format_inspector [None req-ddf31914-6102-4025-af25-ea1a2c4f35ad tempest-VolumesActionsTest-1860659022 tempest-VolumesActionsTest-1860659022-project-member] Format inspector for vhdx does not match, excluding from consideration (Region signature not found at 30000) {{(pid=101930) _process_chunk /opt/stack/data/venv/lib/python3.12/site-packages/oslo_utils/imageutils/format_inspector.py:1538}}
May 27 22:03:49.492951 np0000001559 devstack@g-api.service[101931]: DEBUG glance.api.middleware.version_negotiation [None req-6711cddc-fa04-4ac3-8441-a96c0aaaeb06 tempest-VolumesActionsTest-1860659022 tempest-VolumesActionsTest-1860659022-project-member] Determining version of request: GET /v2/images/ec0ea247-1cad-42a8-ba5c-115883eb9db4 Accept: application/json {{(pid=101931) process_request /opt/stack/glance/glance/api/middleware/version_negotiation.py:44}}
May 27 22:03:49.492951 np0000001559 devstack@g-api.service[101931]: DEBUG glance.api.middleware.version_negotiation [None req-6711cddc-fa04-4ac3-8441-a96c0aaaeb06 tempest-VolumesActionsTest-1860659022 tempest-VolumesActionsTest-1860659022-project-member] Using url versioning {{(pid=101931) process_request /opt/stack/glance/glance/api/middleware/version_negotiation.py:57}}
May 27 22:03:49.492951 np0000001559 devstack@g-api.service[101931]: DEBUG glance.api.middleware.version_negotiation [None req-6711cddc-fa04-4ac3-8441-a96c0aaaeb06 tempest-VolumesActionsTest-1860659022 tempest-VolumesActionsTest-1860659022-project-member] Matched version: v2 {{(pid=101931) process_request /opt/stack/glance/glance/api/middleware/version_negotiation.py:69}}
May 27 22:03:49.492951 np0000001559 devstack@g-api.service[101931]: DEBUG glance.api.middleware.version_negotiation [None req-6711cddc-fa04-4ac3-8441-a96c0aaaeb06 tempest-VolumesActionsTest-1860659022 tempest-VolumesActionsTest-1860659022-project-member] new path /v2/images/ec0ea247-1cad-42a8-ba5c-115883eb9db4 {{(pid=101931) process_request /opt/stack/glance/glance/api/middleware/version_negotiation.py:70}}
May 27 22:03:49.501242 np0000001559 devstack@g-api.service[101931]: [pid: 101931|app: 0|req: 131/396] 127.0.0.1 () {40 vars in 830 bytes} [Wed May 27 22:03:49 2026] GET /v2/images/ec0ea247-1cad-42a8-ba5c-115883eb9db4 => generated 650 bytes in 9 msecs (HTTP/1.1 200) 4 headers in 157 bytes (1 switches on core 0)
May 27 22:03:50.509222 np0000001559 devstack@g-api.service[101932]: DEBUG glance.api.middleware.version_negotiation [None req-b4023d46-57ba-489a-9bc8-d6b47e40ed86 tempest-VolumesActionsTest-1860659022 tempest-VolumesActionsTest-1860659022-project-member] Determining version of request: GET /v2/images/ec0ea247-1cad-42a8-ba5c-115883eb9db4 Accept: application/json {{(pid=101932) process_request /opt/stack/glance/glance/api/middleware/version_negotiation.py:44}}
May 27 22:03:50.509594 np0000001559 devstack@g-api.service[101932]: DEBUG glance.api.middleware.version_negotiation [None req-b4023d46-57ba-489a-9bc8-d6b47e40ed86 tempest-VolumesActionsTest-1860659022 tempest-VolumesActionsTest-1860659022-project-member] Using url versioning {{(pid=101932) process_request /opt/stack/glance/glance/api/middleware/version_negotiation.py:57}}
May 27 22:03:50.509594 np0000001559 devstack@g-api.service[101932]: DEBUG glance.api.middleware.version_negotiation [None req-b4023d46-57ba-489a-9bc8-d6b47e40ed86 tempest-VolumesActionsTest-1860659022 tempest-VolumesActionsTest-1860659022-project-member] Matched version: v2 {{(pid=101932) process_request /opt/stack/glance/glance/api/middleware/version_negotiation.py:69}}
May 27 22:03:50.509738 np0000001559 devstack@g-api.service[101932]: DEBUG glance.api.middleware.version_negotiation [None req-b4023d46-57ba-489a-9bc8-d6b47e40ed86 tempest-VolumesActionsTest-1860659022 tempest-VolumesActionsTest-1860659022-project-member] new path /v2/images/ec0ea247-1cad-42a8-ba5c-115883eb9db4 {{(pid=101932) process_request /opt/stack/glance/glance/api/middleware/version_negotiation.py:70}}
May 27 22:03:50.519552 np0000001559 devstack@g-api.service[101932]: [pid: 101932|app: 0|req: 132/397] 127.0.0.1 () {40 vars in 830 bytes} [Wed May 27 22:03:50 2026] GET /v2/images/ec0ea247-1cad-42a8-ba5c-115883eb9db4 => generated 650 bytes in 10 msecs (HTTP/1.1 200) 4 headers in 157 bytes (1 switches on core 0)
May 27 22:03:50.584632 np0000001559 devstack@g-api.service[101930]: DEBUG swiftclient [None req-ddf31914-6102-4025-af25-ea1a2c4f35ad tempest-VolumesActionsTest-1860659022 tempest-VolumesActionsTest-1860659022-project-member] REQ: curl -i https://10.4.3.5:8080/v1/AUTH_1a275f57fb0c4b6f9277a4f08534aa43/glance/ec0ea247-1cad-42a8-ba5c-115883eb9db4-00001 -X PUT -H "X-Auth-Token: gAAAAABqF2pEVwl6..." {{(pid=101930) http_log /opt/stack/data/venv/lib/python3.12/site-packages/swiftclient/client.py:160}}
May 27 22:03:50.584851 np0000001559 devstack@g-api.service[101930]: DEBUG swiftclient [None req-ddf31914-6102-4025-af25-ea1a2c4f35ad tempest-VolumesActionsTest-1860659022 tempest-VolumesActionsTest-1860659022-project-member] RESP STATUS: 201 Created {{(pid=101930) http_log /opt/stack/data/venv/lib/python3.12/site-packages/swiftclient/client.py:161}}
May 27 22:03:50.584851 np0000001559 devstack@g-api.service[101930]: DEBUG swiftclient [None req-ddf31914-6102-4025-af25-ea1a2c4f35ad tempest-VolumesActionsTest-1860659022 tempest-VolumesActionsTest-1860659022-project-member] RESP HEADERS: {'Date': 'Wed, 27 May 2026 22:03:50 GMT', 'Server': 'Apache/2.4.58 (Ubuntu)', 'Content-Type': 'text/html; charset=UTF-8', 'Content-Length': '0', 'Etag': 'eda9a9889837ac4bc81d6387d92c1bec', 'Last-Modified': 'Wed, 27 May 2026 22:03:49 GMT', 'X-Trans-Id': 'tx70582a5ec407427ba0442-006a176a44', 'X-Openstack-Request-Id': 'tx70582a5ec407427ba0442-006a176a44', 'Connection': 'close'} {{(pid=101930) http_log /opt/stack/data/venv/lib/python3.12/site-packages/swiftclient/client.py:162}}
May 27 22:03:50.584996 np0000001559 devstack@g-api.service[101930]: DEBUG glance_store._drivers.swift.store [None req-ddf31914-6102-4025-af25-ea1a2c4f35ad tempest-VolumesActionsTest-1860659022 tempest-VolumesActionsTest-1860659022-project-member] Wrote chunk ec0ea247-1cad-42a8-ba5c-115883eb9db4-00001 (1/?) of length 204800000 to Swift returning MD5 of content: eda9a9889837ac4bc81d6387d92c1bec {{(pid=101930) add /opt/stack/data/venv/lib/python3.12/site-packages/glance_store/_drivers/swift/store.py:1059}}
May 27 22:03:51.533449 np0000001559 devstack@g-api.service[101931]: DEBUG glance.api.middleware.version_negotiation [None req-7a9d44ec-f499-4a0d-a459-b1f38128300e tempest-VolumesActionsTest-1860659022 tempest-VolumesActionsTest-1860659022-project-member] Determining version of request: GET /v2/images/ec0ea247-1cad-42a8-ba5c-115883eb9db4 Accept: application/json {{(pid=101931) process_request /opt/stack/glance/glance/api/middleware/version_negotiation.py:44}}
May 27 22:03:51.533758 np0000001559 devstack@g-api.service[101931]: DEBUG glance.api.middleware.version_negotiation [None req-7a9d44ec-f499-4a0d-a459-b1f38128300e tempest-VolumesActionsTest-1860659022 tempest-VolumesActionsTest-1860659022-project-member] Using url versioning {{(pid=101931) process_request /opt/stack/glance/glance/api/middleware/version_negotiation.py:57}}
May 27 22:03:51.533758 np0000001559 devstack@g-api.service[101931]: DEBUG glance.api.middleware.version_negotiation [None req-7a9d44ec-f499-4a0d-a459-b1f38128300e tempest-VolumesActionsTest-1860659022 tempest-VolumesActionsTest-1860659022-project-member] Matched version: v2 {{(pid=101931) process_request /opt/stack/glance/glance/api/middleware/version_negotiation.py:69}}
May 27 22:03:51.533824 np0000001559 devstack@g-api.service[101931]: DEBUG glance.api.middleware.version_negotiation [None req-7a9d44ec-f499-4a0d-a459-b1f38128300e tempest-VolumesActionsTest-1860659022 tempest-VolumesActionsTest-1860659022-project-member] new path /v2/images/ec0ea247-1cad-42a8-ba5c-115883eb9db4 {{(pid=101931) process_request /opt/stack/glance/glance/api/middleware/version_negotiation.py:70}}
May 27 22:03:51.548475 np0000001559 devstack@g-api.service[101931]: [pid: 101931|app: 0|req: 132/398] 127.0.0.1 () {40 vars in 830 bytes} [Wed May 27 22:03:51 2026] GET /v2/images/ec0ea247-1cad-42a8-ba5c-115883eb9db4 => generated 650 bytes in 19 msecs (HTTP/1.1 200) 4 headers in 157 bytes (1 switches on core 0)
May 27 22:03:52.478778 np0000001559 devstack@g-api.service[101930]: DEBUG swiftclient [None req-ddf31914-6102-4025-af25-ea1a2c4f35ad tempest-VolumesActionsTest-1860659022 tempest-VolumesActionsTest-1860659022-project-member] REQ: curl -i https://10.4.3.5:8080/v1/AUTH_1a275f57fb0c4b6f9277a4f08534aa43/glance/ec0ea247-1cad-42a8-ba5c-115883eb9db4-00002 -X PUT -H "X-Auth-Token: gAAAAABqF2pEVwl6..." {{(pid=101930) http_log /opt/stack/data/venv/lib/python3.12/site-packages/swiftclient/client.py:160}}
May 27 22:03:52.478996 np0000001559 devstack@g-api.service[101930]: DEBUG swiftclient [None req-ddf31914-6102-4025-af25-ea1a2c4f35ad tempest-VolumesActionsTest-1860659022 tempest-VolumesActionsTest-1860659022-project-member] RESP STATUS: 201 Created {{(pid=101930) http_log /opt/stack/data/venv/lib/python3.12/site-packages/swiftclient/client.py:161}}
May 27 22:03:52.478996 np0000001559 devstack@g-api.service[101930]: DEBUG swiftclient [None req-ddf31914-6102-4025-af25-ea1a2c4f35ad tempest-VolumesActionsTest-1860659022 tempest-VolumesActionsTest-1860659022-project-member] RESP HEADERS: {'Date': 'Wed, 27 May 2026 22:03:52 GMT', 'Server': 'Apache/2.4.58 (Ubuntu)', 'Content-Type': 'text/html; charset=UTF-8', 'Content-Length': '0', 'Etag': 'eda9a9889837ac4bc81d6387d92c1bec', 'Last-Modified': 'Wed, 27 May 2026 22:03:51 GMT', 'X-Trans-Id': 'tx6ea85379ecc24c4bb37c4-006a176a46', 'X-Openstack-Request-Id': 'tx6ea85379ecc24c4bb37c4-006a176a46', 'Connection': 'close'} {{(pid=101930) http_log /opt/stack/data/venv/lib/python3.12/site-packages/swiftclient/client.py:162}}
May 27 22:03:52.479085 np0000001559 devstack@g-api.service[101930]: DEBUG glance_store._drivers.swift.store [None req-ddf31914-6102-4025-af25-ea1a2c4f35ad tempest-VolumesActionsTest-1860659022 tempest-VolumesActionsTest-1860659022-project-member] Wrote chunk ec0ea247-1cad-42a8-ba5c-115883eb9db4-00002 (2/?) of length 204800000 to Swift returning MD5 of content: eda9a9889837ac4bc81d6387d92c1bec {{(pid=101930) add /opt/stack/data/venv/lib/python3.12/site-packages/glance_store/_drivers/swift/store.py:1059}}
May 27 22:03:52.560862 np0000001559 devstack@g-api.service[101932]: DEBUG glance.api.middleware.version_negotiation [None req-6ef101e5-5e28-49db-89b9-1321f9a67d31 tempest-VolumesActionsTest-1860659022 tempest-VolumesActionsTest-1860659022-project-member] Determining version of request: GET /v2/images/ec0ea247-1cad-42a8-ba5c-115883eb9db4 Accept: application/json {{(pid=101932) process_request /opt/stack/glance/glance/api/middleware/version_negotiation.py:44}}
May 27 22:03:52.561379 np0000001559 devstack@g-api.service[101932]: DEBUG glance.api.middleware.version_negotiation [None req-6ef101e5-5e28-49db-89b9-1321f9a67d31 tempest-VolumesActionsTest-1860659022 tempest-VolumesActionsTest-1860659022-project-member] Using url versioning {{(pid=101932) process_request /opt/stack/glance/glance/api/middleware/version_negotiation.py:57}}
May 27 22:03:52.561379 np0000001559 devstack@g-api.service[101932]: DEBUG glance.api.middleware.version_negotiation [None req-6ef101e5-5e28-49db-89b9-1321f9a67d31 tempest-VolumesActionsTest-1860659022 tempest-VolumesActionsTest-1860659022-project-member] Matched version: v2 {{(pid=101932) process_request /opt/stack/glance/glance/api/middleware/version_negotiation.py:69}}
May 27 22:03:52.561379 np0000001559 devstack@g-api.service[101932]: DEBUG glance.api.middleware.version_negotiation [None req-6ef101e5-5e28-49db-89b9-1321f9a67d31 tempest-VolumesActionsTest-1860659022 tempest-VolumesActionsTest-1860659022-project-member] new path /v2/images/ec0ea247-1cad-42a8-ba5c-115883eb9db4 {{(pid=101932) process_request /opt/stack/glance/glance/api/middleware/version_negotiation.py:70}}
May 27 22:03:52.578554 np0000001559 devstack@g-api.service[101932]: [pid: 101932|app: 0|req: 133/399] 127.0.0.1 () {40 vars in 830 bytes} [Wed May 27 22:03:52 2026] GET /v2/images/ec0ea247-1cad-42a8-ba5c-115883eb9db4 => generated 650 bytes in 18 msecs (HTTP/1.1 200) 4 headers in 157 bytes (1 switches on core 0)
May 27 22:03:53.592007 np0000001559 devstack@g-api.service[101931]: DEBUG glance.api.middleware.version_negotiation [None req-8ecc5914-465d-4136-9523-824a27dcdc42 tempest-VolumesActionsTest-1860659022 tempest-VolumesActionsTest-1860659022-project-member] Determining version of request: GET /v2/images/ec0ea247-1cad-42a8-ba5c-115883eb9db4 Accept: application/json {{(pid=101931) process_request /opt/stack/glance/glance/api/middleware/version_negotiation.py:44}}
May 27 22:03:53.592007 np0000001559 devstack@g-api.service[101931]: DEBUG glance.api.middleware.version_negotiation [None req-8ecc5914-465d-4136-9523-824a27dcdc42 tempest-VolumesActionsTest-1860659022 tempest-VolumesActionsTest-1860659022-project-member] Using url versioning {{(pid=101931) process_request /opt/stack/glance/glance/api/middleware/version_negotiation.py:57}}
May 27 22:03:53.592007 np0000001559 devstack@g-api.service[101931]: DEBUG glance.api.middleware.version_negotiation [None req-8ecc5914-465d-4136-9523-824a27dcdc42 tempest-VolumesActionsTest-1860659022 tempest-VolumesActionsTest-1860659022-project-member] Matched version: v2 {{(pid=101931) process_request /opt/stack/glance/glance/api/middleware/version_negotiation.py:69}}
May 27 22:03:53.592007 np0000001559 devstack@g-api.service[101931]: DEBUG glance.api.middleware.version_negotiation [None req-8ecc5914-465d-4136-9523-824a27dcdc42 tempest-VolumesActionsTest-1860659022 tempest-VolumesActionsTest-1860659022-project-member] new path /v2/images/ec0ea247-1cad-42a8-ba5c-115883eb9db4 {{(pid=101931) process_request /opt/stack/glance/glance/api/middleware/version_negotiation.py:70}}
May 27 22:03:53.606612 np0000001559 devstack@g-api.service[101931]: [pid: 101931|app: 0|req: 133/400] 127.0.0.1 () {40 vars in 830 bytes} [Wed May 27 22:03:53 2026] GET /v2/images/ec0ea247-1cad-42a8-ba5c-115883eb9db4 => generated 650 bytes in 16 msecs (HTTP/1.1 200) 4 headers in 157 bytes (1 switches on core 0)
May 27 22:03:54.457958 np0000001559 devstack@g-api.service[101930]: DEBUG swiftclient [None req-ddf31914-6102-4025-af25-ea1a2c4f35ad tempest-VolumesActionsTest-1860659022 tempest-VolumesActionsTest-1860659022-project-member] REQ: curl -i https://10.4.3.5:8080/v1/AUTH_1a275f57fb0c4b6f9277a4f08534aa43/glance/ec0ea247-1cad-42a8-ba5c-115883eb9db4-00003 -X PUT -H "X-Auth-Token: gAAAAABqF2pEVwl6..." {{(pid=101930) http_log /opt/stack/data/venv/lib/python3.12/site-packages/swiftclient/client.py:160}}
May 27 22:03:54.458234 np0000001559 devstack@g-api.service[101930]: DEBUG swiftclient [None req-ddf31914-6102-4025-af25-ea1a2c4f35ad tempest-VolumesActionsTest-1860659022 tempest-VolumesActionsTest-1860659022-project-member] RESP STATUS: 201 Created {{(pid=101930) http_log /opt/stack/data/venv/lib/python3.12/site-packages/swiftclient/client.py:161}}
May 27 22:03:54.458298 np0000001559 devstack@g-api.service[101930]: DEBUG swiftclient [None req-ddf31914-6102-4025-af25-ea1a2c4f35ad tempest-VolumesActionsTest-1860659022 tempest-VolumesActionsTest-1860659022-project-member] RESP HEADERS: {'Date': 'Wed, 27 May 2026 22:03:54 GMT', 'Server': 'Apache/2.4.58 (Ubuntu)', 'Content-Type': 'text/html; charset=UTF-8', 'Content-Length': '0', 'Etag': 'eda9a9889837ac4bc81d6387d92c1bec', 'Last-Modified': 'Wed, 27 May 2026 22:03:53 GMT', 'X-Trans-Id': 'txecd4a0ddbe2645d1a3d1a-006a176a48', 'X-Openstack-Request-Id': 'txecd4a0ddbe2645d1a3d1a-006a176a48', 'Connection': 'close'} {{(pid=101930) http_log /opt/stack/data/venv/lib/python3.12/site-packages/swiftclient/client.py:162}}
May 27 22:03:54.458437 np0000001559 devstack@g-api.service[101930]: DEBUG glance_store._drivers.swift.store [None req-ddf31914-6102-4025-af25-ea1a2c4f35ad tempest-VolumesActionsTest-1860659022 tempest-VolumesActionsTest-1860659022-project-member] Wrote chunk ec0ea247-1cad-42a8-ba5c-115883eb9db4-00003 (3/?) of length 204800000 to Swift returning MD5 of content: eda9a9889837ac4bc81d6387d92c1bec {{(pid=101930) add /opt/stack/data/venv/lib/python3.12/site-packages/glance_store/_drivers/swift/store.py:1059}}
May 27 22:03:54.621553 np0000001559 devstack@g-api.service[101932]: DEBUG glance.api.middleware.version_negotiation [None req-8e53a776-d437-44dc-84ad-597c3bc987fa tempest-VolumesActionsTest-1860659022 tempest-VolumesActionsTest-1860659022-project-member] Determining version of request: GET /v2/images/ec0ea247-1cad-42a8-ba5c-115883eb9db4 Accept: application/json {{(pid=101932) process_request /opt/stack/glance/glance/api/middleware/version_negotiation.py:44}}
May 27 22:03:54.621833 np0000001559 devstack@g-api.service[101932]: DEBUG glance.api.middleware.version_negotiation [None req-8e53a776-d437-44dc-84ad-597c3bc987fa tempest-VolumesActionsTest-1860659022 tempest-VolumesActionsTest-1860659022-project-member] Using url versioning {{(pid=101932) process_request /opt/stack/glance/glance/api/middleware/version_negotiation.py:57}}
May 27 22:03:54.621879 np0000001559 devstack@g-api.service[101932]: DEBUG glance.api.middleware.version_negotiation [None req-8e53a776-d437-44dc-84ad-597c3bc987fa tempest-VolumesActionsTest-1860659022 tempest-VolumesActionsTest-1860659022-project-member] Matched version: v2 {{(pid=101932) process_request /opt/stack/glance/glance/api/middleware/version_negotiation.py:69}}
May 27 22:03:54.621936 np0000001559 devstack@g-api.service[101932]: DEBUG glance.api.middleware.version_negotiation [None req-8e53a776-d437-44dc-84ad-597c3bc987fa tempest-VolumesActionsTest-1860659022 tempest-VolumesActionsTest-1860659022-project-member] new path /v2/images/ec0ea247-1cad-42a8-ba5c-115883eb9db4 {{(pid=101932) process_request /opt/stack/glance/glance/api/middleware/version_negotiation.py:70}}
May 27 22:03:54.640670 np0000001559 devstack@g-api.service[101932]: [pid: 101932|app: 0|req: 134/401] 127.0.0.1 () {40 vars in 830 bytes} [Wed May 27 22:03:54 2026] GET /v2/images/ec0ea247-1cad-42a8-ba5c-115883eb9db4 => generated 650 bytes in 19 msecs (HTTP/1.1 200) 4 headers in 157 bytes (1 switches on core 0)
May 27 22:03:55.652149 np0000001559 devstack@g-api.service[101931]: DEBUG glance.api.middleware.version_negotiation [None req-512f8b25-28a8-4544-8e84-14b7191a5881 tempest-VolumesActionsTest-1860659022 tempest-VolumesActionsTest-1860659022-project-member] Determining version of request: GET /v2/images/ec0ea247-1cad-42a8-ba5c-115883eb9db4 Accept: application/json {{(pid=101931) process_request /opt/stack/glance/glance/api/middleware/version_negotiation.py:44}}
May 27 22:03:55.652586 np0000001559 devstack@g-api.service[101931]: DEBUG glance.api.middleware.version_negotiation [None req-512f8b25-28a8-4544-8e84-14b7191a5881 tempest-VolumesActionsTest-1860659022 tempest-VolumesActionsTest-1860659022-project-member] Using url versioning {{(pid=101931) process_request /opt/stack/glance/glance/api/middleware/version_negotiation.py:57}}
May 27 22:03:55.652586 np0000001559 devstack@g-api.service[101931]: DEBUG glance.api.middleware.version_negotiation [None req-512f8b25-28a8-4544-8e84-14b7191a5881 tempest-VolumesActionsTest-1860659022 tempest-VolumesActionsTest-1860659022-project-member] Matched version: v2 {{(pid=101931) process_request /opt/stack/glance/glance/api/middleware/version_negotiation.py:69}}
May 27 22:03:55.652586 np0000001559 devstack@g-api.service[101931]: DEBUG glance.api.middleware.version_negotiation [None req-512f8b25-28a8-4544-8e84-14b7191a5881 tempest-VolumesActionsTest-1860659022 tempest-VolumesActionsTest-1860659022-project-member] new path /v2/images/ec0ea247-1cad-42a8-ba5c-115883eb9db4 {{(pid=101931) process_request /opt/stack/glance/glance/api/middleware/version_negotiation.py:70}}
May 27 22:03:55.666238 np0000001559 devstack@g-api.service[101931]: [pid: 101931|app: 0|req: 134/402] 127.0.0.1 () {40 vars in 830 bytes} [Wed May 27 22:03:55 2026] GET /v2/images/ec0ea247-1cad-42a8-ba5c-115883eb9db4 => generated 650 bytes in 14 msecs (HTTP/1.1 200) 4 headers in 157 bytes (1 switches on core 0)
May 27 22:03:56.402445 np0000001559 devstack@g-api.service[101930]: DEBUG swiftclient [None req-ddf31914-6102-4025-af25-ea1a2c4f35ad tempest-VolumesActionsTest-1860659022 tempest-VolumesActionsTest-1860659022-project-member] REQ: curl -i https://10.4.3.5:8080/v1/AUTH_1a275f57fb0c4b6f9277a4f08534aa43/glance/ec0ea247-1cad-42a8-ba5c-115883eb9db4-00004 -X PUT -H "X-Auth-Token: gAAAAABqF2pEVwl6..." {{(pid=101930) http_log /opt/stack/data/venv/lib/python3.12/site-packages/swiftclient/client.py:160}}
May 27 22:03:56.402707 np0000001559 devstack@g-api.service[101930]: DEBUG swiftclient [None req-ddf31914-6102-4025-af25-ea1a2c4f35ad tempest-VolumesActionsTest-1860659022 tempest-VolumesActionsTest-1860659022-project-member] RESP STATUS: 201 Created {{(pid=101930) http_log /opt/stack/data/venv/lib/python3.12/site-packages/swiftclient/client.py:161}}
May 27 22:03:56.402707 np0000001559 devstack@g-api.service[101930]: DEBUG swiftclient [None req-ddf31914-6102-4025-af25-ea1a2c4f35ad tempest-VolumesActionsTest-1860659022 tempest-VolumesActionsTest-1860659022-project-member] RESP HEADERS: {'Date': 'Wed, 27 May 2026 22:03:56 GMT', 'Server': 'Apache/2.4.58 (Ubuntu)', 'Content-Type': 'text/html; charset=UTF-8', 'Content-Length': '0', 'Etag': 'eda9a9889837ac4bc81d6387d92c1bec', 'Last-Modified': 'Wed, 27 May 2026 22:03:55 GMT', 'X-Trans-Id': 'tx0c0ea28d71a9496fa13bf-006a176a4a', 'X-Openstack-Request-Id': 'tx0c0ea28d71a9496fa13bf-006a176a4a', 'Connection': 'close'} {{(pid=101930) http_log /opt/stack/data/venv/lib/python3.12/site-packages/swiftclient/client.py:162}}
May 27 22:03:56.402809 np0000001559 devstack@g-api.service[101930]: DEBUG glance_store._drivers.swift.store [None req-ddf31914-6102-4025-af25-ea1a2c4f35ad tempest-VolumesActionsTest-1860659022 tempest-VolumesActionsTest-1860659022-project-member] Wrote chunk ec0ea247-1cad-42a8-ba5c-115883eb9db4-00004 (4/?) of length 204800000 to Swift returning MD5 of content: eda9a9889837ac4bc81d6387d92c1bec {{(pid=101930) add /opt/stack/data/venv/lib/python3.12/site-packages/glance_store/_drivers/swift/store.py:1059}}
May 27 22:03:56.673754 np0000001559 devstack@g-api.service[101932]: DEBUG glance.api.middleware.version_negotiation [None req-7b0b74e4-5e10-4f86-943a-748f996badee tempest-VolumesActionsTest-1860659022 tempest-VolumesActionsTest-1860659022-project-member] Determining version of request: GET /v2/images/ec0ea247-1cad-42a8-ba5c-115883eb9db4 Accept: application/json {{(pid=101932) process_request /opt/stack/glance/glance/api/middleware/version_negotiation.py:44}}
May 27 22:03:56.674802 np0000001559 devstack@g-api.service[101932]: DEBUG glance.api.middleware.version_negotiation [None req-7b0b74e4-5e10-4f86-943a-748f996badee tempest-VolumesActionsTest-1860659022 tempest-VolumesActionsTest-1860659022-project-member] Using url versioning {{(pid=101932) process_request /opt/stack/glance/glance/api/middleware/version_negotiation.py:57}}
May 27 22:03:56.674802 np0000001559 devstack@g-api.service[101932]: DEBUG glance.api.middleware.version_negotiation [None req-7b0b74e4-5e10-4f86-943a-748f996badee tempest-VolumesActionsTest-1860659022 tempest-VolumesActionsTest-1860659022-project-member] Matched version: v2 {{(pid=101932) process_request /opt/stack/glance/glance/api/middleware/version_negotiation.py:69}}
May 27 22:03:56.675188 np0000001559 devstack@g-api.service[101932]: DEBUG glance.api.middleware.version_negotiation [None req-7b0b74e4-5e10-4f86-943a-748f996badee tempest-VolumesActionsTest-1860659022 tempest-VolumesActionsTest-1860659022-project-member] new path /v2/images/ec0ea247-1cad-42a8-ba5c-115883eb9db4 {{(pid=101932) process_request /opt/stack/glance/glance/api/middleware/version_negotiation.py:70}}
May 27 22:03:56.693237 np0000001559 devstack@g-api.service[101932]: [pid: 101932|app: 0|req: 135/403] 127.0.0.1 () {40 vars in 830 bytes} [Wed May 27 22:03:56 2026] GET /v2/images/ec0ea247-1cad-42a8-ba5c-115883eb9db4 => generated 650 bytes in 20 msecs (HTTP/1.1 200) 4 headers in 157 bytes (1 switches on core 0)
May 27 22:03:57.701863 np0000001559 devstack@g-api.service[101931]: DEBUG glance.api.middleware.version_negotiation [None req-4b7d0231-516b-4f01-a878-b30c27ec298a tempest-VolumesActionsTest-1860659022 tempest-VolumesActionsTest-1860659022-project-member] Determining version of request: GET /v2/images/ec0ea247-1cad-42a8-ba5c-115883eb9db4 Accept: application/json {{(pid=101931) process_request /opt/stack/glance/glance/api/middleware/version_negotiation.py:44}}
May 27 22:03:57.702259 np0000001559 devstack@g-api.service[101931]: DEBUG glance.api.middleware.version_negotiation [None req-4b7d0231-516b-4f01-a878-b30c27ec298a tempest-VolumesActionsTest-1860659022 tempest-VolumesActionsTest-1860659022-project-member] Using url versioning {{(pid=101931) process_request /opt/stack/glance/glance/api/middleware/version_negotiation.py:57}}
May 27 22:03:57.702259 np0000001559 devstack@g-api.service[101931]: DEBUG glance.api.middleware.version_negotiation [None req-4b7d0231-516b-4f01-a878-b30c27ec298a tempest-VolumesActionsTest-1860659022 tempest-VolumesActionsTest-1860659022-project-member] Matched version: v2 {{(pid=101931) process_request /opt/stack/glance/glance/api/middleware/version_negotiation.py:69}}
May 27 22:03:57.702259 np0000001559 devstack@g-api.service[101931]: DEBUG glance.api.middleware.version_negotiation [None req-4b7d0231-516b-4f01-a878-b30c27ec298a tempest-VolumesActionsTest-1860659022 tempest-VolumesActionsTest-1860659022-project-member] new path /v2/images/ec0ea247-1cad-42a8-ba5c-115883eb9db4 {{(pid=101931) process_request /opt/stack/glance/glance/api/middleware/version_negotiation.py:70}}
May 27 22:03:57.713588 np0000001559 devstack@g-api.service[101931]: [pid: 101931|app: 0|req: 135/404] 127.0.0.1 () {40 vars in 830 bytes} [Wed May 27 22:03:57 2026] GET /v2/images/ec0ea247-1cad-42a8-ba5c-115883eb9db4 => generated 650 bytes in 12 msecs (HTTP/1.1 200) 4 headers in 157 bytes (1 switches on core 0)
May 27 22:03:58.438873 np0000001559 devstack@g-api.service[101930]: DEBUG swiftclient [None req-ddf31914-6102-4025-af25-ea1a2c4f35ad tempest-VolumesActionsTest-1860659022 tempest-VolumesActionsTest-1860659022-project-member] REQ: curl -i https://10.4.3.5:8080/v1/AUTH_1a275f57fb0c4b6f9277a4f08534aa43/glance/ec0ea247-1cad-42a8-ba5c-115883eb9db4-00005 -X PUT -H "X-Auth-Token: gAAAAABqF2pEVwl6..." {{(pid=101930) http_log /opt/stack/data/venv/lib/python3.12/site-packages/swiftclient/client.py:160}}
May 27 22:03:58.438873 np0000001559 devstack@g-api.service[101930]: DEBUG swiftclient [None req-ddf31914-6102-4025-af25-ea1a2c4f35ad tempest-VolumesActionsTest-1860659022 tempest-VolumesActionsTest-1860659022-project-member] RESP STATUS: 201 Created {{(pid=101930) http_log /opt/stack/data/venv/lib/python3.12/site-packages/swiftclient/client.py:161}}
May 27 22:03:58.439284 np0000001559 devstack@g-api.service[101930]: DEBUG swiftclient [None req-ddf31914-6102-4025-af25-ea1a2c4f35ad tempest-VolumesActionsTest-1860659022 tempest-VolumesActionsTest-1860659022-project-member] RESP HEADERS: {'Date': 'Wed, 27 May 2026 22:03:58 GMT', 'Server': 'Apache/2.4.58 (Ubuntu)', 'Content-Type': 'text/html; charset=UTF-8', 'Content-Length': '0', 'Etag': 'eda9a9889837ac4bc81d6387d92c1bec', 'Last-Modified': 'Wed, 27 May 2026 22:03:57 GMT', 'X-Trans-Id': 'txeacdec86899b4a15adccb-006a176a4c', 'X-Openstack-Request-Id': 'txeacdec86899b4a15adccb-006a176a4c', 'Connection': 'close'} {{(pid=101930) http_log /opt/stack/data/venv/lib/python3.12/site-packages/swiftclient/client.py:162}}
May 27 22:03:58.439284 np0000001559 devstack@g-api.service[101930]: DEBUG glance_store._drivers.swift.store [None req-ddf31914-6102-4025-af25-ea1a2c4f35ad tempest-VolumesActionsTest-1860659022 tempest-VolumesActionsTest-1860659022-project-member] Wrote chunk ec0ea247-1cad-42a8-ba5c-115883eb9db4-00005 (5/?) of length 204800000 to Swift returning MD5 of content: eda9a9889837ac4bc81d6387d92c1bec {{(pid=101930) add /opt/stack/data/venv/lib/python3.12/site-packages/glance_store/_drivers/swift/store.py:1059}}
May 27 22:03:58.609761 np0000001559 devstack@g-api.service[101930]: DEBUG dbcounter [-] [101930] Writing DB stats glance:SELECT=12,glance:UPDATE=1 {{(pid=101930) stat_writer /opt/stack/data/venv/lib/python3.12/site-packages/dbcounter.py:115}}
May 27 22:03:58.722842 np0000001559 devstack@g-api.service[101932]: DEBUG glance.api.middleware.version_negotiation [None req-1fe6210f-0b6c-4499-b3d0-ed7c19753da1 tempest-VolumesActionsTest-1860659022 tempest-VolumesActionsTest-1860659022-project-member] Determining version of request: GET /v2/images/ec0ea247-1cad-42a8-ba5c-115883eb9db4 Accept: application/json {{(pid=101932) process_request /opt/stack/glance/glance/api/middleware/version_negotiation.py:44}}
May 27 22:03:58.723207 np0000001559 devstack@g-api.service[101932]: DEBUG glance.api.middleware.version_negotiation [None req-1fe6210f-0b6c-4499-b3d0-ed7c19753da1 tempest-VolumesActionsTest-1860659022 tempest-VolumesActionsTest-1860659022-project-member] Using url versioning {{(pid=101932) process_request /opt/stack/glance/glance/api/middleware/version_negotiation.py:57}}
May 27 22:03:58.723207 np0000001559 devstack@g-api.service[101932]: DEBUG glance.api.middleware.version_negotiation [None req-1fe6210f-0b6c-4499-b3d0-ed7c19753da1 tempest-VolumesActionsTest-1860659022 tempest-VolumesActionsTest-1860659022-project-member] Matched version: v2 {{(pid=101932) process_request /opt/stack/glance/glance/api/middleware/version_negotiation.py:69}}
May 27 22:03:58.723207 np0000001559 devstack@g-api.service[101932]: DEBUG glance.api.middleware.version_negotiation [None req-1fe6210f-0b6c-4499-b3d0-ed7c19753da1 tempest-VolumesActionsTest-1860659022 tempest-VolumesActionsTest-1860659022-project-member] new path /v2/images/ec0ea247-1cad-42a8-ba5c-115883eb9db4 {{(pid=101932) process_request /opt/stack/glance/glance/api/middleware/version_negotiation.py:70}}
May 27 22:03:58.735550 np0000001559 devstack@g-api.service[101932]: [pid: 101932|app: 0|req: 136/405] 127.0.0.1 () {40 vars in 830 bytes} [Wed May 27 22:03:58 2026] GET /v2/images/ec0ea247-1cad-42a8-ba5c-115883eb9db4 => generated 650 bytes in 13 msecs (HTTP/1.1 200) 4 headers in 157 bytes (1 switches on core 0)
May 27 22:03:58.930861 np0000001559 devstack@g-api.service[101930]: DEBUG swiftclient [None req-ddf31914-6102-4025-af25-ea1a2c4f35ad tempest-VolumesActionsTest-1860659022 tempest-VolumesActionsTest-1860659022-project-member] REQ: curl -i https://10.4.3.5:8080/v1/AUTH_1a275f57fb0c4b6f9277a4f08534aa43/glance/ec0ea247-1cad-42a8-ba5c-115883eb9db4-00006 -X PUT -H "X-Auth-Token: gAAAAABqF2pEVwl6..." {{(pid=101930) http_log /opt/stack/data/venv/lib/python3.12/site-packages/swiftclient/client.py:160}}
May 27 22:03:58.930947 np0000001559 devstack@g-api.service[101930]: DEBUG swiftclient [None req-ddf31914-6102-4025-af25-ea1a2c4f35ad tempest-VolumesActionsTest-1860659022 tempest-VolumesActionsTest-1860659022-project-member] RESP STATUS: 201 Created {{(pid=101930) http_log /opt/stack/data/venv/lib/python3.12/site-packages/swiftclient/client.py:161}}
May 27 22:03:58.931076 np0000001559 devstack@g-api.service[101930]: DEBUG swiftclient [None req-ddf31914-6102-4025-af25-ea1a2c4f35ad tempest-VolumesActionsTest-1860659022 tempest-VolumesActionsTest-1860659022-project-member] RESP HEADERS: {'Date': 'Wed, 27 May 2026 22:03:58 GMT', 'Server': 'Apache/2.4.58 (Ubuntu)', 'Content-Type': 'text/html; charset=UTF-8', 'Content-Length': '0', 'Etag': '708761f3b8777ec77058e63da08eeeb6', 'Last-Modified': 'Wed, 27 May 2026 22:03:59 GMT', 'X-Trans-Id': 'txf31d84255a4f4b208d0e2-006a176a4e', 'X-Openstack-Request-Id': 'txf31d84255a4f4b208d0e2-006a176a4e', 'Connection': 'close'} {{(pid=101930) http_log /opt/stack/data/venv/lib/python3.12/site-packages/swiftclient/client.py:162}}
May 27 22:03:58.931197 np0000001559 devstack@g-api.service[101930]: DEBUG glance_store._drivers.swift.store [None req-ddf31914-6102-4025-af25-ea1a2c4f35ad tempest-VolumesActionsTest-1860659022 tempest-VolumesActionsTest-1860659022-project-member] Wrote chunk ec0ea247-1cad-42a8-ba5c-115883eb9db4-00006 (6/?) of length 49741824 to Swift returning MD5 of content: 708761f3b8777ec77058e63da08eeeb6 {{(pid=101930) add /opt/stack/data/venv/lib/python3.12/site-packages/glance_store/_drivers/swift/store.py:1059}}
May 27 22:03:58.931448 np0000001559 devstack@g-api.service[101930]: DEBUG glance_store._drivers.swift.store [None req-ddf31914-6102-4025-af25-ea1a2c4f35ad tempest-VolumesActionsTest-1860659022 tempest-VolumesActionsTest-1860659022-project-member] Not writing zero-length chunk. {{(pid=101930) add /opt/stack/data/venv/lib/python3.12/site-packages/glance_store/_drivers/swift/store.py:1028}}
May 27 22:03:58.949759 np0000001559 devstack@g-api.service[101930]: DEBUG swiftclient [None req-ddf31914-6102-4025-af25-ea1a2c4f35ad tempest-VolumesActionsTest-1860659022 tempest-VolumesActionsTest-1860659022-project-member] REQ: curl -i https://10.4.3.5:8080/v1/AUTH_1a275f57fb0c4b6f9277a4f08534aa43/glance/ec0ea247-1cad-42a8-ba5c-115883eb9db4 -X PUT -H "X-Object-Manifest: glance/ec0ea247-1cad-42a8-ba5c-115883eb9db4-" -H "X-Auth-Token: gAAAAABqF2pEVwl6..." -H "Content-Length: 0" {{(pid=101930) http_log /opt/stack/data/venv/lib/python3.12/site-packages/swiftclient/client.py:160}}
May 27 22:03:58.949889 np0000001559 devstack@g-api.service[101930]: DEBUG swiftclient [None req-ddf31914-6102-4025-af25-ea1a2c4f35ad tempest-VolumesActionsTest-1860659022 tempest-VolumesActionsTest-1860659022-project-member] RESP STATUS: 201 Created {{(pid=101930) http_log /opt/stack/data/venv/lib/python3.12/site-packages/swiftclient/client.py:161}}
