Aug 10 06:01:03.124717 np0000006860 systemd[1]: Starting devstack@n-api-meta.service - Devstack devstack@n-api-meta.service...
Aug 10 06:01:03.132480 np0000006860 devstack@n-api-meta.service[92801]: [uWSGI] getting INI configuration from /etc/nova/nova-metadata-uwsgi.ini
Aug 10 06:01:03.136235 np0000006860 devstack@n-api-meta.service[92801]: *** Starting uWSGI 2.0.24-debian (64bit) on [Mon Aug 10 06:01:03 2026] ***
Aug 10 06:01:03.136235 np0000006860 devstack@n-api-meta.service[92801]: compiled with version: 13.2.0 on 17 April 2024 16:23:48
Aug 10 06:01:03.136235 np0000006860 devstack@n-api-meta.service[92801]: os: Linux-6.8.0-137-generic #137-Ubuntu SMP PREEMPT_DYNAMIC Fri Jul 17 20:28:23 UTC 2026
Aug 10 06:01:03.136235 np0000006860 devstack@n-api-meta.service[92801]: nodename: np0000006860
Aug 10 06:01:03.136235 np0000006860 devstack@n-api-meta.service[92801]: machine: x86_64
Aug 10 06:01:03.136235 np0000006860 devstack@n-api-meta.service[92801]: clock source: unix
Aug 10 06:01:03.136235 np0000006860 devstack@n-api-meta.service[92801]: pcre jit disabled
Aug 10 06:01:03.136235 np0000006860 devstack@n-api-meta.service[92801]: detected number of CPU cores: 16
Aug 10 06:01:03.136235 np0000006860 devstack@n-api-meta.service[92801]: current working directory: /
Aug 10 06:01:03.136495 np0000006860 devstack@n-api-meta.service[92801]: detected binary path: /usr/bin/uwsgi-core
Aug 10 06:01:03.136495 np0000006860 devstack@n-api-meta.service[92801]: your processes number limit is 252954
Aug 10 06:01:03.136495 np0000006860 devstack@n-api-meta.service[92801]: your memory page size is 4096 bytes
Aug 10 06:01:03.136495 np0000006860 devstack@n-api-meta.service[92801]: detected max file descriptor number: 2048
Aug 10 06:01:03.136495 np0000006860 devstack@n-api-meta.service[92801]: lock engine: pthread robust mutexes
Aug 10 06:01:03.136609 np0000006860 devstack@n-api-meta.service[92801]: thunder lock: enabled
Aug 10 06:01:03.137834 np0000006860 devstack@n-api-meta.service[92801]: uWSGI http bound on 0.0.0.0:8775 fd 5
Aug 10 06:01:03.137877 np0000006860 devstack@n-api-meta.service[92801]: uwsgi socket 0 bound to TCP address 127.0.0.1:42583 (port auto-assigned) fd 4
Aug 10 06:01:03.137912 np0000006860 devstack@n-api-meta.service[92801]: Python version: 3.12.3 (main, Jun 19 2026, 12:46:00) [GCC 13.3.0]
Aug 10 06:01:03.137939 np0000006860 devstack@n-api-meta.service[92801]: PEP 405 virtualenv detected: /opt/stack/data/venv
Aug 10 06:01:03.137939 np0000006860 devstack@n-api-meta.service[92801]: Set PythonHome to /opt/stack/data/venv
Aug 10 06:01:03.196193 np0000006860 devstack@n-api-meta.service[92801]: Python main interpreter initialized at 0x7cf5cc8a4668
Aug 10 06:01:03.196193 np0000006860 devstack@n-api-meta.service[92801]: python threads support enabled
Aug 10 06:01:03.196193 np0000006860 devstack@n-api-meta.service[92801]: your server socket listen backlog is limited to 100 connections
Aug 10 06:01:03.196193 np0000006860 devstack@n-api-meta.service[92801]: your mercy for graceful operations on workers is 80 seconds
Aug 10 06:01:03.196932 np0000006860 devstack@n-api-meta.service[92801]: mapped 537436 bytes (524 KB) for 3 cores
Aug 10 06:01:03.197044 np0000006860 devstack@n-api-meta.service[92801]: *** Operational MODE: preforking ***
Aug 10 06:01:03.199981 np0000006860 devstack@n-api-meta.service[92801]: *** uWSGI is running in multiple interpreter mode ***
Aug 10 06:01:03.199981 np0000006860 devstack@n-api-meta.service[92801]: spawned uWSGI master process (pid: 92801)
Aug 10 06:01:03.199981 np0000006860 devstack@n-api-meta.service[92801]: spawned uWSGI worker 1 (pid: 92806, cores: 1)
Aug 10 06:01:03.199981 np0000006860 devstack@n-api-meta.service[92801]: spawned uWSGI worker 2 (pid: 92807, cores: 1)
Aug 10 06:01:03.199981 np0000006860 devstack@n-api-meta.service[92801]: spawned uWSGI worker 3 (pid: 92808, cores: 1)
Aug 10 06:01:03.199981 np0000006860 devstack@n-api-meta.service[92801]: spawned uWSGI http 1 (pid: 92809)
Aug 10 06:01:03.199981 np0000006860 devstack@n-api-meta.service[92801]: running "unix_signal:15 gracefully_kill_them_all" (master-start)...
Aug 10 06:01:03.197656 np0000006860 systemd[1]: Started devstack@n-api-meta.service - Devstack devstack@n-api-meta.service.
Aug 10 06:01:04.745548 np0000006860 devstack@n-api-meta.service[92806]: INFO dbcounter [None req-d3240529-3bde-4fd5-8827-4968e6fe3f3f None None] Registered counter for database nova_api
Aug 10 06:01:04.784093 np0000006860 devstack@n-api-meta.service[92807]: INFO dbcounter [None req-7ccacf85-19d7-4ea3-93bf-ca8331ba84fb None None] Registered counter for database nova_api
Aug 10 06:01:04.784989 np0000006860 devstack@n-api-meta.service[92806]: DEBUG oslo_db.sqlalchemy.engines [None req-d3240529-3bde-4fd5-8827-4968e6fe3f3f None None] MySQL server mode set to STRICT_TRANS_TABLES,STRICT_ALL_TABLES,NO_ZERO_IN_DATE,NO_ZERO_DATE,ERROR_FOR_DIVISION_BY_ZERO,TRADITIONAL,NO_ENGINE_SUBSTITUTION {{(pid=92806) _check_effective_sql_mode /opt/stack/data/venv/lib/python3.12/site-packages/oslo_db/sqlalchemy/engines.py:325}}
Aug 10 06:01:04.813811 np0000006860 devstack@n-api-meta.service[92806]: DEBUG dbcounter [-] [92806] Writer thread running {{(pid=92806) stat_writer /opt/stack/data/venv/lib/python3.12/site-packages/dbcounter.py:102}}
Aug 10 06:01:04.816106 np0000006860 devstack@n-api-meta.service[92806]: DEBUG nova.context [None req-d3240529-3bde-4fd5-8827-4968e6fe3f3f None None] Found 2 cells: 00000000-0000-0000-0000-000000000000(cell0),acfad91a-816f-426f-9928-7f145c0f2285(cell1) {{(pid=92806) load_cells /opt/stack/nova/nova/context.py:509}}
Aug 10 06:01:04.816343 np0000006860 devstack@n-api-meta.service[92806]: INFO nova.utils [None req-d3240529-3bde-4fd5-8827-4968e6fe3f3f None None] The cell worker thread pool MainProcess.cell_worker is initialized
Aug 10 06:01:04.818176 np0000006860 devstack@n-api-meta.service[92806]: DEBUG oslo_concurrency.lockutils [None req-d3240529-3bde-4fd5-8827-4968e6fe3f3f None None] Acquiring lock "00000000-0000-0000-0000-000000000000" by "nova.context.set_target_cell..get_or_set_cached_cell_and_set_connections" {{(pid=92806) inner /opt/stack/data/venv/lib/python3.12/site-packages/oslo_concurrency/lockutils.py:512}}
Aug 10 06:01:04.818345 np0000006860 devstack@n-api-meta.service[92806]: DEBUG oslo_concurrency.lockutils [None req-d3240529-3bde-4fd5-8827-4968e6fe3f3f None None] Lock "00000000-0000-0000-0000-000000000000" acquired by "nova.context.set_target_cell..get_or_set_cached_cell_and_set_connections" :: waited 0.000s {{(pid=92806) inner /opt/stack/data/venv/lib/python3.12/site-packages/oslo_concurrency/lockutils.py:525}}
Aug 10 06:01:04.818741 np0000006860 devstack@n-api-meta.service[92806]: DEBUG oslo_concurrency.lockutils [None req-d3240529-3bde-4fd5-8827-4968e6fe3f3f None None] Lock "00000000-0000-0000-0000-000000000000" "released" by "nova.context.set_target_cell..get_or_set_cached_cell_and_set_connections" :: held 0.000s {{(pid=92806) inner /opt/stack/data/venv/lib/python3.12/site-packages/oslo_concurrency/lockutils.py:544}}
Aug 10 06:01:04.819402 np0000006860 devstack@n-api-meta.service[92806]: DEBUG oslo_concurrency.lockutils [None req-d3240529-3bde-4fd5-8827-4968e6fe3f3f None None] Acquiring lock "acfad91a-816f-426f-9928-7f145c0f2285" by "nova.context.set_target_cell..get_or_set_cached_cell_and_set_connections" {{(pid=92806) inner /opt/stack/data/venv/lib/python3.12/site-packages/oslo_concurrency/lockutils.py:512}}
Aug 10 06:01:04.819581 np0000006860 devstack@n-api-meta.service[92806]: DEBUG oslo_concurrency.lockutils [None req-d3240529-3bde-4fd5-8827-4968e6fe3f3f None None] Lock "acfad91a-816f-426f-9928-7f145c0f2285" acquired by "nova.context.set_target_cell..get_or_set_cached_cell_and_set_connections" :: waited 0.000s {{(pid=92806) inner /opt/stack/data/venv/lib/python3.12/site-packages/oslo_concurrency/lockutils.py:525}}
Aug 10 06:01:04.820322 np0000006860 devstack@n-api-meta.service[92806]: DEBUG oslo_concurrency.lockutils [None req-d3240529-3bde-4fd5-8827-4968e6fe3f3f None None] Lock "acfad91a-816f-426f-9928-7f145c0f2285" "released" by "nova.context.set_target_cell..get_or_set_cached_cell_and_set_connections" :: held 0.001s {{(pid=92806) inner /opt/stack/data/venv/lib/python3.12/site-packages/oslo_concurrency/lockutils.py:544}}
Aug 10 06:01:04.821976 np0000006860 devstack@n-api-meta.service[92806]: INFO dbcounter [None req-d3240529-3bde-4fd5-8827-4968e6fe3f3f None None] Registered counter for database nova_cell0
Aug 10 06:01:04.823831 np0000006860 devstack@n-api-meta.service[92807]: DEBUG oslo_db.sqlalchemy.engines [None req-7ccacf85-19d7-4ea3-93bf-ca8331ba84fb None None] MySQL server mode set to STRICT_TRANS_TABLES,STRICT_ALL_TABLES,NO_ZERO_IN_DATE,NO_ZERO_DATE,ERROR_FOR_DIVISION_BY_ZERO,TRADITIONAL,NO_ENGINE_SUBSTITUTION {{(pid=92807) _check_effective_sql_mode /opt/stack/data/venv/lib/python3.12/site-packages/oslo_db/sqlalchemy/engines.py:325}}
Aug 10 06:01:04.824679 np0000006860 devstack@n-api-meta.service[92806]: INFO dbcounter [None req-d3240529-3bde-4fd5-8827-4968e6fe3f3f None None] Registered counter for database nova_cell1
Aug 10 06:01:04.855582 np0000006860 devstack@n-api-meta.service[92807]: DEBUG dbcounter [-] [92807] Writer thread running {{(pid=92807) stat_writer /opt/stack/data/venv/lib/python3.12/site-packages/dbcounter.py:102}}
Aug 10 06:01:04.861020 np0000006860 devstack@n-api-meta.service[92807]: DEBUG nova.context [None req-7ccacf85-19d7-4ea3-93bf-ca8331ba84fb None None] Found 2 cells: 00000000-0000-0000-0000-000000000000(cell0),acfad91a-816f-426f-9928-7f145c0f2285(cell1) {{(pid=92807) load_cells /opt/stack/nova/nova/context.py:509}}
Aug 10 06:01:04.861020 np0000006860 devstack@n-api-meta.service[92807]: INFO nova.utils [None req-7ccacf85-19d7-4ea3-93bf-ca8331ba84fb None None] The cell worker thread pool MainProcess.cell_worker is initialized
Aug 10 06:01:04.861020 np0000006860 devstack@n-api-meta.service[92807]: DEBUG oslo_concurrency.lockutils [None req-7ccacf85-19d7-4ea3-93bf-ca8331ba84fb None None] Acquiring lock "00000000-0000-0000-0000-000000000000" by "nova.context.set_target_cell..get_or_set_cached_cell_and_set_connections" {{(pid=92807) inner /opt/stack/data/venv/lib/python3.12/site-packages/oslo_concurrency/lockutils.py:512}}
Aug 10 06:01:04.861020 np0000006860 devstack@n-api-meta.service[92807]: DEBUG oslo_concurrency.lockutils [None req-7ccacf85-19d7-4ea3-93bf-ca8331ba84fb None None] Lock "00000000-0000-0000-0000-000000000000" acquired by "nova.context.set_target_cell..get_or_set_cached_cell_and_set_connections" :: waited 0.000s {{(pid=92807) inner /opt/stack/data/venv/lib/python3.12/site-packages/oslo_concurrency/lockutils.py:525}}
Aug 10 06:01:04.861020 np0000006860 devstack@n-api-meta.service[92807]: DEBUG oslo_concurrency.lockutils [None req-7ccacf85-19d7-4ea3-93bf-ca8331ba84fb None None] Lock "00000000-0000-0000-0000-000000000000" "released" by "nova.context.set_target_cell..get_or_set_cached_cell_and_set_connections" :: held 0.000s {{(pid=92807) inner /opt/stack/data/venv/lib/python3.12/site-packages/oslo_concurrency/lockutils.py:544}}
Aug 10 06:01:04.861020 np0000006860 devstack@n-api-meta.service[92807]: DEBUG oslo_concurrency.lockutils [None req-7ccacf85-19d7-4ea3-93bf-ca8331ba84fb None None] Acquiring lock "acfad91a-816f-426f-9928-7f145c0f2285" by "nova.context.set_target_cell..get_or_set_cached_cell_and_set_connections" {{(pid=92807) inner /opt/stack/data/venv/lib/python3.12/site-packages/oslo_concurrency/lockutils.py:512}}
Aug 10 06:01:04.861877 np0000006860 devstack@n-api-meta.service[92807]: DEBUG oslo_concurrency.lockutils [None req-7ccacf85-19d7-4ea3-93bf-ca8331ba84fb None None] Lock "acfad91a-816f-426f-9928-7f145c0f2285" acquired by "nova.context.set_target_cell..get_or_set_cached_cell_and_set_connections" :: waited 0.000s {{(pid=92807) inner /opt/stack/data/venv/lib/python3.12/site-packages/oslo_concurrency/lockutils.py:525}}
Aug 10 06:01:04.862224 np0000006860 devstack@n-api-meta.service[92806]: DEBUG oslo_db.sqlalchemy.engines [None req-d3240529-3bde-4fd5-8827-4968e6fe3f3f None None] MySQL server mode set to STRICT_TRANS_TABLES,STRICT_ALL_TABLES,NO_ZERO_IN_DATE,NO_ZERO_DATE,ERROR_FOR_DIVISION_BY_ZERO,TRADITIONAL,NO_ENGINE_SUBSTITUTION {{(pid=92806) _check_effective_sql_mode /opt/stack/data/venv/lib/python3.12/site-packages/oslo_db/sqlalchemy/engines.py:325}}
Aug 10 06:01:04.862274 np0000006860 devstack@n-api-meta.service[92807]: DEBUG oslo_concurrency.lockutils [None req-7ccacf85-19d7-4ea3-93bf-ca8331ba84fb None None] Lock "acfad91a-816f-426f-9928-7f145c0f2285" "released" by "nova.context.set_target_cell..get_or_set_cached_cell_and_set_connections" :: held 0.001s {{(pid=92807) inner /opt/stack/data/venv/lib/python3.12/site-packages/oslo_concurrency/lockutils.py:544}}
Aug 10 06:01:04.863701 np0000006860 devstack@n-api-meta.service[92807]: INFO dbcounter [None req-7ccacf85-19d7-4ea3-93bf-ca8331ba84fb None None] Registered counter for database nova_cell0
Aug 10 06:01:04.864152 np0000006860 devstack@n-api-meta.service[92806]: DEBUG oslo_db.sqlalchemy.engines [None req-d3240529-3bde-4fd5-8827-4968e6fe3f3f None None] MySQL server mode set to STRICT_TRANS_TABLES,STRICT_ALL_TABLES,NO_ZERO_IN_DATE,NO_ZERO_DATE,ERROR_FOR_DIVISION_BY_ZERO,TRADITIONAL,NO_ENGINE_SUBSTITUTION {{(pid=92806) _check_effective_sql_mode /opt/stack/data/venv/lib/python3.12/site-packages/oslo_db/sqlalchemy/engines.py:325}}
Aug 10 06:01:04.867195 np0000006860 devstack@n-api-meta.service[92807]: INFO dbcounter [None req-7ccacf85-19d7-4ea3-93bf-ca8331ba84fb None None] Registered counter for database nova_cell1
Aug 10 06:01:04.911837 np0000006860 devstack@n-api-meta.service[92807]: DEBUG oslo_db.sqlalchemy.engines [None req-7ccacf85-19d7-4ea3-93bf-ca8331ba84fb None None] MySQL server mode set to STRICT_TRANS_TABLES,STRICT_ALL_TABLES,NO_ZERO_IN_DATE,NO_ZERO_DATE,ERROR_FOR_DIVISION_BY_ZERO,TRADITIONAL,NO_ENGINE_SUBSTITUTION {{(pid=92807) _check_effective_sql_mode /opt/stack/data/venv/lib/python3.12/site-packages/oslo_db/sqlalchemy/engines.py:325}}
Aug 10 06:01:04.930806 np0000006860 devstack@n-api-meta.service[92807]: DEBUG oslo_db.sqlalchemy.engines [None req-7ccacf85-19d7-4ea3-93bf-ca8331ba84fb None None] MySQL server mode set to STRICT_TRANS_TABLES,STRICT_ALL_TABLES,NO_ZERO_IN_DATE,NO_ZERO_DATE,ERROR_FOR_DIVISION_BY_ZERO,TRADITIONAL,NO_ENGINE_SUBSTITUTION {{(pid=92807) _check_effective_sql_mode /opt/stack/data/venv/lib/python3.12/site-packages/oslo_db/sqlalchemy/engines.py:325}}
Aug 10 06:01:04.947759 np0000006860 devstack@n-api-meta.service[92806]: DEBUG dbcounter [-] [92806] Writer thread running {{(pid=92806) stat_writer /opt/stack/data/venv/lib/python3.12/site-packages/dbcounter.py:102}}
Aug 10 06:01:04.948375 np0000006860 devstack@n-api-meta.service[92806]: DEBUG dbcounter [-] [92806] Writer thread running {{(pid=92806) stat_writer /opt/stack/data/venv/lib/python3.12/site-packages/dbcounter.py:102}}
Aug 10 06:01:04.955120 np0000006860 devstack@n-api-meta.service[92806]: INFO dbcounter [None req-d3240529-3bde-4fd5-8827-4968e6fe3f3f None None] Registered counter for database nova_cell0
Aug 10 06:01:04.963253 np0000006860 devstack@n-api-meta.service[92808]: INFO dbcounter [None req-7a82fa51-6d5e-41b7-b71b-de772b70249d None None] Registered counter for database nova_api
Aug 10 06:01:04.985074 np0000006860 devstack@n-api-meta.service[92806]: DEBUG oslo_db.sqlalchemy.engines [None req-d3240529-3bde-4fd5-8827-4968e6fe3f3f None None] MySQL server mode set to STRICT_TRANS_TABLES,STRICT_ALL_TABLES,NO_ZERO_IN_DATE,NO_ZERO_DATE,ERROR_FOR_DIVISION_BY_ZERO,TRADITIONAL,NO_ENGINE_SUBSTITUTION {{(pid=92806) _check_effective_sql_mode /opt/stack/data/venv/lib/python3.12/site-packages/oslo_db/sqlalchemy/engines.py:325}}
Aug 10 06:01:04.990876 np0000006860 devstack@n-api-meta.service[92806]: DEBUG dbcounter [-] [92806] Writer thread running {{(pid=92806) stat_writer /opt/stack/data/venv/lib/python3.12/site-packages/dbcounter.py:102}}
Aug 10 06:01:04.991814 np0000006860 devstack@n-api-meta.service[92807]: DEBUG dbcounter [-] [92807] Writer thread running {{(pid=92807) stat_writer /opt/stack/data/venv/lib/python3.12/site-packages/dbcounter.py:102}}
Aug 10 06:01:04.997669 np0000006860 devstack@n-api-meta.service[92807]: DEBUG dbcounter [-] [92807] Writer thread running {{(pid=92807) stat_writer /opt/stack/data/venv/lib/python3.12/site-packages/dbcounter.py:102}}
Aug 10 06:01:05.000359 np0000006860 devstack@n-api-meta.service[92807]: INFO dbcounter [None req-7ccacf85-19d7-4ea3-93bf-ca8331ba84fb None None] Registered counter for database nova_cell0
Aug 10 06:01:05.001391 np0000006860 devstack@n-api-meta.service[92808]: DEBUG oslo_db.sqlalchemy.engines [None req-7a82fa51-6d5e-41b7-b71b-de772b70249d None None] MySQL server mode set to STRICT_TRANS_TABLES,STRICT_ALL_TABLES,NO_ZERO_IN_DATE,NO_ZERO_DATE,ERROR_FOR_DIVISION_BY_ZERO,TRADITIONAL,NO_ENGINE_SUBSTITUTION {{(pid=92808) _check_effective_sql_mode /opt/stack/data/venv/lib/python3.12/site-packages/oslo_db/sqlalchemy/engines.py:325}}
Aug 10 06:01:05.030596 np0000006860 devstack@n-api-meta.service[92808]: DEBUG dbcounter [-] [92808] Writer thread running {{(pid=92808) stat_writer /opt/stack/data/venv/lib/python3.12/site-packages/dbcounter.py:102}}
Aug 10 06:01:05.031371 np0000006860 devstack@n-api-meta.service[92806]: WARNING nova.api.metadata.handler [None req-d3240529-3bde-4fd5-8827-4968e6fe3f3f None None] metadata_proxy_shared_secret is not configured, the metadata information returned by the proxy cannot be trusted
Aug 10 06:01:05.032166 np0000006860 devstack@n-api-meta.service[92807]: DEBUG oslo_db.sqlalchemy.engines [None req-7ccacf85-19d7-4ea3-93bf-ca8331ba84fb None None] MySQL server mode set to STRICT_TRANS_TABLES,STRICT_ALL_TABLES,NO_ZERO_IN_DATE,NO_ZERO_DATE,ERROR_FOR_DIVISION_BY_ZERO,TRADITIONAL,NO_ENGINE_SUBSTITUTION {{(pid=92807) _check_effective_sql_mode /opt/stack/data/venv/lib/python3.12/site-packages/oslo_db/sqlalchemy/engines.py:325}}
Aug 10 06:01:05.032809 np0000006860 devstack@n-api-meta.service[92808]: DEBUG nova.context [None req-7a82fa51-6d5e-41b7-b71b-de772b70249d None None] Found 2 cells: 00000000-0000-0000-0000-000000000000(cell0),acfad91a-816f-426f-9928-7f145c0f2285(cell1) {{(pid=92808) load_cells /opt/stack/nova/nova/context.py:509}}
Aug 10 06:01:05.033100 np0000006860 devstack@n-api-meta.service[92808]: INFO nova.utils [None req-7a82fa51-6d5e-41b7-b71b-de772b70249d None None] The cell worker thread pool MainProcess.cell_worker is initialized
Aug 10 06:01:05.033530 np0000006860 devstack@n-api-meta.service[92806]: DEBUG nova.api.openstack.wsgi_app [None req-d3240529-3bde-4fd5-8827-4968e6fe3f3f None None] ******************************************************************************** {{(pid=92806) log_opt_values /opt/stack/data/venv/lib/python3.12/site-packages/oslo_config/cfg.py:3518}}
Aug 10 06:01:05.033643 np0000006860 devstack@n-api-meta.service[92806]: DEBUG nova.api.openstack.wsgi_app [None req-d3240529-3bde-4fd5-8827-4968e6fe3f3f None None] Configuration options gathered from: {{(pid=92806) log_opt_values /opt/stack/data/venv/lib/python3.12/site-packages/oslo_config/cfg.py:3519}}
Aug 10 06:01:05.033731 np0000006860 devstack@n-api-meta.service[92806]: DEBUG nova.api.openstack.wsgi_app [None req-d3240529-3bde-4fd5-8827-4968e6fe3f3f None None] command line args: [] {{(pid=92806) log_opt_values /opt/stack/data/venv/lib/python3.12/site-packages/oslo_config/cfg.py:3520}}
Aug 10 06:01:05.033928 np0000006860 devstack@n-api-meta.service[92806]: DEBUG nova.api.openstack.wsgi_app [None req-d3240529-3bde-4fd5-8827-4968e6fe3f3f None None] config files: ['/etc/nova/api-paste.ini', '/etc/nova/nova.conf'] {{(pid=92806) log_opt_values /opt/stack/data/venv/lib/python3.12/site-packages/oslo_config/cfg.py:3521}}
Aug 10 06:01:05.034091 np0000006860 devstack@n-api-meta.service[92806]: DEBUG nova.api.openstack.wsgi_app [None req-d3240529-3bde-4fd5-8827-4968e6fe3f3f None None] ================================================================================ {{(pid=92806) log_opt_values /opt/stack/data/venv/lib/python3.12/site-packages/oslo_config/cfg.py:3526}}
Aug 10 06:01:05.034278 np0000006860 devstack@n-api-meta.service[92806]: DEBUG nova.api.openstack.wsgi_app [None req-d3240529-3bde-4fd5-8827-4968e6fe3f3f None None] allow_resize_to_same_host = True {{(pid=92806) log_opt_values /opt/stack/data/venv/lib/python3.12/site-packages/oslo_config/cfg.py:3534}}
Aug 10 06:01:05.034480 np0000006860 devstack@n-api-meta.service[92806]: DEBUG nova.api.openstack.wsgi_app [None req-d3240529-3bde-4fd5-8827-4968e6fe3f3f None None] arq_binding_timeout = 300 {{(pid=92806) log_opt_values /opt/stack/data/venv/lib/python3.12/site-packages/oslo_config/cfg.py:3534}}
Aug 10 06:01:05.034678 np0000006860 devstack@n-api-meta.service[92806]: DEBUG nova.api.openstack.wsgi_app [None req-d3240529-3bde-4fd5-8827-4968e6fe3f3f None None] block_device_allocate_retries = 60 {{(pid=92806) log_opt_values /opt/stack/data/venv/lib/python3.12/site-packages/oslo_config/cfg.py:3534}}
Aug 10 06:01:05.034744 np0000006860 devstack@n-api-meta.service[92808]: DEBUG oslo_concurrency.lockutils [None req-7a82fa51-6d5e-41b7-b71b-de772b70249d None None] Acquiring lock "00000000-0000-0000-0000-000000000000" by "nova.context.set_target_cell..get_or_set_cached_cell_and_set_connections" {{(pid=92808) inner /opt/stack/data/venv/lib/python3.12/site-packages/oslo_concurrency/lockutils.py:512}}
Aug 10 06:01:05.034839 np0000006860 devstack@n-api-meta.service[92806]: DEBUG nova.api.openstack.wsgi_app [None req-d3240529-3bde-4fd5-8827-4968e6fe3f3f None None] block_device_allocate_retries_interval = 3 {{(pid=92806) log_opt_values /opt/stack/data/venv/lib/python3.12/site-packages/oslo_config/cfg.py:3534}}
Aug 10 06:01:05.034905 np0000006860 devstack@n-api-meta.service[92808]: DEBUG oslo_concurrency.lockutils [None req-7a82fa51-6d5e-41b7-b71b-de772b70249d None None] Lock "00000000-0000-0000-0000-000000000000" acquired by "nova.context.set_target_cell..get_or_set_cached_cell_and_set_connections" :: waited 0.000s {{(pid=92808) inner /opt/stack/data/venv/lib/python3.12/site-packages/oslo_concurrency/lockutils.py:525}}
Aug 10 06:01:05.034962 np0000006860 devstack@n-api-meta.service[92806]: DEBUG nova.api.openstack.wsgi_app [None req-d3240529-3bde-4fd5-8827-4968e6fe3f3f None None] cell_worker_thread_pool_size = 5 {{(pid=92806) log_opt_values /opt/stack/data/venv/lib/python3.12/site-packages/oslo_config/cfg.py:3534}}
Aug 10 06:01:05.035082 np0000006860 devstack@n-api-meta.service[92806]: DEBUG nova.api.openstack.wsgi_app [None req-d3240529-3bde-4fd5-8827-4968e6fe3f3f None None] cert = self.pem {{(pid=92806) log_opt_values /opt/stack/data/venv/lib/python3.12/site-packages/oslo_config/cfg.py:3534}}
Aug 10 06:01:05.035202 np0000006860 devstack@n-api-meta.service[92806]: DEBUG nova.api.openstack.wsgi_app [None req-d3240529-3bde-4fd5-8827-4968e6fe3f3f None None] compute_driver = libvirt.LibvirtDriver {{(pid=92806) log_opt_values /opt/stack/data/venv/lib/python3.12/site-packages/oslo_config/cfg.py:3534}}
Aug 10 06:01:05.035280 np0000006860 devstack@n-api-meta.service[92808]: DEBUG oslo_concurrency.lockutils [None req-7a82fa51-6d5e-41b7-b71b-de772b70249d None None] Lock "00000000-0000-0000-0000-000000000000" "released" by "nova.context.set_target_cell..get_or_set_cached_cell_and_set_connections" :: held 0.000s {{(pid=92808) inner /opt/stack/data/venv/lib/python3.12/site-packages/oslo_concurrency/lockutils.py:544}}
Aug 10 06:01:05.035329 np0000006860 devstack@n-api-meta.service[92806]: DEBUG nova.api.openstack.wsgi_app [None req-d3240529-3bde-4fd5-8827-4968e6fe3f3f None None] compute_monitors = [] {{(pid=92806) log_opt_values /opt/stack/data/venv/lib/python3.12/site-packages/oslo_config/cfg.py:3534}}
Aug 10 06:01:05.035457 np0000006860 devstack@n-api-meta.service[92806]: DEBUG nova.api.openstack.wsgi_app [None req-d3240529-3bde-4fd5-8827-4968e6fe3f3f None None] concurrency_backend = auto {{(pid=92806) log_opt_values /opt/stack/data/venv/lib/python3.12/site-packages/oslo_config/cfg.py:3534}}
Aug 10 06:01:05.035588 np0000006860 devstack@n-api-meta.service[92806]: DEBUG nova.api.openstack.wsgi_app [None req-d3240529-3bde-4fd5-8827-4968e6fe3f3f None None] config_dir = [] {{(pid=92806) log_opt_values /opt/stack/data/venv/lib/python3.12/site-packages/oslo_config/cfg.py:3534}}
Aug 10 06:01:05.035716 np0000006860 devstack@n-api-meta.service[92806]: DEBUG nova.api.openstack.wsgi_app [None req-d3240529-3bde-4fd5-8827-4968e6fe3f3f None None] config_drive_format = iso9660 {{(pid=92806) log_opt_values /opt/stack/data/venv/lib/python3.12/site-packages/oslo_config/cfg.py:3534}}
Aug 10 06:01:05.035825 np0000006860 devstack@n-api-meta.service[92806]: DEBUG nova.api.openstack.wsgi_app [None req-d3240529-3bde-4fd5-8827-4968e6fe3f3f None None] config_file = ['/etc/nova/api-paste.ini', '/etc/nova/nova.conf'] {{(pid=92806) log_opt_values /opt/stack/data/venv/lib/python3.12/site-packages/oslo_config/cfg.py:3534}}
Aug 10 06:01:05.035950 np0000006860 devstack@n-api-meta.service[92806]: DEBUG nova.api.openstack.wsgi_app [None req-d3240529-3bde-4fd5-8827-4968e6fe3f3f None None] config_source = [] {{(pid=92806) log_opt_values /opt/stack/data/venv/lib/python3.12/site-packages/oslo_config/cfg.py:3534}}
Aug 10 06:01:05.035988 np0000006860 devstack@n-api-meta.service[92808]: DEBUG oslo_concurrency.lockutils [None req-7a82fa51-6d5e-41b7-b71b-de772b70249d None None] Acquiring lock "acfad91a-816f-426f-9928-7f145c0f2285" by "nova.context.set_target_cell..get_or_set_cached_cell_and_set_connections" {{(pid=92808) inner /opt/stack/data/venv/lib/python3.12/site-packages/oslo_concurrency/lockutils.py:512}}
Aug 10 06:01:05.036115 np0000006860 devstack@n-api-meta.service[92806]: DEBUG nova.api.openstack.wsgi_app [None req-d3240529-3bde-4fd5-8827-4968e6fe3f3f None None] console_host = np0000006860 {{(pid=92806) log_opt_values /opt/stack/data/venv/lib/python3.12/site-packages/oslo_config/cfg.py:3534}}
Aug 10 06:01:05.036154 np0000006860 devstack@n-api-meta.service[92808]: DEBUG oslo_concurrency.lockutils [None req-7a82fa51-6d5e-41b7-b71b-de772b70249d None None] Lock "acfad91a-816f-426f-9928-7f145c0f2285" acquired by "nova.context.set_target_cell..get_or_set_cached_cell_and_set_connections" :: waited 0.000s {{(pid=92808) inner /opt/stack/data/venv/lib/python3.12/site-packages/oslo_concurrency/lockutils.py:525}}
Aug 10 06:01:05.036185 np0000006860 devstack@n-api-meta.service[92806]: DEBUG nova.api.openstack.wsgi_app [None req-d3240529-3bde-4fd5-8827-4968e6fe3f3f None None] control_exchange = nova {{(pid=92806) log_opt_values /opt/stack/data/venv/lib/python3.12/site-packages/oslo_config/cfg.py:3534}}
Aug 10 06:01:05.036296 np0000006860 devstack@n-api-meta.service[92806]: DEBUG nova.api.openstack.wsgi_app [None req-d3240529-3bde-4fd5-8827-4968e6fe3f3f None None] cpu_allocation_ratio = None {{(pid=92806) log_opt_values /opt/stack/data/venv/lib/python3.12/site-packages/oslo_config/cfg.py:3534}}
Aug 10 06:01:05.036404 np0000006860 devstack@n-api-meta.service[92806]: DEBUG nova.api.openstack.wsgi_app [None req-d3240529-3bde-4fd5-8827-4968e6fe3f3f None None] daemon = False {{(pid=92806) log_opt_values /opt/stack/data/venv/lib/python3.12/site-packages/oslo_config/cfg.py:3534}}
Aug 10 06:01:05.036552 np0000006860 devstack@n-api-meta.service[92806]: DEBUG nova.api.openstack.wsgi_app [None req-d3240529-3bde-4fd5-8827-4968e6fe3f3f None None] debug = True {{(pid=92806) log_opt_values /opt/stack/data/venv/lib/python3.12/site-packages/oslo_config/cfg.py:3534}}
Aug 10 06:01:05.036689 np0000006860 devstack@n-api-meta.service[92806]: DEBUG nova.api.openstack.wsgi_app [None req-d3240529-3bde-4fd5-8827-4968e6fe3f3f None None] default_access_ip_network_name = None {{(pid=92806) log_opt_values /opt/stack/data/venv/lib/python3.12/site-packages/oslo_config/cfg.py:3534}}
Aug 10 06:01:05.036876 np0000006860 devstack@n-api-meta.service[92806]: DEBUG nova.api.openstack.wsgi_app [None req-d3240529-3bde-4fd5-8827-4968e6fe3f3f None None] default_availability_zone = nova {{(pid=92806) log_opt_values /opt/stack/data/venv/lib/python3.12/site-packages/oslo_config/cfg.py:3534}}
Aug 10 06:01:05.036924 np0000006860 devstack@n-api-meta.service[92808]: DEBUG oslo_concurrency.lockutils [None req-7a82fa51-6d5e-41b7-b71b-de772b70249d None None] Lock "acfad91a-816f-426f-9928-7f145c0f2285" "released" by "nova.context.set_target_cell..get_or_set_cached_cell_and_set_connections" :: held 0.001s {{(pid=92808) inner /opt/stack/data/venv/lib/python3.12/site-packages/oslo_concurrency/lockutils.py:544}}
Aug 10 06:01:05.037043 np0000006860 devstack@n-api-meta.service[92806]: DEBUG nova.api.openstack.wsgi_app [None req-d3240529-3bde-4fd5-8827-4968e6fe3f3f None None] default_ephemeral_format = ext4 {{(pid=92806) log_opt_values /opt/stack/data/venv/lib/python3.12/site-packages/oslo_config/cfg.py:3534}}
Aug 10 06:01:05.037208 np0000006860 devstack@n-api-meta.service[92806]: DEBUG nova.api.openstack.wsgi_app [None req-d3240529-3bde-4fd5-8827-4968e6fe3f3f None None] default_green_pool_size = 1000 {{(pid=92806) log_opt_values /opt/stack/data/venv/lib/python3.12/site-packages/oslo_config/cfg.py:3534}}
Aug 10 06:01:05.037526 np0000006860 devstack@n-api-meta.service[92806]: DEBUG nova.api.openstack.wsgi_app [None req-d3240529-3bde-4fd5-8827-4968e6fe3f3f None None] default_log_levels = ['amqp=WARN', 'boto=WARN', 'sqlalchemy=WARN', 'suds=INFO', 'oslo.messaging=INFO', 'oslo_messaging=INFO', 'iso8601=WARN', 'requests.packages.urllib3.connectionpool=WARN', 'urllib3.connectionpool=WARN', 'websocket=WARN', 'requests.packages.urllib3.util.retry=WARN', 'urllib3.util.retry=WARN', 'keystonemiddleware=WARN', 'routes.middleware=WARN', 'stevedore=WARN', 'taskflow=WARN', 'keystoneauth=WARN', 'oslo.cache=INFO', 'oslo_policy=INFO', 'dogpile.core.dogpile=INFO', 'glanceclient=WARN', 'oslo.privsep.daemon=INFO'] {{(pid=92806) log_opt_values /opt/stack/data/venv/lib/python3.12/site-packages/oslo_config/cfg.py:3534}}
Aug 10 06:01:05.037683 np0000006860 devstack@n-api-meta.service[92806]: DEBUG nova.api.openstack.wsgi_app [None req-d3240529-3bde-4fd5-8827-4968e6fe3f3f None None] default_schedule_zone = None {{(pid=92806) log_opt_values /opt/stack/data/venv/lib/python3.12/site-packages/oslo_config/cfg.py:3534}}
Aug 10 06:01:05.037792 np0000006860 devstack@n-api-meta.service[92806]: DEBUG nova.api.openstack.wsgi_app [None req-d3240529-3bde-4fd5-8827-4968e6fe3f3f None None] default_thread_pool_size = 10 {{(pid=92806) log_opt_values /opt/stack/data/venv/lib/python3.12/site-packages/oslo_config/cfg.py:3534}}
Aug 10 06:01:05.037904 np0000006860 devstack@n-api-meta.service[92806]: DEBUG nova.api.openstack.wsgi_app [None req-d3240529-3bde-4fd5-8827-4968e6fe3f3f None None] disk_allocation_ratio = None {{(pid=92806) log_opt_values /opt/stack/data/venv/lib/python3.12/site-packages/oslo_config/cfg.py:3534}}
Aug 10 06:01:05.038016 np0000006860 devstack@n-api-meta.service[92806]: DEBUG nova.api.openstack.wsgi_app [None req-d3240529-3bde-4fd5-8827-4968e6fe3f3f None None] enable_new_services = True {{(pid=92806) log_opt_values /opt/stack/data/venv/lib/python3.12/site-packages/oslo_config/cfg.py:3534}}
Aug 10 06:01:05.038145 np0000006860 devstack@n-api-meta.service[92806]: DEBUG nova.api.openstack.wsgi_app [None req-d3240529-3bde-4fd5-8827-4968e6fe3f3f None None] flat_injected = False {{(pid=92806) log_opt_values /opt/stack/data/venv/lib/python3.12/site-packages/oslo_config/cfg.py:3534}}
Aug 10 06:01:05.038189 np0000006860 devstack@n-api-meta.service[92808]: INFO dbcounter [None req-7a82fa51-6d5e-41b7-b71b-de772b70249d None None] Registered counter for database nova_cell0
Aug 10 06:01:05.038303 np0000006860 devstack@n-api-meta.service[92806]: DEBUG nova.api.openstack.wsgi_app [None req-d3240529-3bde-4fd5-8827-4968e6fe3f3f None None] force_config_drive = True {{(pid=92806) log_opt_values /opt/stack/data/venv/lib/python3.12/site-packages/oslo_config/cfg.py:3534}}
Aug 10 06:01:05.038522 np0000006860 devstack@n-api-meta.service[92806]: DEBUG nova.api.openstack.wsgi_app [None req-d3240529-3bde-4fd5-8827-4968e6fe3f3f None None] force_raw_images = True {{(pid=92806) log_opt_values /opt/stack/data/venv/lib/python3.12/site-packages/oslo_config/cfg.py:3534}}
Aug 10 06:01:05.038642 np0000006860 devstack@n-api-meta.service[92807]: DEBUG dbcounter [-] [92807] Writer thread running {{(pid=92807) stat_writer /opt/stack/data/venv/lib/python3.12/site-packages/dbcounter.py:102}}
Aug 10 06:01:05.038739 np0000006860 devstack@n-api-meta.service[92806]: DEBUG nova.api.openstack.wsgi_app [None req-d3240529-3bde-4fd5-8827-4968e6fe3f3f None None] graceful_shutdown_timeout = 5 {{(pid=92806) log_opt_values /opt/stack/data/venv/lib/python3.12/site-packages/oslo_config/cfg.py:3534}}
Aug 10 06:01:05.039239 np0000006860 devstack@n-api-meta.service[92806]: DEBUG nova.api.openstack.wsgi_app [None req-d3240529-3bde-4fd5-8827-4968e6fe3f3f None None] heal_instance_info_cache_interval = -1 {{(pid=92806) log_opt_values /opt/stack/data/venv/lib/python3.12/site-packages/oslo_config/cfg.py:3534}}
Aug 10 06:01:05.039239 np0000006860 devstack@n-api-meta.service[92806]: DEBUG nova.api.openstack.wsgi_app [None req-d3240529-3bde-4fd5-8827-4968e6fe3f3f None None] host = np0000006860 {{(pid=92806) log_opt_values /opt/stack/data/venv/lib/python3.12/site-packages/oslo_config/cfg.py:3534}}
Aug 10 06:01:05.039239 np0000006860 devstack@n-api-meta.service[92806]: DEBUG nova.api.openstack.wsgi_app [None req-d3240529-3bde-4fd5-8827-4968e6fe3f3f None None] initial_cpu_allocation_ratio = 4.0 {{(pid=92806) log_opt_values /opt/stack/data/venv/lib/python3.12/site-packages/oslo_config/cfg.py:3534}}
Aug 10 06:01:05.039422 np0000006860 devstack@n-api-meta.service[92806]: DEBUG nova.api.openstack.wsgi_app [None req-d3240529-3bde-4fd5-8827-4968e6fe3f3f None None] initial_disk_allocation_ratio = 1.0 {{(pid=92806) log_opt_values /opt/stack/data/venv/lib/python3.12/site-packages/oslo_config/cfg.py:3534}}
Aug 10 06:01:05.039422 np0000006860 devstack@n-api-meta.service[92806]: DEBUG nova.api.openstack.wsgi_app [None req-d3240529-3bde-4fd5-8827-4968e6fe3f3f None None] initial_ram_allocation_ratio = 1.0 {{(pid=92806) log_opt_values /opt/stack/data/venv/lib/python3.12/site-packages/oslo_config/cfg.py:3534}}
Aug 10 06:01:05.039580 np0000006860 devstack@n-api-meta.service[92806]: DEBUG nova.api.openstack.wsgi_app [None req-d3240529-3bde-4fd5-8827-4968e6fe3f3f None None] injected_network_template = /opt/stack/nova/nova/virt/interfaces.template {{(pid=92806) log_opt_values /opt/stack/data/venv/lib/python3.12/site-packages/oslo_config/cfg.py:3534}}
Aug 10 06:01:05.039682 np0000006860 devstack@n-api-meta.service[92806]: DEBUG nova.api.openstack.wsgi_app [None req-d3240529-3bde-4fd5-8827-4968e6fe3f3f None None] instance_build_timeout = 0 {{(pid=92806) log_opt_values /opt/stack/data/venv/lib/python3.12/site-packages/oslo_config/cfg.py:3534}}
Aug 10 06:01:05.039803 np0000006860 devstack@n-api-meta.service[92806]: DEBUG nova.api.openstack.wsgi_app [None req-d3240529-3bde-4fd5-8827-4968e6fe3f3f None None] instance_delete_interval = 300 {{(pid=92806) log_opt_values /opt/stack/data/venv/lib/python3.12/site-packages/oslo_config/cfg.py:3534}}
Aug 10 06:01:05.039992 np0000006860 devstack@n-api-meta.service[92806]: DEBUG nova.api.openstack.wsgi_app [None req-d3240529-3bde-4fd5-8827-4968e6fe3f3f None None] instance_format = [instance: %(uuid)s] {{(pid=92806) log_opt_values /opt/stack/data/venv/lib/python3.12/site-packages/oslo_config/cfg.py:3534}}
Aug 10 06:01:05.040071 np0000006860 devstack@n-api-meta.service[92806]: DEBUG nova.api.openstack.wsgi_app [None req-d3240529-3bde-4fd5-8827-4968e6fe3f3f None None] instance_name_template = instance-%08x {{(pid=92806) log_opt_values /opt/stack/data/venv/lib/python3.12/site-packages/oslo_config/cfg.py:3534}}
Aug 10 06:01:05.040210 np0000006860 devstack@n-api-meta.service[92806]: DEBUG nova.api.openstack.wsgi_app [None req-d3240529-3bde-4fd5-8827-4968e6fe3f3f None None] instance_usage_audit = False {{(pid=92806) log_opt_values /opt/stack/data/venv/lib/python3.12/site-packages/oslo_config/cfg.py:3534}}
Aug 10 06:01:05.040302 np0000006860 devstack@n-api-meta.service[92806]: DEBUG nova.api.openstack.wsgi_app [None req-d3240529-3bde-4fd5-8827-4968e6fe3f3f None None] instance_usage_audit_period = month {{(pid=92806) log_opt_values /opt/stack/data/venv/lib/python3.12/site-packages/oslo_config/cfg.py:3534}}
Aug 10 06:01:05.040419 np0000006860 devstack@n-api-meta.service[92806]: DEBUG nova.api.openstack.wsgi_app [None req-d3240529-3bde-4fd5-8827-4968e6fe3f3f None None] instance_uuid_format = [instance: %(uuid)s] {{(pid=92806) log_opt_values /opt/stack/data/venv/lib/python3.12/site-packages/oslo_config/cfg.py:3534}}
Aug 10 06:01:05.040568 np0000006860 devstack@n-api-meta.service[92806]: DEBUG nova.api.openstack.wsgi_app [None req-d3240529-3bde-4fd5-8827-4968e6fe3f3f None None] instances_path = /opt/stack/data/nova/instances {{(pid=92806) log_opt_values /opt/stack/data/venv/lib/python3.12/site-packages/oslo_config/cfg.py:3534}}
Aug 10 06:01:05.040685 np0000006860 devstack@n-api-meta.service[92806]: DEBUG nova.api.openstack.wsgi_app [None req-d3240529-3bde-4fd5-8827-4968e6fe3f3f None None] internal_service_availability_zone = internal {{(pid=92806) log_opt_values /opt/stack/data/venv/lib/python3.12/site-packages/oslo_config/cfg.py:3534}}
Aug 10 06:01:05.040822 np0000006860 devstack@n-api-meta.service[92806]: DEBUG nova.api.openstack.wsgi_app [None req-d3240529-3bde-4fd5-8827-4968e6fe3f3f None None] key = None {{(pid=92806) log_opt_values /opt/stack/data/venv/lib/python3.12/site-packages/oslo_config/cfg.py:3534}}
Aug 10 06:01:05.040939 np0000006860 devstack@n-api-meta.service[92806]: DEBUG nova.api.openstack.wsgi_app [None req-d3240529-3bde-4fd5-8827-4968e6fe3f3f None None] live_migration_retry_count = 30 {{(pid=92806) log_opt_values /opt/stack/data/venv/lib/python3.12/site-packages/oslo_config/cfg.py:3534}}
Aug 10 06:01:05.041058 np0000006860 devstack@n-api-meta.service[92806]: DEBUG nova.api.openstack.wsgi_app [None req-d3240529-3bde-4fd5-8827-4968e6fe3f3f None None] log_color = False {{(pid=92806) log_opt_values /opt/stack/data/venv/lib/python3.12/site-packages/oslo_config/cfg.py:3534}}
Aug 10 06:01:05.041175 np0000006860 devstack@n-api-meta.service[92806]: DEBUG nova.api.openstack.wsgi_app [None req-d3240529-3bde-4fd5-8827-4968e6fe3f3f None None] log_config_append = None {{(pid=92806) log_opt_values /opt/stack/data/venv/lib/python3.12/site-packages/oslo_config/cfg.py:3534}}
Aug 10 06:01:05.041212 np0000006860 devstack@n-api-meta.service[92808]: INFO dbcounter [None req-7a82fa51-6d5e-41b7-b71b-de772b70249d None None] Registered counter for database nova_cell1
Aug 10 06:01:05.041294 np0000006860 devstack@n-api-meta.service[92806]: DEBUG nova.api.openstack.wsgi_app [None req-d3240529-3bde-4fd5-8827-4968e6fe3f3f None None] log_date_format = %Y-%m-%d %H:%M:%S {{(pid=92806) log_opt_values /opt/stack/data/venv/lib/python3.12/site-packages/oslo_config/cfg.py:3534}}
Aug 10 06:01:05.041407 np0000006860 devstack@n-api-meta.service[92806]: DEBUG nova.api.openstack.wsgi_app [None req-d3240529-3bde-4fd5-8827-4968e6fe3f3f None None] log_dir = None {{(pid=92806) log_opt_values /opt/stack/data/venv/lib/python3.12/site-packages/oslo_config/cfg.py:3534}}
Aug 10 06:01:05.041548 np0000006860 devstack@n-api-meta.service[92806]: DEBUG nova.api.openstack.wsgi_app [None req-d3240529-3bde-4fd5-8827-4968e6fe3f3f None None] log_file = None {{(pid=92806) log_opt_values /opt/stack/data/venv/lib/python3.12/site-packages/oslo_config/cfg.py:3534}}
Aug 10 06:01:05.041703 np0000006860 devstack@n-api-meta.service[92806]: DEBUG nova.api.openstack.wsgi_app [None req-d3240529-3bde-4fd5-8827-4968e6fe3f3f None None] log_options = True {{(pid=92806) log_opt_values /opt/stack/data/venv/lib/python3.12/site-packages/oslo_config/cfg.py:3534}}
Aug 10 06:01:05.041759 np0000006860 devstack@n-api-meta.service[92806]: DEBUG nova.api.openstack.wsgi_app [None req-d3240529-3bde-4fd5-8827-4968e6fe3f3f None None] log_rotate_interval = 1 {{(pid=92806) log_opt_values /opt/stack/data/venv/lib/python3.12/site-packages/oslo_config/cfg.py:3534}}
Aug 10 06:01:05.041865 np0000006860 devstack@n-api-meta.service[92806]: DEBUG nova.api.openstack.wsgi_app [None req-d3240529-3bde-4fd5-8827-4968e6fe3f3f None None] log_rotate_interval_type = days {{(pid=92806) log_opt_values /opt/stack/data/venv/lib/python3.12/site-packages/oslo_config/cfg.py:3534}}
Aug 10 06:01:05.041981 np0000006860 devstack@n-api-meta.service[92806]: DEBUG nova.api.openstack.wsgi_app [None req-d3240529-3bde-4fd5-8827-4968e6fe3f3f None None] log_rotation_type = none {{(pid=92806) log_opt_values /opt/stack/data/venv/lib/python3.12/site-packages/oslo_config/cfg.py:3534}}
Aug 10 06:01:05.042080 np0000006860 devstack@n-api-meta.service[92806]: DEBUG nova.api.openstack.wsgi_app [None req-d3240529-3bde-4fd5-8827-4968e6fe3f3f None None] logging_context_format_string = %(color)s%(levelname)s %(name)s [%(global_request_id)s %(request_id)s %(project_name)s %(user_name)s%(color)s] %(instance)s%(color)s%(message)s {{(pid=92806) log_opt_values /opt/stack/data/venv/lib/python3.12/site-packages/oslo_config/cfg.py:3534}}
Aug 10 06:01:05.042177 np0000006860 devstack@n-api-meta.service[92806]: DEBUG nova.api.openstack.wsgi_app [None req-d3240529-3bde-4fd5-8827-4968e6fe3f3f None None] logging_debug_format_suffix = {{(pid=%(process)d) %(funcName)s %(pathname)s:%(lineno)d}} {{(pid=92806) log_opt_values /opt/stack/data/venv/lib/python3.12/site-packages/oslo_config/cfg.py:3534}}
Aug 10 06:01:05.042296 np0000006860 devstack@n-api-meta.service[92806]: DEBUG nova.api.openstack.wsgi_app [None req-d3240529-3bde-4fd5-8827-4968e6fe3f3f None None] logging_default_format_string = %(color)s%(levelname)s %(name)s [-%(color)s] %(instance)s%(color)s%(message)s {{(pid=92806) log_opt_values /opt/stack/data/venv/lib/python3.12/site-packages/oslo_config/cfg.py:3534}}
Aug 10 06:01:05.042422 np0000006860 devstack@n-api-meta.service[92806]: DEBUG nova.api.openstack.wsgi_app [None req-d3240529-3bde-4fd5-8827-4968e6fe3f3f None None] logging_exception_prefix = ERROR %(name)s %(instance)s {{(pid=92806) log_opt_values /opt/stack/data/venv/lib/python3.12/site-packages/oslo_config/cfg.py:3534}}
Aug 10 06:01:05.042582 np0000006860 devstack@n-api-meta.service[92806]: DEBUG nova.api.openstack.wsgi_app [None req-d3240529-3bde-4fd5-8827-4968e6fe3f3f None None] logging_user_identity_format = %(user)s %(project)s %(domain)s %(system_scope)s %(user_domain)s %(project_domain)s {{(pid=92806) log_opt_values /opt/stack/data/venv/lib/python3.12/site-packages/oslo_config/cfg.py:3534}}
Aug 10 06:01:05.042666 np0000006860 devstack@n-api-meta.service[92806]: DEBUG nova.api.openstack.wsgi_app [None req-d3240529-3bde-4fd5-8827-4968e6fe3f3f None None] long_rpc_timeout = 1800 {{(pid=92806) log_opt_values /opt/stack/data/venv/lib/python3.12/site-packages/oslo_config/cfg.py:3534}}
Aug 10 06:01:05.042758 np0000006860 devstack@n-api-meta.service[92806]: DEBUG nova.api.openstack.wsgi_app [None req-d3240529-3bde-4fd5-8827-4968e6fe3f3f None None] manager_shutdown_timeout = 160 {{(pid=92806) log_opt_values /opt/stack/data/venv/lib/python3.12/site-packages/oslo_config/cfg.py:3534}}
Aug 10 06:01:05.042868 np0000006860 devstack@n-api-meta.service[92806]: DEBUG nova.api.openstack.wsgi_app [None req-d3240529-3bde-4fd5-8827-4968e6fe3f3f None None] max_concurrent_builds = 10 {{(pid=92806) log_opt_values /opt/stack/data/venv/lib/python3.12/site-packages/oslo_config/cfg.py:3534}}
Aug 10 06:01:05.042979 np0000006860 devstack@n-api-meta.service[92806]: DEBUG nova.api.openstack.wsgi_app [None req-d3240529-3bde-4fd5-8827-4968e6fe3f3f None None] max_concurrent_live_migrations = 1 {{(pid=92806) log_opt_values /opt/stack/data/venv/lib/python3.12/site-packages/oslo_config/cfg.py:3534}}
Aug 10 06:01:05.043120 np0000006860 devstack@n-api-meta.service[92806]: DEBUG nova.api.openstack.wsgi_app [None req-d3240529-3bde-4fd5-8827-4968e6fe3f3f None None] max_concurrent_snapshots = 5 {{(pid=92806) log_opt_values /opt/stack/data/venv/lib/python3.12/site-packages/oslo_config/cfg.py:3534}}
Aug 10 06:01:05.043233 np0000006860 devstack@n-api-meta.service[92806]: DEBUG nova.api.openstack.wsgi_app [None req-d3240529-3bde-4fd5-8827-4968e6fe3f3f None None] max_local_block_devices = 3 {{(pid=92806) log_opt_values /opt/stack/data/venv/lib/python3.12/site-packages/oslo_config/cfg.py:3534}}
Aug 10 06:01:05.043344 np0000006860 devstack@n-api-meta.service[92806]: DEBUG nova.api.openstack.wsgi_app [None req-d3240529-3bde-4fd5-8827-4968e6fe3f3f None None] max_logfile_count = 30 {{(pid=92806) log_opt_values /opt/stack/data/venv/lib/python3.12/site-packages/oslo_config/cfg.py:3534}}
Aug 10 06:01:05.043488 np0000006860 devstack@n-api-meta.service[92806]: DEBUG nova.api.openstack.wsgi_app [None req-d3240529-3bde-4fd5-8827-4968e6fe3f3f None None] max_logfile_size_mb = 200 {{(pid=92806) log_opt_values /opt/stack/data/venv/lib/python3.12/site-packages/oslo_config/cfg.py:3534}}
Aug 10 06:01:05.043630 np0000006860 devstack@n-api-meta.service[92806]: DEBUG nova.api.openstack.wsgi_app [None req-d3240529-3bde-4fd5-8827-4968e6fe3f3f None None] maximum_instance_delete_attempts = 5 {{(pid=92806) log_opt_values /opt/stack/data/venv/lib/python3.12/site-packages/oslo_config/cfg.py:3534}}
Aug 10 06:01:05.043751 np0000006860 devstack@n-api-meta.service[92806]: DEBUG nova.api.openstack.wsgi_app [None req-d3240529-3bde-4fd5-8827-4968e6fe3f3f None None] migrate_max_retries = -1 {{(pid=92806) log_opt_values /opt/stack/data/venv/lib/python3.12/site-packages/oslo_config/cfg.py:3534}}
Aug 10 06:01:05.043888 np0000006860 devstack@n-api-meta.service[92806]: DEBUG nova.api.openstack.wsgi_app [None req-d3240529-3bde-4fd5-8827-4968e6fe3f3f None None] mkisofs_cmd = genisoimage {{(pid=92806) log_opt_values /opt/stack/data/venv/lib/python3.12/site-packages/oslo_config/cfg.py:3534}}
Aug 10 06:01:05.044044 np0000006860 devstack@n-api-meta.service[92806]: DEBUG nova.api.openstack.wsgi_app [None req-d3240529-3bde-4fd5-8827-4968e6fe3f3f None None] my_block_storage_ip = 10.4.3.146 {{(pid=92806) log_opt_values /opt/stack/data/venv/lib/python3.12/site-packages/oslo_config/cfg.py:3534}}
Aug 10 06:01:05.044140 np0000006860 devstack@n-api-meta.service[92806]: DEBUG nova.api.openstack.wsgi_app [None req-d3240529-3bde-4fd5-8827-4968e6fe3f3f None None] my_ip = 10.4.3.146 {{(pid=92806) log_opt_values /opt/stack/data/venv/lib/python3.12/site-packages/oslo_config/cfg.py:3534}}
Aug 10 06:01:05.044286 np0000006860 devstack@n-api-meta.service[92806]: DEBUG nova.api.openstack.wsgi_app [None req-d3240529-3bde-4fd5-8827-4968e6fe3f3f None None] my_shared_fs_storage_ip = 10.4.3.146 {{(pid=92806) log_opt_values /opt/stack/data/venv/lib/python3.12/site-packages/oslo_config/cfg.py:3534}}
Aug 10 06:01:05.044402 np0000006860 devstack@n-api-meta.service[92806]: DEBUG nova.api.openstack.wsgi_app [None req-d3240529-3bde-4fd5-8827-4968e6fe3f3f None None] network_allocate_retries = 0 {{(pid=92806) log_opt_values /opt/stack/data/venv/lib/python3.12/site-packages/oslo_config/cfg.py:3534}}
Aug 10 06:01:05.044574 np0000006860 devstack@n-api-meta.service[92806]: DEBUG nova.api.openstack.wsgi_app [None req-d3240529-3bde-4fd5-8827-4968e6fe3f3f None None] non_inheritable_image_properties = ['cache_in_nova', 'bittorrent'] {{(pid=92806) log_opt_values /opt/stack/data/venv/lib/python3.12/site-packages/oslo_config/cfg.py:3534}}
Aug 10 06:01:05.044699 np0000006860 devstack@n-api-meta.service[92806]: DEBUG nova.api.openstack.wsgi_app [None req-d3240529-3bde-4fd5-8827-4968e6fe3f3f None None] osapi_compute_unique_server_name_scope = {{(pid=92806) log_opt_values /opt/stack/data/venv/lib/python3.12/site-packages/oslo_config/cfg.py:3534}}
Aug 10 06:01:05.044818 np0000006860 devstack@n-api-meta.service[92806]: DEBUG nova.api.openstack.wsgi_app [None req-d3240529-3bde-4fd5-8827-4968e6fe3f3f None None] password_length = 12 {{(pid=92806) log_opt_values /opt/stack/data/venv/lib/python3.12/site-packages/oslo_config/cfg.py:3534}}
Aug 10 06:01:05.044940 np0000006860 devstack@n-api-meta.service[92806]: DEBUG nova.api.openstack.wsgi_app [None req-d3240529-3bde-4fd5-8827-4968e6fe3f3f None None] periodic_enable = True {{(pid=92806) log_opt_values /opt/stack/data/venv/lib/python3.12/site-packages/oslo_config/cfg.py:3534}}
Aug 10 06:01:05.045067 np0000006860 devstack@n-api-meta.service[92806]: DEBUG nova.api.openstack.wsgi_app [None req-d3240529-3bde-4fd5-8827-4968e6fe3f3f None None] periodic_fuzzy_delay = 60 {{(pid=92806) log_opt_values /opt/stack/data/venv/lib/python3.12/site-packages/oslo_config/cfg.py:3534}}
Aug 10 06:01:05.045200 np0000006860 devstack@n-api-meta.service[92806]: DEBUG nova.api.openstack.wsgi_app [None req-d3240529-3bde-4fd5-8827-4968e6fe3f3f None None] pointer_model = ps2mouse {{(pid=92806) log_opt_values /opt/stack/data/venv/lib/python3.12/site-packages/oslo_config/cfg.py:3534}}
Aug 10 06:01:05.045333 np0000006860 devstack@n-api-meta.service[92806]: DEBUG nova.api.openstack.wsgi_app [None req-d3240529-3bde-4fd5-8827-4968e6fe3f3f None None] preallocate_images = none {{(pid=92806) log_opt_values /opt/stack/data/venv/lib/python3.12/site-packages/oslo_config/cfg.py:3534}}
Aug 10 06:01:05.045483 np0000006860 devstack@n-api-meta.service[92806]: DEBUG nova.api.openstack.wsgi_app [None req-d3240529-3bde-4fd5-8827-4968e6fe3f3f None None] publish_errors = False {{(pid=92806) log_opt_values /opt/stack/data/venv/lib/python3.12/site-packages/oslo_config/cfg.py:3534}}
Aug 10 06:01:05.045581 np0000006860 devstack@n-api-meta.service[92806]: DEBUG nova.api.openstack.wsgi_app [None req-d3240529-3bde-4fd5-8827-4968e6fe3f3f None None] pybasedir = /opt/stack/nova {{(pid=92806) log_opt_values /opt/stack/data/venv/lib/python3.12/site-packages/oslo_config/cfg.py:3534}}
