Aug 10 06:03:44.456424 np0000006860 devstack@n-api.service[84307]: DEBUG nova.policy [None req-4e97377d-ac8b-450e-8299-f7507d55d875 tempest-ServerRescueNegativeTestJSON-515437999 tempest-ServerRescueNegativeTestJSON-515437999-project-member] Policy check for os_compute_api:os-extended-server-attributes failed with credentials {'is_admin': False, 'user_id': 'd518de29ebe3442c9d763a238a1911ae', 'user_domain_id': 'default', 'system_scope': None, 'domain_id': None, 'project_id': 'f8d647d3161947318f4e1180541ffb53', 'project_domain_id': 'default', 'roles': ['member', 'reader'], 'is_admin_project': True, 'service_user_id': None, 'service_user_domain_id': None, 'service_project_id': None, 'service_project_domain_id': None, 'service_roles': []} {{(pid=84307) authorize /opt/stack/nova/nova/policy.py:202}}
Aug 10 06:03:44.469446 np0000006860 devstack@n-api.service[84307]: INFO nova.api.openstack.requestlog [None req-4e97377d-ac8b-450e-8299-f7507d55d875 tempest-ServerRescueNegativeTestJSON-515437999 tempest-ServerRescueNegativeTestJSON-515437999-project-member] 10.4.3.146 "GET /compute/v2.1/servers/a989f155-9df5-4165-8b6f-8c57c0154e92" status: 200 len: 1320 microversion: 2.1 time: 0.476135
Aug 10 06:03:44.469894 np0000006860 devstack@n-api.service[84307]: [pid: 84307|app: 0|req: 22/71] 10.4.3.146 () {66 vars in 1354 bytes} [Mon Aug 10 06:03:43 2026] GET /compute/v2.1/servers/a989f155-9df5-4165-8b6f-8c57c0154e92 => generated 1320 bytes in 477 msecs (HTTP/1.1 200) 9 headers in 358 bytes (1 switches on core 0)
Aug 10 06:03:44.503320 np0000006860 devstack@n-api.service[84306]: DEBUG nova.virt.hardware [None req-b04d52a0-bf2d-412f-8ec3-c3fbd3e998d0 tempest-VolumesAdminNegativeTest-708244611 tempest-VolumesAdminNegativeTest-708244611-project-member] Flavor limits 0:0:0 {{(pid=84306) get_cpu_topology_constraints /opt/stack/nova/nova/virt/hardware.py:516}}
Aug 10 06:03:44.503440 np0000006860 devstack@n-api.service[84306]: DEBUG nova.virt.hardware [None req-b04d52a0-bf2d-412f-8ec3-c3fbd3e998d0 tempest-VolumesAdminNegativeTest-708244611 tempest-VolumesAdminNegativeTest-708244611-project-member] Image limits 0:0:0 {{(pid=84306) get_cpu_topology_constraints /opt/stack/nova/nova/virt/hardware.py:520}}
Aug 10 06:03:44.504162 np0000006860 devstack@n-api.service[84306]: DEBUG nova.virt.hardware [None req-b04d52a0-bf2d-412f-8ec3-c3fbd3e998d0 tempest-VolumesAdminNegativeTest-708244611 tempest-VolumesAdminNegativeTest-708244611-project-member] Flavor pref 0:0:0 {{(pid=84306) get_cpu_topology_constraints /opt/stack/nova/nova/virt/hardware.py:556}}
Aug 10 06:03:44.504313 np0000006860 devstack@n-api.service[84306]: DEBUG nova.virt.hardware [None req-b04d52a0-bf2d-412f-8ec3-c3fbd3e998d0 tempest-VolumesAdminNegativeTest-708244611 tempest-VolumesAdminNegativeTest-708244611-project-member] Image pref 0:0:0 {{(pid=84306) get_cpu_topology_constraints /opt/stack/nova/nova/virt/hardware.py:560}}
Aug 10 06:03:44.504505 np0000006860 devstack@n-api.service[84306]: DEBUG nova.virt.hardware [None req-b04d52a0-bf2d-412f-8ec3-c3fbd3e998d0 tempest-VolumesAdminNegativeTest-708244611 tempest-VolumesAdminNegativeTest-708244611-project-member] Chose sockets=0, cores=0, threads=0; limits were sockets=65536, cores=65536, threads=65536 {{(pid=84306) get_cpu_topology_constraints /opt/stack/nova/nova/virt/hardware.py:598}}
Aug 10 06:03:44.513179 np0000006860 devstack@n-api.service[84306]: DEBUG oslo_concurrency.lockutils [None req-b04d52a0-bf2d-412f-8ec3-c3fbd3e998d0 tempest-VolumesAdminNegativeTest-708244611 tempest-VolumesAdminNegativeTest-708244611-project-member] Acquiring lock "00000000-0000-0000-0000-000000000000" by "nova.context.set_target_cell..get_or_set_cached_cell_and_set_connections" {{(pid=84306) inner /opt/stack/data/venv/lib/python3.12/site-packages/oslo_concurrency/lockutils.py:512}}
Aug 10 06:03:44.513329 np0000006860 devstack@n-api.service[84306]: DEBUG oslo_concurrency.lockutils [None req-b04d52a0-bf2d-412f-8ec3-c3fbd3e998d0 tempest-VolumesAdminNegativeTest-708244611 tempest-VolumesAdminNegativeTest-708244611-project-member] Lock "00000000-0000-0000-0000-000000000000" acquired by "nova.context.set_target_cell..get_or_set_cached_cell_and_set_connections" :: waited 0.000s {{(pid=84306) inner /opt/stack/data/venv/lib/python3.12/site-packages/oslo_concurrency/lockutils.py:525}}
Aug 10 06:03:44.513488 np0000006860 devstack@n-api.service[84306]: DEBUG oslo_concurrency.lockutils [None req-b04d52a0-bf2d-412f-8ec3-c3fbd3e998d0 tempest-VolumesAdminNegativeTest-708244611 tempest-VolumesAdminNegativeTest-708244611-project-member] Lock "00000000-0000-0000-0000-000000000000" "released" by "nova.context.set_target_cell..get_or_set_cached_cell_and_set_connections" :: held 0.000s {{(pid=84306) inner /opt/stack/data/venv/lib/python3.12/site-packages/oslo_concurrency/lockutils.py:544}}
Aug 10 06:03:44.513973 np0000006860 devstack@n-api.service[84306]: DEBUG oslo_concurrency.lockutils [None req-b04d52a0-bf2d-412f-8ec3-c3fbd3e998d0 tempest-VolumesAdminNegativeTest-708244611 tempest-VolumesAdminNegativeTest-708244611-project-member] Acquiring lock "acfad91a-816f-426f-9928-7f145c0f2285" by "nova.context.set_target_cell..get_or_set_cached_cell_and_set_connections" {{(pid=84306) inner /opt/stack/data/venv/lib/python3.12/site-packages/oslo_concurrency/lockutils.py:512}}
Aug 10 06:03:44.514153 np0000006860 devstack@n-api.service[84306]: DEBUG oslo_concurrency.lockutils [None req-b04d52a0-bf2d-412f-8ec3-c3fbd3e998d0 tempest-VolumesAdminNegativeTest-708244611 tempest-VolumesAdminNegativeTest-708244611-project-member] Lock "acfad91a-816f-426f-9928-7f145c0f2285" acquired by "nova.context.set_target_cell..get_or_set_cached_cell_and_set_connections" :: waited 0.000s {{(pid=84306) inner /opt/stack/data/venv/lib/python3.12/site-packages/oslo_concurrency/lockutils.py:525}}
Aug 10 06:03:44.514263 np0000006860 devstack@n-api.service[84306]: DEBUG oslo_concurrency.lockutils [None req-b04d52a0-bf2d-412f-8ec3-c3fbd3e998d0 tempest-VolumesAdminNegativeTest-708244611 tempest-VolumesAdminNegativeTest-708244611-project-member] Lock "acfad91a-816f-426f-9928-7f145c0f2285" "released" by "nova.context.set_target_cell..get_or_set_cached_cell_and_set_connections" :: held 0.000s {{(pid=84306) inner /opt/stack/data/venv/lib/python3.12/site-packages/oslo_concurrency/lockutils.py:544}}
Aug 10 06:03:44.532090 np0000006860 devstack@n-api.service[84306]: DEBUG nova.quota [None req-b04d52a0-bf2d-412f-8ec3-c3fbd3e998d0 tempest-VolumesAdminNegativeTest-708244611 tempest-VolumesAdminNegativeTest-708244611-project-member] Getting quotas for project cad874ef1e9d4e98af50a04826fac18a. Resources: {'ram', 'instances', 'cores'} {{(pid=84306) _get_quotas /opt/stack/nova/nova/quota.py:389}}
Aug 10 06:03:44.536904 np0000006860 devstack@n-api.service[84306]: DEBUG nova.quota [None req-b04d52a0-bf2d-412f-8ec3-c3fbd3e998d0 tempest-VolumesAdminNegativeTest-708244611 tempest-VolumesAdminNegativeTest-708244611-project-member] Getting quotas for user 27ee08d9822243ad8be0e785845b8ffa and project cad874ef1e9d4e98af50a04826fac18a. Resources: {'ram', 'instances', 'cores'} {{(pid=84306) _get_quotas /opt/stack/nova/nova/quota.py:379}}
Aug 10 06:03:44.549096 np0000006860 devstack@n-api.service[84306]: DEBUG nova.compute.api [None req-b04d52a0-bf2d-412f-8ec3-c3fbd3e998d0 tempest-VolumesAdminNegativeTest-708244611 tempest-VolumesAdminNegativeTest-708244611-project-member] Going to run 1 instances... {{(pid=84306) _provision_instances /opt/stack/nova/nova/compute/api.py:1480}}
Aug 10 06:03:44.550541 np0000006860 devstack@n-api.service[84306]: DEBUG nova.compute.api [None req-b04d52a0-bf2d-412f-8ec3-c3fbd3e998d0 tempest-VolumesAdminNegativeTest-708244611 tempest-VolumesAdminNegativeTest-708244611-project-member] [instance: 012c1cd9-d267-484c-8386-617be60b701d] block_device_mapping [BlockDeviceMapping(attachment_id=,boot_index=0,connection_info=None,created_at=,delete_on_termination=True,deleted=,deleted_at=,destination_type='local',device_name=None,device_type='disk',disk_bus=None,encrypted=False,encryption_format=None,encryption_options=None,encryption_secret_uuid=None,guest_format=None,id=,image_id='5a34945c-663f-4d50-8d9a-eb4584827721',instance=,instance_uuid=,no_device=False,snapshot_id=None,source_type='image',tag=None,updated_at=,uuid=,volume_id=None,volume_size=None,volume_type=None)] {{(pid=84306) _bdm_validate_set_size_and_instance /opt/stack/nova/nova/compute/api.py:1942}}
Aug 10 06:03:44.625787 np0000006860 devstack@n-api.service[84306]: INFO nova.api.openstack.requestlog [None req-b04d52a0-bf2d-412f-8ec3-c3fbd3e998d0 tempest-VolumesAdminNegativeTest-708244611 tempest-VolumesAdminNegativeTest-708244611-project-member] 10.4.3.146 "POST /compute/v2.1/servers" status: 202 len: 380 microversion: 2.1 time: 1.925949
Aug 10 06:03:44.626099 np0000006860 devstack@n-api.service[84306]: [pid: 84306|app: 0|req: 25/72] 10.4.3.146 () {68 vars in 1265 bytes} [Mon Aug 10 06:03:42 2026] POST /compute/v2.1/servers => generated 380 bytes in 1926 msecs (HTTP/1.1 202) 10 headers in 451 bytes (1 switches on core 0)
Aug 10 06:03:44.628059 np0000006860 devstack@n-api.service[84306]: DEBUG nova.api.openstack.wsgi [req-dbf7c968-dc5f-427c-8a44-452ba13280a0 req-c3d944e4-edba-4efa-ae85-5f9a930fde64 service nova] Action: 'create', calling method: >, body: {"events": [{"server_uuid": "a989f155-9df5-4165-8b6f-8c57c0154e92", "name": "network-vif-plugged", "status": "completed", "tag": "71e107c6-c2b4-44c9-a6b5-1e2552b3fc2a"}, {"server_uuid": "9ca752c8-f490-421f-a088-0301adca125a", "name": "network-vif-plugged", "status": "completed", "tag": "5c5f6c35-45c7-4ec0-aadb-01a8bd48e2d8"}]} {{(pid=84306) _process_stack /opt/stack/nova/nova/api/openstack/wsgi.py:549}}
Aug 10 06:03:44.636488 np0000006860 devstack@n-api.service[84306]: DEBUG oslo_concurrency.lockutils [req-dbf7c968-dc5f-427c-8a44-452ba13280a0 req-c3d944e4-edba-4efa-ae85-5f9a930fde64 service nova] Acquiring lock "acfad91a-816f-426f-9928-7f145c0f2285" by "nova.context.set_target_cell..get_or_set_cached_cell_and_set_connections" {{(pid=84306) inner /opt/stack/data/venv/lib/python3.12/site-packages/oslo_concurrency/lockutils.py:512}}
Aug 10 06:03:44.636488 np0000006860 devstack@n-api.service[84306]: DEBUG oslo_concurrency.lockutils [req-dbf7c968-dc5f-427c-8a44-452ba13280a0 req-c3d944e4-edba-4efa-ae85-5f9a930fde64 service nova] Lock "acfad91a-816f-426f-9928-7f145c0f2285" acquired by "nova.context.set_target_cell..get_or_set_cached_cell_and_set_connections" :: waited 0.000s {{(pid=84306) inner /opt/stack/data/venv/lib/python3.12/site-packages/oslo_concurrency/lockutils.py:525}}
Aug 10 06:03:44.636488 np0000006860 devstack@n-api.service[84306]: DEBUG oslo_concurrency.lockutils [req-dbf7c968-dc5f-427c-8a44-452ba13280a0 req-c3d944e4-edba-4efa-ae85-5f9a930fde64 service nova] Lock "acfad91a-816f-426f-9928-7f145c0f2285" "released" by "nova.context.set_target_cell..get_or_set_cached_cell_and_set_connections" :: held 0.000s {{(pid=84306) inner /opt/stack/data/venv/lib/python3.12/site-packages/oslo_concurrency/lockutils.py:544}}
Aug 10 06:03:44.643335 np0000006860 devstack@n-api.service[84306]: INFO nova.api.openstack.compute.server_external_events [req-dbf7c968-dc5f-427c-8a44-452ba13280a0 req-c3d944e4-edba-4efa-ae85-5f9a930fde64 service nova] Creating event network-vif-plugged:71e107c6-c2b4-44c9-a6b5-1e2552b3fc2a for instance a989f155-9df5-4165-8b6f-8c57c0154e92 on np0000006860
Aug 10 06:03:44.643510 np0000006860 devstack@n-api.service[84306]: INFO nova.api.openstack.compute.server_external_events [req-dbf7c968-dc5f-427c-8a44-452ba13280a0 req-c3d944e4-edba-4efa-ae85-5f9a930fde64 service nova] Creating event network-vif-plugged:5c5f6c35-45c7-4ec0-aadb-01a8bd48e2d8 for instance 9ca752c8-f490-421f-a088-0301adca125a on np0000006860
Aug 10 06:03:44.643880 np0000006860 devstack@n-api.service[84306]: DEBUG nova.compute.rpcapi [req-dbf7c968-dc5f-427c-8a44-452ba13280a0 req-c3d944e4-edba-4efa-ae85-5f9a930fde64 service nova] RPC: Sending the message to topic: compute-alt {{(pid=84306) prepare_for_alt_rpcserver /opt/stack/nova/nova/compute/rpcapi.py:595}}
Aug 10 06:03:44.648328 np0000006860 devstack@n-api.service[84306]: INFO nova.api.openstack.requestlog [req-dbf7c968-dc5f-427c-8a44-452ba13280a0 req-c3d944e4-edba-4efa-ae85-5f9a930fde64 service nova] 10.4.3.146 "POST /compute/v2.1/os-server-external-events" status: 200 len: 354 microversion: 2.1 time: 0.021839
Aug 10 06:03:44.648808 np0000006860 devstack@n-api.service[84306]: [pid: 84306|app: 0|req: 26/73] 10.4.3.146 () {72 vars in 1432 bytes} [Mon Aug 10 06:03:44 2026] POST /compute/v2.1/os-server-external-events => generated 354 bytes in 22 msecs (HTTP/1.1 200) 9 headers in 357 bytes (1 switches on core 0)
Aug 10 06:03:44.650911 np0000006860 devstack@n-api.service[84306]: DEBUG nova.api.openstack.wsgi [None req-e6f143bb-9fec-496e-b1d8-b89a9c03a99b tempest-TaggedAttachmentsTest-655777850 tempest-TaggedAttachmentsTest-655777850-project-member] Action: 'create', calling method: >, body: {"server": {"name": "tempest-device-tagging-server-1393375860", "imageRef": "5a34945c-663f-4d50-8d9a-eb4584827721", "flavorRef": "42", "config_drive": true, "networks": [{"uuid": "2a2946a7-e69c-420d-b215-5f53dcce24ec"}], "security_groups": [{"name": "tempest-securitygroup--787590837"}], "key_name": "tempest-keypair-831234641", "user_data": "IyEvYmluL3NoCmVjaG8gIlByaW50aW5nIGNpcnJvcyB1c2VyIGF1dGhvcml6ZWQga2V5cyIKY2F0IH5jaXJyb3MvLnNzaC9hdXRob3JpemVkX2tleXMgfHwgdHJ1ZQo="}} {{(pid=84306) _process_stack /opt/stack/nova/nova/api/openstack/wsgi.py:549}}
Aug 10 06:03:44.665122 np0000006860 devstack@n-api.service[84307]: DEBUG nova.api.openstack.wsgi [req-f21de885-733f-4d38-995e-1c423ad2351d req-7561837f-41c7-4c41-aee9-989088bac934 service nova] Action: 'create', calling method: >, body: {"events": [{"name": "network-changed", "server_uuid": "19ba6d90-8691-4692-aa9a-5698deaab098", "tag": "a2b49367-29d6-4333-bd00-08b4091d957f"}]} {{(pid=84307) _process_stack /opt/stack/nova/nova/api/openstack/wsgi.py:549}}
Aug 10 06:03:44.671034 np0000006860 devstack@n-api.service[84307]: DEBUG oslo_concurrency.lockutils [req-f21de885-733f-4d38-995e-1c423ad2351d req-7561837f-41c7-4c41-aee9-989088bac934 service nova] Acquiring lock "acfad91a-816f-426f-9928-7f145c0f2285" by "nova.context.set_target_cell..get_or_set_cached_cell_and_set_connections" {{(pid=84307) inner /opt/stack/data/venv/lib/python3.12/site-packages/oslo_concurrency/lockutils.py:512}}
Aug 10 06:03:44.671215 np0000006860 devstack@n-api.service[84307]: DEBUG oslo_concurrency.lockutils [req-f21de885-733f-4d38-995e-1c423ad2351d req-7561837f-41c7-4c41-aee9-989088bac934 service nova] Lock "acfad91a-816f-426f-9928-7f145c0f2285" acquired by "nova.context.set_target_cell..get_or_set_cached_cell_and_set_connections" :: waited 0.000s {{(pid=84307) inner /opt/stack/data/venv/lib/python3.12/site-packages/oslo_concurrency/lockutils.py:525}}
Aug 10 06:03:44.671348 np0000006860 devstack@n-api.service[84307]: DEBUG oslo_concurrency.lockutils [req-f21de885-733f-4d38-995e-1c423ad2351d req-7561837f-41c7-4c41-aee9-989088bac934 service nova] Lock "acfad91a-816f-426f-9928-7f145c0f2285" "released" by "nova.context.set_target_cell..get_or_set_cached_cell_and_set_connections" :: held 0.000s {{(pid=84307) inner /opt/stack/data/venv/lib/python3.12/site-packages/oslo_concurrency/lockutils.py:544}}
Aug 10 06:03:44.677934 np0000006860 devstack@n-api.service[84307]: INFO nova.api.openstack.compute.server_external_events [req-f21de885-733f-4d38-995e-1c423ad2351d req-7561837f-41c7-4c41-aee9-989088bac934 service nova] Creating event network-changed:a2b49367-29d6-4333-bd00-08b4091d957f for instance 19ba6d90-8691-4692-aa9a-5698deaab098 on np0000006860
Aug 10 06:03:44.678335 np0000006860 devstack@n-api.service[84307]: DEBUG nova.compute.rpcapi [req-f21de885-733f-4d38-995e-1c423ad2351d req-7561837f-41c7-4c41-aee9-989088bac934 service nova] RPC: Sending the message to topic: compute-alt {{(pid=84307) prepare_for_alt_rpcserver /opt/stack/nova/nova/compute/rpcapi.py:595}}
Aug 10 06:03:44.682336 np0000006860 devstack@n-api.service[84307]: INFO nova.api.openstack.requestlog [req-f21de885-733f-4d38-995e-1c423ad2351d req-7561837f-41c7-4c41-aee9-989088bac934 service nova] 10.4.3.146 "POST /compute/v2.1/os-server-external-events" status: 200 len: 179 microversion: 2.1 time: 0.211986
Aug 10 06:03:44.682726 np0000006860 devstack@n-api.service[84307]: [pid: 84307|app: 0|req: 23/74] 10.4.3.146 () {72 vars in 1432 bytes} [Mon Aug 10 06:03:44 2026] POST /compute/v2.1/os-server-external-events => generated 179 bytes in 212 msecs (HTTP/1.1 200) 9 headers in 357 bytes (1 switches on core 0)
Aug 10 06:03:44.685222 np0000006860 devstack@n-api.service[84307]: DEBUG nova.api.openstack.wsgi [None req-deacacb9-4e76-431c-9d5c-35125e67411a tempest-VolumesAssistedSnapshotsTest-829974811 tempest-VolumesAssistedSnapshotsTest-829974811-project-member] Action: 'create', calling method: >, body: {"server": {"name": "tempest-VolumesAssistedSnapshotsTest-server-1327333664", "imageRef": "5a34945c-663f-4d50-8d9a-eb4584827721", "flavorRef": "42", "networks": [{"uuid": "84111a91-0383-4e38-b343-3e41c55101b2"}], "security_groups": [{"name": "tempest-securitygroup--891934147"}], "key_name": "tempest-keypair-1222032772", "user_data": "IyEvYmluL3NoCmVjaG8gIlByaW50aW5nIGNpcnJvcyB1c2VyIGF1dGhvcml6ZWQga2V5cyIKY2F0IH5jaXJyb3MvLnNzaC9hdXRob3JpemVkX2tleXMgfHwgdHJ1ZQo="}} {{(pid=84307) _process_stack /opt/stack/nova/nova/api/openstack/wsgi.py:549}}
Aug 10 06:03:44.752720 np0000006860 devstack@n-api.service[84308]: DEBUG nova.policy [None req-b0478518-b218-4723-b716-c38417bc74c9 tempest-ServerActionsTestOtherB-192742979 tempest-ServerActionsTestOtherB-192742979-project-member] Policy check for os_compute_api:os-extended-server-attributes failed with credentials {'is_admin': False, 'user_id': '49a872cf4ed649dd8e9c4f1be213ea78', 'user_domain_id': 'default', 'system_scope': None, 'domain_id': None, 'project_id': '7c7b69892b2342919ff5dfa84823d8a8', 'project_domain_id': 'default', 'roles': ['member', 'reader'], 'is_admin_project': True, 'service_user_id': None, 'service_user_domain_id': None, 'service_project_id': None, 'service_project_domain_id': None, 'service_roles': []} {{(pid=84308) authorize /opt/stack/nova/nova/policy.py:202}}
Aug 10 06:03:44.759822 np0000006860 devstack@n-api.service[84306]: DEBUG oslo_concurrency.lockutils [None req-e6f143bb-9fec-496e-b1d8-b89a9c03a99b tempest-TaggedAttachmentsTest-655777850 tempest-TaggedAttachmentsTest-655777850-project-member] Acquiring lock "00000000-0000-0000-0000-000000000000" by "nova.context.set_target_cell..get_or_set_cached_cell_and_set_connections" {{(pid=84306) inner /opt/stack/data/venv/lib/python3.12/site-packages/oslo_concurrency/lockutils.py:512}}
Aug 10 06:03:44.760233 np0000006860 devstack@n-api.service[84306]: DEBUG oslo_concurrency.lockutils [None req-e6f143bb-9fec-496e-b1d8-b89a9c03a99b tempest-TaggedAttachmentsTest-655777850 tempest-TaggedAttachmentsTest-655777850-project-member] Lock "00000000-0000-0000-0000-000000000000" acquired by "nova.context.set_target_cell..get_or_set_cached_cell_and_set_connections" :: waited 0.001s {{(pid=84306) inner /opt/stack/data/venv/lib/python3.12/site-packages/oslo_concurrency/lockutils.py:525}}
Aug 10 06:03:44.760700 np0000006860 devstack@n-api.service[84306]: DEBUG oslo_concurrency.lockutils [None req-e6f143bb-9fec-496e-b1d8-b89a9c03a99b tempest-TaggedAttachmentsTest-655777850 tempest-TaggedAttachmentsTest-655777850-project-member] Lock "00000000-0000-0000-0000-000000000000" "released" by "nova.context.set_target_cell..get_or_set_cached_cell_and_set_connections" :: held 0.000s {{(pid=84306) inner /opt/stack/data/venv/lib/python3.12/site-packages/oslo_concurrency/lockutils.py:544}}
Aug 10 06:03:44.761481 np0000006860 devstack@n-api.service[84306]: DEBUG oslo_concurrency.lockutils [None req-e6f143bb-9fec-496e-b1d8-b89a9c03a99b tempest-TaggedAttachmentsTest-655777850 tempest-TaggedAttachmentsTest-655777850-project-member] Acquiring lock "acfad91a-816f-426f-9928-7f145c0f2285" by "nova.context.set_target_cell..get_or_set_cached_cell_and_set_connections" {{(pid=84306) inner /opt/stack/data/venv/lib/python3.12/site-packages/oslo_concurrency/lockutils.py:512}}
Aug 10 06:03:44.761897 np0000006860 devstack@n-api.service[84306]: DEBUG oslo_concurrency.lockutils [None req-e6f143bb-9fec-496e-b1d8-b89a9c03a99b tempest-TaggedAttachmentsTest-655777850 tempest-TaggedAttachmentsTest-655777850-project-member] Lock "acfad91a-816f-426f-9928-7f145c0f2285" acquired by "nova.context.set_target_cell..get_or_set_cached_cell_and_set_connections" :: waited 0.000s {{(pid=84306) inner /opt/stack/data/venv/lib/python3.12/site-packages/oslo_concurrency/lockutils.py:525}}
Aug 10 06:03:44.765433 np0000006860 devstack@n-api.service[84306]: DEBUG oslo_concurrency.lockutils [None req-e6f143bb-9fec-496e-b1d8-b89a9c03a99b tempest-TaggedAttachmentsTest-655777850 tempest-TaggedAttachmentsTest-655777850-project-member] Lock "acfad91a-816f-426f-9928-7f145c0f2285" "released" by "nova.context.set_target_cell..get_or_set_cached_cell_and_set_connections" :: held 0.003s {{(pid=84306) inner /opt/stack/data/venv/lib/python3.12/site-packages/oslo_concurrency/lockutils.py:544}}
Aug 10 06:03:44.771577 np0000006860 devstack@n-api.service[84308]: INFO nova.api.openstack.requestlog [None req-b0478518-b218-4723-b716-c38417bc74c9 tempest-ServerActionsTestOtherB-192742979 tempest-ServerActionsTestOtherB-192742979-project-member] 10.4.3.146 "GET /compute/v2.1/servers/9ca752c8-f490-421f-a088-0301adca125a" status: 200 len: 1364 microversion: 2.1 time: 0.749694
Aug 10 06:03:44.772253 np0000006860 devstack@n-api.service[84308]: [pid: 84308|app: 0|req: 26/75] 10.4.3.146 () {66 vars in 1354 bytes} [Mon Aug 10 06:03:44 2026] GET /compute/v2.1/servers/9ca752c8-f490-421f-a088-0301adca125a => generated 1364 bytes in 751 msecs (HTTP/1.1 200) 9 headers in 358 bytes (1 switches on core 0)
Aug 10 06:03:44.777878 np0000006860 devstack@n-api.service[84308]: DEBUG nova.api.openstack.wsgi [None req-f604496c-0816-418b-9ea2-7b08eaaf8289 tempest-VolumesAdminNegativeTest-708244611 tempest-VolumesAdminNegativeTest-708244611-project-member] Calling method '>' {{(pid=84308) _process_stack /opt/stack/nova/nova/api/openstack/wsgi.py:551}}
Aug 10 06:03:44.778120 np0000006860 devstack@n-api.service[84306]: WARNING neutronclient.v2_0.client [None req-e6f143bb-9fec-496e-b1d8-b89a9c03a99b tempest-TaggedAttachmentsTest-655777850 tempest-TaggedAttachmentsTest-655777850-project-member] The python binding code in neutronclient is deprecated in favor of OpenstackSDK, please use that as this will be removed in a future release.
Aug 10 06:03:44.778229 np0000006860 devstack@n-api.service[84308]: DEBUG nova.compute.api [None req-f604496c-0816-418b-9ea2-7b08eaaf8289 tempest-VolumesAdminNegativeTest-708244611 tempest-VolumesAdminNegativeTest-708244611-project-member] [instance: 012c1cd9-d267-484c-8386-617be60b701d] Fetching instance by UUID {{(pid=84308) get /opt/stack/nova/nova/compute/api.py:3068}}
Aug 10 06:03:44.797846 np0000006860 devstack@n-api.service[84308]: WARNING neutronclient.v2_0.client [None req-f604496c-0816-418b-9ea2-7b08eaaf8289 tempest-VolumesAdminNegativeTest-708244611 tempest-VolumesAdminNegativeTest-708244611-project-member] The python binding code in neutronclient is deprecated in favor of OpenstackSDK, please use that as this will be removed in a future release.
Aug 10 06:03:44.800750 np0000006860 devstack@n-api.service[84307]: DEBUG oslo_concurrency.lockutils [None req-deacacb9-4e76-431c-9d5c-35125e67411a tempest-VolumesAssistedSnapshotsTest-829974811 tempest-VolumesAssistedSnapshotsTest-829974811-project-member] Acquiring lock "00000000-0000-0000-0000-000000000000" by "nova.context.set_target_cell..get_or_set_cached_cell_and_set_connections" {{(pid=84307) inner /opt/stack/data/venv/lib/python3.12/site-packages/oslo_concurrency/lockutils.py:512}}
Aug 10 06:03:44.801165 np0000006860 devstack@n-api.service[84307]: DEBUG oslo_concurrency.lockutils [None req-deacacb9-4e76-431c-9d5c-35125e67411a tempest-VolumesAssistedSnapshotsTest-829974811 tempest-VolumesAssistedSnapshotsTest-829974811-project-member] Lock "00000000-0000-0000-0000-000000000000" acquired by "nova.context.set_target_cell..get_or_set_cached_cell_and_set_connections" :: waited 0.001s {{(pid=84307) inner /opt/stack/data/venv/lib/python3.12/site-packages/oslo_concurrency/lockutils.py:525}}
Aug 10 06:03:44.801572 np0000006860 devstack@n-api.service[84307]: DEBUG oslo_concurrency.lockutils [None req-deacacb9-4e76-431c-9d5c-35125e67411a tempest-VolumesAssistedSnapshotsTest-829974811 tempest-VolumesAssistedSnapshotsTest-829974811-project-member] Lock "00000000-0000-0000-0000-000000000000" "released" by "nova.context.set_target_cell..get_or_set_cached_cell_and_set_connections" :: held 0.000s {{(pid=84307) inner /opt/stack/data/venv/lib/python3.12/site-packages/oslo_concurrency/lockutils.py:544}}
Aug 10 06:03:44.802206 np0000006860 devstack@n-api.service[84307]: DEBUG oslo_concurrency.lockutils [None req-deacacb9-4e76-431c-9d5c-35125e67411a tempest-VolumesAssistedSnapshotsTest-829974811 tempest-VolumesAssistedSnapshotsTest-829974811-project-member] Acquiring lock "acfad91a-816f-426f-9928-7f145c0f2285" by "nova.context.set_target_cell..get_or_set_cached_cell_and_set_connections" {{(pid=84307) inner /opt/stack/data/venv/lib/python3.12/site-packages/oslo_concurrency/lockutils.py:512}}
Aug 10 06:03:44.803219 np0000006860 devstack@n-api.service[84307]: DEBUG oslo_concurrency.lockutils [None req-deacacb9-4e76-431c-9d5c-35125e67411a tempest-VolumesAssistedSnapshotsTest-829974811 tempest-VolumesAssistedSnapshotsTest-829974811-project-member] Lock "acfad91a-816f-426f-9928-7f145c0f2285" acquired by "nova.context.set_target_cell..get_or_set_cached_cell_and_set_connections" :: waited 0.000s {{(pid=84307) inner /opt/stack/data/venv/lib/python3.12/site-packages/oslo_concurrency/lockutils.py:525}}
Aug 10 06:03:44.803577 np0000006860 devstack@n-api.service[84307]: DEBUG oslo_concurrency.lockutils [None req-deacacb9-4e76-431c-9d5c-35125e67411a tempest-VolumesAssistedSnapshotsTest-829974811 tempest-VolumesAssistedSnapshotsTest-829974811-project-member] Lock "acfad91a-816f-426f-9928-7f145c0f2285" "released" by "nova.context.set_target_cell..get_or_set_cached_cell_and_set_connections" :: held 0.001s {{(pid=84307) inner /opt/stack/data/venv/lib/python3.12/site-packages/oslo_concurrency/lockutils.py:544}}
Aug 10 06:03:44.822983 np0000006860 devstack@n-api.service[84307]: WARNING neutronclient.v2_0.client [None req-deacacb9-4e76-431c-9d5c-35125e67411a tempest-VolumesAssistedSnapshotsTest-829974811 tempest-VolumesAssistedSnapshotsTest-829974811-project-member] The python binding code in neutronclient is deprecated in favor of OpenstackSDK, please use that as this will be removed in a future release.
Aug 10 06:03:44.866183 np0000006860 devstack@n-api.service[84306]: DEBUG nova.network.neutron [None req-e6f143bb-9fec-496e-b1d8-b89a9c03a99b tempest-TaggedAttachmentsTest-655777850 tempest-TaggedAttachmentsTest-655777850-project-member] validate_networks() for [('2a2946a7-e69c-420d-b215-5f53dcce24ec', None, None, None, None, None)] {{(pid=84306) validate_networks /opt/stack/nova/nova/network/neutron.py:2686}}
Aug 10 06:03:44.866695 np0000006860 devstack@n-api.service[84306]: WARNING neutronclient.v2_0.client [None req-e6f143bb-9fec-496e-b1d8-b89a9c03a99b tempest-TaggedAttachmentsTest-655777850 tempest-TaggedAttachmentsTest-655777850-project-member] The python binding code in neutronclient is deprecated in favor of OpenstackSDK, please use that as this will be removed in a future release.
Aug 10 06:03:44.889235 np0000006860 devstack@n-api.service[84308]: DEBUG nova.policy [None req-f604496c-0816-418b-9ea2-7b08eaaf8289 tempest-VolumesAdminNegativeTest-708244611 tempest-VolumesAdminNegativeTest-708244611-project-member] Policy check for os_compute_api:os-extended-server-attributes failed with credentials {'is_admin': False, 'user_id': '27ee08d9822243ad8be0e785845b8ffa', 'user_domain_id': 'default', 'system_scope': None, 'domain_id': None, 'project_id': 'cad874ef1e9d4e98af50a04826fac18a', 'project_domain_id': 'default', 'roles': ['member', 'reader'], 'is_admin_project': True, 'service_user_id': None, 'service_user_domain_id': None, 'service_project_id': None, 'service_project_domain_id': None, 'service_roles': []} {{(pid=84308) authorize /opt/stack/nova/nova/policy.py:202}}
Aug 10 06:03:44.899197 np0000006860 devstack@n-api.service[84308]: INFO nova.api.openstack.requestlog [None req-f604496c-0816-418b-9ea2-7b08eaaf8289 tempest-VolumesAdminNegativeTest-708244611 tempest-VolumesAdminNegativeTest-708244611-project-member] 10.4.3.146 "GET /compute/v2.1/servers/012c1cd9-d267-484c-8386-617be60b701d" status: 200 len: 1216 microversion: 2.1 time: 0.126490
Aug 10 06:03:44.899558 np0000006860 devstack@n-api.service[84308]: [pid: 84308|app: 0|req: 27/76] 10.4.3.146 () {66 vars in 1354 bytes} [Mon Aug 10 06:03:44 2026] GET /compute/v2.1/servers/012c1cd9-d267-484c-8386-617be60b701d => generated 1216 bytes in 127 msecs (HTTP/1.1 200) 9 headers in 358 bytes (1 switches on core 0)
Aug 10 06:03:44.921139 np0000006860 devstack@n-api.service[84307]: DEBUG nova.network.neutron [None req-deacacb9-4e76-431c-9d5c-35125e67411a tempest-VolumesAssistedSnapshotsTest-829974811 tempest-VolumesAssistedSnapshotsTest-829974811-project-member] validate_networks() for [('84111a91-0383-4e38-b343-3e41c55101b2', None, None, None, None, None)] {{(pid=84307) validate_networks /opt/stack/nova/nova/network/neutron.py:2686}}
Aug 10 06:03:44.921260 np0000006860 devstack@n-api.service[84307]: WARNING neutronclient.v2_0.client [None req-deacacb9-4e76-431c-9d5c-35125e67411a tempest-VolumesAssistedSnapshotsTest-829974811 tempest-VolumesAssistedSnapshotsTest-829974811-project-member] The python binding code in neutronclient is deprecated in favor of OpenstackSDK, please use that as this will be removed in a future release.
Aug 10 06:03:44.986909 np0000006860 devstack@n-api.service[84308]: DEBUG nova.api.openstack.wsgi [None req-04488f36-1585-4fab-9a2e-4db8823724c0 tempest-AttachSCSIVolumeTestJSON-1395004898 tempest-AttachSCSIVolumeTestJSON-1395004898-project-member] Calling method '>' {{(pid=84308) _process_stack /opt/stack/nova/nova/api/openstack/wsgi.py:551}}
Aug 10 06:03:44.988323 np0000006860 devstack@n-api.service[84308]: DEBUG nova.compute.api [None req-04488f36-1585-4fab-9a2e-4db8823724c0 tempest-AttachSCSIVolumeTestJSON-1395004898 tempest-AttachSCSIVolumeTestJSON-1395004898-project-member] [instance: 19ba6d90-8691-4692-aa9a-5698deaab098] Fetching instance by UUID {{(pid=84308) get /opt/stack/nova/nova/compute/api.py:3068}}
Aug 10 06:03:44.998704 np0000006860 devstack@n-api.service[84308]: DEBUG oslo_concurrency.lockutils [None req-04488f36-1585-4fab-9a2e-4db8823724c0 tempest-AttachSCSIVolumeTestJSON-1395004898 tempest-AttachSCSIVolumeTestJSON-1395004898-project-member] Acquiring lock "acfad91a-816f-426f-9928-7f145c0f2285" by "nova.context.set_target_cell..get_or_set_cached_cell_and_set_connections" {{(pid=84308) inner /opt/stack/data/venv/lib/python3.12/site-packages/oslo_concurrency/lockutils.py:512}}
Aug 10 06:03:44.999038 np0000006860 devstack@n-api.service[84308]: DEBUG oslo_concurrency.lockutils [None req-04488f36-1585-4fab-9a2e-4db8823724c0 tempest-AttachSCSIVolumeTestJSON-1395004898 tempest-AttachSCSIVolumeTestJSON-1395004898-project-member] Lock "acfad91a-816f-426f-9928-7f145c0f2285" acquired by "nova.context.set_target_cell..get_or_set_cached_cell_and_set_connections" :: waited 0.001s {{(pid=84308) inner /opt/stack/data/venv/lib/python3.12/site-packages/oslo_concurrency/lockutils.py:525}}
Aug 10 06:03:44.999395 np0000006860 devstack@n-api.service[84308]: DEBUG oslo_concurrency.lockutils [None req-04488f36-1585-4fab-9a2e-4db8823724c0 tempest-AttachSCSIVolumeTestJSON-1395004898 tempest-AttachSCSIVolumeTestJSON-1395004898-project-member] Lock "acfad91a-816f-426f-9928-7f145c0f2285" "released" by "nova.context.set_target_cell..get_or_set_cached_cell_and_set_connections" :: held 0.000s {{(pid=84308) inner /opt/stack/data/venv/lib/python3.12/site-packages/oslo_concurrency/lockutils.py:544}}
Aug 10 06:03:44.999939 np0000006860 devstack@n-api.service[84308]: DEBUG oslo_concurrency.lockutils [None req-04488f36-1585-4fab-9a2e-4db8823724c0 tempest-AttachSCSIVolumeTestJSON-1395004898 tempest-AttachSCSIVolumeTestJSON-1395004898-project-member] Acquiring lock "acfad91a-816f-426f-9928-7f145c0f2285" by "nova.context.set_target_cell..get_or_set_cached_cell_and_set_connections" {{(pid=84308) inner /opt/stack/data/venv/lib/python3.12/site-packages/oslo_concurrency/lockutils.py:512}}
Aug 10 06:03:45.000257 np0000006860 devstack@n-api.service[84308]: DEBUG oslo_concurrency.lockutils [None req-04488f36-1585-4fab-9a2e-4db8823724c0 tempest-AttachSCSIVolumeTestJSON-1395004898 tempest-AttachSCSIVolumeTestJSON-1395004898-project-member] Lock "acfad91a-816f-426f-9928-7f145c0f2285" acquired by "nova.context.set_target_cell..get_or_set_cached_cell_and_set_connections" :: waited 0.000s {{(pid=84308) inner /opt/stack/data/venv/lib/python3.12/site-packages/oslo_concurrency/lockutils.py:525}}
Aug 10 06:03:45.000575 np0000006860 devstack@n-api.service[84308]: DEBUG oslo_concurrency.lockutils [None req-04488f36-1585-4fab-9a2e-4db8823724c0 tempest-AttachSCSIVolumeTestJSON-1395004898 tempest-AttachSCSIVolumeTestJSON-1395004898-project-member] Lock "acfad91a-816f-426f-9928-7f145c0f2285" "released" by "nova.context.set_target_cell..get_or_set_cached_cell_and_set_connections" :: held 0.000s {{(pid=84308) inner /opt/stack/data/venv/lib/python3.12/site-packages/oslo_concurrency/lockutils.py:544}}
Aug 10 06:03:45.028825 np0000006860 devstack@n-api.service[84308]: WARNING neutronclient.v2_0.client [None req-04488f36-1585-4fab-9a2e-4db8823724c0 tempest-AttachSCSIVolumeTestJSON-1395004898 tempest-AttachSCSIVolumeTestJSON-1395004898-project-member] The python binding code in neutronclient is deprecated in favor of OpenstackSDK, please use that as this will be removed in a future release.
Aug 10 06:03:45.301781 np0000006860 devstack@n-api.service[84306]: WARNING neutronclient.v2_0.client [None req-e6f143bb-9fec-496e-b1d8-b89a9c03a99b tempest-TaggedAttachmentsTest-655777850 tempest-TaggedAttachmentsTest-655777850-project-member] The python binding code in neutronclient is deprecated in favor of OpenstackSDK, please use that as this will be removed in a future release.
Aug 10 06:03:45.364278 np0000006860 devstack@n-api.service[84308]: DEBUG nova.policy [None req-04488f36-1585-4fab-9a2e-4db8823724c0 tempest-AttachSCSIVolumeTestJSON-1395004898 tempest-AttachSCSIVolumeTestJSON-1395004898-project-member] Policy check for os_compute_api:os-extended-server-attributes failed with credentials {'is_admin': False, 'user_id': '65125a5fb6c24257ae47eea5ca371064', 'user_domain_id': 'default', 'system_scope': None, 'domain_id': None, 'project_id': 'fc09e7c71f1749698f791dcf74d834e1', 'project_domain_id': 'default', 'roles': ['member', 'reader'], 'is_admin_project': True, 'service_user_id': None, 'service_user_domain_id': None, 'service_project_id': None, 'service_project_domain_id': None, 'service_roles': []} {{(pid=84308) authorize /opt/stack/nova/nova/policy.py:202}}
Aug 10 06:03:45.373632 np0000006860 devstack@n-api.service[84308]: INFO nova.api.openstack.requestlog [None req-04488f36-1585-4fab-9a2e-4db8823724c0 tempest-AttachSCSIVolumeTestJSON-1395004898 tempest-AttachSCSIVolumeTestJSON-1395004898-project-member] 10.4.3.146 "GET /compute/v2.1/servers/19ba6d90-8691-4692-aa9a-5698deaab098" status: 200 len: 1368 microversion: 2.1 time: 0.390386
Aug 10 06:03:45.373939 np0000006860 devstack@n-api.service[84308]: [pid: 84308|app: 0|req: 28/77] 10.4.3.146 () {66 vars in 1354 bytes} [Mon Aug 10 06:03:44 2026] GET /compute/v2.1/servers/19ba6d90-8691-4692-aa9a-5698deaab098 => generated 1368 bytes in 391 msecs (HTTP/1.1 200) 9 headers in 358 bytes (1 switches on core 0)
Aug 10 06:03:45.444780 np0000006860 devstack@n-api.service[84306]: DEBUG nova.virt.hardware [None req-e6f143bb-9fec-496e-b1d8-b89a9c03a99b tempest-TaggedAttachmentsTest-655777850 tempest-TaggedAttachmentsTest-655777850-project-member] Flavor limits 0:0:0 {{(pid=84306) get_cpu_topology_constraints /opt/stack/nova/nova/virt/hardware.py:516}}
Aug 10 06:03:45.445474 np0000006860 devstack@n-api.service[84306]: DEBUG nova.virt.hardware [None req-e6f143bb-9fec-496e-b1d8-b89a9c03a99b tempest-TaggedAttachmentsTest-655777850 tempest-TaggedAttachmentsTest-655777850-project-member] Image limits 0:0:0 {{(pid=84306) get_cpu_topology_constraints /opt/stack/nova/nova/virt/hardware.py:520}}
Aug 10 06:03:45.445474 np0000006860 devstack@n-api.service[84306]: DEBUG nova.virt.hardware [None req-e6f143bb-9fec-496e-b1d8-b89a9c03a99b tempest-TaggedAttachmentsTest-655777850 tempest-TaggedAttachmentsTest-655777850-project-member] Flavor pref 0:0:0 {{(pid=84306) get_cpu_topology_constraints /opt/stack/nova/nova/virt/hardware.py:556}}
Aug 10 06:03:45.445474 np0000006860 devstack@n-api.service[84306]: DEBUG nova.virt.hardware [None req-e6f143bb-9fec-496e-b1d8-b89a9c03a99b tempest-TaggedAttachmentsTest-655777850 tempest-TaggedAttachmentsTest-655777850-project-member] Image pref 0:0:0 {{(pid=84306) get_cpu_topology_constraints /opt/stack/nova/nova/virt/hardware.py:560}}
Aug 10 06:03:45.445685 np0000006860 devstack@n-api.service[84306]: DEBUG nova.virt.hardware [None req-e6f143bb-9fec-496e-b1d8-b89a9c03a99b tempest-TaggedAttachmentsTest-655777850 tempest-TaggedAttachmentsTest-655777850-project-member] Chose sockets=0, cores=0, threads=0; limits were sockets=65536, cores=65536, threads=65536 {{(pid=84306) get_cpu_topology_constraints /opt/stack/nova/nova/virt/hardware.py:598}}
Aug 10 06:03:45.452680 np0000006860 devstack@n-api.service[84306]: DEBUG oslo_concurrency.lockutils [None req-e6f143bb-9fec-496e-b1d8-b89a9c03a99b tempest-TaggedAttachmentsTest-655777850 tempest-TaggedAttachmentsTest-655777850-project-member] Acquiring lock "00000000-0000-0000-0000-000000000000" by "nova.context.set_target_cell..get_or_set_cached_cell_and_set_connections" {{(pid=84306) inner /opt/stack/data/venv/lib/python3.12/site-packages/oslo_concurrency/lockutils.py:512}}
Aug 10 06:03:45.452849 np0000006860 devstack@n-api.service[84306]: DEBUG oslo_concurrency.lockutils [None req-e6f143bb-9fec-496e-b1d8-b89a9c03a99b tempest-TaggedAttachmentsTest-655777850 tempest-TaggedAttachmentsTest-655777850-project-member] Lock "00000000-0000-0000-0000-000000000000" acquired by "nova.context.set_target_cell..get_or_set_cached_cell_and_set_connections" :: waited 0.000s {{(pid=84306) inner /opt/stack/data/venv/lib/python3.12/site-packages/oslo_concurrency/lockutils.py:525}}
Aug 10 06:03:45.453028 np0000006860 devstack@n-api.service[84306]: DEBUG oslo_concurrency.lockutils [None req-e6f143bb-9fec-496e-b1d8-b89a9c03a99b tempest-TaggedAttachmentsTest-655777850 tempest-TaggedAttachmentsTest-655777850-project-member] Lock "00000000-0000-0000-0000-000000000000" "released" by "nova.context.set_target_cell..get_or_set_cached_cell_and_set_connections" :: held 0.000s {{(pid=84306) inner /opt/stack/data/venv/lib/python3.12/site-packages/oslo_concurrency/lockutils.py:544}}
Aug 10 06:03:45.453496 np0000006860 devstack@n-api.service[84306]: DEBUG oslo_concurrency.lockutils [None req-e6f143bb-9fec-496e-b1d8-b89a9c03a99b tempest-TaggedAttachmentsTest-655777850 tempest-TaggedAttachmentsTest-655777850-project-member] Acquiring lock "acfad91a-816f-426f-9928-7f145c0f2285" by "nova.context.set_target_cell..get_or_set_cached_cell_and_set_connections" {{(pid=84306) inner /opt/stack/data/venv/lib/python3.12/site-packages/oslo_concurrency/lockutils.py:512}}
Aug 10 06:03:45.453676 np0000006860 devstack@n-api.service[84306]: DEBUG oslo_concurrency.lockutils [None req-e6f143bb-9fec-496e-b1d8-b89a9c03a99b tempest-TaggedAttachmentsTest-655777850 tempest-TaggedAttachmentsTest-655777850-project-member] Lock "acfad91a-816f-426f-9928-7f145c0f2285" acquired by "nova.context.set_target_cell..get_or_set_cached_cell_and_set_connections" :: waited 0.000s {{(pid=84306) inner /opt/stack/data/venv/lib/python3.12/site-packages/oslo_concurrency/lockutils.py:525}}
Aug 10 06:03:45.453795 np0000006860 devstack@n-api.service[84306]: DEBUG oslo_concurrency.lockutils [None req-e6f143bb-9fec-496e-b1d8-b89a9c03a99b tempest-TaggedAttachmentsTest-655777850 tempest-TaggedAttachmentsTest-655777850-project-member] Lock "acfad91a-816f-426f-9928-7f145c0f2285" "released" by "nova.context.set_target_cell..get_or_set_cached_cell_and_set_connections" :: held 0.000s {{(pid=84306) inner /opt/stack/data/venv/lib/python3.12/site-packages/oslo_concurrency/lockutils.py:544}}
Aug 10 06:03:45.464478 np0000006860 devstack@n-api.service[84306]: DEBUG nova.quota [None req-e6f143bb-9fec-496e-b1d8-b89a9c03a99b tempest-TaggedAttachmentsTest-655777850 tempest-TaggedAttachmentsTest-655777850-project-member] Getting quotas for project 5d85451976cc4ae6a3d4e3f9dd191753. Resources: {'ram', 'instances', 'cores'} {{(pid=84306) _get_quotas /opt/stack/nova/nova/quota.py:389}}
Aug 10 06:03:45.466832 np0000006860 devstack@n-api.service[84306]: DEBUG nova.quota [None req-e6f143bb-9fec-496e-b1d8-b89a9c03a99b tempest-TaggedAttachmentsTest-655777850 tempest-TaggedAttachmentsTest-655777850-project-member] Getting quotas for user 148d8b714363443b8e6a36b12b24e9e8 and project 5d85451976cc4ae6a3d4e3f9dd191753. Resources: {'ram', 'instances', 'cores'} {{(pid=84306) _get_quotas /opt/stack/nova/nova/quota.py:379}}
Aug 10 06:03:45.474976 np0000006860 devstack@n-api.service[84306]: DEBUG nova.compute.api [None req-e6f143bb-9fec-496e-b1d8-b89a9c03a99b tempest-TaggedAttachmentsTest-655777850 tempest-TaggedAttachmentsTest-655777850-project-member] Going to run 1 instances... {{(pid=84306) _provision_instances /opt/stack/nova/nova/compute/api.py:1480}}
Aug 10 06:03:45.477087 np0000006860 devstack@n-api.service[84306]: DEBUG nova.compute.api [None req-e6f143bb-9fec-496e-b1d8-b89a9c03a99b tempest-TaggedAttachmentsTest-655777850 tempest-TaggedAttachmentsTest-655777850-project-member] [instance: ee7573cd-142f-4ca1-8296-c96206958eeb] block_device_mapping [BlockDeviceMapping(attachment_id=,boot_index=0,connection_info=None,created_at=,delete_on_termination=True,deleted=,deleted_at=,destination_type='local',device_name=None,device_type='disk',disk_bus=None,encrypted=False,encryption_format=None,encryption_options=None,encryption_secret_uuid=None,guest_format=None,id=,image_id='5a34945c-663f-4d50-8d9a-eb4584827721',instance=,instance_uuid=,no_device=False,snapshot_id=None,source_type='image',tag=None,updated_at=,uuid=,volume_id=None,volume_size=None,volume_type=None)] {{(pid=84306) _bdm_validate_set_size_and_instance /opt/stack/nova/nova/compute/api.py:1942}}
Aug 10 06:03:45.493156 np0000006860 devstack@n-api.service[84308]: DEBUG nova.api.openstack.wsgi [None req-6fd9453d-85de-4e12-8c67-afa14f1d4600 tempest-ServerRescueNegativeTestJSON-515437999 tempest-ServerRescueNegativeTestJSON-515437999-project-member] Calling method '>' {{(pid=84308) _process_stack /opt/stack/nova/nova/api/openstack/wsgi.py:551}}
Aug 10 06:03:45.495623 np0000006860 devstack@n-api.service[84308]: DEBUG nova.compute.api [None req-6fd9453d-85de-4e12-8c67-afa14f1d4600 tempest-ServerRescueNegativeTestJSON-515437999 tempest-ServerRescueNegativeTestJSON-515437999-project-member] [instance: a989f155-9df5-4165-8b6f-8c57c0154e92] Fetching instance by UUID {{(pid=84308) get /opt/stack/nova/nova/compute/api.py:3068}}
Aug 10 06:03:45.502709 np0000006860 devstack@n-api.service[84308]: DEBUG oslo_concurrency.lockutils [None req-6fd9453d-85de-4e12-8c67-afa14f1d4600 tempest-ServerRescueNegativeTestJSON-515437999 tempest-ServerRescueNegativeTestJSON-515437999-project-member] Acquiring lock "acfad91a-816f-426f-9928-7f145c0f2285" by "nova.context.set_target_cell..get_or_set_cached_cell_and_set_connections" {{(pid=84308) inner /opt/stack/data/venv/lib/python3.12/site-packages/oslo_concurrency/lockutils.py:512}}
Aug 10 06:03:45.503251 np0000006860 devstack@n-api.service[84308]: DEBUG oslo_concurrency.lockutils [None req-6fd9453d-85de-4e12-8c67-afa14f1d4600 tempest-ServerRescueNegativeTestJSON-515437999 tempest-ServerRescueNegativeTestJSON-515437999-project-member] Lock "acfad91a-816f-426f-9928-7f145c0f2285" acquired by "nova.context.set_target_cell..get_or_set_cached_cell_and_set_connections" :: waited 0.001s {{(pid=84308) inner /opt/stack/data/venv/lib/python3.12/site-packages/oslo_concurrency/lockutils.py:525}}
Aug 10 06:03:45.504041 np0000006860 devstack@n-api.service[84308]: DEBUG oslo_concurrency.lockutils [None req-6fd9453d-85de-4e12-8c67-afa14f1d4600 tempest-ServerRescueNegativeTestJSON-515437999 tempest-ServerRescueNegativeTestJSON-515437999-project-member] Lock "acfad91a-816f-426f-9928-7f145c0f2285" "released" by "nova.context.set_target_cell..get_or_set_cached_cell_and_set_connections" :: held 0.000s {{(pid=84308) inner /opt/stack/data/venv/lib/python3.12/site-packages/oslo_concurrency/lockutils.py:544}}
Aug 10 06:03:45.505172 np0000006860 devstack@n-api.service[84308]: DEBUG oslo_concurrency.lockutils [None req-6fd9453d-85de-4e12-8c67-afa14f1d4600 tempest-ServerRescueNegativeTestJSON-515437999 tempest-ServerRescueNegativeTestJSON-515437999-project-member] Acquiring lock "acfad91a-816f-426f-9928-7f145c0f2285" by "nova.context.set_target_cell..get_or_set_cached_cell_and_set_connections" {{(pid=84308) inner /opt/stack/data/venv/lib/python3.12/site-packages/oslo_concurrency/lockutils.py:512}}
Aug 10 06:03:45.505900 np0000006860 devstack@n-api.service[84308]: DEBUG oslo_concurrency.lockutils [None req-6fd9453d-85de-4e12-8c67-afa14f1d4600 tempest-ServerRescueNegativeTestJSON-515437999 tempest-ServerRescueNegativeTestJSON-515437999-project-member] Lock "acfad91a-816f-426f-9928-7f145c0f2285" acquired by "nova.context.set_target_cell..get_or_set_cached_cell_and_set_connections" :: waited 0.001s {{(pid=84308) inner /opt/stack/data/venv/lib/python3.12/site-packages/oslo_concurrency/lockutils.py:525}}
Aug 10 06:03:45.506434 np0000006860 devstack@n-api.service[84308]: DEBUG oslo_concurrency.lockutils [None req-6fd9453d-85de-4e12-8c67-afa14f1d4600 tempest-ServerRescueNegativeTestJSON-515437999 tempest-ServerRescueNegativeTestJSON-515437999-project-member] Lock "acfad91a-816f-426f-9928-7f145c0f2285" "released" by "nova.context.set_target_cell..get_or_set_cached_cell_and_set_connections" :: held 0.001s {{(pid=84308) inner /opt/stack/data/venv/lib/python3.12/site-packages/oslo_concurrency/lockutils.py:544}}
Aug 10 06:03:45.532211 np0000006860 devstack@n-api.service[84306]: INFO nova.api.openstack.requestlog [None req-e6f143bb-9fec-496e-b1d8-b89a9c03a99b tempest-TaggedAttachmentsTest-655777850 tempest-TaggedAttachmentsTest-655777850-project-member] 10.4.3.146 "POST /compute/v2.1/servers" status: 202 len: 405 microversion: 2.49 time: 0.882689
Aug 10 06:03:45.532586 np0000006860 devstack@n-api.service[84306]: [pid: 84306|app: 0|req: 27/78] 10.4.3.146 () {70 vars in 1306 bytes} [Mon Aug 10 06:03:44 2026] POST /compute/v2.1/servers => generated 405 bytes in 883 msecs (HTTP/1.1 202) 10 headers in 453 bytes (1 switches on core 0)
Aug 10 06:03:45.533152 np0000006860 devstack@n-api.service[84308]: WARNING neutronclient.v2_0.client [None req-6fd9453d-85de-4e12-8c67-afa14f1d4600 tempest-ServerRescueNegativeTestJSON-515437999 tempest-ServerRescueNegativeTestJSON-515437999-project-member] The python binding code in neutronclient is deprecated in favor of OpenstackSDK, please use that as this will be removed in a future release.
Aug 10 06:03:45.548724 np0000006860 devstack@n-api.service[84306]: DEBUG nova.api.openstack.wsgi [None req-667a7db6-ab84-48e3-a99b-b1602d89f3d0 tempest-TaggedAttachmentsTest-655777850 tempest-TaggedAttachmentsTest-655777850-project-member] Calling method '>' {{(pid=84306) _process_stack /opt/stack/nova/nova/api/openstack/wsgi.py:551}}
Aug 10 06:03:45.550134 np0000006860 devstack@n-api.service[84306]: DEBUG nova.compute.api [None req-667a7db6-ab84-48e3-a99b-b1602d89f3d0 tempest-TaggedAttachmentsTest-655777850 tempest-TaggedAttachmentsTest-655777850-project-member] [instance: ee7573cd-142f-4ca1-8296-c96206958eeb] Fetching instance by UUID {{(pid=84306) get /opt/stack/nova/nova/compute/api.py:3068}}
Aug 10 06:03:45.568169 np0000006860 devstack@n-api.service[84306]: WARNING neutronclient.v2_0.client [None req-667a7db6-ab84-48e3-a99b-b1602d89f3d0 tempest-TaggedAttachmentsTest-655777850 tempest-TaggedAttachmentsTest-655777850-project-member] The python binding code in neutronclient is deprecated in favor of OpenstackSDK, please use that as this will be removed in a future release.
Aug 10 06:03:45.600250 np0000006860 devstack@n-api.service[84307]: WARNING neutronclient.v2_0.client [None req-deacacb9-4e76-431c-9d5c-35125e67411a tempest-VolumesAssistedSnapshotsTest-829974811 tempest-VolumesAssistedSnapshotsTest-829974811-project-member] The python binding code in neutronclient is deprecated in favor of OpenstackSDK, please use that as this will be removed in a future release.
Aug 10 06:03:45.664384 np0000006860 devstack@n-api.service[84306]: DEBUG nova.policy [None req-667a7db6-ab84-48e3-a99b-b1602d89f3d0 tempest-TaggedAttachmentsTest-655777850 tempest-TaggedAttachmentsTest-655777850-project-member] Policy check for os_compute_api:os-extended-server-attributes failed with credentials {'is_admin': False, 'user_id': '148d8b714363443b8e6a36b12b24e9e8', 'user_domain_id': 'default', 'system_scope': None, 'domain_id': None, 'project_id': '5d85451976cc4ae6a3d4e3f9dd191753', 'project_domain_id': 'default', 'roles': ['member', 'reader'], 'is_admin_project': True, 'service_user_id': None, 'service_user_domain_id': None, 'service_project_id': None, 'service_project_domain_id': None, 'service_roles': []} {{(pid=84306) authorize /opt/stack/nova/nova/policy.py:202}}
