Aug 10 06:01:09.725367 np0000006860 nova-conductor[95806]: DEBUG cotyledon.oslo_config_glue [-] oslo_messaging_rabbit.rabbit_login_method = AMQPLAIN {{(pid=95806) log_opt_values /opt/stack/data/venv/lib/python3.12/site-packages/oslo_config/cfg.py:3545}}
Aug 10 06:01:09.725367 np0000006860 nova-conductor[95806]: DEBUG cotyledon.oslo_config_glue [-] oslo_messaging_rabbit.rabbit_qos_prefetch_count = 0 {{(pid=95806) log_opt_values /opt/stack/data/venv/lib/python3.12/site-packages/oslo_config/cfg.py:3545}}
Aug 10 06:01:09.725367 np0000006860 nova-conductor[95806]: DEBUG cotyledon.oslo_config_glue [-] oslo_messaging_rabbit.rabbit_quorum_delivery_limit = 0 {{(pid=95806) log_opt_values /opt/stack/data/venv/lib/python3.12/site-packages/oslo_config/cfg.py:3545}}
Aug 10 06:01:09.725367 np0000006860 nova-conductor[95806]: DEBUG cotyledon.oslo_config_glue [-] oslo_messaging_rabbit.rabbit_quorum_max_memory_bytes = 0 {{(pid=95806) log_opt_values /opt/stack/data/venv/lib/python3.12/site-packages/oslo_config/cfg.py:3545}}
Aug 10 06:01:09.725367 np0000006860 nova-conductor[95806]: DEBUG cotyledon.oslo_config_glue [-] oslo_messaging_rabbit.rabbit_quorum_max_memory_length = 0 {{(pid=95806) log_opt_values /opt/stack/data/venv/lib/python3.12/site-packages/oslo_config/cfg.py:3545}}
Aug 10 06:01:09.725557 np0000006860 nova-conductor[95806]: DEBUG cotyledon.oslo_config_glue [-] oslo_messaging_rabbit.rabbit_quorum_queue = False {{(pid=95806) log_opt_values /opt/stack/data/venv/lib/python3.12/site-packages/oslo_config/cfg.py:3545}}
Aug 10 06:01:09.725557 np0000006860 nova-conductor[95806]: DEBUG cotyledon.oslo_config_glue [-] oslo_messaging_rabbit.rabbit_retry_backoff = 2 {{(pid=95806) log_opt_values /opt/stack/data/venv/lib/python3.12/site-packages/oslo_config/cfg.py:3545}}
Aug 10 06:01:09.725557 np0000006860 nova-conductor[95806]: DEBUG cotyledon.oslo_config_glue [-] oslo_messaging_rabbit.rabbit_retry_interval = 1 {{(pid=95806) log_opt_values /opt/stack/data/venv/lib/python3.12/site-packages/oslo_config/cfg.py:3545}}
Aug 10 06:01:09.725557 np0000006860 nova-conductor[95806]: DEBUG cotyledon.oslo_config_glue [-] oslo_messaging_rabbit.rabbit_stream_fanout = False {{(pid=95806) log_opt_values /opt/stack/data/venv/lib/python3.12/site-packages/oslo_config/cfg.py:3545}}
Aug 10 06:01:09.725557 np0000006860 nova-conductor[95806]: DEBUG cotyledon.oslo_config_glue [-] oslo_messaging_rabbit.rabbit_transient_queues_ttl = 1800 {{(pid=95806) log_opt_values /opt/stack/data/venv/lib/python3.12/site-packages/oslo_config/cfg.py:3545}}
Aug 10 06:01:09.725557 np0000006860 nova-conductor[95806]: DEBUG cotyledon.oslo_config_glue [-] oslo_messaging_rabbit.rabbit_transient_quorum_queue = False {{(pid=95806) log_opt_values /opt/stack/data/venv/lib/python3.12/site-packages/oslo_config/cfg.py:3545}}
Aug 10 06:01:09.725557 np0000006860 nova-conductor[95806]: DEBUG cotyledon.oslo_config_glue [-] oslo_messaging_rabbit.rpc_conn_pool_size = 30 {{(pid=95806) log_opt_values /opt/stack/data/venv/lib/python3.12/site-packages/oslo_config/cfg.py:3545}}
Aug 10 06:01:09.725557 np0000006860 nova-conductor[95806]: DEBUG cotyledon.oslo_config_glue [-] oslo_messaging_rabbit.ssl = False {{(pid=95806) log_opt_values /opt/stack/data/venv/lib/python3.12/site-packages/oslo_config/cfg.py:3545}}
Aug 10 06:01:09.725557 np0000006860 nova-conductor[95806]: DEBUG cotyledon.oslo_config_glue [-] oslo_messaging_rabbit.ssl_ca_file = {{(pid=95806) log_opt_values /opt/stack/data/venv/lib/python3.12/site-packages/oslo_config/cfg.py:3545}}
Aug 10 06:01:09.725982 np0000006860 nova-conductor[95806]: DEBUG cotyledon.oslo_config_glue [-] oslo_messaging_rabbit.ssl_cert_file = {{(pid=95806) log_opt_values /opt/stack/data/venv/lib/python3.12/site-packages/oslo_config/cfg.py:3545}}
Aug 10 06:01:09.725982 np0000006860 nova-conductor[95806]: DEBUG cotyledon.oslo_config_glue [-] oslo_messaging_rabbit.ssl_enforce_fips_mode = False {{(pid=95806) log_opt_values /opt/stack/data/venv/lib/python3.12/site-packages/oslo_config/cfg.py:3545}}
Aug 10 06:01:09.725982 np0000006860 nova-conductor[95806]: DEBUG cotyledon.oslo_config_glue [-] oslo_messaging_rabbit.ssl_enforce_hostname_verification = True {{(pid=95806) log_opt_values /opt/stack/data/venv/lib/python3.12/site-packages/oslo_config/cfg.py:3545}}
Aug 10 06:01:09.725982 np0000006860 nova-conductor[95806]: DEBUG cotyledon.oslo_config_glue [-] oslo_messaging_rabbit.ssl_key_file = {{(pid=95806) log_opt_values /opt/stack/data/venv/lib/python3.12/site-packages/oslo_config/cfg.py:3545}}
Aug 10 06:01:09.725982 np0000006860 nova-conductor[95806]: DEBUG cotyledon.oslo_config_glue [-] oslo_messaging_rabbit.ssl_version = {{(pid=95806) log_opt_values /opt/stack/data/venv/lib/python3.12/site-packages/oslo_config/cfg.py:3545}}
Aug 10 06:01:09.725982 np0000006860 nova-conductor[95806]: DEBUG cotyledon.oslo_config_glue [-] oslo_messaging_rabbit.use_queue_manager = False {{(pid=95806) log_opt_values /opt/stack/data/venv/lib/python3.12/site-packages/oslo_config/cfg.py:3545}}
Aug 10 06:01:09.725982 np0000006860 nova-conductor[95806]: DEBUG cotyledon.oslo_config_glue [-] oslo_messaging_notifications.driver = ['messagingv2'] {{(pid=95806) log_opt_values /opt/stack/data/venv/lib/python3.12/site-packages/oslo_config/cfg.py:3545}}
Aug 10 06:01:09.725982 np0000006860 nova-conductor[95806]: DEBUG cotyledon.oslo_config_glue [-] oslo_messaging_notifications.retry = -1 {{(pid=95806) log_opt_values /opt/stack/data/venv/lib/python3.12/site-packages/oslo_config/cfg.py:3545}}
Aug 10 06:01:09.725982 np0000006860 nova-conductor[95806]: DEBUG cotyledon.oslo_config_glue [-] oslo_messaging_notifications.topics = ['notifications'] {{(pid=95806) log_opt_values /opt/stack/data/venv/lib/python3.12/site-packages/oslo_config/cfg.py:3545}}
Aug 10 06:01:09.726215 np0000006860 nova-conductor[95806]: DEBUG cotyledon.oslo_config_glue [-] oslo_messaging_notifications.transport_url = **** {{(pid=95806) log_opt_values /opt/stack/data/venv/lib/python3.12/site-packages/oslo_config/cfg.py:3545}}
Aug 10 06:01:09.726215 np0000006860 nova-conductor[95806]: DEBUG cotyledon.oslo_config_glue [-] oslo_limit.auth_section = None {{(pid=95806) log_opt_values /opt/stack/data/venv/lib/python3.12/site-packages/oslo_config/cfg.py:3545}}
Aug 10 06:01:09.726215 np0000006860 nova-conductor[95806]: DEBUG cotyledon.oslo_config_glue [-] oslo_limit.auth_type = None {{(pid=95806) log_opt_values /opt/stack/data/venv/lib/python3.12/site-packages/oslo_config/cfg.py:3545}}
Aug 10 06:01:09.726215 np0000006860 nova-conductor[95806]: DEBUG cotyledon.oslo_config_glue [-] oslo_limit.cafile = None {{(pid=95806) log_opt_values /opt/stack/data/venv/lib/python3.12/site-packages/oslo_config/cfg.py:3545}}
Aug 10 06:01:09.726215 np0000006860 nova-conductor[95806]: DEBUG cotyledon.oslo_config_glue [-] oslo_limit.certfile = None {{(pid=95806) log_opt_values /opt/stack/data/venv/lib/python3.12/site-packages/oslo_config/cfg.py:3545}}
Aug 10 06:01:09.726215 np0000006860 nova-conductor[95806]: DEBUG cotyledon.oslo_config_glue [-] oslo_limit.collect_timing = False {{(pid=95806) log_opt_values /opt/stack/data/venv/lib/python3.12/site-packages/oslo_config/cfg.py:3545}}
Aug 10 06:01:09.726215 np0000006860 nova-conductor[95806]: DEBUG cotyledon.oslo_config_glue [-] oslo_limit.connect_retries = None {{(pid=95806) log_opt_values /opt/stack/data/venv/lib/python3.12/site-packages/oslo_config/cfg.py:3545}}
Aug 10 06:01:09.726215 np0000006860 nova-conductor[95806]: DEBUG cotyledon.oslo_config_glue [-] oslo_limit.connect_retry_delay = None {{(pid=95806) log_opt_values /opt/stack/data/venv/lib/python3.12/site-packages/oslo_config/cfg.py:3545}}
Aug 10 06:01:09.726215 np0000006860 nova-conductor[95806]: DEBUG cotyledon.oslo_config_glue [-] oslo_limit.endpoint_id = None {{(pid=95806) log_opt_values /opt/stack/data/venv/lib/python3.12/site-packages/oslo_config/cfg.py:3545}}
Aug 10 06:01:09.726414 np0000006860 nova-conductor[95806]: DEBUG cotyledon.oslo_config_glue [-] oslo_limit.endpoint_interface = public {{(pid=95806) log_opt_values /opt/stack/data/venv/lib/python3.12/site-packages/oslo_config/cfg.py:3545}}
Aug 10 06:01:09.726414 np0000006860 nova-conductor[95806]: DEBUG cotyledon.oslo_config_glue [-] oslo_limit.endpoint_override = None {{(pid=95806) log_opt_values /opt/stack/data/venv/lib/python3.12/site-packages/oslo_config/cfg.py:3545}}
Aug 10 06:01:09.726414 np0000006860 nova-conductor[95806]: DEBUG cotyledon.oslo_config_glue [-] oslo_limit.endpoint_region_name = None {{(pid=95806) log_opt_values /opt/stack/data/venv/lib/python3.12/site-packages/oslo_config/cfg.py:3545}}
Aug 10 06:01:09.726414 np0000006860 nova-conductor[95806]: DEBUG cotyledon.oslo_config_glue [-] oslo_limit.endpoint_service_name = None {{(pid=95806) log_opt_values /opt/stack/data/venv/lib/python3.12/site-packages/oslo_config/cfg.py:3545}}
Aug 10 06:01:09.726414 np0000006860 nova-conductor[95806]: DEBUG cotyledon.oslo_config_glue [-] oslo_limit.endpoint_service_type = None {{(pid=95806) log_opt_values /opt/stack/data/venv/lib/python3.12/site-packages/oslo_config/cfg.py:3545}}
Aug 10 06:01:09.726414 np0000006860 nova-conductor[95806]: DEBUG cotyledon.oslo_config_glue [-] oslo_limit.insecure = False {{(pid=95806) log_opt_values /opt/stack/data/venv/lib/python3.12/site-packages/oslo_config/cfg.py:3545}}
Aug 10 06:01:09.726414 np0000006860 nova-conductor[95806]: DEBUG cotyledon.oslo_config_glue [-] oslo_limit.keyfile = None {{(pid=95806) log_opt_values /opt/stack/data/venv/lib/python3.12/site-packages/oslo_config/cfg.py:3545}}
Aug 10 06:01:09.726414 np0000006860 nova-conductor[95806]: DEBUG cotyledon.oslo_config_glue [-] oslo_limit.max_version = None {{(pid=95806) log_opt_values /opt/stack/data/venv/lib/python3.12/site-packages/oslo_config/cfg.py:3545}}
Aug 10 06:01:09.726414 np0000006860 nova-conductor[95806]: DEBUG cotyledon.oslo_config_glue [-] oslo_limit.min_version = None {{(pid=95806) log_opt_values /opt/stack/data/venv/lib/python3.12/site-packages/oslo_config/cfg.py:3545}}
Aug 10 06:01:09.726893 np0000006860 nova-conductor[95806]: DEBUG cotyledon.oslo_config_glue [-] oslo_limit.region_name = None {{(pid=95806) log_opt_values /opt/stack/data/venv/lib/python3.12/site-packages/oslo_config/cfg.py:3545}}
Aug 10 06:01:09.726893 np0000006860 nova-conductor[95806]: DEBUG cotyledon.oslo_config_glue [-] oslo_limit.retriable_status_codes = None {{(pid=95806) log_opt_values /opt/stack/data/venv/lib/python3.12/site-packages/oslo_config/cfg.py:3545}}
Aug 10 06:01:09.726893 np0000006860 nova-conductor[95806]: DEBUG cotyledon.oslo_config_glue [-] oslo_limit.service_name = None {{(pid=95806) log_opt_values /opt/stack/data/venv/lib/python3.12/site-packages/oslo_config/cfg.py:3545}}
Aug 10 06:01:09.726893 np0000006860 nova-conductor[95806]: DEBUG cotyledon.oslo_config_glue [-] oslo_limit.service_type = None {{(pid=95806) log_opt_values /opt/stack/data/venv/lib/python3.12/site-packages/oslo_config/cfg.py:3545}}
Aug 10 06:01:09.726893 np0000006860 nova-conductor[95806]: DEBUG cotyledon.oslo_config_glue [-] oslo_limit.split_loggers = False {{(pid=95806) log_opt_values /opt/stack/data/venv/lib/python3.12/site-packages/oslo_config/cfg.py:3545}}
Aug 10 06:01:09.726893 np0000006860 nova-conductor[95806]: DEBUG cotyledon.oslo_config_glue [-] oslo_limit.status_code_retries = None {{(pid=95806) log_opt_values /opt/stack/data/venv/lib/python3.12/site-packages/oslo_config/cfg.py:3545}}
Aug 10 06:01:09.726893 np0000006860 nova-conductor[95806]: DEBUG cotyledon.oslo_config_glue [-] oslo_limit.status_code_retry_delay = None {{(pid=95806) log_opt_values /opt/stack/data/venv/lib/python3.12/site-packages/oslo_config/cfg.py:3545}}
Aug 10 06:01:09.726893 np0000006860 nova-conductor[95806]: DEBUG cotyledon.oslo_config_glue [-] oslo_limit.timeout = None {{(pid=95806) log_opt_values /opt/stack/data/venv/lib/python3.12/site-packages/oslo_config/cfg.py:3545}}
Aug 10 06:01:09.726893 np0000006860 nova-conductor[95806]: DEBUG cotyledon.oslo_config_glue [-] oslo_limit.valid_interfaces = None {{(pid=95806) log_opt_values /opt/stack/data/venv/lib/python3.12/site-packages/oslo_config/cfg.py:3545}}
Aug 10 06:01:09.727074 np0000006860 nova-conductor[95806]: DEBUG cotyledon.oslo_config_glue [-] oslo_limit.version = None {{(pid=95806) log_opt_values /opt/stack/data/venv/lib/python3.12/site-packages/oslo_config/cfg.py:3545}}
Aug 10 06:01:09.727074 np0000006860 nova-conductor[95806]: DEBUG cotyledon.oslo_config_glue [-] oslo_reports.file_event_handler = None {{(pid=95806) log_opt_values /opt/stack/data/venv/lib/python3.12/site-packages/oslo_config/cfg.py:3545}}
Aug 10 06:01:09.727074 np0000006860 nova-conductor[95806]: DEBUG cotyledon.oslo_config_glue [-] oslo_reports.file_event_handler_interval = 1 {{(pid=95806) log_opt_values /opt/stack/data/venv/lib/python3.12/site-packages/oslo_config/cfg.py:3545}}
Aug 10 06:01:09.727074 np0000006860 nova-conductor[95806]: DEBUG cotyledon.oslo_config_glue [-] oslo_reports.log_dir = None {{(pid=95806) log_opt_values /opt/stack/data/venv/lib/python3.12/site-packages/oslo_config/cfg.py:3545}}
Aug 10 06:01:09.727074 np0000006860 nova-conductor[95806]: DEBUG cotyledon.oslo_config_glue [-] ******************************************************************************** {{(pid=95806) log_opt_values /opt/stack/data/venv/lib/python3.12/site-packages/oslo_config/cfg.py:3552}}
Aug 10 06:01:09.727074 np0000006860 nova-conductor[95806]: DEBUG cotyledon._service_worker [-] Run service ServiceWrapper(2) [95806] {{(pid=95806) wait_forever /opt/stack/data/venv/lib/python3.12/site-packages/cotyledon/_service_worker.py:218}}
Aug 10 06:01:09.727074 np0000006860 nova-conductor[95806]: INFO nova.service [-] Starting conductor node (version 33.1.0)
Aug 10 06:01:09.727074 np0000006860 nova-conductor[95806]: INFO dbcounter [None req-4934b2ad-c4d1-48d3-b40f-c5408fa4c000 None None] Registered counter for database nova_cell0
Aug 10 06:01:09.731314 np0000006860 nova-conductor[95796]: DEBUG oslo_db.sqlalchemy.engines [None req-62d6a830-6093-441a-a092-d36500e84316 None None] MySQL server mode set to STRICT_TRANS_TABLES,STRICT_ALL_TABLES,NO_ZERO_IN_DATE,NO_ZERO_DATE,ERROR_FOR_DIVISION_BY_ZERO,TRADITIONAL,NO_ENGINE_SUBSTITUTION {{(pid=95796) _check_effective_sql_mode /opt/stack/data/venv/lib/python3.12/site-packages/oslo_db/sqlalchemy/engines.py:325}}
Aug 10 06:01:09.739151 np0000006860 nova-conductor[95782]: DEBUG oslo_db.sqlalchemy.engines [None req-00e8213c-6cca-4527-ba81-f3f0badf98ee None None] MySQL server mode set to STRICT_TRANS_TABLES,STRICT_ALL_TABLES,NO_ZERO_IN_DATE,NO_ZERO_DATE,ERROR_FOR_DIVISION_BY_ZERO,TRADITIONAL,NO_ENGINE_SUBSTITUTION {{(pid=95782) _check_effective_sql_mode /opt/stack/data/venv/lib/python3.12/site-packages/oslo_db/sqlalchemy/engines.py:325}}
Aug 10 06:01:09.749173 np0000006860 nova-conductor[95782]: DEBUG dbcounter [-] [95782] Writer thread running {{(pid=95782) stat_writer /opt/stack/data/venv/lib/python3.12/site-packages/dbcounter.py:102}}
Aug 10 06:01:09.749469 np0000006860 nova-conductor[95796]: DEBUG dbcounter [-] [95796] Writer thread running {{(pid=95796) stat_writer /opt/stack/data/venv/lib/python3.12/site-packages/dbcounter.py:102}}
Aug 10 06:01:09.760315 np0000006860 nova-conductor[95782]: DEBUG nova.service [None req-00e8213c-6cca-4527-ba81-f3f0badf98ee None None] Creating RPC server for service: nova-conductor on topic: conductor {{(pid=95782) start /opt/stack/nova/nova/service.py:196}}
Aug 10 06:01:09.768464 np0000006860 nova-conductor[95796]: DEBUG nova.service [None req-62d6a830-6093-441a-a092-d36500e84316 None None] Creating RPC server for service: nova-conductor on topic: conductor {{(pid=95796) start /opt/stack/nova/nova/service.py:196}}
Aug 10 06:01:09.770743 np0000006860 nova-conductor[95806]: DEBUG oslo_db.sqlalchemy.engines [None req-4934b2ad-c4d1-48d3-b40f-c5408fa4c000 None None] MySQL server mode set to STRICT_TRANS_TABLES,STRICT_ALL_TABLES,NO_ZERO_IN_DATE,NO_ZERO_DATE,ERROR_FOR_DIVISION_BY_ZERO,TRADITIONAL,NO_ENGINE_SUBSTITUTION {{(pid=95806) _check_effective_sql_mode /opt/stack/data/venv/lib/python3.12/site-packages/oslo_db/sqlalchemy/engines.py:325}}
Aug 10 06:01:09.782192 np0000006860 nova-conductor[95806]: DEBUG dbcounter [-] [95806] Writer thread running {{(pid=95806) stat_writer /opt/stack/data/venv/lib/python3.12/site-packages/dbcounter.py:102}}
Aug 10 06:01:09.788229 np0000006860 nova-conductor[95806]: DEBUG nova.service [None req-4934b2ad-c4d1-48d3-b40f-c5408fa4c000 None None] Creating RPC server for service: nova-conductor on topic: conductor {{(pid=95806) start /opt/stack/nova/nova/service.py:196}}
Aug 10 06:01:09.788597 np0000006860 nova-conductor[95782]: DEBUG nova.service [None req-00e8213c-6cca-4527-ba81-f3f0badf98ee None None] Join ServiceGroup membership for this service conductor {{(pid=95782) start /opt/stack/nova/nova/service.py:222}}
Aug 10 06:01:09.788850 np0000006860 nova-conductor[95782]: DEBUG nova.servicegroup.drivers.db [None req-00e8213c-6cca-4527-ba81-f3f0badf98ee None None] DB_Driver: join new ServiceGroup member np0000006860 to the conductor group, service = {{(pid=95782) join /opt/stack/nova/nova/servicegroup/drivers/db.py:44}}
Aug 10 06:01:09.793020 np0000006860 nova-conductor[95796]: DEBUG nova.service [None req-62d6a830-6093-441a-a092-d36500e84316 None None] Join ServiceGroup membership for this service conductor {{(pid=95796) start /opt/stack/nova/nova/service.py:222}}
Aug 10 06:01:09.793020 np0000006860 nova-conductor[95796]: DEBUG nova.servicegroup.drivers.db [None req-62d6a830-6093-441a-a092-d36500e84316 None None] DB_Driver: join new ServiceGroup member np0000006860 to the conductor group, service = {{(pid=95796) join /opt/stack/nova/nova/servicegroup/drivers/db.py:44}}
Aug 10 06:01:09.806251 np0000006860 nova-conductor[95806]: DEBUG nova.service [None req-4934b2ad-c4d1-48d3-b40f-c5408fa4c000 None None] Join ServiceGroup membership for this service conductor {{(pid=95806) start /opt/stack/nova/nova/service.py:222}}
Aug 10 06:01:09.806569 np0000006860 nova-conductor[95806]: DEBUG nova.servicegroup.drivers.db [None req-4934b2ad-c4d1-48d3-b40f-c5408fa4c000 None None] DB_Driver: join new ServiceGroup member np0000006860 to the conductor group, service = {{(pid=95806) join /opt/stack/nova/nova/servicegroup/drivers/db.py:44}}
Aug 10 06:01:14.800789 np0000006860 nova-conductor[95782]: DEBUG oslo.service.backend._threading.loopingcall [-] Fixed interval looping call 'nova.servicegroup.drivers.db.DbDriver._report_state' sleeping for 119.99 seconds {{(pid=95782) _run_loop /opt/stack/data/venv/lib/python3.12/site-packages/oslo_service/backend/_threading/loopingcall.py:125}}
Aug 10 06:01:14.801339 np0000006860 nova-conductor[95796]: DEBUG oslo.service.backend._threading.loopingcall [-] Fixed interval looping call 'nova.servicegroup.drivers.db.DbDriver._report_state' sleeping for 119.99 seconds {{(pid=95796) _run_loop /opt/stack/data/venv/lib/python3.12/site-packages/oslo_service/backend/_threading/loopingcall.py:125}}
Aug 10 06:01:14.821912 np0000006860 nova-conductor[95806]: DEBUG oslo.service.backend._threading.loopingcall [-] Fixed interval looping call 'nova.servicegroup.drivers.db.DbDriver._report_state' sleeping for 119.99 seconds {{(pid=95806) _run_loop /opt/stack/data/venv/lib/python3.12/site-packages/oslo_service/backend/_threading/loopingcall.py:125}}
Aug 10 06:01:18.402303 np0000006860 nova-conductor[94306]: DEBUG dbcounter [-] [94306] Writing DB stats nova_api:SELECT=1 {{(pid=94306) stat_writer /opt/stack/data/venv/lib/python3.12/site-packages/dbcounter.py:115}}
Aug 10 06:01:18.520542 np0000006860 nova-conductor[94306]: DEBUG dbcounter [-] [94306] Writing DB stats nova_cell1:SELECT=1 {{(pid=94306) stat_writer /opt/stack/data/venv/lib/python3.12/site-packages/dbcounter.py:115}}
Aug 10 06:01:18.524229 np0000006860 nova-conductor[94306]: DEBUG dbcounter [-] [94306] Writing DB stats nova_cell0:SELECT=1 {{(pid=94306) stat_writer /opt/stack/data/venv/lib/python3.12/site-packages/dbcounter.py:115}}
Aug 10 06:01:24.797677 np0000006860 nova-conductor[95782]: DEBUG dbcounter [-] [95782] Writing DB stats nova_cell0:SELECT=4,nova_cell0:INSERT=1,nova_cell0:UPDATE=1 {{(pid=95782) stat_writer /opt/stack/data/venv/lib/python3.12/site-packages/dbcounter.py:115}}
Aug 10 06:01:24.799647 np0000006860 nova-conductor[95796]: DEBUG dbcounter [-] [95796] Writing DB stats nova_cell0:SELECT=5,nova_cell0:INSERT=1,nova_cell0:UPDATE=1 {{(pid=95796) stat_writer /opt/stack/data/venv/lib/python3.12/site-packages/dbcounter.py:115}}
Aug 10 06:01:24.816794 np0000006860 nova-conductor[95806]: DEBUG dbcounter [-] [95806] Writing DB stats nova_cell0:SELECT=3 {{(pid=95806) stat_writer /opt/stack/data/venv/lib/python3.12/site-packages/dbcounter.py:115}}
Aug 10 06:01:36.808598 np0000006860 nova-conductor[95806]: DEBUG oslo.service.backend._threading.loopingcall [None req-d0453439-4e50-440c-b5d8-ba1ef75b153f None None] Dynamic interval looping call 'nova.service.Service.periodic_tasks' sleeping for 60.00 seconds {{(pid=95806) _run_loop /opt/stack/data/venv/lib/python3.12/site-packages/oslo_service/backend/_threading/loopingcall.py:125}}
Aug 10 06:01:55.790838 np0000006860 nova-conductor[95782]: DEBUG oslo.service.backend._threading.loopingcall [None req-d4b5ce35-4ac6-411d-bb45-f39d456ece5f None None] Dynamic interval looping call 'nova.service.Service.periodic_tasks' sleeping for 60.00 seconds {{(pid=95782) _run_loop /opt/stack/data/venv/lib/python3.12/site-packages/oslo_service/backend/_threading/loopingcall.py:125}}
Aug 10 06:01:55.793152 np0000006860 nova-conductor[95796]: DEBUG oslo.service.backend._threading.loopingcall [None req-b7fb8db7-ec59-4d4e-ae87-11d8a14b8501 None None] Dynamic interval looping call 'nova.service.Service.periodic_tasks' sleeping for 60.00 seconds {{(pid=95796) _run_loop /opt/stack/data/venv/lib/python3.12/site-packages/oslo_service/backend/_threading/loopingcall.py:125}}
Aug 10 06:02:36.809092 np0000006860 nova-conductor[95806]: DEBUG oslo.service.backend._threading.loopingcall [None req-d0453439-4e50-440c-b5d8-ba1ef75b153f None None] Dynamic interval looping call 'nova.service.Service.periodic_tasks' sleeping for 60.00 seconds {{(pid=95806) _run_loop /opt/stack/data/venv/lib/python3.12/site-packages/oslo_service/backend/_threading/loopingcall.py:125}}
Aug 10 06:02:55.791363 np0000006860 nova-conductor[95782]: DEBUG oslo.service.backend._threading.loopingcall [None req-d4b5ce35-4ac6-411d-bb45-f39d456ece5f None None] Dynamic interval looping call 'nova.service.Service.periodic_tasks' sleeping for 60.00 seconds {{(pid=95782) _run_loop /opt/stack/data/venv/lib/python3.12/site-packages/oslo_service/backend/_threading/loopingcall.py:125}}
Aug 10 06:02:55.793705 np0000006860 nova-conductor[95796]: DEBUG oslo.service.backend._threading.loopingcall [None req-b7fb8db7-ec59-4d4e-ae87-11d8a14b8501 None None] Dynamic interval looping call 'nova.service.Service.periodic_tasks' sleeping for 60.00 seconds {{(pid=95796) _run_loop /opt/stack/data/venv/lib/python3.12/site-packages/oslo_service/backend/_threading/loopingcall.py:125}}
Aug 10 06:03:14.797259 np0000006860 nova-conductor[95796]: DEBUG oslo.service.backend._threading.loopingcall [-] Fixed interval looping call 'nova.servicegroup.drivers.db.DbDriver._report_state' sleeping for 119.99 seconds {{(pid=95796) _run_loop /opt/stack/data/venv/lib/python3.12/site-packages/oslo_service/backend/_threading/loopingcall.py:125}}
Aug 10 06:03:14.799049 np0000006860 nova-conductor[95782]: DEBUG oslo.service.backend._threading.loopingcall [-] Fixed interval looping call 'nova.servicegroup.drivers.db.DbDriver._report_state' sleeping for 119.99 seconds {{(pid=95782) _run_loop /opt/stack/data/venv/lib/python3.12/site-packages/oslo_service/backend/_threading/loopingcall.py:125}}
Aug 10 06:03:14.816941 np0000006860 nova-conductor[95806]: DEBUG oslo.service.backend._threading.loopingcall [-] Fixed interval looping call 'nova.servicegroup.drivers.db.DbDriver._report_state' sleeping for 120.00 seconds {{(pid=95806) _run_loop /opt/stack/data/venv/lib/python3.12/site-packages/oslo_service/backend/_threading/loopingcall.py:125}}
Aug 10 06:03:24.795294 np0000006860 nova-conductor[95796]: DEBUG dbcounter [-] [95796] Writing DB stats nova_cell0:SELECT=1,nova_cell0:UPDATE=1 {{(pid=95796) stat_writer /opt/stack/data/venv/lib/python3.12/site-packages/dbcounter.py:115}}
Aug 10 06:03:24.796647 np0000006860 nova-conductor[95782]: DEBUG dbcounter [-] [95782] Writing DB stats nova_cell0:SELECT=1,nova_cell0:UPDATE=1 {{(pid=95782) stat_writer /opt/stack/data/venv/lib/python3.12/site-packages/dbcounter.py:115}}
Aug 10 06:03:24.813987 np0000006860 nova-conductor[95806]: DEBUG dbcounter [-] [95806] Writing DB stats nova_cell0:SELECT=1 {{(pid=95806) stat_writer /opt/stack/data/venv/lib/python3.12/site-packages/dbcounter.py:115}}
Aug 10 06:03:30.461206 np0000006860 nova-conductor[95782]: DEBUG oslo_db.sqlalchemy.engines [None req-f80049b4-e9ff-4a00-bfd9-5e55d0400d83 tempest-ServerRescueNegativeTestJSON-515437999 tempest-ServerRescueNegativeTestJSON-515437999-project-member] Parent process 94306 forked (95782) with an open database connection, which is being discarded and recreated. {{(pid=95782) checkout /opt/stack/data/venv/lib/python3.12/site-packages/oslo_db/sqlalchemy/engines.py:402}}
Aug 10 06:03:30.500224 np0000006860 nova-conductor[95782]: DEBUG dbcounter [-] [95782] Writer thread running {{(pid=95782) stat_writer /opt/stack/data/venv/lib/python3.12/site-packages/dbcounter.py:102}}
Aug 10 06:03:31.306187 np0000006860 nova-conductor[95782]: DEBUG nova.conductor.manager [None req-f80049b4-e9ff-4a00-bfd9-5e55d0400d83 tempest-ServerRescueNegativeTestJSON-515437999 tempest-ServerRescueNegativeTestJSON-515437999-project-member] Took 0.80 seconds to select destinations for 1 instance(s). {{(pid=95782) _schedule_instances /opt/stack/nova/nova/conductor/manager.py:968}}
Aug 10 06:03:31.331643 np0000006860 nova-conductor[95782]: DEBUG oslo_concurrency.lockutils [None req-f80049b4-e9ff-4a00-bfd9-5e55d0400d83 tempest-ServerRescueNegativeTestJSON-515437999 tempest-ServerRescueNegativeTestJSON-515437999-project-member] Acquiring lock "acfad91a-816f-426f-9928-7f145c0f2285" by "nova.context.set_target_cell..get_or_set_cached_cell_and_set_connections" {{(pid=95782) inner /opt/stack/data/venv/lib/python3.12/site-packages/oslo_concurrency/lockutils.py:512}}
Aug 10 06:03:31.331837 np0000006860 nova-conductor[95782]: DEBUG oslo_concurrency.lockutils [None req-f80049b4-e9ff-4a00-bfd9-5e55d0400d83 tempest-ServerRescueNegativeTestJSON-515437999 tempest-ServerRescueNegativeTestJSON-515437999-project-member] Lock "acfad91a-816f-426f-9928-7f145c0f2285" acquired by "nova.context.set_target_cell..get_or_set_cached_cell_and_set_connections" :: waited 0.000s {{(pid=95782) inner /opt/stack/data/venv/lib/python3.12/site-packages/oslo_concurrency/lockutils.py:525}}
Aug 10 06:03:31.333368 np0000006860 nova-conductor[95782]: DEBUG oslo_concurrency.lockutils [None req-f80049b4-e9ff-4a00-bfd9-5e55d0400d83 tempest-ServerRescueNegativeTestJSON-515437999 tempest-ServerRescueNegativeTestJSON-515437999-project-member] Lock "acfad91a-816f-426f-9928-7f145c0f2285" "released" by "nova.context.set_target_cell..get_or_set_cached_cell_and_set_connections" :: held 0.002s {{(pid=95782) inner /opt/stack/data/venv/lib/python3.12/site-packages/oslo_concurrency/lockutils.py:544}}
Aug 10 06:03:31.335470 np0000006860 nova-conductor[95782]: INFO dbcounter [None req-f80049b4-e9ff-4a00-bfd9-5e55d0400d83 tempest-ServerRescueNegativeTestJSON-515437999 tempest-ServerRescueNegativeTestJSON-515437999-project-member] Registered counter for database nova_cell1
Aug 10 06:03:31.376244 np0000006860 nova-conductor[95782]: DEBUG oslo_db.sqlalchemy.engines [None req-f80049b4-e9ff-4a00-bfd9-5e55d0400d83 tempest-ServerRescueNegativeTestJSON-515437999 tempest-ServerRescueNegativeTestJSON-515437999-project-member] MySQL server mode set to STRICT_TRANS_TABLES,STRICT_ALL_TABLES,NO_ZERO_IN_DATE,NO_ZERO_DATE,ERROR_FOR_DIVISION_BY_ZERO,TRADITIONAL,NO_ENGINE_SUBSTITUTION {{(pid=95782) _check_effective_sql_mode /opt/stack/data/venv/lib/python3.12/site-packages/oslo_db/sqlalchemy/engines.py:325}}
Aug 10 06:03:31.383757 np0000006860 nova-conductor[95782]: DEBUG dbcounter [-] [95782] Writer thread running {{(pid=95782) stat_writer /opt/stack/data/venv/lib/python3.12/site-packages/dbcounter.py:102}}
Aug 10 06:03:31.447434 np0000006860 nova-conductor[95782]: INFO nova.utils [None req-f80049b4-e9ff-4a00-bfd9-5e55d0400d83 tempest-ServerRescueNegativeTestJSON-515437999 tempest-ServerRescueNegativeTestJSON-515437999-project-member] The cell worker thread pool ForkProcess-1.cell_worker is initialized
Aug 10 06:03:31.447761 np0000006860 nova-conductor[95782]: DEBUG oslo_concurrency.lockutils [None req-f80049b4-e9ff-4a00-bfd9-5e55d0400d83 tempest-ServerRescueNegativeTestJSON-515437999 tempest-ServerRescueNegativeTestJSON-515437999-project-member] Acquiring lock "00000000-0000-0000-0000-000000000000" by "nova.context.set_target_cell..get_or_set_cached_cell_and_set_connections" {{(pid=95782) inner /opt/stack/data/venv/lib/python3.12/site-packages/oslo_concurrency/lockutils.py:512}}
Aug 10 06:03:31.447929 np0000006860 nova-conductor[95782]: DEBUG oslo_concurrency.lockutils [None req-f80049b4-e9ff-4a00-bfd9-5e55d0400d83 tempest-ServerRescueNegativeTestJSON-515437999 tempest-ServerRescueNegativeTestJSON-515437999-project-member] Lock "00000000-0000-0000-0000-000000000000" acquired by "nova.context.set_target_cell..get_or_set_cached_cell_and_set_connections" :: waited 0.000s {{(pid=95782) inner /opt/stack/data/venv/lib/python3.12/site-packages/oslo_concurrency/lockutils.py:525}}
Aug 10 06:03:31.448236 np0000006860 nova-conductor[95782]: DEBUG oslo_concurrency.lockutils [None req-f80049b4-e9ff-4a00-bfd9-5e55d0400d83 tempest-ServerRescueNegativeTestJSON-515437999 tempest-ServerRescueNegativeTestJSON-515437999-project-member] Lock "00000000-0000-0000-0000-000000000000" "released" by "nova.context.set_target_cell..get_or_set_cached_cell_and_set_connections" :: held 0.000s {{(pid=95782) inner /opt/stack/data/venv/lib/python3.12/site-packages/oslo_concurrency/lockutils.py:544}}
Aug 10 06:03:31.449076 np0000006860 nova-conductor[95782]: DEBUG oslo_concurrency.lockutils [None req-f80049b4-e9ff-4a00-bfd9-5e55d0400d83 tempest-ServerRescueNegativeTestJSON-515437999 tempest-ServerRescueNegativeTestJSON-515437999-project-member] Acquiring lock "acfad91a-816f-426f-9928-7f145c0f2285" by "nova.context.set_target_cell..get_or_set_cached_cell_and_set_connections" {{(pid=95782) inner /opt/stack/data/venv/lib/python3.12/site-packages/oslo_concurrency/lockutils.py:512}}
Aug 10 06:03:31.452004 np0000006860 nova-conductor[95782]: INFO dbcounter [None req-f80049b4-e9ff-4a00-bfd9-5e55d0400d83 tempest-ServerRescueNegativeTestJSON-515437999 tempest-ServerRescueNegativeTestJSON-515437999-project-member] Registered counter for database nova_cell0
Aug 10 06:03:31.452004 np0000006860 nova-conductor[95782]: DEBUG oslo_concurrency.lockutils [None req-f80049b4-e9ff-4a00-bfd9-5e55d0400d83 tempest-ServerRescueNegativeTestJSON-515437999 tempest-ServerRescueNegativeTestJSON-515437999-project-member] Lock "acfad91a-816f-426f-9928-7f145c0f2285" acquired by "nova.context.set_target_cell..get_or_set_cached_cell_and_set_connections" :: waited 0.001s {{(pid=95782) inner /opt/stack/data/venv/lib/python3.12/site-packages/oslo_concurrency/lockutils.py:525}}
Aug 10 06:03:31.452004 np0000006860 nova-conductor[95782]: DEBUG oslo_concurrency.lockutils [None req-f80049b4-e9ff-4a00-bfd9-5e55d0400d83 tempest-ServerRescueNegativeTestJSON-515437999 tempest-ServerRescueNegativeTestJSON-515437999-project-member] Lock "acfad91a-816f-426f-9928-7f145c0f2285" "released" by "nova.context.set_target_cell..get_or_set_cached_cell_and_set_connections" :: held 0.002s {{(pid=95782) inner /opt/stack/data/venv/lib/python3.12/site-packages/oslo_concurrency/lockutils.py:544}}
Aug 10 06:03:31.487400 np0000006860 nova-conductor[95782]: DEBUG oslo_db.sqlalchemy.engines [None req-f80049b4-e9ff-4a00-bfd9-5e55d0400d83 tempest-ServerRescueNegativeTestJSON-515437999 tempest-ServerRescueNegativeTestJSON-515437999-project-member] MySQL server mode set to STRICT_TRANS_TABLES,STRICT_ALL_TABLES,NO_ZERO_IN_DATE,NO_ZERO_DATE,ERROR_FOR_DIVISION_BY_ZERO,TRADITIONAL,NO_ENGINE_SUBSTITUTION {{(pid=95782) _check_effective_sql_mode /opt/stack/data/venv/lib/python3.12/site-packages/oslo_db/sqlalchemy/engines.py:325}}
Aug 10 06:03:31.493730 np0000006860 nova-conductor[95782]: DEBUG dbcounter [-] [95782] Writer thread running {{(pid=95782) stat_writer /opt/stack/data/venv/lib/python3.12/site-packages/dbcounter.py:102}}
Aug 10 06:03:31.503015 np0000006860 nova-conductor[95782]: DEBUG nova.quota [None req-f80049b4-e9ff-4a00-bfd9-5e55d0400d83 tempest-ServerRescueNegativeTestJSON-515437999 tempest-ServerRescueNegativeTestJSON-515437999-project-member] Getting quotas for project f8d647d3161947318f4e1180541ffb53. Resources: {'ram', 'instances', 'cores'} {{(pid=95782) _get_quotas /opt/stack/nova/nova/quota.py:389}}
Aug 10 06:03:31.507580 np0000006860 nova-conductor[95782]: DEBUG nova.quota [None req-f80049b4-e9ff-4a00-bfd9-5e55d0400d83 tempest-ServerRescueNegativeTestJSON-515437999 tempest-ServerRescueNegativeTestJSON-515437999-project-member] Getting quotas for user d518de29ebe3442c9d763a238a1911ae and project f8d647d3161947318f4e1180541ffb53. Resources: {'ram', 'instances', 'cores'} {{(pid=95782) _get_quotas /opt/stack/nova/nova/quota.py:379}}
Aug 10 06:03:31.514458 np0000006860 nova-conductor[95782]: DEBUG nova.conductor.manager [None req-f80049b4-e9ff-4a00-bfd9-5e55d0400d83 tempest-ServerRescueNegativeTestJSON-515437999 tempest-ServerRescueNegativeTestJSON-515437999-project-member] [instance: dc549f98-069f-42a0-89eb-008e32ef75ca] Selected host: np0000006860; Selected node: np0000006860; Alternates: [] {{(pid=95782) schedule_and_build_instances /opt/stack/nova/nova/conductor/manager.py:1784}}
Aug 10 06:03:31.514940 np0000006860 nova-conductor[95782]: DEBUG oslo_concurrency.lockutils [None req-f80049b4-e9ff-4a00-bfd9-5e55d0400d83 tempest-ServerRescueNegativeTestJSON-515437999 tempest-ServerRescueNegativeTestJSON-515437999-project-member] Acquiring lock "acfad91a-816f-426f-9928-7f145c0f2285" by "nova.context.set_target_cell..get_or_set_cached_cell_and_set_connections" {{(pid=95782) inner /opt/stack/data/venv/lib/python3.12/site-packages/oslo_concurrency/lockutils.py:512}}
Aug 10 06:03:31.515083 np0000006860 nova-conductor[95782]: DEBUG oslo_concurrency.lockutils [None req-f80049b4-e9ff-4a00-bfd9-5e55d0400d83 tempest-ServerRescueNegativeTestJSON-515437999 tempest-ServerRescueNegativeTestJSON-515437999-project-member] Lock "acfad91a-816f-426f-9928-7f145c0f2285" acquired by "nova.context.set_target_cell..get_or_set_cached_cell_and_set_connections" :: waited 0.000s {{(pid=95782) inner /opt/stack/data/venv/lib/python3.12/site-packages/oslo_concurrency/lockutils.py:525}}
Aug 10 06:03:31.515183 np0000006860 nova-conductor[95782]: DEBUG oslo_concurrency.lockutils [None req-f80049b4-e9ff-4a00-bfd9-5e55d0400d83 tempest-ServerRescueNegativeTestJSON-515437999 tempest-ServerRescueNegativeTestJSON-515437999-project-member] Lock "acfad91a-816f-426f-9928-7f145c0f2285" "released" by "nova.context.set_target_cell..get_or_set_cached_cell_and_set_connections" :: held 0.000s {{(pid=95782) inner /opt/stack/data/venv/lib/python3.12/site-packages/oslo_concurrency/lockutils.py:544}}
Aug 10 06:03:31.531900 np0000006860 nova-conductor[95782]: DEBUG nova.conductor.manager [None req-f80049b4-e9ff-4a00-bfd9-5e55d0400d83 tempest-ServerRescueNegativeTestJSON-515437999 tempest-ServerRescueNegativeTestJSON-515437999-project-member] [instance: dc549f98-069f-42a0-89eb-008e32ef75ca] block_device_mapping [BlockDeviceMapping(attachment_id=,boot_index=0,connection_info=None,created_at=,delete_on_termination=True,deleted=,deleted_at=,destination_type='local',device_name=None,device_type='disk',disk_bus=None,encrypted=False,encryption_format=None,encryption_options=None,encryption_secret_uuid=None,guest_format=None,id=,image_id='5a34945c-663f-4d50-8d9a-eb4584827721',instance=,instance_uuid=,no_device=False,snapshot_id=None,source_type='image',tag=None,updated_at=,uuid=,volume_id=None,volume_size=None,volume_type=None)] {{(pid=95782) _create_block_device_mapping /opt/stack/nova/nova/conductor/manager.py:1529}}
Aug 10 06:03:31.535004 np0000006860 nova-conductor[95782]: DEBUG oslo_concurrency.lockutils [None req-f80049b4-e9ff-4a00-bfd9-5e55d0400d83 tempest-ServerRescueNegativeTestJSON-515437999 tempest-ServerRescueNegativeTestJSON-515437999-project-member] Acquiring lock "acfad91a-816f-426f-9928-7f145c0f2285" by "nova.context.set_target_cell..get_or_set_cached_cell_and_set_connections" {{(pid=95782) inner /opt/stack/data/venv/lib/python3.12/site-packages/oslo_concurrency/lockutils.py:512}}
Aug 10 06:03:31.535208 np0000006860 nova-conductor[95782]: DEBUG oslo_concurrency.lockutils [None req-f80049b4-e9ff-4a00-bfd9-5e55d0400d83 tempest-ServerRescueNegativeTestJSON-515437999 tempest-ServerRescueNegativeTestJSON-515437999-project-member] Lock "acfad91a-816f-426f-9928-7f145c0f2285" acquired by "nova.context.set_target_cell..get_or_set_cached_cell_and_set_connections" :: waited 0.000s {{(pid=95782) inner /opt/stack/data/venv/lib/python3.12/site-packages/oslo_concurrency/lockutils.py:525}}
Aug 10 06:03:31.535380 np0000006860 nova-conductor[95782]: DEBUG oslo_concurrency.lockutils [None req-f80049b4-e9ff-4a00-bfd9-5e55d0400d83 tempest-ServerRescueNegativeTestJSON-515437999 tempest-ServerRescueNegativeTestJSON-515437999-project-member] Lock "acfad91a-816f-426f-9928-7f145c0f2285" "released" by "nova.context.set_target_cell..get_or_set_cached_cell_and_set_connections" :: held 0.000s {{(pid=95782) inner /opt/stack/data/venv/lib/python3.12/site-packages/oslo_concurrency/lockutils.py:544}}
Aug 10 06:03:31.579149 np0000006860 nova-conductor[95782]: DEBUG oslo_concurrency.lockutils [None req-f80049b4-e9ff-4a00-bfd9-5e55d0400d83 tempest-ServerRescueNegativeTestJSON-515437999 tempest-ServerRescueNegativeTestJSON-515437999-project-member] Acquiring lock "acfad91a-816f-426f-9928-7f145c0f2285" by "nova.context.set_target_cell..get_or_set_cached_cell_and_set_connections" {{(pid=95782) inner /opt/stack/data/venv/lib/python3.12/site-packages/oslo_concurrency/lockutils.py:512}}
Aug 10 06:03:31.579384 np0000006860 nova-conductor[95782]: DEBUG oslo_concurrency.lockutils [None req-f80049b4-e9ff-4a00-bfd9-5e55d0400d83 tempest-ServerRescueNegativeTestJSON-515437999 tempest-ServerRescueNegativeTestJSON-515437999-project-member] Lock "acfad91a-816f-426f-9928-7f145c0f2285" acquired by "nova.context.set_target_cell..get_or_set_cached_cell_and_set_connections" :: waited 0.000s {{(pid=95782) inner /opt/stack/data/venv/lib/python3.12/site-packages/oslo_concurrency/lockutils.py:525}}
Aug 10 06:03:31.579553 np0000006860 nova-conductor[95782]: DEBUG oslo_concurrency.lockutils [None req-f80049b4-e9ff-4a00-bfd9-5e55d0400d83 tempest-ServerRescueNegativeTestJSON-515437999 tempest-ServerRescueNegativeTestJSON-515437999-project-member] Lock "acfad91a-816f-426f-9928-7f145c0f2285" "released" by "nova.context.set_target_cell..get_or_set_cached_cell_and_set_connections" :: held 0.000s {{(pid=95782) inner /opt/stack/data/venv/lib/python3.12/site-packages/oslo_concurrency/lockutils.py:544}}
Aug 10 06:03:31.579848 np0000006860 nova-conductor[95782]: DEBUG oslo_concurrency.lockutils [None req-f80049b4-e9ff-4a00-bfd9-5e55d0400d83 tempest-ServerRescueNegativeTestJSON-515437999 tempest-ServerRescueNegativeTestJSON-515437999-project-member] Acquiring lock "compute-rpcapi-router" {{(pid=95782) lock /opt/stack/data/venv/lib/python3.12/site-packages/oslo_concurrency/lockutils.py:396}}
Aug 10 06:03:31.579974 np0000006860 nova-conductor[95782]: DEBUG oslo_concurrency.lockutils [None req-f80049b4-e9ff-4a00-bfd9-5e55d0400d83 tempest-ServerRescueNegativeTestJSON-515437999 tempest-ServerRescueNegativeTestJSON-515437999-project-member] Acquired lock "compute-rpcapi-router" {{(pid=95782) lock /opt/stack/data/venv/lib/python3.12/site-packages/oslo_concurrency/lockutils.py:399}}
Aug 10 06:03:31.580497 np0000006860 nova-conductor[95782]: DEBUG oslo_concurrency.lockutils [None req-a26d48f0-58f9-4659-aa95-9eb9a9fac7d4 None None] Acquiring lock "00000000-0000-0000-0000-000000000000" by "nova.context.set_target_cell..get_or_set_cached_cell_and_set_connections" {{(pid=95782) inner /opt/stack/data/venv/lib/python3.12/site-packages/oslo_concurrency/lockutils.py:512}}
Aug 10 06:03:31.580757 np0000006860 nova-conductor[95782]: DEBUG oslo_concurrency.lockutils [None req-a26d48f0-58f9-4659-aa95-9eb9a9fac7d4 None None] Lock "00000000-0000-0000-0000-000000000000" acquired by "nova.context.set_target_cell..get_or_set_cached_cell_and_set_connections" :: waited 0.000s {{(pid=95782) inner /opt/stack/data/venv/lib/python3.12/site-packages/oslo_concurrency/lockutils.py:525}}
Aug 10 06:03:31.580909 np0000006860 nova-conductor[95782]: DEBUG oslo_concurrency.lockutils [None req-a26d48f0-58f9-4659-aa95-9eb9a9fac7d4 None None] Lock "00000000-0000-0000-0000-000000000000" "released" by "nova.context.set_target_cell..get_or_set_cached_cell_and_set_connections" :: held 0.000s {{(pid=95782) inner /opt/stack/data/venv/lib/python3.12/site-packages/oslo_concurrency/lockutils.py:544}}
Aug 10 06:03:31.581642 np0000006860 nova-conductor[95782]: DEBUG oslo_concurrency.lockutils [None req-a26d48f0-58f9-4659-aa95-9eb9a9fac7d4 None None] Acquiring lock "acfad91a-816f-426f-9928-7f145c0f2285" by "nova.context.set_target_cell..get_or_set_cached_cell_and_set_connections" {{(pid=95782) inner /opt/stack/data/venv/lib/python3.12/site-packages/oslo_concurrency/lockutils.py:512}}
Aug 10 06:03:31.581815 np0000006860 nova-conductor[95782]: DEBUG oslo_concurrency.lockutils [None req-a26d48f0-58f9-4659-aa95-9eb9a9fac7d4 None None] Lock "acfad91a-816f-426f-9928-7f145c0f2285" acquired by "nova.context.set_target_cell..get_or_set_cached_cell_and_set_connections" :: waited 0.000s {{(pid=95782) inner /opt/stack/data/venv/lib/python3.12/site-packages/oslo_concurrency/lockutils.py:525}}
Aug 10 06:03:31.581959 np0000006860 nova-conductor[95782]: DEBUG oslo_concurrency.lockutils [None req-a26d48f0-58f9-4659-aa95-9eb9a9fac7d4 None None] Lock "acfad91a-816f-426f-9928-7f145c0f2285" "released" by "nova.context.set_target_cell..get_or_set_cached_cell_and_set_connections" :: held 0.000s {{(pid=95782) inner /opt/stack/data/venv/lib/python3.12/site-packages/oslo_concurrency/lockutils.py:544}}
Aug 10 06:03:31.601320 np0000006860 nova-conductor[95782]: INFO nova.compute.rpcapi [None req-a26d48f0-58f9-4659-aa95-9eb9a9fac7d4 None None] Automatically selected compute RPC version 6.5 from minimum service version 72
Aug 10 06:03:31.601893 np0000006860 nova-conductor[95782]: DEBUG oslo_concurrency.lockutils [None req-a26d48f0-58f9-4659-aa95-9eb9a9fac7d4 None None] Releasing lock "compute-rpcapi-router" {{(pid=95782) lock /opt/stack/data/venv/lib/python3.12/site-packages/oslo_concurrency/lockutils.py:419}}
Aug 10 06:03:35.747363 np0000006860 nova-conductor[95796]: DEBUG dbcounter [-] [95796] Writer thread running {{(pid=95796) stat_writer /opt/stack/data/venv/lib/python3.12/site-packages/dbcounter.py:102}}
Aug 10 06:03:35.864168 np0000006860 nova-conductor[95806]: DEBUG dbcounter [-] [95806] Writer thread running {{(pid=95806) stat_writer /opt/stack/data/venv/lib/python3.12/site-packages/dbcounter.py:102}}
Aug 10 06:03:36.204584 np0000006860 nova-conductor[95796]: DEBUG nova.conductor.manager [None req-1da009be-d6cf-40d6-8120-afb293d859a2 tempest-ServerRescueNegativeTestJSON-515437999 tempest-ServerRescueNegativeTestJSON-515437999-project-member] Took 0.46 seconds to select destinations for 1 instance(s). {{(pid=95796) _schedule_instances /opt/stack/nova/nova/conductor/manager.py:968}}
Aug 10 06:03:36.236172 np0000006860 nova-conductor[95796]: DEBUG oslo_concurrency.lockutils [None req-1da009be-d6cf-40d6-8120-afb293d859a2 tempest-ServerRescueNegativeTestJSON-515437999 tempest-ServerRescueNegativeTestJSON-515437999-project-member] Acquiring lock "acfad91a-816f-426f-9928-7f145c0f2285" by "nova.context.set_target_cell..get_or_set_cached_cell_and_set_connections" {{(pid=95796) inner /opt/stack/data/venv/lib/python3.12/site-packages/oslo_concurrency/lockutils.py:512}}
Aug 10 06:03:36.236172 np0000006860 nova-conductor[95796]: DEBUG oslo_concurrency.lockutils [None req-1da009be-d6cf-40d6-8120-afb293d859a2 tempest-ServerRescueNegativeTestJSON-515437999 tempest-ServerRescueNegativeTestJSON-515437999-project-member] Lock "acfad91a-816f-426f-9928-7f145c0f2285" acquired by "nova.context.set_target_cell..get_or_set_cached_cell_and_set_connections" :: waited 0.000s {{(pid=95796) inner /opt/stack/data/venv/lib/python3.12/site-packages/oslo_concurrency/lockutils.py:525}}
Aug 10 06:03:36.242193 np0000006860 nova-conductor[95796]: DEBUG oslo_concurrency.lockutils [None req-1da009be-d6cf-40d6-8120-afb293d859a2 tempest-ServerRescueNegativeTestJSON-515437999 tempest-ServerRescueNegativeTestJSON-515437999-project-member] Lock "acfad91a-816f-426f-9928-7f145c0f2285" "released" by "nova.context.set_target_cell..get_or_set_cached_cell_and_set_connections" :: held 0.005s {{(pid=95796) inner /opt/stack/data/venv/lib/python3.12/site-packages/oslo_concurrency/lockutils.py:544}}
Aug 10 06:03:36.245652 np0000006860 nova-conductor[95796]: INFO dbcounter [None req-1da009be-d6cf-40d6-8120-afb293d859a2 tempest-ServerRescueNegativeTestJSON-515437999 tempest-ServerRescueNegativeTestJSON-515437999-project-member] Registered counter for database nova_cell1
Aug 10 06:03:36.282106 np0000006860 nova-conductor[95806]: DEBUG nova.conductor.manager [None req-5526db0a-9819-4fae-8ee8-ebd23c0df4d1 tempest-ServerActionsTestOtherB-192742979 tempest-ServerActionsTestOtherB-192742979-project-member] Took 0.42 seconds to select destinations for 1 instance(s). {{(pid=95806) _schedule_instances /opt/stack/nova/nova/conductor/manager.py:968}}
Aug 10 06:03:36.288945 np0000006860 nova-conductor[95796]: DEBUG oslo_db.sqlalchemy.engines [None req-1da009be-d6cf-40d6-8120-afb293d859a2 tempest-ServerRescueNegativeTestJSON-515437999 tempest-ServerRescueNegativeTestJSON-515437999-project-member] MySQL server mode set to STRICT_TRANS_TABLES,STRICT_ALL_TABLES,NO_ZERO_IN_DATE,NO_ZERO_DATE,ERROR_FOR_DIVISION_BY_ZERO,TRADITIONAL,NO_ENGINE_SUBSTITUTION {{(pid=95796) _check_effective_sql_mode /opt/stack/data/venv/lib/python3.12/site-packages/oslo_db/sqlalchemy/engines.py:325}}
Aug 10 06:03:36.294188 np0000006860 nova-conductor[95796]: DEBUG dbcounter [-] [95796] Writer thread running {{(pid=95796) stat_writer /opt/stack/data/venv/lib/python3.12/site-packages/dbcounter.py:102}}
Aug 10 06:03:36.310355 np0000006860 nova-conductor[95806]: DEBUG oslo_concurrency.lockutils [None req-5526db0a-9819-4fae-8ee8-ebd23c0df4d1 tempest-ServerActionsTestOtherB-192742979 tempest-ServerActionsTestOtherB-192742979-project-member] Acquiring lock "acfad91a-816f-426f-9928-7f145c0f2285" by "nova.context.set_target_cell..get_or_set_cached_cell_and_set_connections" {{(pid=95806) inner /opt/stack/data/venv/lib/python3.12/site-packages/oslo_concurrency/lockutils.py:512}}
Aug 10 06:03:36.310688 np0000006860 nova-conductor[95806]: DEBUG oslo_concurrency.lockutils [None req-5526db0a-9819-4fae-8ee8-ebd23c0df4d1 tempest-ServerActionsTestOtherB-192742979 tempest-ServerActionsTestOtherB-192742979-project-member] Lock "acfad91a-816f-426f-9928-7f145c0f2285" acquired by "nova.context.set_target_cell..get_or_set_cached_cell_and_set_connections" :: waited 0.000s {{(pid=95806) inner /opt/stack/data/venv/lib/python3.12/site-packages/oslo_concurrency/lockutils.py:525}}
Aug 10 06:03:36.312056 np0000006860 nova-conductor[95806]: DEBUG oslo_concurrency.lockutils [None req-5526db0a-9819-4fae-8ee8-ebd23c0df4d1 tempest-ServerActionsTestOtherB-192742979 tempest-ServerActionsTestOtherB-192742979-project-member] Lock "acfad91a-816f-426f-9928-7f145c0f2285" "released" by "nova.context.set_target_cell..get_or_set_cached_cell_and_set_connections" :: held 0.001s {{(pid=95806) inner /opt/stack/data/venv/lib/python3.12/site-packages/oslo_concurrency/lockutils.py:544}}
Aug 10 06:03:36.314582 np0000006860 nova-conductor[95806]: INFO dbcounter [None req-5526db0a-9819-4fae-8ee8-ebd23c0df4d1 tempest-ServerActionsTestOtherB-192742979 tempest-ServerActionsTestOtherB-192742979-project-member] Registered counter for database nova_cell1
Aug 10 06:03:36.339926 np0000006860 nova-conductor[95796]: INFO nova.utils [None req-1da009be-d6cf-40d6-8120-afb293d859a2 tempest-ServerRescueNegativeTestJSON-515437999 tempest-ServerRescueNegativeTestJSON-515437999-project-member] The cell worker thread pool ForkProcess-2.cell_worker is initialized
Aug 10 06:03:36.340202 np0000006860 nova-conductor[95796]: DEBUG oslo_concurrency.lockutils [None req-1da009be-d6cf-40d6-8120-afb293d859a2 tempest-ServerRescueNegativeTestJSON-515437999 tempest-ServerRescueNegativeTestJSON-515437999-project-member] Acquiring lock "00000000-0000-0000-0000-000000000000" by "nova.context.set_target_cell..get_or_set_cached_cell_and_set_connections" {{(pid=95796) inner /opt/stack/data/venv/lib/python3.12/site-packages/oslo_concurrency/lockutils.py:512}}
Aug 10 06:03:36.340339 np0000006860 nova-conductor[95796]: DEBUG oslo_concurrency.lockutils [None req-1da009be-d6cf-40d6-8120-afb293d859a2 tempest-ServerRescueNegativeTestJSON-515437999 tempest-ServerRescueNegativeTestJSON-515437999-project-member] Lock "00000000-0000-0000-0000-000000000000" acquired by "nova.context.set_target_cell..get_or_set_cached_cell_and_set_connections" :: waited 0.000s {{(pid=95796) inner /opt/stack/data/venv/lib/python3.12/site-packages/oslo_concurrency/lockutils.py:525}}
