Aug 10 06:00:55.623832 np0000006860 devstack@neutron-api.service[87614]: DEBUG ovsdbapp.backend.ovs_idl.transaction [None req-d5683f05-0974-488d-b460-943adbb62fcd None None] Running txn n=1 command(idx=1): HAChassisGroupAddChassisCommand(_result=None, hcg=neutron-916e0567-8415-401a-832b-a29b0971642e, chassis=1aee17ac-e229-4282-bc70-d1297512fbed, priority=1, columns={}) {{(pid=87614) do_commit /opt/stack/data/venv/lib/python3.12/site-packages/ovsdbapp/backend/ovs_idl/transaction.py:89}}
Aug 10 06:00:55.628774 np0000006860 devstack@neutron-api.service[87614]: INFO neutron.db.ovn_revision_numbers_db [None req-d9e9fc7b-b563-4924-a67c-704c72a5b4f5 admin admin] Successfully bumped revision number for resource 848382af-6fcd-4b92-a1c8-3dc12175e7b3 (type: routers) to 3
Aug 10 06:00:55.642417 np0000006860 devstack@neutron-api.service[87615]: INFO neutron.common.ovn.utils [None req-4a02ed4e-278c-4b95-9bd5-876cc714b88c None None] HA Chassis Group neutron-916e0567-8415-401a-832b-a29b0971642e synchronized; highest priority chassis 1aee17ac-e229-4282-bc70-d1297512fbed
Aug 10 06:00:55.647754 np0000006860 devstack@neutron-api.service[87614]: INFO neutron.db.ovn_revision_numbers_db [None req-d9e9fc7b-b563-4924-a67c-704c72a5b4f5 admin admin] Successfully bumped revision number for resource 93591420-c057-4b29-beeb-030620664dd1 (type: router_ports) to 1
Aug 10 06:00:55.647754 np0000006860 devstack@neutron-api.service[87614]: DEBUG neutron.db.ovn_revision_numbers_db [None req-d9e9fc7b-b563-4924-a67c-704c72a5b4f5 admin admin] delete_revision(93591420-c057-4b29-beeb-030620664dd1) {{(pid=87614) delete_revision /opt/stack/neutron/neutron/db/ovn_revision_numbers_db.py:112}}
Aug 10 06:00:55.651622 np0000006860 devstack@neutron-api.service[87614]: DEBUG neutron.plugins.ml2.drivers.ovn.mech_driver.ovsdb.ovsdb_monitor [None req-d5683f05-0974-488d-b460-943adbb62fcd None None] Hash Ring: Node 3746e1befd405ffa83d806d6bac3f73c (host: np0000006860) handling event "create" for row 546217a1-e814-4828-9b2b-f3a908a1ad75 (table: HA_Chassis) {{(pid=87614) notify /opt/stack/neutron/neutron/plugins/ml2/drivers/ovn/mech_driver/ovsdb/ovsdb_monitor.py:1099}}
Aug 10 06:00:55.652908 np0000006860 devstack@neutron-api.service[87614]: INFO neutron.plugins.ml2.drivers.ovn.mech_driver.mech_driver [None req-d384ad31-f1a7-4e5a-ae28-8b13e6918e87 None None] OVN reports status up for port: 93591420-c057-4b29-beeb-030620664dd1
Aug 10 06:00:55.654255 np0000006860 devstack@neutron-api.service[87615]: DEBUG ovsdbapp.backend.ovs_idl.transaction [None req-c099919f-47d1-4838-a1e6-d0c0043ed1a2 None None] Running txn n=1 command(idx=0): HAChassisGroupAddCommand(_result=None, name=neutron-916e0567-8415-401a-832b-a29b0971642e, may_exist=True, columns={'external_ids': {'neutron:availability_zone_hints': '', 'neutron:network_id': '916e0567-8415-401a-832b-a29b0971642e', 'neutron:router_id': '848382af-6fcd-4b92-a1c8-3dc12175e7b3'}}) {{(pid=87615) do_commit /opt/stack/data/venv/lib/python3.12/site-packages/ovsdbapp/backend/ovs_idl/transaction.py:89}}
Aug 10 06:00:55.654680 np0000006860 devstack@neutron-api.service[87615]: DEBUG ovsdbapp.backend.ovs_idl.transaction [None req-c099919f-47d1-4838-a1e6-d0c0043ed1a2 None None] Running txn n=1 command(idx=1): HAChassisGroupAddChassisCommand(_result=None, hcg=neutron-916e0567-8415-401a-832b-a29b0971642e, chassis=1aee17ac-e229-4282-bc70-d1297512fbed, priority=1, columns={}) {{(pid=87615) do_commit /opt/stack/data/venv/lib/python3.12/site-packages/ovsdbapp/backend/ovs_idl/transaction.py:89}}
Aug 10 06:00:55.655977 np0000006860 devstack@neutron-api.service[87614]: [pid: 87614|app: 0|req: 8/25] 10.4.3.146 () {68 vars in 1508 bytes} [Mon Aug 10 06:00:54 2026] PUT /networking/v2.0/routers/848382af-6fcd-4b92-a1c8-3dc12175e7b3/update_external_gateways => generated 1031 bytes in 1170 msecs (HTTP/1.1 200) 4 headers in 158 bytes (1 switches on core 0)
Aug 10 06:00:55.658694 np0000006860 devstack@neutron-api.service[87614]: DEBUG neutron.db.provisioning_blocks [None req-d384ad31-f1a7-4e5a-ae28-8b13e6918e87 None None] Provisioning complete for port 93591420-c057-4b29-beeb-030620664dd1 triggered by entity L2. {{(pid=87614) provisioning_complete /opt/stack/neutron/neutron/db/provisioning_blocks.py:141}}
Aug 10 06:00:55.658870 np0000006860 devstack@neutron-api.service[87614]: DEBUG neutron_lib.callbacks.manager [None req-d384ad31-f1a7-4e5a-ae28-8b13e6918e87 None None] Publish callbacks ['neutron.plugins.ml2.plugin.Ml2Plugin._port_provisioned-1048445'] for port (93591420-c057-4b29-beeb-030620664dd1), provisioning_complete {{(pid=87614) _notify_loop /opt/stack/data/venv/lib/python3.12/site-packages/neutron_lib/callbacks/manager.py:184}}
Aug 10 06:00:55.659041 np0000006860 devstack@neutron-api.service[87614]: INFO neutron.plugins.ml2.plugin [None req-d384ad31-f1a7-4e5a-ae28-8b13e6918e87 None None] Attempt 1 to provision port 93591420-c057-4b29-beeb-030620664dd1
Aug 10 06:00:55.659891 np0000006860 devstack@neutron-api.service[87615]: DEBUG neutron.plugins.ml2.drivers.ovn.mech_driver.ovsdb.ovsdb_monitor [None req-c099919f-47d1-4838-a1e6-d0c0043ed1a2 None None] Touching Hash Ring node "cd2962f794b55b3ea9a46e074a759e03" from IDL notify handler {{(pid=87615) notify /opt/stack/neutron/neutron/plugins/ml2/drivers/ovn/mech_driver/ovsdb/ovsdb_monitor.py:1091}}
Aug 10 06:00:55.667794 np0000006860 devstack@neutron-api.service[87615]: DEBUG neutron.plugins.ml2.drivers.ovn.mech_driver.ovsdb.ovsdb_monitor [None req-c099919f-47d1-4838-a1e6-d0c0043ed1a2 None None] Hash Ring: Node cd2962f794b55b3ea9a46e074a759e03 (host: np0000006860) handling event "create" for row 546217a1-e814-4828-9b2b-f3a908a1ad75 (table: HA_Chassis) {{(pid=87615) notify /opt/stack/neutron/neutron/plugins/ml2/drivers/ovn/mech_driver/ovsdb/ovsdb_monitor.py:1099}}
Aug 10 06:00:55.668180 np0000006860 devstack@neutron-api.service[87613]: DEBUG neutron_lib.callbacks.manager [None req-29b03d0a-84fd-446b-9516-97ec24e0c75c None None] Publish callbacks ['neutron.plugins.ml2.plugin.SecurityGroupDbMixin._ensure_default_security_group_handler-3399956', 'neutron.services.ovn_l3.plugin.OVNL3RouterPlugin._port_update-8392249065766', 'neutron.db.l3_db.L3_NAT_dbonly_mixin._prevent_internal_ip_change_for_fip-8392250120306'] for port (93591420-c057-4b29-beeb-030620664dd1), before_update {{(pid=87613) _notify_loop /opt/stack/data/venv/lib/python3.12/site-packages/neutron_lib/callbacks/manager.py:184}}
Aug 10 06:00:55.669828 np0000006860 devstack@neutron-api.service[87615]: DEBUG neutron.plugins.ml2.drivers.ovn.mech_driver.ovsdb.ovsdb_monitor [None req-c099919f-47d1-4838-a1e6-d0c0043ed1a2 None None] Touching Hash Ring node "cd2962f794b55b3ea9a46e074a759e03" from IDL notify handler {{(pid=87615) notify /opt/stack/neutron/neutron/plugins/ml2/drivers/ovn/mech_driver/ovsdb/ovsdb_monitor.py:1091}}
Aug 10 06:00:55.674693 np0000006860 devstack@neutron-api.service[87615]: DEBUG neutron.plugins.ml2.drivers.ovn.mech_driver.ovsdb.ovsdb_monitor [None req-c099919f-47d1-4838-a1e6-d0c0043ed1a2 None None] Hash Ring: Node cd2962f794b55b3ea9a46e074a759e03 (host: np0000006860) handling event "create" for row 151b3984-53e0-4ef6-b45a-da7c1c6382c4 (table: HA_Chassis_Group) {{(pid=87615) notify /opt/stack/neutron/neutron/plugins/ml2/drivers/ovn/mech_driver/ovsdb/ovsdb_monitor.py:1099}}
Aug 10 06:00:55.675144 np0000006860 devstack@neutron-api.service[87614]: DEBUG neutron.plugins.ml2.plugin [None req-d384ad31-f1a7-4e5a-ae28-8b13e6918e87 None None] Port 93591420-c057-4b29-beeb-030620664dd1 cannot update to ACTIVE because it is not bound. {{(pid=87614) _port_provisioned /opt/stack/neutron/neutron/plugins/ml2/plugin.py:393}}
Aug 10 06:00:55.677982 np0000006860 devstack@neutron-api.service[87615]: ERROR ovsdbapp.backend.ovs_idl.transaction [None req-c099919f-47d1-4838-a1e6-d0c0043ed1a2 None None] OVSDB Error: {"details":"Transaction causes multiple rows in \"HA_Chassis_Group\" table to have identical values (neutron-916e0567-8415-401a-832b-a29b0971642e) for index on column \"name\". First row, with UUID e266ee0b-755a-4120-a822-8414dae05bff, was inserted by this transaction. Second row, with UUID 151b3984-53e0-4ef6-b45a-da7c1c6382c4, existed in the database before this transaction and was not modified by the transaction.","error":"constraint violation"}
Aug 10 06:00:55.681505 np0000006860 devstack@neutron-api.service[87615]: ERROR ovsdbapp.backend.ovs_idl.transaction [None req-4a02ed4e-278c-4b95-9bd5-876cc714b88c None None]
Traceback (most recent call last):
Aug 10 06:00:55.681505 np0000006860 devstack@neutron-api.service[87615]: File "/opt/stack/data/venv/lib/python3.12/site-packages/ovsdbapp/backend/ovs_idl/connection.py", line 127, in run
Aug 10 06:00:55.681505 np0000006860 devstack@neutron-api.service[87615]: txn.results.put(txn.do_commit())
Aug 10 06:00:55.681505 np0000006860 devstack@neutron-api.service[87615]: ^^^^^^^^^^^^^^^
Aug 10 06:00:55.681505 np0000006860 devstack@neutron-api.service[87615]: File "/opt/stack/data/venv/lib/python3.12/site-packages/ovsdbapp/backend/ovs_idl/transaction.py", line 123, in do_commit
Aug 10 06:00:55.681505 np0000006860 devstack@neutron-api.service[87615]: raise RuntimeError(msg)
Aug 10 06:00:55.681505 np0000006860 devstack@neutron-api.service[87615]: RuntimeError: OVSDB Error: {"details":"Transaction causes multiple rows in \"HA_Chassis_Group\" table to have identical values (neutron-916e0567-8415-401a-832b-a29b0971642e) for index on column \"name\". First row, with UUID e266ee0b-755a-4120-a822-8414dae05bff, was inserted by this transaction. Second row, with UUID 151b3984-53e0-4ef6-b45a-da7c1c6382c4, existed in the database before this transaction and was not modified by the transaction.","error":"constraint violation"}
Aug 10 06:00:55.681505 np0000006860 devstack@neutron-api.service[87615]:
Aug 10 06:00:55.695784 np0000006860 devstack@neutron-api.service[87615]: ERROR ovsdbapp.event [None req-4a02ed4e-278c-4b95-9bd5-876cc714b88c None None] Unexpected exception in notify_loop: RuntimeError: OVSDB Error: {"details":"Transaction causes multiple rows in \"HA_Chassis_Group\" table to have identical values (neutron-916e0567-8415-401a-832b-a29b0971642e) for index on column \"name\". First row, with UUID e266ee0b-755a-4120-a822-8414dae05bff, was inserted by this transaction. Second row, with UUID 151b3984-53e0-4ef6-b45a-da7c1c6382c4, existed in the database before this transaction and was not modified by the transaction.","error":"constraint violation"}
Aug 10 06:00:55.695784 np0000006860 devstack@neutron-api.service[87615]: ERROR ovsdbapp.event
Traceback (most recent call last):
Aug 10 06:00:55.695784 np0000006860 devstack@neutron-api.service[87615]: ERROR ovsdbapp.event
File "/opt/stack/data/venv/lib/python3.12/site-packages/ovsdbapp/event.py", line 185, in notify_loop
Aug 10 06:00:55.695784 np0000006860 devstack@neutron-api.service[87615]: ERROR ovsdbapp.event match.run(event, row, updates)
Aug 10 06:00:55.695784 np0000006860 devstack@neutron-api.service[87615]: ERROR ovsdbapp.event
File "/opt/stack/neutron/neutron/services/ovn_l3/ovsdb_monitor.py", line 94, in run
Aug 10 06:00:55.695784 np0000006860 devstack@neutron-api.service[87615]: ERROR ovsdbapp.event self.l3_plugin._ovn_client.update_router_ha_chassis_group(
Aug 10 06:00:55.695784 np0000006860 devstack@neutron-api.service[87615]: ERROR ovsdbapp.event
File "/opt/stack/neutron/neutron/plugins/ml2/drivers/ovn/mech_driver/ovsdb/ovn_client.py", line 1735, in update_router_ha_chassis_group
Aug 10 06:00:55.695784 np0000006860 devstack@neutron-api.service[87615]: ERROR ovsdbapp.event self.link_network_ha_chassis_group(context, network_id, router_id)
Aug 10 06:00:55.695784 np0000006860 devstack@neutron-api.service[87615]: ERROR ovsdbapp.event
File "/opt/stack/neutron/neutron/plugins/ml2/drivers/ovn/mech_driver/ovsdb/ovn_client.py", line 2502, in link_network_ha_chassis_group
Aug 10 06:00:55.695784 np0000006860 devstack@neutron-api.service[87615]: ERROR ovsdbapp.event with self._nb_idl.transaction(check_error=True) as txn:
Aug 10 06:00:55.695784 np0000006860 devstack@neutron-api.service[87615]: ERROR ovsdbapp.event
File "/usr/lib/python3.12/contextlib.py", line 144, in __exit__
Aug 10 06:00:55.695784 np0000006860 devstack@neutron-api.service[87615]: ERROR ovsdbapp.event next(self.gen)
Aug 10 06:00:55.695784 np0000006860 devstack@neutron-api.service[87615]: ERROR ovsdbapp.event
File "/opt/stack/neutron/neutron/plugins/ml2/drivers/ovn/mech_driver/ovsdb/impl_idl_ovn.py", line 279, in transaction
Aug 10 06:00:55.695784 np0000006860 devstack@neutron-api.service[87615]: ERROR ovsdbapp.event with super().transaction(*args, **kwargs) as t:
Aug 10 06:00:55.695784 np0000006860 devstack@neutron-api.service[87615]: ERROR ovsdbapp.event
File "/usr/lib/python3.12/contextlib.py", line 144, in __exit__
Aug 10 06:00:55.695784 np0000006860 devstack@neutron-api.service[87615]: ERROR ovsdbapp.event next(self.gen)
Aug 10 06:00:55.695784 np0000006860 devstack@neutron-api.service[87615]: ERROR ovsdbapp.event
File "/opt/stack/data/venv/lib/python3.12/site-packages/ovsdbapp/api.py", line 114, in transaction
Aug 10 06:00:55.695784 np0000006860 devstack@neutron-api.service[87615]: ERROR ovsdbapp.event with self.create_transaction(
Aug 10 06:00:55.695784 np0000006860 devstack@neutron-api.service[87615]: ERROR ovsdbapp.event
File "/opt/stack/data/venv/lib/python3.12/site-packages/ovsdbapp/api.py", line 71, in __exit__
Aug 10 06:00:55.695784 np0000006860 devstack@neutron-api.service[87615]: ERROR ovsdbapp.event self.result = self.commit()
Aug 10 06:00:55.695784 np0000006860 devstack@neutron-api.service[87615]: ERROR ovsdbapp.event ^^^^^^^^^^^^^
Aug 10 06:00:55.695784 np0000006860 devstack@neutron-api.service[87615]: ERROR ovsdbapp.event
File "/opt/stack/data/venv/lib/python3.12/site-packages/ovsdbapp/backend/ovs_idl/transaction.py", line 64, in commit
Aug 10 06:00:55.695784 np0000006860 devstack@neutron-api.service[87615]: ERROR ovsdbapp.event raise result.ex
Aug 10 06:00:55.695784 np0000006860 devstack@neutron-api.service[87615]: ERROR ovsdbapp.event
File "/opt/stack/data/venv/lib/python3.12/site-packages/ovsdbapp/backend/ovs_idl/connection.py", line 127, in run
Aug 10 06:00:55.695784 np0000006860 devstack@neutron-api.service[87615]: ERROR ovsdbapp.event txn.results.put(txn.do_commit())
Aug 10 06:00:55.695784 np0000006860 devstack@neutron-api.service[87615]: ERROR ovsdbapp.event ^^^^^^^^^^^^^^^
Aug 10 06:00:55.695784 np0000006860 devstack@neutron-api.service[87615]: ERROR ovsdbapp.event
File "/opt/stack/data/venv/lib/python3.12/site-packages/ovsdbapp/backend/ovs_idl/transaction.py", line 123, in do_commit
Aug 10 06:00:55.695784 np0000006860 devstack@neutron-api.service[87615]: ERROR ovsdbapp.event raise RuntimeError(msg)
Aug 10 06:00:55.695784 np0000006860 devstack@neutron-api.service[87615]: ERROR ovsdbapp.event RuntimeError: OVSDB Error: {"details":"Transaction causes multiple rows in \"HA_Chassis_Group\" table to have identical values (neutron-916e0567-8415-401a-832b-a29b0971642e) for index on column \"name\". First row, with UUID e266ee0b-755a-4120-a822-8414dae05bff, was inserted by this transaction. Second row, with UUID 151b3984-53e0-4ef6-b45a-da7c1c6382c4, existed in the database before this transaction and was not modified by the transaction.","error":"constraint violation"}
Aug 10 06:00:55.695784 np0000006860 devstack@neutron-api.service[87615]: ERROR ovsdbapp.event
Aug 10 06:00:55.697025 np0000006860 devstack@neutron-api.service[87615]: INFO neutron.plugins.ml2.drivers.ovn.mech_driver.mech_driver [None req-4a02ed4e-278c-4b95-9bd5-876cc714b88c None None] OVN reports status up for port: 93591420-c057-4b29-beeb-030620664dd1
Aug 10 06:00:55.716263 np0000006860 devstack@neutron-api.service[87615]: DEBUG neutron.db.provisioning_blocks [None req-4a02ed4e-278c-4b95-9bd5-876cc714b88c None None] Provisioning complete for port 93591420-c057-4b29-beeb-030620664dd1 triggered by entity L2. {{(pid=87615) provisioning_complete /opt/stack/neutron/neutron/db/provisioning_blocks.py:141}}
Aug 10 06:00:55.716263 np0000006860 devstack@neutron-api.service[87615]: DEBUG neutron_lib.callbacks.manager [None req-4a02ed4e-278c-4b95-9bd5-876cc714b88c None None] Publish callbacks ['neutron.plugins.ml2.plugin.Ml2Plugin._port_provisioned-4069779'] for port (93591420-c057-4b29-beeb-030620664dd1), provisioning_complete {{(pid=87615) _notify_loop /opt/stack/data/venv/lib/python3.12/site-packages/neutron_lib/callbacks/manager.py:184}}
Aug 10 06:00:55.716263 np0000006860 devstack@neutron-api.service[87615]: INFO neutron.plugins.ml2.plugin [None req-4a02ed4e-278c-4b95-9bd5-876cc714b88c None None] Attempt 1 to provision port 93591420-c057-4b29-beeb-030620664dd1
Aug 10 06:00:55.749016 np0000006860 devstack@neutron-api.service[87615]: DEBUG neutron.plugins.ml2.plugin [None req-4a02ed4e-278c-4b95-9bd5-876cc714b88c None None] Port 93591420-c057-4b29-beeb-030620664dd1 cannot update to ACTIVE because it is not bound. {{(pid=87615) _port_provisioned /opt/stack/neutron/neutron/plugins/ml2/plugin.py:393}}
Aug 10 06:00:55.765893 np0000006860 devstack@neutron-api.service[87615]: DEBUG neutron_lib.callbacks.manager [None req-c3bdc8f6-284b-47eb-9015-f4b50288a613 None None] Publish callbacks [] for port (93591420-c057-4b29-beeb-030620664dd1), precommit_update {{(pid=87615) _notify_loop /opt/stack/data/venv/lib/python3.12/site-packages/neutron_lib/callbacks/manager.py:184}}
Aug 10 06:00:55.777640 np0000006860 devstack@neutron-api.service[87615]: DEBUG neutron.db.provisioning_blocks [None req-c3bdc8f6-284b-47eb-9015-f4b50288a613 None None] Transition to ACTIVE for port object 93591420-c057-4b29-beeb-030620664dd1 will not be triggered until provisioned by entity L2. {{(pid=87615) add_provisioning_component /opt/stack/neutron/neutron/db/provisioning_blocks.py:74}}
Aug 10 06:00:55.839205 np0000006860 devstack@neutron-api.service[87615]: DEBUG neutron_lib.callbacks.manager [None req-c3bdc8f6-284b-47eb-9015-f4b50288a613 None None] Publish callbacks ['neutron.plugins.ml2.ovo_rpc._ObjectChangeHandler.handle_event-2037941', 'neutron.services.ovn_l3.plugin.OVNL3RouterPlugin._port_update-8392248609232'] for port (93591420-c057-4b29-beeb-030620664dd1), after_update {{(pid=87615) _notify_loop /opt/stack/data/venv/lib/python3.12/site-packages/neutron_lib/callbacks/manager.py:184}}
Aug 10 06:00:55.841499 np0000006860 devstack@neutron-api.service[87613]: DEBUG neutron_lib.db.api [None req-29b03d0a-84fd-446b-9516-97ec24e0c75c None None] Retry wrapper got retriable exception: UPDATE statement on table 'standardattributes' expected to update 1 row(s); 0 were matched. {{(pid=87613) wrapped /opt/stack/data/venv/lib/python3.12/site-packages/neutron_lib/db/api.py:185}}
Aug 10 06:00:55.841499 np0000006860 devstack@neutron-api.service[87613]: DEBUG oslo_db.api [None req-29b03d0a-84fd-446b-9516-97ec24e0c75c None None] Performing DB retry for function neutron.plugins.ml2.plugin.Ml2Plugin.update_port {{(pid=87613) wrapper /opt/stack/data/venv/lib/python3.12/site-packages/oslo_db/api.py:155}}
Aug 10 06:00:55.855177 np0000006860 devstack@neutron-api.service[87615]: DEBUG neutron.api.rpc.handlers.resources_rpc [None req-c3bdc8f6-284b-47eb-9015-f4b50288a613 None None] Pushing event updated for resources: {'Port': ['ID=93591420-c057-4b29-beeb-030620664dd1,revision_number=2']} {{(pid=87615) push /opt/stack/neutron/neutron/api/rpc/handlers/resources_rpc.py:237}}
Aug 10 06:00:55.907677 np0000006860 devstack@neutron-api.service[87615]: DEBUG neutron.plugins.ml2.drivers.ovn.mech_driver.ovsdb.commands [None req-c3bdc8f6-284b-47eb-9015-f4b50288a613 None None] Converting tag [] to a tag_request {{(pid=87615) _tag_column_to_tag_request /opt/stack/neutron/neutron/plugins/ml2/drivers/ovn/mech_driver/ovsdb/commands.py:227}}
Aug 10 06:00:55.908590 np0000006860 devstack@neutron-api.service[87615]: DEBUG ovsdbapp.backend.ovs_idl.transaction [None req-c099919f-47d1-4838-a1e6-d0c0043ed1a2 None None] Running txn n=1 command(idx=0): CheckRevisionNumberCommand(_result=None, name=93591420-c057-4b29-beeb-030620664dd1, resource={'id': '93591420-c057-4b29-beeb-030620664dd1', 'name': '', 'network_id': '9409ffe4-64b0-4915-99ce-405baad80544', 'project_id': '', 'mac_address': 'fa:16:3e:7e:eb:73', 'admin_state_up': True, 'status': 'DOWN', 'device_id': '848382af-6fcd-4b92-a1c8-3dc12175e7b3', 'device_owner': 'network:router_gateway', 'standard_attr_id': 23, 'fixed_ips': [{'subnet_id': '02fadc18-ef8f-4e5f-a594-4529c7e235d8', 'ip_address': '172.24.5.53'}], 'allowed_address_pairs': [], 'extra_dhcp_opts': [], 'security_groups': [], 'description': '', 'binding:vnic_type': 'normal', 'binding:profile': {}, 'binding:host_id': 'np0000006860', 'binding:vif_type': 'unbound', 'binding:vif_details': {}, 'port_security_enabled': False, 'tags': [], 'created_at': '2026-08-10T06:00:54Z', 'updated_at': '2026-08-10T06:00:54Z', 'revision_number': 1, 'tenant_id': '', 'network': {'id': '9409ffe4-64b0-4915-99ce-405baad80544', 'name': 'public', 'tenant_id': 'e187d35c340c4aca8505bc062c7e96b3', 'project_id': 'e187d35c340c4aca8505bc062c7e96b3', 'admin_state_up': True, 'mtu': 1430, 'status': 'ACTIVE', 'subnets': ['02fadc18-ef8f-4e5f-a594-4529c7e235d8'], 'standard_attr_id': 18, 'shared': False, 'availability_zone_hints': [], 'availability_zones': [], 'ipv4_address_scope': None, 'ipv6_address_scope': None, 'router:external': True, 'qinq': False, 'vlan_transparent': False, 'description': '', 'port_security_enabled': True, 'is_default': True, 'tags': [], 'created_at': '2026-08-10T06:00:50Z', 'updated_at': '2026-08-10T06:00:53Z', 'revision_number': 2, 'provider:network_type': 'flat', 'provider:physical_network': 'public', 'provider:segmentation_id': None}}, resource_type=ports, if_exists=True) {{(pid=87615) do_commit /opt/stack/data/venv/lib/python3.12/site-packages/ovsdbapp/backend/ovs_idl/transaction.py:89}}
Aug 10 06:00:55.908981 np0000006860 devstack@neutron-api.service[87615]: DEBUG ovsdbapp.backend.ovs_idl.transaction [None req-c099919f-47d1-4838-a1e6-d0c0043ed1a2 None None] Running txn n=1 command(idx=1): SetLSwitchPortCommand(_result=None, lport=93591420-c057-4b29-beeb-030620664dd1, external_ids_update=None, columns={'external_ids': {'neutron:port_name': '', 'neutron:device_id': '848382af-6fcd-4b92-a1c8-3dc12175e7b3', 'neutron:project_id': '', 'neutron:cidrs': '172.24.5.53/24', 'neutron:device_owner': 'network:router_gateway', 'neutron:subnet_pool_addr_scope4': '', 'neutron:subnet_pool_addr_scope6': '', 'neutron:network_name': 'neutron-9409ffe4-64b0-4915-99ce-405baad80544', 'neutron:security_group_ids': '', 'neutron:revision_number': '1', 'neutron:vnic_type': 'normal', 'neutron:port_capabilities': '', 'neutron:mtu': ''}, 'parent_name': [], 'options': {'requested-chassis': 'np0000006860', 'exclude-lb-vips-from-garp': 'true', 'nat-addresses': 'router', 'router-port': 'lrp-93591420-c057-4b29-beeb-030620664dd1'}, 'enabled': True, 'port_security': [], 'dhcpv4_options': [], 'dhcpv6_options': [], 'type': 'router', 'ha_chassis_group': [], 'tag_request': []}, if_exists=False) {{(pid=87615) do_commit /opt/stack/data/venv/lib/python3.12/site-packages/ovsdbapp/backend/ovs_idl/transaction.py:89}}
Aug 10 06:00:55.909570 np0000006860 devstack@neutron-api.service[87615]: DEBUG ovsdbapp.backend.ovs_idl.transaction [None req-c099919f-47d1-4838-a1e6-d0c0043ed1a2 None None] Running txn n=1 command(idx=2): PgDelPortCommand(_result=None, port_group=neutron_pg_drop, lsp=['93591420-c057-4b29-beeb-030620664dd1'], if_exists=False) {{(pid=87615) do_commit /opt/stack/data/venv/lib/python3.12/site-packages/ovsdbapp/backend/ovs_idl/transaction.py:89}}
Aug 10 06:00:55.911950 np0000006860 devstack@neutron-api.service[87615]: DEBUG neutron.plugins.ml2.drivers.ovn.mech_driver.ovsdb.ovsdb_monitor [None req-c099919f-47d1-4838-a1e6-d0c0043ed1a2 None None] Touching Hash Ring node "cd2962f794b55b3ea9a46e074a759e03" from IDL notify handler {{(pid=87615) notify /opt/stack/neutron/neutron/plugins/ml2/drivers/ovn/mech_driver/ovsdb/ovsdb_monitor.py:1091}}
Aug 10 06:00:55.912349 np0000006860 devstack@neutron-api.service[87613]: DEBUG neutron.plugins.ml2.drivers.ovn.mech_driver.ovsdb.ovsdb_monitor [-] Hash Ring: Node aebc0e1ff87c571883a8c18bd108bd36 (host: np0000006860) handling event "update" for row e2af5762-b3a2-4568-a9f2-a1c1dcf2dd3f (table: Logical_Switch_Port) {{(pid=87613) notify /opt/stack/neutron/neutron/plugins/ml2/drivers/ovn/mech_driver/ovsdb/ovsdb_monitor.py:1099}}
Aug 10 06:00:55.913255 np0000006860 devstack@neutron-api.service[87614]: DEBUG neutron.plugins.ml2.drivers.ovn.mech_driver.ovsdb.ovsdb_monitor [None req-d5683f05-0974-488d-b460-943adbb62fcd None None] Hash Ring: Node 3746e1befd405ffa83d806d6bac3f73c (host: np0000006860) handling event "update" for row e2af5762-b3a2-4568-a9f2-a1c1dcf2dd3f (table: Logical_Switch_Port) {{(pid=87614) notify /opt/stack/neutron/neutron/plugins/ml2/drivers/ovn/mech_driver/ovsdb/ovsdb_monitor.py:1099}}
Aug 10 06:00:55.916165 np0000006860 devstack@neutron-api.service[87615]: DEBUG neutron.plugins.ml2.drivers.ovn.mech_driver.ovsdb.ovsdb_monitor [None req-c099919f-47d1-4838-a1e6-d0c0043ed1a2 None None] Hash Ring: Node cd2962f794b55b3ea9a46e074a759e03 (host: np0000006860) handling event "update" for row e2af5762-b3a2-4568-a9f2-a1c1dcf2dd3f (table: Logical_Switch_Port) {{(pid=87615) notify /opt/stack/neutron/neutron/plugins/ml2/drivers/ovn/mech_driver/ovsdb/ovsdb_monitor.py:1099}}
Aug 10 06:00:55.942474 np0000006860 devstack@neutron-api.service[87615]: DEBUG neutron.plugins.ml2.managers [None req-c3bdc8f6-284b-47eb-9015-f4b50288a613 None None] Attempting to bind port 93591420-c057-4b29-beeb-030620664dd1 on host np0000006860 for vnic_type normal with profile {{(pid=87615) bind_port /opt/stack/neutron/neutron/plugins/ml2/managers.py:865}}
Aug 10 06:00:55.942606 np0000006860 devstack@neutron-api.service[87615]: DEBUG neutron.plugins.ml2.managers [None req-c3bdc8f6-284b-47eb-9015-f4b50288a613 None None] Attempting to bind port 93591420-c057-4b29-beeb-030620664dd1 by drivers ovn on host np0000006860 at level 0 using segments [{'id': 'd95a2fab-1c01-416d-8c6f-f62903c3436f', 'network_type': 'flat', 'physical_network': 'public', 'segmentation_id': None, 'network_id': '9409ffe4-64b0-4915-99ce-405baad80544'}] {{(pid=87615) _bind_port_level /opt/stack/neutron/neutron/plugins/ml2/managers.py:890}}
Aug 10 06:00:55.943500 np0000006860 devstack@neutron-api.service[87615]: DEBUG neutron.plugins.ml2.drivers.ovn.mech_driver.mech_driver [None req-c3bdc8f6-284b-47eb-9015-f4b50288a613 None None] Attempting to bind port 93591420-c057-4b29-beeb-030620664dd1 on host np0000006860 for network segment with type flat, segmentation ID None, physical network public {{(pid=87615) bind_port /opt/stack/neutron/neutron/plugins/ml2/drivers/ovn/mech_driver/mech_driver.py:1209}}
Aug 10 06:00:55.943922 np0000006860 devstack@neutron-api.service[87615]: DEBUG neutron.plugins.ml2.managers [None req-c3bdc8f6-284b-47eb-9015-f4b50288a613 None None] Bound port: 93591420-c057-4b29-beeb-030620664dd1, host: np0000006860, vif_type: ovs, vif_details: {"port_filter": true, "connectivity": "l2", "ovs_create_tap": true, "bridge_name": "br-int", "datapath_type": "system"}, binding_levels: [{'bound_driver': 'ovn', 'bound_segment': {'id': 'd95a2fab-1c01-416d-8c6f-f62903c3436f', 'network_type': 'flat', 'physical_network': 'public', 'segmentation_id': None, 'network_id': '9409ffe4-64b0-4915-99ce-405baad80544'}}] {{(pid=87615) _bind_port_level /opt/stack/neutron/neutron/plugins/ml2/managers.py:1001}}
Aug 10 06:00:55.944077 np0000006860 devstack@neutron-api.service[87615]: DEBUG neutron_lib.callbacks.manager [None req-c3bdc8f6-284b-47eb-9015-f4b50288a613 None None] Publish callbacks ['neutron.plugins.ml2.plugin.SecurityGroupDbMixin._ensure_default_security_group_handler-3328355', 'neutron.services.ovn_l3.plugin.OVNL3RouterPlugin._port_update-8392248609232', 'neutron.db.l3_db.L3_NAT_dbonly_mixin._prevent_internal_ip_change_for_fip-8392250120266'] for port (93591420-c057-4b29-beeb-030620664dd1), before_update {{(pid=87615) _notify_loop /opt/stack/data/venv/lib/python3.12/site-packages/neutron_lib/callbacks/manager.py:184}}
Aug 10 06:00:55.962956 np0000006860 devstack@neutron-api.service[87615]: DEBUG neutron.plugins.ml2.db [None req-c3bdc8f6-284b-47eb-9015-f4b50288a613 None None] For port 93591420-c057-4b29-beeb-030620664dd1, host np0000006860, cleared binding levels {{(pid=87615) clear_binding_levels /opt/stack/neutron/neutron/plugins/ml2/db.py:87}}
Aug 10 06:00:55.964979 np0000006860 devstack@neutron-api.service[87615]: DEBUG neutron.plugins.ml2.db [None req-c3bdc8f6-284b-47eb-9015-f4b50288a613 None None] For port 93591420-c057-4b29-beeb-030620664dd1, host np0000006860, set binding levels [PortBindingLevel(driver='ovn',host='np0000006860',level=0,port_id=93591420-c057-4b29-beeb-030620664dd1,segment=NetworkSegment(d95a2fab-1c01-416d-8c6f-f62903c3436f),segment_id=d95a2fab-1c01-416d-8c6f-f62903c3436f)] {{(pid=87615) set_binding_levels /opt/stack/neutron/neutron/plugins/ml2/db.py:59}}
Aug 10 06:00:55.965941 np0000006860 devstack@neutron-api.service[87615]: DEBUG neutron.plugins.ml2.drivers.ovn.mech_driver.mech_driver [None req-c3bdc8f6-284b-47eb-9015-f4b50288a613 None None] No provisioning block for port 93591420-c057-4b29-beeb-030620664dd1 since host unchanged {{(pid=87615) _is_port_provisioning_required /opt/stack/neutron/neutron/plugins/ml2/drivers/ovn/mech_driver/mech_driver.py:904}}
Aug 10 06:00:56.003637 np0000006860 devstack@neutron-api.service[87615]: DEBUG neutron_lib.callbacks.manager [None req-c3bdc8f6-284b-47eb-9015-f4b50288a613 None None] Publish callbacks ['neutron.plugins.ml2.ovo_rpc._ObjectChangeHandler.handle_event-2037941', 'neutron.services.ovn_l3.plugin.OVNL3RouterPlugin._port_update-8392248609232'] for port (93591420-c057-4b29-beeb-030620664dd1), after_update {{(pid=87615) _notify_loop /opt/stack/data/venv/lib/python3.12/site-packages/neutron_lib/callbacks/manager.py:184}}
Aug 10 06:00:56.024850 np0000006860 devstack@neutron-api.service[87615]: DEBUG neutron.api.rpc.handlers.resources_rpc [None req-c3bdc8f6-284b-47eb-9015-f4b50288a613 None None] Pushing event updated for resources: {'Port': ['ID=93591420-c057-4b29-beeb-030620664dd1,revision_number=4']} {{(pid=87615) push /opt/stack/neutron/neutron/api/rpc/handlers/resources_rpc.py:237}}
Aug 10 06:00:56.037733 np0000006860 devstack@neutron-api.service[87613]: DEBUG futurist.periodics [-] Submitting periodic callback 'neutron.plugins.ml2.drivers.ovn.mech_driver.ovsdb.maintenance.HashRingHealthCheckPeriodics.touch_hash_ring_node' {{(pid=87613) _process_scheduled /opt/stack/data/venv/lib/python3.12/site-packages/futurist/periodics.py:784}}
Aug 10 06:00:56.038756 np0000006860 devstack@neutron-api.service[87613]: DEBUG neutron.plugins.ml2.drivers.ovn.mech_driver.ovsdb.maintenance [-] Touching Hash Ring node "aebc0e1ff87c571883a8c18bd108bd36" from periodic health check thread {{(pid=87613) touch_hash_ring_node /opt/stack/neutron/neutron/plugins/ml2/drivers/ovn/mech_driver/ovsdb/maintenance.py:1453}}
Aug 10 06:00:56.326701 np0000006860 devstack@neutron-api.service[87615]: [pid: 87615|app: 0|req: 10/26] 10.4.3.146 () {64 vars in 1496 bytes} [Mon Aug 10 06:00:56 2026] GET /networking/v2.0/ports?device_owner=network%3Arouter_gateway&fields=id&fields=name&fields=mac_address&fields=fixed_ips&fields=status => generated 211 bytes in 292 msecs (HTTP/1.1 200) 4 headers in 157 bytes (1 switches on core 0)
Aug 10 06:00:56.355483 np0000006860 devstack@neutron-api.service[87615]: DEBUG neutron.plugins.ml2.drivers.ovn.mech_driver.ovsdb.commands [None req-c3bdc8f6-284b-47eb-9015-f4b50288a613 None None] Converting tag [] to a tag_request {{(pid=87615) _tag_column_to_tag_request /opt/stack/neutron/neutron/plugins/ml2/drivers/ovn/mech_driver/ovsdb/commands.py:227}}
Aug 10 06:00:56.355813 np0000006860 devstack@neutron-api.service[87615]: DEBUG ovsdbapp.backend.ovs_idl.transaction [None req-c099919f-47d1-4838-a1e6-d0c0043ed1a2 None None] Running txn n=1 command(idx=0): CheckRevisionNumberCommand(_result=None, name=93591420-c057-4b29-beeb-030620664dd1, resource={'id': '93591420-c057-4b29-beeb-030620664dd1', 'name': '', 'network_id': '9409ffe4-64b0-4915-99ce-405baad80544', 'project_id': '', 'mac_address': 'fa:16:3e:7e:eb:73', 'admin_state_up': True, 'status': 'DOWN', 'device_id': '848382af-6fcd-4b92-a1c8-3dc12175e7b3', 'device_owner': 'network:router_gateway', 'standard_attr_id': 23, 'fixed_ips': [{'subnet_id': '02fadc18-ef8f-4e5f-a594-4529c7e235d8', 'ip_address': '172.24.5.53'}], 'allowed_address_pairs': [], 'extra_dhcp_opts': [], 'security_groups': [], 'description': '', 'binding:vnic_type': 'normal', 'binding:profile': {}, 'binding:host_id': 'np0000006860', 'binding:vif_type': 'ovs', 'binding:vif_details': {'port_filter': True, 'connectivity': 'l2', 'ovs_create_tap': True, 'bridge_name': 'br-int', 'datapath_type': 'system', 'bound_drivers': {'0': 'ovn'}}, 'port_security_enabled': False, 'tags': [], 'created_at': '2026-08-10T06:00:54Z', 'updated_at': '2026-08-10T06:00:55Z', 'revision_number': 4, 'tenant_id': '', 'network': {'id': '9409ffe4-64b0-4915-99ce-405baad80544', 'name': 'public', 'tenant_id': 'e187d35c340c4aca8505bc062c7e96b3', 'project_id': 'e187d35c340c4aca8505bc062c7e96b3', 'admin_state_up': True, 'mtu': 1430, 'status': 'ACTIVE', 'subnets': ['02fadc18-ef8f-4e5f-a594-4529c7e235d8'], 'standard_attr_id': 18, 'shared': False, 'availability_zone_hints': [], 'availability_zones': [], 'ipv4_address_scope': None, 'ipv6_address_scope': None, 'router:external': True, 'qinq': False, 'vlan_transparent': False, 'description': '', 'port_security_enabled': True, 'is_default': True, 'tags': [], 'created_at': '2026-08-10T06:00:50Z', 'updated_at': '2026-08-10T06:00:53Z', 'revision_number': 2, 'provider:network_type': 'flat', 'provider:physical_network': 'public', 'provider:segmentation_id': None}}, resource_type=ports, if_exists=True) {{(pid=87615) do_commit /opt/stack/data/venv/lib/python3.12/site-packages/ovsdbapp/backend/ovs_idl/transaction.py:89}}
Aug 10 06:00:56.356088 np0000006860 devstack@neutron-api.service[87615]: DEBUG ovsdbapp.backend.ovs_idl.transaction [None req-c099919f-47d1-4838-a1e6-d0c0043ed1a2 None None] Running txn n=1 command(idx=1): SetLSwitchPortCommand(_result=None, lport=93591420-c057-4b29-beeb-030620664dd1, external_ids_update=None, columns={'external_ids': {'neutron:port_name': '', 'neutron:device_id': '848382af-6fcd-4b92-a1c8-3dc12175e7b3', 'neutron:project_id': '', 'neutron:cidrs': '172.24.5.53/24', 'neutron:device_owner': 'network:router_gateway', 'neutron:subnet_pool_addr_scope4': '', 'neutron:subnet_pool_addr_scope6': '', 'neutron:network_name': 'neutron-9409ffe4-64b0-4915-99ce-405baad80544', 'neutron:security_group_ids': '', 'neutron:revision_number': '4', 'neutron:vnic_type': 'normal', 'neutron:port_capabilities': '', 'neutron:mtu': ''}, 'parent_name': [], 'options': {'requested-chassis': 'np0000006860', 'exclude-lb-vips-from-garp': 'true', 'nat-addresses': 'router', 'router-port': 'lrp-93591420-c057-4b29-beeb-030620664dd1'}, 'enabled': True, 'port_security': [], 'dhcpv4_options': [], 'dhcpv6_options': [], 'type': 'router', 'ha_chassis_group': [], 'tag_request': []}, if_exists=False) {{(pid=87615) do_commit /opt/stack/data/venv/lib/python3.12/site-packages/ovsdbapp/backend/ovs_idl/transaction.py:89}}
Aug 10 06:00:56.356667 np0000006860 devstack@neutron-api.service[87615]: DEBUG ovsdbapp.backend.ovs_idl.transaction [None req-c099919f-47d1-4838-a1e6-d0c0043ed1a2 None None] Running txn n=1 command(idx=2): PgDelPortCommand(_result=None, port_group=neutron_pg_drop, lsp=['93591420-c057-4b29-beeb-030620664dd1'], if_exists=False) {{(pid=87615) do_commit /opt/stack/data/venv/lib/python3.12/site-packages/ovsdbapp/backend/ovs_idl/transaction.py:89}}
Aug 10 06:00:56.357848 np0000006860 devstack@neutron-api.service[87613]: DEBUG neutron_lib.callbacks.manager [None req-29b03d0a-84fd-446b-9516-97ec24e0c75c None None] Publish callbacks ['neutron.plugins.ml2.plugin.SecurityGroupDbMixin._ensure_default_security_group_handler-3399956', 'neutron.services.ovn_l3.plugin.OVNL3RouterPlugin._port_update-8392249065766', 'neutron.db.l3_db.L3_NAT_dbonly_mixin._prevent_internal_ip_change_for_fip-8392250120306'] for port (93591420-c057-4b29-beeb-030620664dd1), before_update {{(pid=87613) _notify_loop /opt/stack/data/venv/lib/python3.12/site-packages/neutron_lib/callbacks/manager.py:184}}
Aug 10 06:00:56.358894 np0000006860 devstack@neutron-api.service[87615]: DEBUG neutron.plugins.ml2.drivers.ovn.mech_driver.ovsdb.ovsdb_monitor [None req-c099919f-47d1-4838-a1e6-d0c0043ed1a2 None None] Touching Hash Ring node "cd2962f794b55b3ea9a46e074a759e03" from IDL notify handler {{(pid=87615) notify /opt/stack/neutron/neutron/plugins/ml2/drivers/ovn/mech_driver/ovsdb/ovsdb_monitor.py:1091}}
Aug 10 06:00:56.360515 np0000006860 devstack@neutron-api.service[87614]: DEBUG neutron.plugins.ml2.drivers.ovn.mech_driver.ovsdb.ovsdb_monitor [None req-d5683f05-0974-488d-b460-943adbb62fcd None None] Hash Ring: Node 3746e1befd405ffa83d806d6bac3f73c (host: np0000006860) handling event "update" for row e2af5762-b3a2-4568-a9f2-a1c1dcf2dd3f (table: Logical_Switch_Port) {{(pid=87614) notify /opt/stack/neutron/neutron/plugins/ml2/drivers/ovn/mech_driver/ovsdb/ovsdb_monitor.py:1099}}
Aug 10 06:00:56.361900 np0000006860 devstack@neutron-api.service[87613]: DEBUG neutron.plugins.ml2.drivers.ovn.mech_driver.ovsdb.ovsdb_monitor [None req-db8d8af2-9bdb-4ab3-9c1d-c357a96e0b16 None None] Touching Hash Ring node "aebc0e1ff87c571883a8c18bd108bd36" from IDL notify handler {{(pid=87613) notify /opt/stack/neutron/neutron/plugins/ml2/drivers/ovn/mech_driver/ovsdb/ovsdb_monitor.py:1091}}
Aug 10 06:00:56.362319 np0000006860 devstack@neutron-api.service[87615]: DEBUG neutron.plugins.ml2.drivers.ovn.mech_driver.ovsdb.ovsdb_monitor [None req-c099919f-47d1-4838-a1e6-d0c0043ed1a2 None None] Hash Ring: Node cd2962f794b55b3ea9a46e074a759e03 (host: np0000006860) handling event "update" for row e2af5762-b3a2-4568-a9f2-a1c1dcf2dd3f (table: Logical_Switch_Port) {{(pid=87615) notify /opt/stack/neutron/neutron/plugins/ml2/drivers/ovn/mech_driver/ovsdb/ovsdb_monitor.py:1099}}
Aug 10 06:00:56.366643 np0000006860 devstack@neutron-api.service[87615]: DEBUG neutron.plugins.ml2.drivers.ovn.mech_driver.ovsdb.ovsdb_monitor [None req-310d17f7-12a9-45d6-a993-e0399cafcb14 None None] Touching Hash Ring node "cd2962f794b55b3ea9a46e074a759e03" from IDL notify handler {{(pid=87615) notify /opt/stack/neutron/neutron/plugins/ml2/drivers/ovn/mech_driver/ovsdb/ovsdb_monitor.py:1091}}
Aug 10 06:00:56.373262 np0000006860 devstack@neutron-api.service[87613]: DEBUG neutron.plugins.ml2.drivers.ovn.mech_driver.ovsdb.ovsdb_monitor [None req-07418ffa-60b6-40b6-a936-e966f328fcc2 None None] Touching Hash Ring node "aebc0e1ff87c571883a8c18bd108bd36" from IDL notify handler {{(pid=87613) notify /opt/stack/neutron/neutron/plugins/ml2/drivers/ovn/mech_driver/ovsdb/ovsdb_monitor.py:1091}}
Aug 10 06:00:56.375760 np0000006860 devstack@neutron-api.service[87615]: DEBUG neutron.plugins.ml2.drivers.ovn.mech_driver.ovsdb.ovsdb_monitor [None req-310d17f7-12a9-45d6-a993-e0399cafcb14 None None] Hash Ring: Node cd2962f794b55b3ea9a46e074a759e03 (host: np0000006860) handling event "update" for row df6fc161-a822-41e3-b584-00f5688d459e (table: Port_Binding) {{(pid=87615) notify /opt/stack/neutron/neutron/plugins/ml2/drivers/ovn/mech_driver/ovsdb/ovsdb_monitor.py:1099}}
Aug 10 06:00:56.375874 np0000006860 devstack@neutron-api.service[87613]: DEBUG neutron.plugins.ml2.drivers.ovn.mech_driver.ovsdb.ovsdb_monitor [None req-db8d8af2-9bdb-4ab3-9c1d-c357a96e0b16 None None] Hash Ring: Node aebc0e1ff87c571883a8c18bd108bd36 (host: np0000006860) handling event "update" for row e2af5762-b3a2-4568-a9f2-a1c1dcf2dd3f (table: Logical_Switch_Port) {{(pid=87613) notify /opt/stack/neutron/neutron/plugins/ml2/drivers/ovn/mech_driver/ovsdb/ovsdb_monitor.py:1099}}
Aug 10 06:00:56.388556 np0000006860 devstack@neutron-api.service[87615]: INFO neutron.db.ovn_revision_numbers_db [None req-c3bdc8f6-284b-47eb-9015-f4b50288a613 None None] Successfully bumped revision number for resource 93591420-c057-4b29-beeb-030620664dd1 (type: ports) to 4
Aug 10 06:00:56.397437 np0000006860 devstack@neutron-api.service[87615]: DEBUG ovsdbapp.backend.ovs_idl.transaction [None req-c099919f-47d1-4838-a1e6-d0c0043ed1a2 None None] Running txn n=1 command(idx=0): DbSetCommand(_result=None, table=Logical_Switch_Port, record=93591420-c057-4b29-beeb-030620664dd1, col_values=(('external_ids', {'neutron:host_id': 'np0000006860'}),), if_exists=True) {{(pid=87615) do_commit /opt/stack/data/venv/lib/python3.12/site-packages/ovsdbapp/backend/ovs_idl/transaction.py:89}}
Aug 10 06:00:56.402379 np0000006860 devstack@neutron-api.service[87615]: DEBUG neutron.plugins.ml2.drivers.ovn.mech_driver.ovsdb.ovsdb_monitor [None req-c099919f-47d1-4838-a1e6-d0c0043ed1a2 None None] Touching Hash Ring node "cd2962f794b55b3ea9a46e074a759e03" from IDL notify handler {{(pid=87615) notify /opt/stack/neutron/neutron/plugins/ml2/drivers/ovn/mech_driver/ovsdb/ovsdb_monitor.py:1091}}
Aug 10 06:00:56.402709 np0000006860 devstack@neutron-api.service[87614]: DEBUG neutron.plugins.ml2.drivers.ovn.mech_driver.ovsdb.ovsdb_monitor [None req-d5683f05-0974-488d-b460-943adbb62fcd None None] Hash Ring: Node 3746e1befd405ffa83d806d6bac3f73c (host: np0000006860) handling event "update" for row e2af5762-b3a2-4568-a9f2-a1c1dcf2dd3f (table: Logical_Switch_Port) {{(pid=87614) notify /opt/stack/neutron/neutron/plugins/ml2/drivers/ovn/mech_driver/ovsdb/ovsdb_monitor.py:1099}}
Aug 10 06:00:56.404786 np0000006860 devstack@neutron-api.service[87613]: DEBUG neutron.plugins.ml2.drivers.ovn.mech_driver.ovsdb.ovsdb_monitor [None req-db8d8af2-9bdb-4ab3-9c1d-c357a96e0b16 None None] Touching Hash Ring node "aebc0e1ff87c571883a8c18bd108bd36" from IDL notify handler {{(pid=87613) notify /opt/stack/neutron/neutron/plugins/ml2/drivers/ovn/mech_driver/ovsdb/ovsdb_monitor.py:1091}}
Aug 10 06:00:56.405074 np0000006860 devstack@neutron-api.service[87615]: DEBUG neutron.plugins.ml2.drivers.ovn.mech_driver.ovsdb.ovsdb_monitor [None req-310d17f7-12a9-45d6-a993-e0399cafcb14 None None] Touching Hash Ring node "cd2962f794b55b3ea9a46e074a759e03" from IDL notify handler {{(pid=87615) notify /opt/stack/neutron/neutron/plugins/ml2/drivers/ovn/mech_driver/ovsdb/ovsdb_monitor.py:1091}}
Aug 10 06:00:56.408462 np0000006860 devstack@neutron-api.service[87615]: DEBUG neutron.plugins.ml2.drivers.ovn.mech_driver.ovsdb.ovsdb_monitor [None req-c099919f-47d1-4838-a1e6-d0c0043ed1a2 None None] Hash Ring: Node cd2962f794b55b3ea9a46e074a759e03 (host: np0000006860) handling event "update" for row e2af5762-b3a2-4568-a9f2-a1c1dcf2dd3f (table: Logical_Switch_Port) {{(pid=87615) notify /opt/stack/neutron/neutron/plugins/ml2/drivers/ovn/mech_driver/ovsdb/ovsdb_monitor.py:1099}}
Aug 10 06:00:56.409796 np0000006860 devstack@neutron-api.service[87615]: DEBUG neutron.plugins.ml2.drivers.ovn.mech_driver.ovsdb.ovsdb_monitor [None req-310d17f7-12a9-45d6-a993-e0399cafcb14 None None] Hash Ring: Node cd2962f794b55b3ea9a46e074a759e03 (host: np0000006860) handling event "update" for row df6fc161-a822-41e3-b584-00f5688d459e (table: Port_Binding) {{(pid=87615) notify /opt/stack/neutron/neutron/plugins/ml2/drivers/ovn/mech_driver/ovsdb/ovsdb_monitor.py:1099}}
Aug 10 06:00:56.410295 np0000006860 devstack@neutron-api.service[87613]: DEBUG neutron.plugins.ml2.drivers.ovn.mech_driver.ovsdb.ovsdb_monitor [None req-db8d8af2-9bdb-4ab3-9c1d-c357a96e0b16 None None] Hash Ring: Node aebc0e1ff87c571883a8c18bd108bd36 (host: np0000006860) handling event "update" for row e2af5762-b3a2-4568-a9f2-a1c1dcf2dd3f (table: Logical_Switch_Port) {{(pid=87613) notify /opt/stack/neutron/neutron/plugins/ml2/drivers/ovn/mech_driver/ovsdb/ovsdb_monitor.py:1099}}
Aug 10 06:00:56.424876 np0000006860 devstack@neutron-api.service[87613]: DEBUG neutron.plugins.ml2.db [None req-29b03d0a-84fd-446b-9516-97ec24e0c75c None None] For port 93591420-c057-4b29-beeb-030620664dd1, host np0000006860, got binding levels [PortBindingLevel(driver='ovn',host='np0000006860',level=0,port_id=93591420-c057-4b29-beeb-030620664dd1,segment=NetworkSegment(d95a2fab-1c01-416d-8c6f-f62903c3436f),segment_id=d95a2fab-1c01-416d-8c6f-f62903c3436f)] {{(pid=87613) get_binding_level_objs /opt/stack/neutron/neutron/plugins/ml2/db.py:74}}
Aug 10 06:00:56.426206 np0000006860 devstack@neutron-api.service[87615]: DEBUG neutron.plugins.ml2.plugin [None req-c3bdc8f6-284b-47eb-9015-f4b50288a613 None None] Current status of the port 93591420-c057-4b29-beeb-030620664dd1 is: DOWN; New status is: ACTIVE {{(pid=87615) _update_individual_port_db_status /opt/stack/neutron/neutron/plugins/ml2/plugin.py:2473}}
Aug 10 06:00:56.426341 np0000006860 devstack@neutron-api.service[87615]: DEBUG neutron_lib.callbacks.manager [None req-c3bdc8f6-284b-47eb-9015-f4b50288a613 None None] Publish callbacks ['neutron.plugins.ml2.plugin.SecurityGroupDbMixin._ensure_default_security_group_handler-3328355', 'neutron.services.ovn_l3.plugin.OVNL3RouterPlugin._port_update-8392248609232', 'neutron.db.l3_db.L3_NAT_dbonly_mixin._prevent_internal_ip_change_for_fip-8392250120266'] for port (93591420-c057-4b29-beeb-030620664dd1), before_update {{(pid=87615) _notify_loop /opt/stack/data/venv/lib/python3.12/site-packages/neutron_lib/callbacks/manager.py:184}}
Aug 10 06:00:56.432913 np0000006860 devstack@neutron-api.service[87613]: DEBUG neutron.plugins.ml2.drivers.ovn.mech_driver.ovsdb.ovsdb_monitor [None req-07418ffa-60b6-40b6-a936-e966f328fcc2 None None] Hash Ring: Node aebc0e1ff87c571883a8c18bd108bd36 (host: np0000006860) handling event "update" for row df6fc161-a822-41e3-b584-00f5688d459e (table: Port_Binding) {{(pid=87613) notify /opt/stack/neutron/neutron/plugins/ml2/drivers/ovn/mech_driver/ovsdb/ovsdb_monitor.py:1099}}
Aug 10 06:00:56.435794 np0000006860 devstack@neutron-api.service[87615]: DEBUG neutron.plugins.ml2.db [None req-c3bdc8f6-284b-47eb-9015-f4b50288a613 None None] For port 93591420-c057-4b29-beeb-030620664dd1, host np0000006860, got binding levels [PortBindingLevel(driver='ovn',host='np0000006860',level=0,port_id=93591420-c057-4b29-beeb-030620664dd1,segment=NetworkSegment(d95a2fab-1c01-416d-8c6f-f62903c3436f),segment_id=d95a2fab-1c01-416d-8c6f-f62903c3436f)] {{(pid=87615) get_binding_level_objs /opt/stack/neutron/neutron/plugins/ml2/db.py:74}}
Aug 10 06:00:56.436038 np0000006860 devstack@neutron-api.service[87615]: DEBUG neutron.plugins.ml2.drivers.ovn.mech_driver.mech_driver [None req-c3bdc8f6-284b-47eb-9015-f4b50288a613 None None] No provisioning block for port 93591420-c057-4b29-beeb-030620664dd1 since it is active {{(pid=87615) _is_port_provisioning_required /opt/stack/neutron/neutron/plugins/ml2/drivers/ovn/mech_driver/mech_driver.py:894}}
Aug 10 06:00:56.437332 np0000006860 devstack@neutron-api.service[87613]: DEBUG neutron.plugins.ml2.drivers.ovn.mech_driver.ovsdb.ovsdb_monitor [None req-07418ffa-60b6-40b6-a936-e966f328fcc2 None None] Touching Hash Ring node "aebc0e1ff87c571883a8c18bd108bd36" from IDL notify handler {{(pid=87613) notify /opt/stack/neutron/neutron/plugins/ml2/drivers/ovn/mech_driver/ovsdb/ovsdb_monitor.py:1091}}
Aug 10 06:00:56.441461 np0000006860 devstack@neutron-api.service[87613]: DEBUG neutron.plugins.ml2.drivers.ovn.mech_driver.ovsdb.ovsdb_monitor [None req-07418ffa-60b6-40b6-a936-e966f328fcc2 None None] Hash Ring: Node aebc0e1ff87c571883a8c18bd108bd36 (host: np0000006860) handling event "update" for row df6fc161-a822-41e3-b584-00f5688d459e (table: Port_Binding) {{(pid=87613) notify /opt/stack/neutron/neutron/plugins/ml2/drivers/ovn/mech_driver/ovsdb/ovsdb_monitor.py:1099}}
Aug 10 06:00:56.443542 np0000006860 devstack@neutron-api.service[87613]: DEBUG neutron_lib.callbacks.manager [None req-29b03d0a-84fd-446b-9516-97ec24e0c75c None None] Publish callbacks [] for port (93591420-c057-4b29-beeb-030620664dd1), precommit_update {{(pid=87613) _notify_loop /opt/stack/data/venv/lib/python3.12/site-packages/neutron_lib/callbacks/manager.py:184}}
Aug 10 06:00:56.443999 np0000006860 devstack@neutron-api.service[87613]: DEBUG neutron.plugins.ml2.drivers.ovn.mech_driver.mech_driver [None req-29b03d0a-84fd-446b-9516-97ec24e0c75c None None] No provisioning block for port 93591420-c057-4b29-beeb-030620664dd1 since host unchanged {{(pid=87613) _is_port_provisioning_required /opt/stack/neutron/neutron/plugins/ml2/drivers/ovn/mech_driver/mech_driver.py:904}}
Aug 10 06:00:56.510780 np0000006860 devstack@neutron-api.service[87613]: DEBUG neutron_lib.callbacks.manager [None req-29b03d0a-84fd-446b-9516-97ec24e0c75c None None] Publish callbacks ['neutron.plugins.ml2.ovo_rpc._ObjectChangeHandler.handle_event-1167594', 'neutron.services.ovn_l3.plugin.OVNL3RouterPlugin._port_update-8392249065766'] for port (93591420-c057-4b29-beeb-030620664dd1), after_update {{(pid=87613) _notify_loop /opt/stack/data/venv/lib/python3.12/site-packages/neutron_lib/callbacks/manager.py:184}}
Aug 10 06:00:56.549099 np0000006860 devstack@neutron-api.service[87614]: DEBUG futurist.periodics [-] Submitting periodic callback 'neutron.plugins.ml2.drivers.ovn.mech_driver.ovsdb.maintenance.HashRingHealthCheckPeriodics.touch_hash_ring_node' {{(pid=87614) _process_scheduled /opt/stack/data/venv/lib/python3.12/site-packages/futurist/periodics.py:784}}
Aug 10 06:00:56.550837 np0000006860 devstack@neutron-api.service[87614]: DEBUG neutron.plugins.ml2.drivers.ovn.mech_driver.ovsdb.maintenance [-] Touching Hash Ring node "3746e1befd405ffa83d806d6bac3f73c" from periodic health check thread {{(pid=87614) touch_hash_ring_node /opt/stack/neutron/neutron/plugins/ml2/drivers/ovn/mech_driver/ovsdb/maintenance.py:1453}}
Aug 10 06:00:56.551591 np0000006860 devstack@neutron-api.service[87615]: DEBUG neutron.plugins.ml2.drivers.ovn.mech_driver.ovsdb.commands [None req-c3bdc8f6-284b-47eb-9015-f4b50288a613 None None] Converting tag [] to a tag_request {{(pid=87615) _tag_column_to_tag_request /opt/stack/neutron/neutron/plugins/ml2/drivers/ovn/mech_driver/ovsdb/commands.py:227}}
