Aug 04 07:15:14.763204 np0000006386 devstack@g-api.service[99912]: DEBUG swiftclient [None req-93b79b0c-1992-4d7e-b24a-55fa6c776947 tempest-ImageDependencyTests-1583701742 tempest-ImageDependencyTests-1583701742-project-member] RESP HEADERS: {'Date': 'Tue, 04 Aug 2026 07:15:14 GMT', 'Server': 'Apache/2.4.58 (Ubuntu)', 'Content-Type': 'text/html; charset=UTF-8', 'Content-Length': '0', 'Etag': 'a27b9201979c50df0a2d6287cf8bf7db', 'Last-Modified': 'Tue, 04 Aug 2026 07:15:15 GMT', 'X-Trans-Id': 'txd81251f306cc48408a88d-006a719182', 'X-Openstack-Request-Id': 'txd81251f306cc48408a88d-006a719182', 'Connection': 'close'} {{(pid=99912) http_log /opt/stack/data/venv/lib/python3.12/site-packages/swiftclient/client.py:162}}
Aug 04 07:15:14.763646 np0000006386 devstack@g-api.service[99912]: INFO glance.location [None req-93b79b0c-1992-4d7e-b24a-55fa6c776947 tempest-ImageDependencyTests-1583701742 tempest-ImageDependencyTests-1583701742-project-member] Image format matched and virtual size computed: 1024
Aug 04 07:15:14.794864 np0000006386 devstack@g-api.service[99912]: DEBUG glance_store.backend [None req-93b79b0c-1992-4d7e-b24a-55fa6c776947 tempest-ImageDependencyTests-1583701742 tempest-ImageDependencyTests-1583701742-project-member] Attempting to import store swift {{(pid=99912) _load_store /opt/stack/data/venv/lib/python3.12/site-packages/glance_store/backend.py:215}}
Aug 04 07:15:14.797049 np0000006386 devstack@g-api.service[99912]: DEBUG glance_store.capabilities [None req-93b79b0c-1992-4d7e-b24a-55fa6c776947 tempest-ImageDependencyTests-1583701742 tempest-ImageDependencyTests-1583701742-project-member] Store glance_store._drivers.swift.store.SingleTenantStore doesn't support updating dynamic storage capabilities. Please overwrite 'update_capabilities' method of the store to implement updating logics if needed. {{(pid=99912) update_capabilities /opt/stack/data/venv/lib/python3.12/site-packages/glance_store/capabilities.py:91}}
Aug 04 07:15:14.798259 np0000006386 devstack@g-api.service[99912]: DEBUG glance_store.driver [None req-93b79b0c-1992-4d7e-b24a-55fa6c776947 tempest-ImageDependencyTests-1583701742 tempest-ImageDependencyTests-1583701742-project-member] Late loading location class glance_store._drivers.swift.store.StoreLocation {{(pid=99912) get_store_location_class /opt/stack/data/venv/lib/python3.12/site-packages/glance_store/driver.py:134}}
Aug 04 07:15:14.798488 np0000006386 devstack@g-api.service[99912]: DEBUG glance_store.location [None req-93b79b0c-1992-4d7e-b24a-55fa6c776947 tempest-ImageDependencyTests-1583701742 tempest-ImageDependencyTests-1583701742-project-member] Registering scheme swift+https with {'store': , 'location_class': , 'store_entry': 'swift'} {{(pid=99912) register_scheme_map /opt/stack/data/venv/lib/python3.12/site-packages/glance_store/location.py:146}}
Aug 04 07:15:14.798740 np0000006386 devstack@g-api.service[99912]: DEBUG glance_store.location [None req-93b79b0c-1992-4d7e-b24a-55fa6c776947 tempest-ImageDependencyTests-1583701742 tempest-ImageDependencyTests-1583701742-project-member] Registering scheme swift+https with {'store': , 'location_class': , 'store_entry': 'swift'} {{(pid=99912) register_scheme_map /opt/stack/data/venv/lib/python3.12/site-packages/glance_store/location.py:146}}
Aug 04 07:15:14.798978 np0000006386 devstack@g-api.service[99912]: DEBUG glance_store.location [None req-93b79b0c-1992-4d7e-b24a-55fa6c776947 tempest-ImageDependencyTests-1583701742 tempest-ImageDependencyTests-1583701742-project-member] Registering scheme swift with {'store': , 'location_class': , 'store_entry': 'swift'} {{(pid=99912) register_scheme_map /opt/stack/data/venv/lib/python3.12/site-packages/glance_store/location.py:146}}
Aug 04 07:15:14.799216 np0000006386 devstack@g-api.service[99912]: DEBUG glance_store.location [None req-93b79b0c-1992-4d7e-b24a-55fa6c776947 tempest-ImageDependencyTests-1583701742 tempest-ImageDependencyTests-1583701742-project-member] Registering scheme swift+https with {'store': , 'location_class': , 'store_entry': 'swift'} {{(pid=99912) register_scheme_map /opt/stack/data/venv/lib/python3.12/site-packages/glance_store/location.py:146}}
Aug 04 07:15:14.799428 np0000006386 devstack@g-api.service[99912]: DEBUG glance_store.location [None req-93b79b0c-1992-4d7e-b24a-55fa6c776947 tempest-ImageDependencyTests-1583701742 tempest-ImageDependencyTests-1583701742-project-member] Registering scheme swift with {'store': , 'location_class': , 'store_entry': 'swift'} {{(pid=99912) register_scheme_map /opt/stack/data/venv/lib/python3.12/site-packages/glance_store/location.py:146}}
Aug 04 07:15:14.799748 np0000006386 devstack@g-api.service[99912]: DEBUG glance_store.location [None req-93b79b0c-1992-4d7e-b24a-55fa6c776947 tempest-ImageDependencyTests-1583701742 tempest-ImageDependencyTests-1583701742-project-member] Registering scheme swift+http with {'store': , 'location_class': , 'store_entry': 'swift'} {{(pid=99912) register_scheme_map /opt/stack/data/venv/lib/python3.12/site-packages/glance_store/location.py:146}}
Aug 04 07:15:14.799923 np0000006386 devstack@g-api.service[99912]: DEBUG glance_store.location [None req-93b79b0c-1992-4d7e-b24a-55fa6c776947 tempest-ImageDependencyTests-1583701742 tempest-ImageDependencyTests-1583701742-project-member] Registering scheme swift+https with {'store': , 'location_class': , 'store_entry': 'swift'} {{(pid=99912) register_scheme_map /opt/stack/data/venv/lib/python3.12/site-packages/glance_store/location.py:146}}
Aug 04 07:15:14.800115 np0000006386 devstack@g-api.service[99912]: DEBUG glance_store.location [None req-93b79b0c-1992-4d7e-b24a-55fa6c776947 tempest-ImageDependencyTests-1583701742 tempest-ImageDependencyTests-1583701742-project-member] Registering scheme swift with {'store': , 'location_class': , 'store_entry': 'swift'} {{(pid=99912) register_scheme_map /opt/stack/data/venv/lib/python3.12/site-packages/glance_store/location.py:146}}
Aug 04 07:15:14.800296 np0000006386 devstack@g-api.service[99912]: DEBUG glance_store.location [None req-93b79b0c-1992-4d7e-b24a-55fa6c776947 tempest-ImageDependencyTests-1583701742 tempest-ImageDependencyTests-1583701742-project-member] Registering scheme swift+http with {'store': , 'location_class': , 'store_entry': 'swift'} {{(pid=99912) register_scheme_map /opt/stack/data/venv/lib/python3.12/site-packages/glance_store/location.py:146}}
Aug 04 07:15:14.800479 np0000006386 devstack@g-api.service[99912]: DEBUG glance_store.location [None req-93b79b0c-1992-4d7e-b24a-55fa6c776947 tempest-ImageDependencyTests-1583701742 tempest-ImageDependencyTests-1583701742-project-member] Registering scheme swift+config with {'store': , 'location_class': , 'store_entry': 'swift'} {{(pid=99912) register_scheme_map /opt/stack/data/venv/lib/python3.12/site-packages/glance_store/location.py:146}}
Aug 04 07:15:14.800674 np0000006386 devstack@g-api.service[99912]: DEBUG glance_store.backend [None req-93b79b0c-1992-4d7e-b24a-55fa6c776947 tempest-ImageDependencyTests-1583701742 tempest-ImageDependencyTests-1583701742-project-member] Skipping store.set_acls... not implemented. {{(pid=99912) set_acls /opt/stack/data/venv/lib/python3.12/site-packages/glance_store/backend.py:507}}
Aug 04 07:15:14.802795 np0000006386 devstack@g-api.service[99912]: [pid: 99912|app: 0|req: 72/213] 127.0.0.1 () {40 vars in 843 bytes} [Tue Aug 4 07:15:12 2026] PUT /v2/images/18b4daab-24eb-4e7f-85ca-1a5ffb3da778/file => generated 0 bytes in 2247 msecs (HTTP/1.1 204) 4 headers in 171 bytes (1 switches on core 0)
Aug 04 07:15:14.815913 np0000006386 devstack@g-api.service[99911]: DEBUG glance.api.middleware.version_negotiation [None req-774cad98-d208-4565-8cde-132fb0d74f49 tempest-ImageDependencyTests-1583701742 tempest-ImageDependencyTests-1583701742-project-member] Determining version of request: GET /v2/images/18b4daab-24eb-4e7f-85ca-1a5ffb3da778 Accept: application/json {{(pid=99911) process_request /opt/stack/glance/glance/api/middleware/version_negotiation.py:44}}
Aug 04 07:15:14.816456 np0000006386 devstack@g-api.service[99911]: DEBUG glance.api.middleware.version_negotiation [None req-774cad98-d208-4565-8cde-132fb0d74f49 tempest-ImageDependencyTests-1583701742 tempest-ImageDependencyTests-1583701742-project-member] Using url versioning {{(pid=99911) process_request /opt/stack/glance/glance/api/middleware/version_negotiation.py:57}}
Aug 04 07:15:14.816456 np0000006386 devstack@g-api.service[99911]: DEBUG glance.api.middleware.version_negotiation [None req-774cad98-d208-4565-8cde-132fb0d74f49 tempest-ImageDependencyTests-1583701742 tempest-ImageDependencyTests-1583701742-project-member] Matched version: v2 {{(pid=99911) process_request /opt/stack/glance/glance/api/middleware/version_negotiation.py:69}}
Aug 04 07:15:14.816456 np0000006386 devstack@g-api.service[99911]: DEBUG glance.api.middleware.version_negotiation [None req-774cad98-d208-4565-8cde-132fb0d74f49 tempest-ImageDependencyTests-1583701742 tempest-ImageDependencyTests-1583701742-project-member] new path /v2/images/18b4daab-24eb-4e7f-85ca-1a5ffb3da778 {{(pid=99911) process_request /opt/stack/glance/glance/api/middleware/version_negotiation.py:70}}
Aug 04 07:15:14.851503 np0000006386 devstack@g-api.service[99911]: [pid: 99911|app: 0|req: 71/214] 127.0.0.1 () {40 vars in 834 bytes} [Tue Aug 4 07:15:14 2026] GET /v2/images/18b4daab-24eb-4e7f-85ca-1a5ffb3da778 => generated 807 bytes in 36 msecs (HTTP/1.1 200) 4 headers in 157 bytes (1 switches on core 0)
Aug 04 07:15:14.906984 np0000006386 devstack@g-api.service[99913]: DEBUG keystoneclient.auth.identity.v3.base [None req-1963dd65-1083-4468-8f79-32971045a64e tempest-ServerBootFromVolumeStableRescueTest-130775340 tempest-ServerBootFromVolumeStableRescueTest-130775340-project-member] {"token": {"methods": ["password"], "user": {"domain": {"id": "default", "name": "Default"}, "id": "0c19806262d645419320fda25764ef96", "name": "glance-swift", "password_expires_at": null}, "audit_ids": ["Bn0XbZp4TZSVuXSSFbN6ew"], "expires_at": "2026-08-04T08:15:14.000000Z", "issued_at": "2026-08-04T07:15:14.000000Z", "project": {"domain": {"id": "default", "name": "Default"}, "id": "d526770d6aaf4ecb934089a6ec6bee63", "name": "service"}, "is_domain": false, "roles": [{"id": "2de1693971ca4cd5867f8432663116ec", "name": "service"}, {"id": "87a1950c96974afea04517bbd119f54e", "name": "ResellerAdmin"}], "catalog": [{"endpoints": [{"id": "79367d1278a7496fab705c04d71439b5", "interface": "public", "region_id": "RegionOne", "url": "https://10.4.3.89/placement", "region": "RegionOne"}], "id": "00d2c426cbfb4e2b98e8b11827145462", "type": "placement", "name": "placement"}, {"endpoints": [{"id": "e36d51dc6b384af0876fb243b4194cbb", "interface": "public", "region_id": "RegionOne", "url": "https://10.4.3.89/compute/v2.1", "region": "RegionOne"}], "id": "056b4269f6074e5aa73840470f76f834", "type": "compute", "name": "nova"}, {"endpoints": [{"id": "a49e6148f8b84e939373b1e14326593f", "interface": "public", "region_id": "RegionOne", "url": "https://10.4.3.89/image", "region": "RegionOne"}], "id": "18010172acaf4b21ab9c711ce969a7c0", "type": "image", "name": "glance"}, {"endpoints": [{"id": "b8ea3c07a05d4d10ac8ae2d80dd21be5", "interface": "public", "region_id": "RegionOne", "url": "https://10.4.3.89/identity", "region": "RegionOne"}], "id": "63c80f59a41f4c76b15495e502f1b25c", "type": "identity", "name": "keystone"}, {"endpoints": [{"id": "e0b8a5c586f54c1891308c4f9edb2a15", "interface": "public", "region_id": "RegionOne", "url": "https://10.4.3.89/networking", "region": "RegionOne"}], "id": "861f6a68c98c418bb2809da9339d85e2", "type": "network", "name": "neutron"}, {"endpoints": [{"id": "c21184cc8a5846799b3013f68ebaf465", "interface": "public", "region_id": "RegionOne", "url": "https://10.4.3.89/compute/v2/d526770d6aaf4ecb934089a6ec6bee63", "region": "RegionOne"}], "id": "8da82163944b4f9c90db89edf44ca987", "type": "compute_legacy", "name": "nova_legacy"}, {"endpoints": [{"id": "56892b4640e24b6e91ba67e0940852ef", "interface": "public", "region_id": "RegionOne", "url": "https://10.4.3.89/volume/v3", "region": "RegionOne"}], "id": "d989e6c00f9e4c7ebfef374e52e4aaa0", "type": "block-storage", "name": "cinder"}, {"endpoints": [{"id": "9459038957384532befba2c2e2b3e355", "interface": "admin", "region_id": "RegionOne", "url": "https://10.4.3.89:8080", "region": "RegionOne"}, {"id": "c7ff3e6475d143caa74bc815f04d0c41", "interface": "public", "region_id": "RegionOne", "url": "https://10.4.3.89:8080/v1/AUTH_d526770d6aaf4ecb934089a6ec6bee63", "region": "RegionOne"}], "id": "f04cc44521c946bbad7e76efae82ea89", "type": "object-store", "name": "swift"}]}} {{(pid=99913) get_auth_ref /opt/stack/data/venv/lib/python3.12/site-packages/keystoneclient/auth/identity/v3/base.py:190}}
Aug 04 07:15:14.906984 np0000006386 devstack@g-api.service[99913]: DEBUG keystoneclient.httpclient [None req-1963dd65-1083-4468-8f79-32971045a64e tempest-ServerBootFromVolumeStableRescueTest-130775340 tempest-ServerBootFromVolumeStableRescueTest-130775340-project-member] Failed to find endpoint for management url admin endpoint for identity service not found {{(pid=99913) _process_management_url /opt/stack/data/venv/lib/python3.12/site-packages/keystoneclient/httpclient.py:670}}
Aug 04 07:15:15.018239 np0000006386 devstack@g-api.service[99912]: DEBUG glance.api.middleware.version_negotiation [None req-93b79b0c-1992-4d7e-b24a-55fa6c776947 tempest-ImageDependencyTests-1583701742 tempest-ImageDependencyTests-1583701742-project-member] Determining version of request: GET /v2/images/18b4daab-24eb-4e7f-85ca-1a5ffb3da778 Accept: */* {{(pid=99912) process_request /opt/stack/glance/glance/api/middleware/version_negotiation.py:44}}
Aug 04 07:15:15.018539 np0000006386 devstack@g-api.service[99912]: DEBUG glance.api.middleware.version_negotiation [None req-93b79b0c-1992-4d7e-b24a-55fa6c776947 tempest-ImageDependencyTests-1583701742 tempest-ImageDependencyTests-1583701742-project-member] Using url versioning {{(pid=99912) process_request /opt/stack/glance/glance/api/middleware/version_negotiation.py:57}}
Aug 04 07:15:15.018771 np0000006386 devstack@g-api.service[99912]: DEBUG glance.api.middleware.version_negotiation [None req-93b79b0c-1992-4d7e-b24a-55fa6c776947 tempest-ImageDependencyTests-1583701742 tempest-ImageDependencyTests-1583701742-project-member] Matched version: v2 {{(pid=99912) process_request /opt/stack/glance/glance/api/middleware/version_negotiation.py:69}}
Aug 04 07:15:15.018841 np0000006386 devstack@g-api.service[99912]: DEBUG glance.api.middleware.version_negotiation [None req-93b79b0c-1992-4d7e-b24a-55fa6c776947 tempest-ImageDependencyTests-1583701742 tempest-ImageDependencyTests-1583701742-project-member] new path /v2/images/18b4daab-24eb-4e7f-85ca-1a5ffb3da778 {{(pid=99912) process_request /opt/stack/glance/glance/api/middleware/version_negotiation.py:70}}
Aug 04 07:15:15.029245 np0000006386 devstack@g-api.service[99912]: [pid: 99912|app: 0|req: 73/215] 127.0.0.1 () {44 vars in 1111 bytes} [Tue Aug 4 07:15:15 2026] GET /v2/images/18b4daab-24eb-4e7f-85ca-1a5ffb3da778 => generated 807 bytes in 11 msecs (HTTP/1.1 200) 4 headers in 157 bytes (1 switches on core 0)
Aug 04 07:15:15.039732 np0000006386 devstack@g-api.service[99911]: DEBUG glance.api.middleware.version_negotiation [None req-3b4d555b-8152-43f4-99fe-3dd865377642 tempest-ImageDependencyTests-1583701742 tempest-ImageDependencyTests-1583701742-project-member] Determining version of request: GET /v2/schemas/image Accept: */* {{(pid=99911) process_request /opt/stack/glance/glance/api/middleware/version_negotiation.py:44}}
Aug 04 07:15:15.039877 np0000006386 devstack@g-api.service[99911]: DEBUG glance.api.middleware.version_negotiation [None req-3b4d555b-8152-43f4-99fe-3dd865377642 tempest-ImageDependencyTests-1583701742 tempest-ImageDependencyTests-1583701742-project-member] Using url versioning {{(pid=99911) process_request /opt/stack/glance/glance/api/middleware/version_negotiation.py:57}}
Aug 04 07:15:15.040075 np0000006386 devstack@g-api.service[99911]: DEBUG glance.api.middleware.version_negotiation [None req-3b4d555b-8152-43f4-99fe-3dd865377642 tempest-ImageDependencyTests-1583701742 tempest-ImageDependencyTests-1583701742-project-member] Matched version: v2 {{(pid=99911) process_request /opt/stack/glance/glance/api/middleware/version_negotiation.py:69}}
Aug 04 07:15:15.040210 np0000006386 devstack@g-api.service[99911]: DEBUG glance.api.middleware.version_negotiation [None req-3b4d555b-8152-43f4-99fe-3dd865377642 tempest-ImageDependencyTests-1583701742 tempest-ImageDependencyTests-1583701742-project-member] new path /v2/schemas/image {{(pid=99911) process_request /opt/stack/glance/glance/api/middleware/version_negotiation.py:70}}
Aug 04 07:15:15.043677 np0000006386 devstack@g-api.service[99911]: [pid: 99911|app: 0|req: 72/216] 127.0.0.1 () {44 vars in 1051 bytes} [Tue Aug 4 07:15:15 2026] GET /v2/schemas/image => generated 6083 bytes in 4 msecs (HTTP/1.1 200) 4 headers in 158 bytes (1 switches on core 0)
Aug 04 07:15:15.053704 np0000006386 devstack@g-api.service[99912]: DEBUG glance.api.middleware.version_negotiation [None req-db2103a3-5d57-4eb0-9d6d-f7e9870cc06e tempest-ImageDependencyTests-1583701742 tempest-ImageDependencyTests-1583701742-project-member] Determining version of request: GET /v2/schemas/image Accept: */* {{(pid=99912) process_request /opt/stack/glance/glance/api/middleware/version_negotiation.py:44}}
Aug 04 07:15:15.054067 np0000006386 devstack@g-api.service[99912]: DEBUG glance.api.middleware.version_negotiation [None req-db2103a3-5d57-4eb0-9d6d-f7e9870cc06e tempest-ImageDependencyTests-1583701742 tempest-ImageDependencyTests-1583701742-project-member] Using url versioning {{(pid=99912) process_request /opt/stack/glance/glance/api/middleware/version_negotiation.py:57}}
Aug 04 07:15:15.054208 np0000006386 devstack@g-api.service[99912]: DEBUG glance.api.middleware.version_negotiation [None req-db2103a3-5d57-4eb0-9d6d-f7e9870cc06e tempest-ImageDependencyTests-1583701742 tempest-ImageDependencyTests-1583701742-project-member] Matched version: v2 {{(pid=99912) process_request /opt/stack/glance/glance/api/middleware/version_negotiation.py:69}}
Aug 04 07:15:15.054322 np0000006386 devstack@g-api.service[99912]: DEBUG glance.api.middleware.version_negotiation [None req-db2103a3-5d57-4eb0-9d6d-f7e9870cc06e tempest-ImageDependencyTests-1583701742 tempest-ImageDependencyTests-1583701742-project-member] new path /v2/schemas/image {{(pid=99912) process_request /opt/stack/glance/glance/api/middleware/version_negotiation.py:70}}
Aug 04 07:15:15.056617 np0000006386 devstack@g-api.service[99912]: [pid: 99912|app: 0|req: 74/217] 127.0.0.1 () {44 vars in 1051 bytes} [Tue Aug 4 07:15:15 2026] GET /v2/schemas/image => generated 6083 bytes in 3 msecs (HTTP/1.1 200) 4 headers in 158 bytes (1 switches on core 0)
Aug 04 07:15:15.065426 np0000006386 devstack@g-api.service[99911]: DEBUG glance.api.middleware.version_negotiation [None req-db2103a3-5d57-4eb0-9d6d-f7e9870cc06e tempest-ImageDependencyTests-1583701742 tempest-ImageDependencyTests-1583701742-project-member] Determining version of request: GET /v2/images/18b4daab-24eb-4e7f-85ca-1a5ffb3da778 Accept: */* {{(pid=99911) process_request /opt/stack/glance/glance/api/middleware/version_negotiation.py:44}}
Aug 04 07:15:15.065622 np0000006386 devstack@g-api.service[99911]: DEBUG glance.api.middleware.version_negotiation [None req-db2103a3-5d57-4eb0-9d6d-f7e9870cc06e tempest-ImageDependencyTests-1583701742 tempest-ImageDependencyTests-1583701742-project-member] Using url versioning {{(pid=99911) process_request /opt/stack/glance/glance/api/middleware/version_negotiation.py:57}}
Aug 04 07:15:15.065813 np0000006386 devstack@g-api.service[99911]: DEBUG glance.api.middleware.version_negotiation [None req-db2103a3-5d57-4eb0-9d6d-f7e9870cc06e tempest-ImageDependencyTests-1583701742 tempest-ImageDependencyTests-1583701742-project-member] Matched version: v2 {{(pid=99911) process_request /opt/stack/glance/glance/api/middleware/version_negotiation.py:69}}
Aug 04 07:15:15.066353 np0000006386 devstack@g-api.service[99911]: DEBUG glance.api.middleware.version_negotiation [None req-db2103a3-5d57-4eb0-9d6d-f7e9870cc06e tempest-ImageDependencyTests-1583701742 tempest-ImageDependencyTests-1583701742-project-member] new path /v2/images/18b4daab-24eb-4e7f-85ca-1a5ffb3da778 {{(pid=99911) process_request /opt/stack/glance/glance/api/middleware/version_negotiation.py:70}}
Aug 04 07:15:15.077676 np0000006386 devstack@g-api.service[99911]: [pid: 99911|app: 0|req: 73/218] 127.0.0.1 () {44 vars in 1111 bytes} [Tue Aug 4 07:15:15 2026] GET /v2/images/18b4daab-24eb-4e7f-85ca-1a5ffb3da778 => generated 807 bytes in 12 msecs (HTTP/1.1 200) 4 headers in 157 bytes (1 switches on core 0)
Aug 04 07:15:15.085817 np0000006386 devstack@g-api.service[99912]: DEBUG glance.api.middleware.version_negotiation [None req-db2103a3-5d57-4eb0-9d6d-f7e9870cc06e tempest-ImageDependencyTests-1583701742 tempest-ImageDependencyTests-1583701742-project-member] Determining version of request: GET /v2/schemas/image Accept: */* {{(pid=99912) process_request /opt/stack/glance/glance/api/middleware/version_negotiation.py:44}}
Aug 04 07:15:15.085985 np0000006386 devstack@g-api.service[99912]: DEBUG glance.api.middleware.version_negotiation [None req-db2103a3-5d57-4eb0-9d6d-f7e9870cc06e tempest-ImageDependencyTests-1583701742 tempest-ImageDependencyTests-1583701742-project-member] Using url versioning {{(pid=99912) process_request /opt/stack/glance/glance/api/middleware/version_negotiation.py:57}}
Aug 04 07:15:15.086144 np0000006386 devstack@g-api.service[99912]: DEBUG glance.api.middleware.version_negotiation [None req-db2103a3-5d57-4eb0-9d6d-f7e9870cc06e tempest-ImageDependencyTests-1583701742 tempest-ImageDependencyTests-1583701742-project-member] Matched version: v2 {{(pid=99912) process_request /opt/stack/glance/glance/api/middleware/version_negotiation.py:69}}
Aug 04 07:15:15.086252 np0000006386 devstack@g-api.service[99912]: DEBUG glance.api.middleware.version_negotiation [None req-db2103a3-5d57-4eb0-9d6d-f7e9870cc06e tempest-ImageDependencyTests-1583701742 tempest-ImageDependencyTests-1583701742-project-member] new path /v2/schemas/image {{(pid=99912) process_request /opt/stack/glance/glance/api/middleware/version_negotiation.py:70}}
Aug 04 07:15:15.088730 np0000006386 devstack@g-api.service[99912]: [pid: 99912|app: 0|req: 75/219] 127.0.0.1 () {44 vars in 1051 bytes} [Tue Aug 4 07:15:15 2026] GET /v2/schemas/image => generated 6083 bytes in 3 msecs (HTTP/1.1 200) 4 headers in 158 bytes (1 switches on core 0)
Aug 04 07:15:15.098398 np0000006386 devstack@g-api.service[99911]: DEBUG glance.api.middleware.version_negotiation [None req-db2103a3-5d57-4eb0-9d6d-f7e9870cc06e tempest-ImageDependencyTests-1583701742 tempest-ImageDependencyTests-1583701742-project-member] Determining version of request: GET /v2/schemas/image Accept: */* {{(pid=99911) process_request /opt/stack/glance/glance/api/middleware/version_negotiation.py:44}}
Aug 04 07:15:15.098635 np0000006386 devstack@g-api.service[99911]: DEBUG glance.api.middleware.version_negotiation [None req-db2103a3-5d57-4eb0-9d6d-f7e9870cc06e tempest-ImageDependencyTests-1583701742 tempest-ImageDependencyTests-1583701742-project-member] Using url versioning {{(pid=99911) process_request /opt/stack/glance/glance/api/middleware/version_negotiation.py:57}}
Aug 04 07:15:15.099200 np0000006386 devstack@g-api.service[99911]: DEBUG glance.api.middleware.version_negotiation [None req-db2103a3-5d57-4eb0-9d6d-f7e9870cc06e tempest-ImageDependencyTests-1583701742 tempest-ImageDependencyTests-1583701742-project-member] Matched version: v2 {{(pid=99911) process_request /opt/stack/glance/glance/api/middleware/version_negotiation.py:69}}
Aug 04 07:15:15.099373 np0000006386 devstack@g-api.service[99911]: DEBUG glance.api.middleware.version_negotiation [None req-db2103a3-5d57-4eb0-9d6d-f7e9870cc06e tempest-ImageDependencyTests-1583701742 tempest-ImageDependencyTests-1583701742-project-member] new path /v2/schemas/image {{(pid=99911) process_request /opt/stack/glance/glance/api/middleware/version_negotiation.py:70}}
Aug 04 07:15:15.105732 np0000006386 devstack@g-api.service[99911]: [pid: 99911|app: 0|req: 74/220] 127.0.0.1 () {44 vars in 1051 bytes} [Tue Aug 4 07:15:15 2026] GET /v2/schemas/image => generated 6083 bytes in 7 msecs (HTTP/1.1 200) 4 headers in 158 bytes (1 switches on core 0)
Aug 04 07:15:15.129894 np0000006386 devstack@g-api.service[99912]: DEBUG glance.api.middleware.version_negotiation [None req-db2103a3-5d57-4eb0-9d6d-f7e9870cc06e tempest-ImageDependencyTests-1583701742 tempest-ImageDependencyTests-1583701742-project-member] Determining version of request: GET /v2/images/18b4daab-24eb-4e7f-85ca-1a5ffb3da778 Accept: */* {{(pid=99912) process_request /opt/stack/glance/glance/api/middleware/version_negotiation.py:44}}
Aug 04 07:15:15.130688 np0000006386 devstack@g-api.service[99912]: DEBUG glance.api.middleware.version_negotiation [None req-db2103a3-5d57-4eb0-9d6d-f7e9870cc06e tempest-ImageDependencyTests-1583701742 tempest-ImageDependencyTests-1583701742-project-member] Using url versioning {{(pid=99912) process_request /opt/stack/glance/glance/api/middleware/version_negotiation.py:57}}
Aug 04 07:15:15.130688 np0000006386 devstack@g-api.service[99912]: DEBUG glance.api.middleware.version_negotiation [None req-db2103a3-5d57-4eb0-9d6d-f7e9870cc06e tempest-ImageDependencyTests-1583701742 tempest-ImageDependencyTests-1583701742-project-member] Matched version: v2 {{(pid=99912) process_request /opt/stack/glance/glance/api/middleware/version_negotiation.py:69}}
Aug 04 07:15:15.130688 np0000006386 devstack@g-api.service[99912]: DEBUG glance.api.middleware.version_negotiation [None req-db2103a3-5d57-4eb0-9d6d-f7e9870cc06e tempest-ImageDependencyTests-1583701742 tempest-ImageDependencyTests-1583701742-project-member] new path /v2/images/18b4daab-24eb-4e7f-85ca-1a5ffb3da778 {{(pid=99912) process_request /opt/stack/glance/glance/api/middleware/version_negotiation.py:70}}
Aug 04 07:15:15.139065 np0000006386 devstack@g-api.service[99912]: [pid: 99912|app: 0|req: 76/221] 127.0.0.1 () {44 vars in 1111 bytes} [Tue Aug 4 07:15:15 2026] GET /v2/images/18b4daab-24eb-4e7f-85ca-1a5ffb3da778 => generated 807 bytes in 9 msecs (HTTP/1.1 200) 4 headers in 157 bytes (1 switches on core 0)
Aug 04 07:15:15.147448 np0000006386 devstack@g-api.service[99911]: DEBUG glance.api.middleware.version_negotiation [None req-db2103a3-5d57-4eb0-9d6d-f7e9870cc06e tempest-ImageDependencyTests-1583701742 tempest-ImageDependencyTests-1583701742-project-member] Determining version of request: GET /v2/schemas/image Accept: */* {{(pid=99911) process_request /opt/stack/glance/glance/api/middleware/version_negotiation.py:44}}
Aug 04 07:15:15.147514 np0000006386 devstack@g-api.service[99913]: DEBUG swiftclient [None req-1963dd65-1083-4468-8f79-32971045a64e tempest-ServerBootFromVolumeStableRescueTest-130775340 tempest-ServerBootFromVolumeStableRescueTest-130775340-project-member] REQ: curl -i https://10.4.3.89:8080/v1/AUTH_d526770d6aaf4ecb934089a6ec6bee63/glance/4fc0f8fb-6791-40cf-8568-1e96c0571ec7 -I -H "X-Auth-Token: gAAAAABqcZGCFy_O..." {{(pid=99913) http_log /opt/stack/data/venv/lib/python3.12/site-packages/swiftclient/client.py:160}}
Aug 04 07:15:15.147599 np0000006386 devstack@g-api.service[99911]: DEBUG glance.api.middleware.version_negotiation [None req-db2103a3-5d57-4eb0-9d6d-f7e9870cc06e tempest-ImageDependencyTests-1583701742 tempest-ImageDependencyTests-1583701742-project-member] Using url versioning {{(pid=99911) process_request /opt/stack/glance/glance/api/middleware/version_negotiation.py:57}}
Aug 04 07:15:15.147665 np0000006386 devstack@g-api.service[99913]: DEBUG swiftclient [None req-1963dd65-1083-4468-8f79-32971045a64e tempest-ServerBootFromVolumeStableRescueTest-130775340 tempest-ServerBootFromVolumeStableRescueTest-130775340-project-member] RESP STATUS: 200 OK {{(pid=99913) http_log /opt/stack/data/venv/lib/python3.12/site-packages/swiftclient/client.py:161}}
Aug 04 07:15:15.147820 np0000006386 devstack@g-api.service[99911]: DEBUG glance.api.middleware.version_negotiation [None req-db2103a3-5d57-4eb0-9d6d-f7e9870cc06e tempest-ImageDependencyTests-1583701742 tempest-ImageDependencyTests-1583701742-project-member] Matched version: v2 {{(pid=99911) process_request /opt/stack/glance/glance/api/middleware/version_negotiation.py:69}}
Aug 04 07:15:15.147925 np0000006386 devstack@g-api.service[99913]: DEBUG swiftclient [None req-1963dd65-1083-4468-8f79-32971045a64e tempest-ServerBootFromVolumeStableRescueTest-130775340 tempest-ServerBootFromVolumeStableRescueTest-130775340-project-member] RESP HEADERS: {'Date': 'Tue, 04 Aug 2026 07:15:15 GMT', 'Server': 'Apache/2.4.58 (Ubuntu)', 'Content-Type': 'application/octet-stream', 'Content-Length': '23527424', 'X-Object-Manifest': 'glance/4fc0f8fb-6791-40cf-8568-1e96c0571ec7-', 'Last-Modified': 'Tue, 04 Aug 2026 07:13:50 GMT', 'X-Timestamp': '1785827629.96970', 'Accept-Ranges': 'bytes', 'Etag': '"9c424351ecc3b84373f916fa8ecd34a2"', 'X-Trans-Id': 'tx497b148c2fd94978aeec6-006a719182', 'X-Openstack-Request-Id': 'tx497b148c2fd94978aeec6-006a719182', 'Connection': 'close'} {{(pid=99913) http_log /opt/stack/data/venv/lib/python3.12/site-packages/swiftclient/client.py:162}}
Aug 04 07:15:15.148001 np0000006386 devstack@g-api.service[99911]: DEBUG glance.api.middleware.version_negotiation [None req-db2103a3-5d57-4eb0-9d6d-f7e9870cc06e tempest-ImageDependencyTests-1583701742 tempest-ImageDependencyTests-1583701742-project-member] new path /v2/schemas/image {{(pid=99911) process_request /opt/stack/glance/glance/api/middleware/version_negotiation.py:70}}
Aug 04 07:15:15.150614 np0000006386 devstack@g-api.service[99911]: [pid: 99911|app: 0|req: 75/222] 127.0.0.1 () {44 vars in 1051 bytes} [Tue Aug 4 07:15:15 2026] GET /v2/schemas/image => generated 6083 bytes in 3 msecs (HTTP/1.1 200) 4 headers in 158 bytes (1 switches on core 0)
Aug 04 07:15:15.172553 np0000006386 devstack@g-api.service[99913]: DEBUG swiftclient [None req-1963dd65-1083-4468-8f79-32971045a64e tempest-ServerBootFromVolumeStableRescueTest-130775340 tempest-ServerBootFromVolumeStableRescueTest-130775340-project-member] REQ: curl -i https://10.4.3.89:8080/v1/AUTH_d526770d6aaf4ecb934089a6ec6bee63/glance?format=json&prefix=4fc0f8fb-6791-40cf-8568-1e96c0571ec7- -X GET -H "X-Auth-Token: gAAAAABqcZGCFy_O..." -H "Accept-Encoding: gzip" {{(pid=99913) http_log /opt/stack/data/venv/lib/python3.12/site-packages/swiftclient/client.py:160}}
Aug 04 07:15:15.172663 np0000006386 devstack@g-api.service[99913]: DEBUG swiftclient [None req-1963dd65-1083-4468-8f79-32971045a64e tempest-ServerBootFromVolumeStableRescueTest-130775340 tempest-ServerBootFromVolumeStableRescueTest-130775340-project-member] RESP STATUS: 200 OK {{(pid=99913) http_log /opt/stack/data/venv/lib/python3.12/site-packages/swiftclient/client.py:161}}
Aug 04 07:15:15.172912 np0000006386 devstack@g-api.service[99913]: DEBUG swiftclient [None req-1963dd65-1083-4468-8f79-32971045a64e tempest-ServerBootFromVolumeStableRescueTest-130775340 tempest-ServerBootFromVolumeStableRescueTest-130775340-project-member] RESP HEADERS: {'Date': 'Tue, 04 Aug 2026 07:15:15 GMT', 'Server': 'Apache/2.4.58 (Ubuntu)', 'Content-Type': 'application/json; charset=utf-8', 'Content-Length': '210', 'X-Container-Object-Count': '6', 'X-Container-Bytes-Used': '87884800', 'X-Timestamp': '1785827496.70444', 'Last-Modified': 'Tue, 04 Aug 2026 07:11:37 GMT', 'Accept-Ranges': 'bytes', 'X-Storage-Policy': 'Policy-0', 'X-Container-Sharding': 'False', 'X-Trans-Id': 'tx1f8c327dc21746acaadeb-006a719183', 'X-Openstack-Request-Id': 'tx1f8c327dc21746acaadeb-006a719183', 'Connection': 'close'} {{(pid=99913) http_log /opt/stack/data/venv/lib/python3.12/site-packages/swiftclient/client.py:162}}
Aug 04 07:15:15.174180 np0000006386 devstack@g-api.service[99913]: DEBUG swiftclient [None req-1963dd65-1083-4468-8f79-32971045a64e tempest-ServerBootFromVolumeStableRescueTest-130775340 tempest-ServerBootFromVolumeStableRescueTest-130775340-project-member] RESP BODY: b'[{"bytes": 23527424, "hash": "4fa343ee581d8d2e78533191fd1ac3e1", "name": "4fc0f8fb-6791-40cf-8568-1e96c0571ec7-00001", "content_type": "application/octet-stream", "last_modified": "2026-08-04T07:13:49.605950"}]' {{(pid=99913) http_log /opt/stack/data/venv/lib/python3.12/site-packages/swiftclient/client.py:166}}
Aug 04 07:15:15.200822 np0000006386 devstack@g-api.service[99913]: DEBUG swiftclient [None req-1963dd65-1083-4468-8f79-32971045a64e tempest-ServerBootFromVolumeStableRescueTest-130775340 tempest-ServerBootFromVolumeStableRescueTest-130775340-project-member] REQ: curl -i https://10.4.3.89:8080/v1/AUTH_d526770d6aaf4ecb934089a6ec6bee63/glance/4fc0f8fb-6791-40cf-8568-1e96c0571ec7-00001 DELETE -H "X-Auth-Token: gAAAAABqcZGCFy_O..." {{(pid=99913) http_log /opt/stack/data/venv/lib/python3.12/site-packages/swiftclient/client.py:160}}
Aug 04 07:15:15.200934 np0000006386 devstack@g-api.service[99913]: DEBUG swiftclient [None req-1963dd65-1083-4468-8f79-32971045a64e tempest-ServerBootFromVolumeStableRescueTest-130775340 tempest-ServerBootFromVolumeStableRescueTest-130775340-project-member] RESP STATUS: 204 No Content {{(pid=99913) http_log /opt/stack/data/venv/lib/python3.12/site-packages/swiftclient/client.py:161}}
Aug 04 07:15:15.201085 np0000006386 devstack@g-api.service[99913]: DEBUG swiftclient [None req-1963dd65-1083-4468-8f79-32971045a64e tempest-ServerBootFromVolumeStableRescueTest-130775340 tempest-ServerBootFromVolumeStableRescueTest-130775340-project-member] RESP HEADERS: {'Date': 'Tue, 04 Aug 2026 07:15:15 GMT', 'Server': 'Apache/2.4.58 (Ubuntu)', 'Content-Type': 'text/html; charset=UTF-8', 'X-Trans-Id': 'tx0c42adcc764f4bdbb44fd-006a719183', 'X-Openstack-Request-Id': 'tx0c42adcc764f4bdbb44fd-006a719183', 'Connection': 'close'} {{(pid=99913) http_log /opt/stack/data/venv/lib/python3.12/site-packages/swiftclient/client.py:162}}
Aug 04 07:15:15.236732 np0000006386 devstack@g-api.service[99913]: DEBUG swiftclient [None req-1963dd65-1083-4468-8f79-32971045a64e tempest-ServerBootFromVolumeStableRescueTest-130775340 tempest-ServerBootFromVolumeStableRescueTest-130775340-project-member] REQ: curl -i https://10.4.3.89:8080/v1/AUTH_d526770d6aaf4ecb934089a6ec6bee63/glance/4fc0f8fb-6791-40cf-8568-1e96c0571ec7 DELETE -H "X-Auth-Token: gAAAAABqcZGCFy_O..." {{(pid=99913) http_log /opt/stack/data/venv/lib/python3.12/site-packages/swiftclient/client.py:160}}
Aug 04 07:15:15.236905 np0000006386 devstack@g-api.service[99913]: DEBUG swiftclient [None req-1963dd65-1083-4468-8f79-32971045a64e tempest-ServerBootFromVolumeStableRescueTest-130775340 tempest-ServerBootFromVolumeStableRescueTest-130775340-project-member] RESP STATUS: 204 No Content {{(pid=99913) http_log /opt/stack/data/venv/lib/python3.12/site-packages/swiftclient/client.py:161}}
Aug 04 07:15:15.237111 np0000006386 devstack@g-api.service[99913]: DEBUG swiftclient [None req-1963dd65-1083-4468-8f79-32971045a64e tempest-ServerBootFromVolumeStableRescueTest-130775340 tempest-ServerBootFromVolumeStableRescueTest-130775340-project-member] RESP HEADERS: {'Date': 'Tue, 04 Aug 2026 07:15:15 GMT', 'Server': 'Apache/2.4.58 (Ubuntu)', 'Content-Type': 'text/html; charset=UTF-8', 'X-Trans-Id': 'txd84d135b1b74450badd96-006a719183', 'X-Openstack-Request-Id': 'txd84d135b1b74450badd96-006a719183', 'Connection': 'close'} {{(pid=99913) http_log /opt/stack/data/venv/lib/python3.12/site-packages/swiftclient/client.py:162}}
Aug 04 07:15:15.337231 np0000006386 devstack@g-api.service[99913]: DEBUG glance.api.middleware.cache [None req-1963dd65-1083-4468-8f79-32971045a64e tempest-ServerBootFromVolumeStableRescueTest-130775340 tempest-ServerBootFromVolumeStableRescueTest-130775340-project-member] Removing image 4fc0f8fb-6791-40cf-8568-1e96c0571ec7 from cache {{(pid=99913) _process_DELETE_response /opt/stack/glance/glance/api/middleware/cache.py:264}}
Aug 04 07:15:15.337519 np0000006386 devstack@g-api.service[99913]: DEBUG glance.image_cache.drivers.centralized_db [None req-1963dd65-1083-4468-8f79-32971045a64e tempest-ServerBootFromVolumeStableRescueTest-130775340 tempest-ServerBootFromVolumeStableRescueTest-130775340-project-member] Deleting image cache file '/opt/stack/data/glance/cache/4fc0f8fb-6791-40cf-8568-1e96c0571ec7' {{(pid=99913) delete_cached_file /opt/stack/glance/glance/image_cache/drivers/centralized_db.py:400}}
Aug 04 07:15:15.354403 np0000006386 devstack@g-api.service[99913]: [pid: 99913|app: 0|req: 72/223] 127.0.0.1 () {40 vars in 837 bytes} [Tue Aug 4 07:15:14 2026] DELETE /v2/images/4fc0f8fb-6791-40cf-8568-1e96c0571ec7 => generated 0 bytes in 625 msecs (HTTP/1.1 204) 4 headers in 171 bytes (1 switches on core 0)
Aug 04 07:15:15.699292 np0000006386 devstack@g-api.service[99912]: DEBUG glance.api.middleware.version_negotiation [None req-db2103a3-5d57-4eb0-9d6d-f7e9870cc06e tempest-ImageDependencyTests-1583701742 tempest-ImageDependencyTests-1583701742-project-member] Determining version of request: GET /versions Accept: */* {{(pid=99912) process_request /opt/stack/glance/glance/api/middleware/version_negotiation.py:44}}
Aug 04 07:15:15.700211 np0000006386 devstack@g-api.service[99912]: [pid: 99912|app: 0|req: 77/224] 127.0.0.1 () {44 vars in 1035 bytes} [Tue Aug 4 07:15:15 2026] GET /versions => generated 1501 bytes in 1 msecs (HTTP/1.1 200) 3 headers in 92 bytes (1 switches on core 0)
Aug 04 07:15:15.707853 np0000006386 devstack@g-api.service[99911]: DEBUG glance.api.middleware.version_negotiation [None req-db2103a3-5d57-4eb0-9d6d-f7e9870cc06e tempest-ImageDependencyTests-1583701742 tempest-ImageDependencyTests-1583701742-project-member] Determining version of request: GET /v2/images/18b4daab-24eb-4e7f-85ca-1a5ffb3da778/locations Accept: */* {{(pid=99911) process_request /opt/stack/glance/glance/api/middleware/version_negotiation.py:44}}
Aug 04 07:15:15.708049 np0000006386 devstack@g-api.service[99911]: DEBUG glance.api.middleware.version_negotiation [None req-db2103a3-5d57-4eb0-9d6d-f7e9870cc06e tempest-ImageDependencyTests-1583701742 tempest-ImageDependencyTests-1583701742-project-member] Using url versioning {{(pid=99911) process_request /opt/stack/glance/glance/api/middleware/version_negotiation.py:57}}
Aug 04 07:15:15.708154 np0000006386 devstack@g-api.service[99911]: DEBUG glance.api.middleware.version_negotiation [None req-db2103a3-5d57-4eb0-9d6d-f7e9870cc06e tempest-ImageDependencyTests-1583701742 tempest-ImageDependencyTests-1583701742-project-member] Matched version: v2 {{(pid=99911) process_request /opt/stack/glance/glance/api/middleware/version_negotiation.py:69}}
Aug 04 07:15:15.708242 np0000006386 devstack@g-api.service[99911]: DEBUG glance.api.middleware.version_negotiation [None req-db2103a3-5d57-4eb0-9d6d-f7e9870cc06e tempest-ImageDependencyTests-1583701742 tempest-ImageDependencyTests-1583701742-project-member] new path /v2/images/18b4daab-24eb-4e7f-85ca-1a5ffb3da778/locations {{(pid=99911) process_request /opt/stack/glance/glance/api/middleware/version_negotiation.py:70}}
Aug 04 07:15:16.001104 np0000006386 devstack@g-api.service[99911]: [pid: 99911|app: 0|req: 76/225] 127.0.0.1 () {44 vars in 1131 bytes} [Tue Aug 4 07:15:15 2026] GET /v2/images/18b4daab-24eb-4e7f-85ca-1a5ffb3da778/locations => generated 92 bytes in 293 msecs (HTTP/1.1 200) 4 headers in 156 bytes (1 switches on core 0)
Aug 04 07:15:16.012932 np0000006386 devstack@g-api.service[99913]: DEBUG glance.api.middleware.version_negotiation [None req-1963dd65-1083-4468-8f79-32971045a64e tempest-ServerBootFromVolumeStableRescueTest-130775340 tempest-ServerBootFromVolumeStableRescueTest-130775340-project-member] Determining version of request: GET /v2/images/18b4daab-24eb-4e7f-85ca-1a5ffb3da778 Accept: */* {{(pid=99913) process_request /opt/stack/glance/glance/api/middleware/version_negotiation.py:44}}
Aug 04 07:15:16.013419 np0000006386 devstack@g-api.service[99913]: DEBUG glance.api.middleware.version_negotiation [None req-1963dd65-1083-4468-8f79-32971045a64e tempest-ServerBootFromVolumeStableRescueTest-130775340 tempest-ServerBootFromVolumeStableRescueTest-130775340-project-member] Using url versioning {{(pid=99913) process_request /opt/stack/glance/glance/api/middleware/version_negotiation.py:57}}
Aug 04 07:15:16.013419 np0000006386 devstack@g-api.service[99913]: DEBUG glance.api.middleware.version_negotiation [None req-1963dd65-1083-4468-8f79-32971045a64e tempest-ServerBootFromVolumeStableRescueTest-130775340 tempest-ServerBootFromVolumeStableRescueTest-130775340-project-member] Matched version: v2 {{(pid=99913) process_request /opt/stack/glance/glance/api/middleware/version_negotiation.py:69}}
Aug 04 07:15:16.013697 np0000006386 devstack@g-api.service[99913]: DEBUG glance.api.middleware.version_negotiation [None req-1963dd65-1083-4468-8f79-32971045a64e tempest-ServerBootFromVolumeStableRescueTest-130775340 tempest-ServerBootFromVolumeStableRescueTest-130775340-project-member] new path /v2/images/18b4daab-24eb-4e7f-85ca-1a5ffb3da778 {{(pid=99913) process_request /opt/stack/glance/glance/api/middleware/version_negotiation.py:70}}
Aug 04 07:15:16.029873 np0000006386 devstack@g-api.service[99913]: [pid: 99913|app: 0|req: 73/226] 127.0.0.1 () {44 vars in 1111 bytes} [Tue Aug 4 07:15:16 2026] GET /v2/images/18b4daab-24eb-4e7f-85ca-1a5ffb3da778 => generated 807 bytes in 17 msecs (HTTP/1.1 200) 4 headers in 157 bytes (1 switches on core 0)
Aug 04 07:15:16.044054 np0000006386 devstack@g-api.service[99912]: DEBUG glance.api.middleware.version_negotiation [None req-db2103a3-5d57-4eb0-9d6d-f7e9870cc06e tempest-ImageDependencyTests-1583701742 tempest-ImageDependencyTests-1583701742-project-member] Determining version of request: GET /v2/schemas/image Accept: */* {{(pid=99912) process_request /opt/stack/glance/glance/api/middleware/version_negotiation.py:44}}
Aug 04 07:15:16.044224 np0000006386 devstack@g-api.service[99912]: DEBUG glance.api.middleware.version_negotiation [None req-db2103a3-5d57-4eb0-9d6d-f7e9870cc06e tempest-ImageDependencyTests-1583701742 tempest-ImageDependencyTests-1583701742-project-member] Using url versioning {{(pid=99912) process_request /opt/stack/glance/glance/api/middleware/version_negotiation.py:57}}
Aug 04 07:15:16.044342 np0000006386 devstack@g-api.service[99912]: DEBUG glance.api.middleware.version_negotiation [None req-db2103a3-5d57-4eb0-9d6d-f7e9870cc06e tempest-ImageDependencyTests-1583701742 tempest-ImageDependencyTests-1583701742-project-member] Matched version: v2 {{(pid=99912) process_request /opt/stack/glance/glance/api/middleware/version_negotiation.py:69}}
Aug 04 07:15:16.044435 np0000006386 devstack@g-api.service[99912]: DEBUG glance.api.middleware.version_negotiation [None req-db2103a3-5d57-4eb0-9d6d-f7e9870cc06e tempest-ImageDependencyTests-1583701742 tempest-ImageDependencyTests-1583701742-project-member] new path /v2/schemas/image {{(pid=99912) process_request /opt/stack/glance/glance/api/middleware/version_negotiation.py:70}}
Aug 04 07:15:16.050313 np0000006386 devstack@g-api.service[99912]: [pid: 99912|app: 0|req: 78/227] 127.0.0.1 () {44 vars in 1051 bytes} [Tue Aug 4 07:15:16 2026] GET /v2/schemas/image => generated 6083 bytes in 6 msecs (HTTP/1.1 200) 4 headers in 158 bytes (1 switches on core 0)
Aug 04 07:15:16.061844 np0000006386 devstack@g-api.service[99911]: DEBUG glance.api.middleware.version_negotiation [None req-db2103a3-5d57-4eb0-9d6d-f7e9870cc06e service glance] Determining version of request: GET /v2/schemas/image Accept: */* {{(pid=99911) process_request /opt/stack/glance/glance/api/middleware/version_negotiation.py:44}}
Aug 04 07:15:16.062059 np0000006386 devstack@g-api.service[99911]: DEBUG glance.api.middleware.version_negotiation [None req-db2103a3-5d57-4eb0-9d6d-f7e9870cc06e service glance] Using url versioning {{(pid=99911) process_request /opt/stack/glance/glance/api/middleware/version_negotiation.py:57}}
Aug 04 07:15:16.062201 np0000006386 devstack@g-api.service[99911]: DEBUG glance.api.middleware.version_negotiation [None req-db2103a3-5d57-4eb0-9d6d-f7e9870cc06e service glance] Matched version: v2 {{(pid=99911) process_request /opt/stack/glance/glance/api/middleware/version_negotiation.py:69}}
Aug 04 07:15:16.062329 np0000006386 devstack@g-api.service[99911]: DEBUG glance.api.middleware.version_negotiation [None req-db2103a3-5d57-4eb0-9d6d-f7e9870cc06e service glance] new path /v2/schemas/image {{(pid=99911) process_request /opt/stack/glance/glance/api/middleware/version_negotiation.py:70}}
Aug 04 07:15:16.064887 np0000006386 devstack@g-api.service[99911]: [pid: 99911|app: 0|req: 77/228] 127.0.0.1 () {44 vars in 1051 bytes} [Tue Aug 4 07:15:16 2026] GET /v2/schemas/image => generated 6083 bytes in 3 msecs (HTTP/1.1 200) 4 headers in 158 bytes (1 switches on core 0)
Aug 04 07:15:16.102551 np0000006386 devstack@g-api.service[99913]: DEBUG glance.api.middleware.version_negotiation [None req-db2103a3-5d57-4eb0-9d6d-f7e9870cc06e tempest-ImageDependencyTests-1583701742 tempest-ImageDependencyTests-1583701742-project-member] Determining version of request: GET /v2/images/18b4daab-24eb-4e7f-85ca-1a5ffb3da778 Accept: */* {{(pid=99913) process_request /opt/stack/glance/glance/api/middleware/version_negotiation.py:44}}
Aug 04 07:15:16.102775 np0000006386 devstack@g-api.service[99913]: DEBUG glance.api.middleware.version_negotiation [None req-db2103a3-5d57-4eb0-9d6d-f7e9870cc06e tempest-ImageDependencyTests-1583701742 tempest-ImageDependencyTests-1583701742-project-member] Using url versioning {{(pid=99913) process_request /opt/stack/glance/glance/api/middleware/version_negotiation.py:57}}
Aug 04 07:15:16.102901 np0000006386 devstack@g-api.service[99913]: DEBUG glance.api.middleware.version_negotiation [None req-db2103a3-5d57-4eb0-9d6d-f7e9870cc06e tempest-ImageDependencyTests-1583701742 tempest-ImageDependencyTests-1583701742-project-member] Matched version: v2 {{(pid=99913) process_request /opt/stack/glance/glance/api/middleware/version_negotiation.py:69}}
Aug 04 07:15:16.102947 np0000006386 devstack@g-api.service[99913]: DEBUG glance.api.middleware.version_negotiation [None req-db2103a3-5d57-4eb0-9d6d-f7e9870cc06e tempest-ImageDependencyTests-1583701742 tempest-ImageDependencyTests-1583701742-project-member] new path /v2/images/18b4daab-24eb-4e7f-85ca-1a5ffb3da778 {{(pid=99913) process_request /opt/stack/glance/glance/api/middleware/version_negotiation.py:70}}
Aug 04 07:15:16.122547 np0000006386 devstack@g-api.service[99913]: [pid: 99913|app: 0|req: 74/229] 127.0.0.1 () {44 vars in 1111 bytes} [Tue Aug 4 07:15:16 2026] GET /v2/images/18b4daab-24eb-4e7f-85ca-1a5ffb3da778 => generated 807 bytes in 20 msecs (HTTP/1.1 200) 4 headers in 157 bytes (1 switches on core 0)
Aug 04 07:15:16.132308 np0000006386 devstack@g-api.service[99912]: DEBUG glance.api.middleware.version_negotiation [None req-db2103a3-5d57-4eb0-9d6d-f7e9870cc06e tempest-ImageDependencyTests-1583701742 tempest-ImageDependencyTests-1583701742-project-member] Determining version of request: GET /v2/images/18b4daab-24eb-4e7f-85ca-1a5ffb3da778/file Accept: */* {{(pid=99912) process_request /opt/stack/glance/glance/api/middleware/version_negotiation.py:44}}
Aug 04 07:15:16.132546 np0000006386 devstack@g-api.service[99912]: DEBUG glance.api.middleware.version_negotiation [None req-db2103a3-5d57-4eb0-9d6d-f7e9870cc06e tempest-ImageDependencyTests-1583701742 tempest-ImageDependencyTests-1583701742-project-member] Using url versioning {{(pid=99912) process_request /opt/stack/glance/glance/api/middleware/version_negotiation.py:57}}
Aug 04 07:15:16.133566 np0000006386 devstack@g-api.service[99912]: DEBUG glance.api.middleware.version_negotiation [None req-db2103a3-5d57-4eb0-9d6d-f7e9870cc06e tempest-ImageDependencyTests-1583701742 tempest-ImageDependencyTests-1583701742-project-member] Matched version: v2 {{(pid=99912) process_request /opt/stack/glance/glance/api/middleware/version_negotiation.py:69}}
Aug 04 07:15:16.133566 np0000006386 devstack@g-api.service[99912]: DEBUG glance.api.middleware.version_negotiation [None req-db2103a3-5d57-4eb0-9d6d-f7e9870cc06e tempest-ImageDependencyTests-1583701742 tempest-ImageDependencyTests-1583701742-project-member] new path /v2/images/18b4daab-24eb-4e7f-85ca-1a5ffb3da778/file {{(pid=99912) process_request /opt/stack/glance/glance/api/middleware/version_negotiation.py:70}}
Aug 04 07:15:16.150074 np0000006386 devstack@g-api.service[99912]: DEBUG glance_store.backend [None req-db2103a3-5d57-4eb0-9d6d-f7e9870cc06e tempest-ImageDependencyTests-1583701742 tempest-ImageDependencyTests-1583701742-project-member] Attempting to import store swift {{(pid=99912) _load_store /opt/stack/data/venv/lib/python3.12/site-packages/glance_store/backend.py:215}}
Aug 04 07:15:16.152092 np0000006386 devstack@g-api.service[99912]: DEBUG glance_store.capabilities [None req-db2103a3-5d57-4eb0-9d6d-f7e9870cc06e tempest-ImageDependencyTests-1583701742 tempest-ImageDependencyTests-1583701742-project-member] Store glance_store._drivers.swift.store.SingleTenantStore doesn't support updating dynamic storage capabilities. Please overwrite 'update_capabilities' method of the store to implement updating logics if needed. {{(pid=99912) update_capabilities /opt/stack/data/venv/lib/python3.12/site-packages/glance_store/capabilities.py:91}}
Aug 04 07:15:16.152092 np0000006386 devstack@g-api.service[99912]: DEBUG glance_store.driver [None req-db2103a3-5d57-4eb0-9d6d-f7e9870cc06e tempest-ImageDependencyTests-1583701742 tempest-ImageDependencyTests-1583701742-project-member] Late loading location class glance_store._drivers.swift.store.StoreLocation {{(pid=99912) get_store_location_class /opt/stack/data/venv/lib/python3.12/site-packages/glance_store/driver.py:134}}
