Aug 04 07:14:29.796443 np0000006386 devstack@g-api.service[99913]: DEBUG glance.api.middleware.version_negotiation [None req-707ce5a9-c1a8-4efb-8c4c-7af8b7a0bb0f tempest-ServerBootFromVolumeStableRescueTest-130775340 tempest-ServerBootFromVolumeStableRescueTest-130775340-project-member] Using url versioning {{(pid=99913) process_request /opt/stack/glance/glance/api/middleware/version_negotiation.py:57}}
Aug 04 07:14:29.796443 np0000006386 devstack@g-api.service[99913]: DEBUG glance.api.middleware.version_negotiation [None req-707ce5a9-c1a8-4efb-8c4c-7af8b7a0bb0f tempest-ServerBootFromVolumeStableRescueTest-130775340 tempest-ServerBootFromVolumeStableRescueTest-130775340-project-member] Matched version: v2 {{(pid=99913) process_request /opt/stack/glance/glance/api/middleware/version_negotiation.py:69}}
Aug 04 07:14:29.796443 np0000006386 devstack@g-api.service[99913]: DEBUG glance.api.middleware.version_negotiation [None req-707ce5a9-c1a8-4efb-8c4c-7af8b7a0bb0f tempest-ServerBootFromVolumeStableRescueTest-130775340 tempest-ServerBootFromVolumeStableRescueTest-130775340-project-member] new path /v2/images/d76a360f-95a4-4546-850c-85ed04c2dc75 {{(pid=99913) process_request /opt/stack/glance/glance/api/middleware/version_negotiation.py:70}}
Aug 04 07:14:29.808230 np0000006386 devstack@g-api.service[99913]: [pid: 99913|app: 0|req: 47/143] 127.0.0.1 () {40 vars in 834 bytes} [Tue Aug 4 07:14:29 2026] GET /v2/images/d76a360f-95a4-4546-850c-85ed04c2dc75 => generated 1358 bytes in 13 msecs (HTTP/1.1 200) 4 headers in 158 bytes (1 switches on core 0)
Aug 04 07:14:30.747656 np0000006386 devstack@g-api.service[99912]: DEBUG glance.api.middleware.version_negotiation [None req-2448f0dd-d6f8-4845-ae5f-fc91deaeeb82 tempest-ServerBootFromVolumeStableRescueTest-130775340 tempest-ServerBootFromVolumeStableRescueTest-130775340-project-member] Determining version of request: GET /v2/images/d76a360f-95a4-4546-850c-85ed04c2dc75 Accept: */* {{(pid=99912) process_request /opt/stack/glance/glance/api/middleware/version_negotiation.py:44}}
Aug 04 07:14:30.748491 np0000006386 devstack@g-api.service[99912]: DEBUG glance.api.middleware.version_negotiation [None req-2448f0dd-d6f8-4845-ae5f-fc91deaeeb82 tempest-ServerBootFromVolumeStableRescueTest-130775340 tempest-ServerBootFromVolumeStableRescueTest-130775340-project-member] Using url versioning {{(pid=99912) process_request /opt/stack/glance/glance/api/middleware/version_negotiation.py:57}}
Aug 04 07:14:30.748491 np0000006386 devstack@g-api.service[99912]: DEBUG glance.api.middleware.version_negotiation [None req-2448f0dd-d6f8-4845-ae5f-fc91deaeeb82 tempest-ServerBootFromVolumeStableRescueTest-130775340 tempest-ServerBootFromVolumeStableRescueTest-130775340-project-member] Matched version: v2 {{(pid=99912) process_request /opt/stack/glance/glance/api/middleware/version_negotiation.py:69}}
Aug 04 07:14:30.748491 np0000006386 devstack@g-api.service[99912]: DEBUG glance.api.middleware.version_negotiation [None req-2448f0dd-d6f8-4845-ae5f-fc91deaeeb82 tempest-ServerBootFromVolumeStableRescueTest-130775340 tempest-ServerBootFromVolumeStableRescueTest-130775340-project-member] new path /v2/images/d76a360f-95a4-4546-850c-85ed04c2dc75 {{(pid=99912) process_request /opt/stack/glance/glance/api/middleware/version_negotiation.py:70}}
Aug 04 07:14:30.781056 np0000006386 devstack@g-api.service[99912]: [pid: 99912|app: 0|req: 50/144] 127.0.0.1 () {44 vars in 1111 bytes} [Tue Aug 4 07:14:30 2026] GET /v2/images/d76a360f-95a4-4546-850c-85ed04c2dc75 => generated 1358 bytes in 35 msecs (HTTP/1.1 200) 4 headers in 158 bytes (1 switches on core 0)
Aug 04 07:14:30.821219 np0000006386 devstack@g-api.service[99911]: DEBUG glance.api.middleware.version_negotiation [None req-2448f0dd-d6f8-4845-ae5f-fc91deaeeb82 tempest-ServerBootFromVolumeStableRescueTest-130775340 tempest-ServerBootFromVolumeStableRescueTest-130775340-project-member] Determining version of request: GET /v2/images/d76a360f-95a4-4546-850c-85ed04c2dc75 Accept: application/json {{(pid=99911) process_request /opt/stack/glance/glance/api/middleware/version_negotiation.py:44}}
Aug 04 07:14:30.822777 np0000006386 devstack@g-api.service[99911]: DEBUG glance.api.middleware.version_negotiation [None req-2448f0dd-d6f8-4845-ae5f-fc91deaeeb82 tempest-ServerBootFromVolumeStableRescueTest-130775340 tempest-ServerBootFromVolumeStableRescueTest-130775340-project-member] Using url versioning {{(pid=99911) process_request /opt/stack/glance/glance/api/middleware/version_negotiation.py:57}}
Aug 04 07:14:30.823010 np0000006386 devstack@g-api.service[99911]: DEBUG glance.api.middleware.version_negotiation [None req-2448f0dd-d6f8-4845-ae5f-fc91deaeeb82 tempest-ServerBootFromVolumeStableRescueTest-130775340 tempest-ServerBootFromVolumeStableRescueTest-130775340-project-member] Matched version: v2 {{(pid=99911) process_request /opt/stack/glance/glance/api/middleware/version_negotiation.py:69}}
Aug 04 07:14:30.823169 np0000006386 devstack@g-api.service[99911]: DEBUG glance.api.middleware.version_negotiation [None req-2448f0dd-d6f8-4845-ae5f-fc91deaeeb82 tempest-ServerBootFromVolumeStableRescueTest-130775340 tempest-ServerBootFromVolumeStableRescueTest-130775340-project-member] new path /v2/images/d76a360f-95a4-4546-850c-85ed04c2dc75 {{(pid=99911) process_request /opt/stack/glance/glance/api/middleware/version_negotiation.py:70}}
Aug 04 07:14:30.870901 np0000006386 devstack@g-api.service[99913]: DEBUG glance.api.middleware.version_negotiation [None req-9010b521-aa79-4966-bea6-6b1aa2d6239e tempest-ServerBootFromVolumeStableRescueTest-130775340 tempest-ServerBootFromVolumeStableRescueTest-130775340-project-member] Determining version of request: GET /v2/schemas/image Accept: */* {{(pid=99913) process_request /opt/stack/glance/glance/api/middleware/version_negotiation.py:44}}
Aug 04 07:14:30.871496 np0000006386 devstack@g-api.service[99913]: DEBUG glance.api.middleware.version_negotiation [None req-9010b521-aa79-4966-bea6-6b1aa2d6239e tempest-ServerBootFromVolumeStableRescueTest-130775340 tempest-ServerBootFromVolumeStableRescueTest-130775340-project-member] Using url versioning {{(pid=99913) process_request /opt/stack/glance/glance/api/middleware/version_negotiation.py:57}}
Aug 04 07:14:30.873492 np0000006386 devstack@g-api.service[99911]: [pid: 99911|app: 0|req: 48/145] 127.0.0.1 () {40 vars in 834 bytes} [Tue Aug 4 07:14:30 2026] GET /v2/images/d76a360f-95a4-4546-850c-85ed04c2dc75 => generated 1358 bytes in 51 msecs (HTTP/1.1 200) 4 headers in 158 bytes (1 switches on core 0)
Aug 04 07:14:30.873734 np0000006386 devstack@g-api.service[99913]: DEBUG glance.api.middleware.version_negotiation [None req-9010b521-aa79-4966-bea6-6b1aa2d6239e tempest-ServerBootFromVolumeStableRescueTest-130775340 tempest-ServerBootFromVolumeStableRescueTest-130775340-project-member] Matched version: v2 {{(pid=99913) process_request /opt/stack/glance/glance/api/middleware/version_negotiation.py:69}}
Aug 04 07:14:30.873734 np0000006386 devstack@g-api.service[99913]: DEBUG glance.api.middleware.version_negotiation [None req-9010b521-aa79-4966-bea6-6b1aa2d6239e tempest-ServerBootFromVolumeStableRescueTest-130775340 tempest-ServerBootFromVolumeStableRescueTest-130775340-project-member] new path /v2/schemas/image {{(pid=99913) process_request /opt/stack/glance/glance/api/middleware/version_negotiation.py:70}}
Aug 04 07:14:30.880765 np0000006386 devstack@g-api.service[99913]: [pid: 99913|app: 0|req: 48/146] 127.0.0.1 () {44 vars in 1051 bytes} [Tue Aug 4 07:14:30 2026] GET /v2/schemas/image => generated 6083 bytes in 10 msecs (HTTP/1.1 200) 4 headers in 158 bytes (1 switches on core 0)
Aug 04 07:14:31.030294 np0000006386 devstack@g-api.service[99912]: DEBUG glance.api.middleware.version_negotiation [None req-2448f0dd-d6f8-4845-ae5f-fc91deaeeb82 tempest-ServerBootFromVolumeStableRescueTest-130775340 tempest-ServerBootFromVolumeStableRescueTest-130775340-project-member] Determining version of request: GET /v2/schemas/image Accept: */* {{(pid=99912) process_request /opt/stack/glance/glance/api/middleware/version_negotiation.py:44}}
Aug 04 07:14:31.031087 np0000006386 devstack@g-api.service[99912]: DEBUG glance.api.middleware.version_negotiation [None req-2448f0dd-d6f8-4845-ae5f-fc91deaeeb82 tempest-ServerBootFromVolumeStableRescueTest-130775340 tempest-ServerBootFromVolumeStableRescueTest-130775340-project-member] Using url versioning {{(pid=99912) process_request /opt/stack/glance/glance/api/middleware/version_negotiation.py:57}}
Aug 04 07:14:31.031544 np0000006386 devstack@g-api.service[99912]: DEBUG glance.api.middleware.version_negotiation [None req-2448f0dd-d6f8-4845-ae5f-fc91deaeeb82 tempest-ServerBootFromVolumeStableRescueTest-130775340 tempest-ServerBootFromVolumeStableRescueTest-130775340-project-member] Matched version: v2 {{(pid=99912) process_request /opt/stack/glance/glance/api/middleware/version_negotiation.py:69}}
Aug 04 07:14:31.031795 np0000006386 devstack@g-api.service[99912]: DEBUG glance.api.middleware.version_negotiation [None req-2448f0dd-d6f8-4845-ae5f-fc91deaeeb82 tempest-ServerBootFromVolumeStableRescueTest-130775340 tempest-ServerBootFromVolumeStableRescueTest-130775340-project-member] new path /v2/schemas/image {{(pid=99912) process_request /opt/stack/glance/glance/api/middleware/version_negotiation.py:70}}
Aug 04 07:14:31.035205 np0000006386 devstack@g-api.service[99912]: [pid: 99912|app: 0|req: 51/147] 127.0.0.1 () {44 vars in 1051 bytes} [Tue Aug 4 07:14:31 2026] GET /v2/schemas/image => generated 6083 bytes in 5 msecs (HTTP/1.1 200) 4 headers in 158 bytes (1 switches on core 0)
Aug 04 07:14:31.149270 np0000006386 devstack@g-api.service[99911]: DEBUG glance.api.middleware.version_negotiation [None req-fe4ef061-1d8e-4dd3-b2d5-30c9662115f3 tempest-ServerBootFromVolumeStableRescueTest-130775340 tempest-ServerBootFromVolumeStableRescueTest-130775340-project-member] Determining version of request: PATCH /v2/images/d76a360f-95a4-4546-850c-85ed04c2dc75 Accept: */* {{(pid=99911) process_request /opt/stack/glance/glance/api/middleware/version_negotiation.py:44}}
Aug 04 07:14:31.149486 np0000006386 devstack@g-api.service[99911]: DEBUG glance.api.middleware.version_negotiation [None req-fe4ef061-1d8e-4dd3-b2d5-30c9662115f3 tempest-ServerBootFromVolumeStableRescueTest-130775340 tempest-ServerBootFromVolumeStableRescueTest-130775340-project-member] Using url versioning {{(pid=99911) process_request /opt/stack/glance/glance/api/middleware/version_negotiation.py:57}}
Aug 04 07:14:31.149654 np0000006386 devstack@g-api.service[99911]: DEBUG glance.api.middleware.version_negotiation [None req-fe4ef061-1d8e-4dd3-b2d5-30c9662115f3 tempest-ServerBootFromVolumeStableRescueTest-130775340 tempest-ServerBootFromVolumeStableRescueTest-130775340-project-member] Matched version: v2 {{(pid=99911) process_request /opt/stack/glance/glance/api/middleware/version_negotiation.py:69}}
Aug 04 07:14:31.149800 np0000006386 devstack@g-api.service[99911]: DEBUG glance.api.middleware.version_negotiation [None req-fe4ef061-1d8e-4dd3-b2d5-30c9662115f3 tempest-ServerBootFromVolumeStableRescueTest-130775340 tempest-ServerBootFromVolumeStableRescueTest-130775340-project-member] new path /v2/images/d76a360f-95a4-4546-850c-85ed04c2dc75 {{(pid=99911) process_request /opt/stack/glance/glance/api/middleware/version_negotiation.py:70}}
Aug 04 07:14:31.441960 np0000006386 devstack@g-api.service[99911]: [pid: 99911|app: 0|req: 49/148] 127.0.0.1 () {46 vars in 1154 bytes} [Tue Aug 4 07:14:31 2026] PATCH /v2/images/d76a360f-95a4-4546-850c-85ed04c2dc75 => generated 1469 bytes in 293 msecs (HTTP/1.1 200) 4 headers in 158 bytes (1 switches on core 0)
Aug 04 07:14:31.489121 np0000006386 devstack@g-api.service[99913]: DEBUG glance.api.middleware.version_negotiation [None req-2448f0dd-d6f8-4845-ae5f-fc91deaeeb82 tempest-ServerBootFromVolumeStableRescueTest-130775340 tempest-ServerBootFromVolumeStableRescueTest-130775340-project-member] Determining version of request: GET /v2/images/d76a360f-95a4-4546-850c-85ed04c2dc75 Accept: */* {{(pid=99913) process_request /opt/stack/glance/glance/api/middleware/version_negotiation.py:44}}
Aug 04 07:14:31.489121 np0000006386 devstack@g-api.service[99913]: DEBUG glance.api.middleware.version_negotiation [None req-2448f0dd-d6f8-4845-ae5f-fc91deaeeb82 tempest-ServerBootFromVolumeStableRescueTest-130775340 tempest-ServerBootFromVolumeStableRescueTest-130775340-project-member] Using url versioning {{(pid=99913) process_request /opt/stack/glance/glance/api/middleware/version_negotiation.py:57}}
Aug 04 07:14:31.489121 np0000006386 devstack@g-api.service[99913]: DEBUG glance.api.middleware.version_negotiation [None req-2448f0dd-d6f8-4845-ae5f-fc91deaeeb82 tempest-ServerBootFromVolumeStableRescueTest-130775340 tempest-ServerBootFromVolumeStableRescueTest-130775340-project-member] Matched version: v2 {{(pid=99913) process_request /opt/stack/glance/glance/api/middleware/version_negotiation.py:69}}
Aug 04 07:14:31.489121 np0000006386 devstack@g-api.service[99913]: DEBUG glance.api.middleware.version_negotiation [None req-2448f0dd-d6f8-4845-ae5f-fc91deaeeb82 tempest-ServerBootFromVolumeStableRescueTest-130775340 tempest-ServerBootFromVolumeStableRescueTest-130775340-project-member] new path /v2/images/d76a360f-95a4-4546-850c-85ed04c2dc75 {{(pid=99913) process_request /opt/stack/glance/glance/api/middleware/version_negotiation.py:70}}
Aug 04 07:14:31.507775 np0000006386 devstack@g-api.service[99913]: [pid: 99913|app: 0|req: 49/149] 127.0.0.1 () {44 vars in 1111 bytes} [Tue Aug 4 07:14:31 2026] GET /v2/images/d76a360f-95a4-4546-850c-85ed04c2dc75 => generated 1469 bytes in 19 msecs (HTTP/1.1 200) 4 headers in 158 bytes (1 switches on core 0)
Aug 04 07:14:31.563831 np0000006386 devstack@g-api.service[99912]: DEBUG glance.api.middleware.version_negotiation [None req-2448f0dd-d6f8-4845-ae5f-fc91deaeeb82 tempest-ServerBootFromVolumeStableRescueTest-130775340 tempest-ServerBootFromVolumeStableRescueTest-130775340-project-member] Determining version of request: PUT /v2/images/d76a360f-95a4-4546-850c-85ed04c2dc75/file Accept: */* {{(pid=99912) process_request /opt/stack/glance/glance/api/middleware/version_negotiation.py:44}}
Aug 04 07:14:31.565085 np0000006386 devstack@g-api.service[99912]: DEBUG glance.api.middleware.version_negotiation [None req-2448f0dd-d6f8-4845-ae5f-fc91deaeeb82 tempest-ServerBootFromVolumeStableRescueTest-130775340 tempest-ServerBootFromVolumeStableRescueTest-130775340-project-member] Using url versioning {{(pid=99912) process_request /opt/stack/glance/glance/api/middleware/version_negotiation.py:57}}
Aug 04 07:14:31.565434 np0000006386 devstack@g-api.service[99912]: DEBUG glance.api.middleware.version_negotiation [None req-2448f0dd-d6f8-4845-ae5f-fc91deaeeb82 tempest-ServerBootFromVolumeStableRescueTest-130775340 tempest-ServerBootFromVolumeStableRescueTest-130775340-project-member] Matched version: v2 {{(pid=99912) process_request /opt/stack/glance/glance/api/middleware/version_negotiation.py:69}}
Aug 04 07:14:31.565639 np0000006386 devstack@g-api.service[99912]: DEBUG glance.api.middleware.version_negotiation [None req-2448f0dd-d6f8-4845-ae5f-fc91deaeeb82 tempest-ServerBootFromVolumeStableRescueTest-130775340 tempest-ServerBootFromVolumeStableRescueTest-130775340-project-member] new path /v2/images/d76a360f-95a4-4546-850c-85ed04c2dc75/file {{(pid=99912) process_request /opt/stack/glance/glance/api/middleware/version_negotiation.py:70}}
Aug 04 07:14:31.883396 np0000006386 devstack@g-api.service[99911]: DEBUG glance.api.middleware.version_negotiation [None req-2448f0dd-d6f8-4845-ae5f-fc91deaeeb82 tempest-ServerBootFromVolumeStableRescueTest-130775340 tempest-ServerBootFromVolumeStableRescueTest-130775340-project-member] Determining version of request: GET /v2/images/d76a360f-95a4-4546-850c-85ed04c2dc75 Accept: application/json {{(pid=99911) process_request /opt/stack/glance/glance/api/middleware/version_negotiation.py:44}}
Aug 04 07:14:31.883913 np0000006386 devstack@g-api.service[99911]: DEBUG glance.api.middleware.version_negotiation [None req-2448f0dd-d6f8-4845-ae5f-fc91deaeeb82 tempest-ServerBootFromVolumeStableRescueTest-130775340 tempest-ServerBootFromVolumeStableRescueTest-130775340-project-member] Using url versioning {{(pid=99911) process_request /opt/stack/glance/glance/api/middleware/version_negotiation.py:57}}
Aug 04 07:14:31.883913 np0000006386 devstack@g-api.service[99911]: DEBUG glance.api.middleware.version_negotiation [None req-2448f0dd-d6f8-4845-ae5f-fc91deaeeb82 tempest-ServerBootFromVolumeStableRescueTest-130775340 tempest-ServerBootFromVolumeStableRescueTest-130775340-project-member] Matched version: v2 {{(pid=99911) process_request /opt/stack/glance/glance/api/middleware/version_negotiation.py:69}}
Aug 04 07:14:31.883913 np0000006386 devstack@g-api.service[99911]: DEBUG glance.api.middleware.version_negotiation [None req-2448f0dd-d6f8-4845-ae5f-fc91deaeeb82 tempest-ServerBootFromVolumeStableRescueTest-130775340 tempest-ServerBootFromVolumeStableRescueTest-130775340-project-member] new path /v2/images/d76a360f-95a4-4546-850c-85ed04c2dc75 {{(pid=99911) process_request /opt/stack/glance/glance/api/middleware/version_negotiation.py:70}}
Aug 04 07:14:31.926050 np0000006386 devstack@g-api.service[99911]: [pid: 99911|app: 0|req: 50/150] 127.0.0.1 () {40 vars in 834 bytes} [Tue Aug 4 07:14:31 2026] GET /v2/images/d76a360f-95a4-4546-850c-85ed04c2dc75 => generated 1469 bytes in 43 msecs (HTTP/1.1 200) 4 headers in 158 bytes (1 switches on core 0)
Aug 04 07:14:32.848229 np0000006386 devstack@g-api.service[99912]: INFO glance.api.v2.image_data [None req-2448f0dd-d6f8-4845-ae5f-fc91deaeeb82 tempest-ServerBootFromVolumeStableRescueTest-130775340 tempest-ServerBootFromVolumeStableRescueTest-130775340-project-member] Unable to create trust: no such option collect_timing in group [keystone_authtoken] Use the existing user token.
Aug 04 07:14:32.935692 np0000006386 devstack@g-api.service[99913]: DEBUG glance.api.middleware.version_negotiation [None req-2448f0dd-d6f8-4845-ae5f-fc91deaeeb82 tempest-ServerBootFromVolumeStableRescueTest-130775340 tempest-ServerBootFromVolumeStableRescueTest-130775340-project-member] Determining version of request: GET /v2/images/d76a360f-95a4-4546-850c-85ed04c2dc75 Accept: application/json {{(pid=99913) process_request /opt/stack/glance/glance/api/middleware/version_negotiation.py:44}}
Aug 04 07:14:32.936232 np0000006386 devstack@g-api.service[99913]: DEBUG glance.api.middleware.version_negotiation [None req-2448f0dd-d6f8-4845-ae5f-fc91deaeeb82 tempest-ServerBootFromVolumeStableRescueTest-130775340 tempest-ServerBootFromVolumeStableRescueTest-130775340-project-member] Using url versioning {{(pid=99913) process_request /opt/stack/glance/glance/api/middleware/version_negotiation.py:57}}
Aug 04 07:14:32.936232 np0000006386 devstack@g-api.service[99913]: DEBUG glance.api.middleware.version_negotiation [None req-2448f0dd-d6f8-4845-ae5f-fc91deaeeb82 tempest-ServerBootFromVolumeStableRescueTest-130775340 tempest-ServerBootFromVolumeStableRescueTest-130775340-project-member] Matched version: v2 {{(pid=99913) process_request /opt/stack/glance/glance/api/middleware/version_negotiation.py:69}}
Aug 04 07:14:32.936319 np0000006386 devstack@g-api.service[99913]: DEBUG glance.api.middleware.version_negotiation [None req-2448f0dd-d6f8-4845-ae5f-fc91deaeeb82 tempest-ServerBootFromVolumeStableRescueTest-130775340 tempest-ServerBootFromVolumeStableRescueTest-130775340-project-member] new path /v2/images/d76a360f-95a4-4546-850c-85ed04c2dc75 {{(pid=99913) process_request /opt/stack/glance/glance/api/middleware/version_negotiation.py:70}}
Aug 04 07:14:32.953644 np0000006386 devstack@g-api.service[99913]: [pid: 99913|app: 0|req: 50/151] 127.0.0.1 () {40 vars in 834 bytes} [Tue Aug 4 07:14:32 2026] GET /v2/images/d76a360f-95a4-4546-850c-85ed04c2dc75 => generated 1469 bytes in 18 msecs (HTTP/1.1 200) 4 headers in 158 bytes (1 switches on core 0)
Aug 04 07:14:33.949636 np0000006386 devstack@g-api.service[99912]: DEBUG glance.location [None req-2448f0dd-d6f8-4845-ae5f-fc91deaeeb82 tempest-ServerBootFromVolumeStableRescueTest-130775340 tempest-ServerBootFromVolumeStableRescueTest-130775340-project-member] Enabling in-flight format inspection for qcow2 {{(pid=99912) set_data /opt/stack/glance/glance/location.py:596}}
Aug 04 07:14:33.950914 np0000006386 devstack@g-api.service[99912]: DEBUG glance_store.backend [None req-2448f0dd-d6f8-4845-ae5f-fc91deaeeb82 tempest-ServerBootFromVolumeStableRescueTest-130775340 tempest-ServerBootFromVolumeStableRescueTest-130775340-project-member] Attempting to import store swift {{(pid=99912) _load_store /opt/stack/data/venv/lib/python3.12/site-packages/glance_store/backend.py:215}}
Aug 04 07:14:33.953047 np0000006386 devstack@g-api.service[99912]: DEBUG glance_store.capabilities [None req-2448f0dd-d6f8-4845-ae5f-fc91deaeeb82 tempest-ServerBootFromVolumeStableRescueTest-130775340 tempest-ServerBootFromVolumeStableRescueTest-130775340-project-member] Store glance_store._drivers.swift.store.SingleTenantStore doesn't support updating dynamic storage capabilities. Please overwrite 'update_capabilities' method of the store to implement updating logics if needed. {{(pid=99912) update_capabilities /opt/stack/data/venv/lib/python3.12/site-packages/glance_store/capabilities.py:91}}
Aug 04 07:14:33.953226 np0000006386 devstack@g-api.service[99912]: DEBUG glance_store.driver [None req-2448f0dd-d6f8-4845-ae5f-fc91deaeeb82 tempest-ServerBootFromVolumeStableRescueTest-130775340 tempest-ServerBootFromVolumeStableRescueTest-130775340-project-member] Late loading location class glance_store._drivers.swift.store.StoreLocation {{(pid=99912) get_store_location_class /opt/stack/data/venv/lib/python3.12/site-packages/glance_store/driver.py:134}}
Aug 04 07:14:33.953392 np0000006386 devstack@g-api.service[99912]: DEBUG glance_store.location [None req-2448f0dd-d6f8-4845-ae5f-fc91deaeeb82 tempest-ServerBootFromVolumeStableRescueTest-130775340 tempest-ServerBootFromVolumeStableRescueTest-130775340-project-member] Registering scheme swift+https with {'store': , 'location_class': , 'store_entry': 'swift'} {{(pid=99912) register_scheme_map /opt/stack/data/venv/lib/python3.12/site-packages/glance_store/location.py:146}}
Aug 04 07:14:33.953779 np0000006386 devstack@g-api.service[99912]: DEBUG glance_store.location [None req-2448f0dd-d6f8-4845-ae5f-fc91deaeeb82 tempest-ServerBootFromVolumeStableRescueTest-130775340 tempest-ServerBootFromVolumeStableRescueTest-130775340-project-member] Registering scheme swift+https with {'store': , 'location_class': , 'store_entry': 'swift'} {{(pid=99912) register_scheme_map /opt/stack/data/venv/lib/python3.12/site-packages/glance_store/location.py:146}}
Aug 04 07:14:33.953779 np0000006386 devstack@g-api.service[99912]: DEBUG glance_store.location [None req-2448f0dd-d6f8-4845-ae5f-fc91deaeeb82 tempest-ServerBootFromVolumeStableRescueTest-130775340 tempest-ServerBootFromVolumeStableRescueTest-130775340-project-member] Registering scheme swift with {'store': , 'location_class': , 'store_entry': 'swift'} {{(pid=99912) register_scheme_map /opt/stack/data/venv/lib/python3.12/site-packages/glance_store/location.py:146}}
Aug 04 07:14:33.954179 np0000006386 devstack@g-api.service[99912]: DEBUG glance_store.location [None req-2448f0dd-d6f8-4845-ae5f-fc91deaeeb82 tempest-ServerBootFromVolumeStableRescueTest-130775340 tempest-ServerBootFromVolumeStableRescueTest-130775340-project-member] Registering scheme swift+https with {'store': , 'location_class': , 'store_entry': 'swift'} {{(pid=99912) register_scheme_map /opt/stack/data/venv/lib/python3.12/site-packages/glance_store/location.py:146}}
Aug 04 07:14:33.954179 np0000006386 devstack@g-api.service[99912]: DEBUG glance_store.location [None req-2448f0dd-d6f8-4845-ae5f-fc91deaeeb82 tempest-ServerBootFromVolumeStableRescueTest-130775340 tempest-ServerBootFromVolumeStableRescueTest-130775340-project-member] Registering scheme swift with {'store': , 'location_class': , 'store_entry': 'swift'} {{(pid=99912) register_scheme_map /opt/stack/data/venv/lib/python3.12/site-packages/glance_store/location.py:146}}
Aug 04 07:14:33.954179 np0000006386 devstack@g-api.service[99912]: DEBUG glance_store.location [None req-2448f0dd-d6f8-4845-ae5f-fc91deaeeb82 tempest-ServerBootFromVolumeStableRescueTest-130775340 tempest-ServerBootFromVolumeStableRescueTest-130775340-project-member] Registering scheme swift+http with {'store': , 'location_class': , 'store_entry': 'swift'} {{(pid=99912) register_scheme_map /opt/stack/data/venv/lib/python3.12/site-packages/glance_store/location.py:146}}
Aug 04 07:14:33.954339 np0000006386 devstack@g-api.service[99912]: DEBUG glance_store.location [None req-2448f0dd-d6f8-4845-ae5f-fc91deaeeb82 tempest-ServerBootFromVolumeStableRescueTest-130775340 tempest-ServerBootFromVolumeStableRescueTest-130775340-project-member] Registering scheme swift+https with {'store': , 'location_class': , 'store_entry': 'swift'} {{(pid=99912) register_scheme_map /opt/stack/data/venv/lib/python3.12/site-packages/glance_store/location.py:146}}
Aug 04 07:14:33.954389 np0000006386 devstack@g-api.service[99912]: DEBUG glance_store.location [None req-2448f0dd-d6f8-4845-ae5f-fc91deaeeb82 tempest-ServerBootFromVolumeStableRescueTest-130775340 tempest-ServerBootFromVolumeStableRescueTest-130775340-project-member] Registering scheme swift with {'store': , 'location_class': , 'store_entry': 'swift'} {{(pid=99912) register_scheme_map /opt/stack/data/venv/lib/python3.12/site-packages/glance_store/location.py:146}}
Aug 04 07:14:33.954481 np0000006386 devstack@g-api.service[99912]: DEBUG glance_store.location [None req-2448f0dd-d6f8-4845-ae5f-fc91deaeeb82 tempest-ServerBootFromVolumeStableRescueTest-130775340 tempest-ServerBootFromVolumeStableRescueTest-130775340-project-member] Registering scheme swift+http with {'store': , 'location_class': , 'store_entry': 'swift'} {{(pid=99912) register_scheme_map /opt/stack/data/venv/lib/python3.12/site-packages/glance_store/location.py:146}}
Aug 04 07:14:33.954606 np0000006386 devstack@g-api.service[99912]: DEBUG glance_store.location [None req-2448f0dd-d6f8-4845-ae5f-fc91deaeeb82 tempest-ServerBootFromVolumeStableRescueTest-130775340 tempest-ServerBootFromVolumeStableRescueTest-130775340-project-member] Registering scheme swift+config with {'store': , 'location_class': , 'store_entry': 'swift'} {{(pid=99912) register_scheme_map /opt/stack/data/venv/lib/python3.12/site-packages/glance_store/location.py:146}}
Aug 04 07:14:33.966673 np0000006386 devstack@g-api.service[99911]: DEBUG glance.api.middleware.version_negotiation [None req-af102124-c06e-46cf-9b8d-1c34d6e1ed39 tempest-ServerBootFromVolumeStableRescueTest-130775340 tempest-ServerBootFromVolumeStableRescueTest-130775340-project-member] Determining version of request: GET /v2/images/d76a360f-95a4-4546-850c-85ed04c2dc75 Accept: application/json {{(pid=99911) process_request /opt/stack/glance/glance/api/middleware/version_negotiation.py:44}}
Aug 04 07:14:33.966673 np0000006386 devstack@g-api.service[99911]: DEBUG glance.api.middleware.version_negotiation [None req-af102124-c06e-46cf-9b8d-1c34d6e1ed39 tempest-ServerBootFromVolumeStableRescueTest-130775340 tempest-ServerBootFromVolumeStableRescueTest-130775340-project-member] Using url versioning {{(pid=99911) process_request /opt/stack/glance/glance/api/middleware/version_negotiation.py:57}}
Aug 04 07:14:33.966673 np0000006386 devstack@g-api.service[99911]: DEBUG glance.api.middleware.version_negotiation [None req-af102124-c06e-46cf-9b8d-1c34d6e1ed39 tempest-ServerBootFromVolumeStableRescueTest-130775340 tempest-ServerBootFromVolumeStableRescueTest-130775340-project-member] Matched version: v2 {{(pid=99911) process_request /opt/stack/glance/glance/api/middleware/version_negotiation.py:69}}
Aug 04 07:14:33.966673 np0000006386 devstack@g-api.service[99911]: DEBUG glance.api.middleware.version_negotiation [None req-af102124-c06e-46cf-9b8d-1c34d6e1ed39 tempest-ServerBootFromVolumeStableRescueTest-130775340 tempest-ServerBootFromVolumeStableRescueTest-130775340-project-member] new path /v2/images/d76a360f-95a4-4546-850c-85ed04c2dc75 {{(pid=99911) process_request /opt/stack/glance/glance/api/middleware/version_negotiation.py:70}}
Aug 04 07:14:34.012846 np0000006386 devstack@g-api.service[99911]: [pid: 99911|app: 0|req: 51/152] 127.0.0.1 () {40 vars in 834 bytes} [Tue Aug 4 07:14:33 2026] GET /v2/images/d76a360f-95a4-4546-850c-85ed04c2dc75 => generated 1469 bytes in 48 msecs (HTTP/1.1 200) 4 headers in 158 bytes (1 switches on core 0)
Aug 04 07:14:34.658475 np0000006386 devstack@g-api.service[99912]: DEBUG swiftclient [None req-2448f0dd-d6f8-4845-ae5f-fc91deaeeb82 tempest-ServerBootFromVolumeStableRescueTest-130775340 tempest-ServerBootFromVolumeStableRescueTest-130775340-project-member] REQ: curl -i https://10.4.3.89:8080/v1/AUTH_d526770d6aaf4ecb934089a6ec6bee63/glance -I -H "X-Auth-Token: gAAAAABqcZFaMfrI..." {{(pid=99912) http_log /opt/stack/data/venv/lib/python3.12/site-packages/swiftclient/client.py:160}}
Aug 04 07:14:34.659075 np0000006386 devstack@g-api.service[99912]: DEBUG swiftclient [None req-2448f0dd-d6f8-4845-ae5f-fc91deaeeb82 tempest-ServerBootFromVolumeStableRescueTest-130775340 tempest-ServerBootFromVolumeStableRescueTest-130775340-project-member] RESP STATUS: 204 No Content {{(pid=99912) http_log /opt/stack/data/venv/lib/python3.12/site-packages/swiftclient/client.py:161}}
Aug 04 07:14:34.659075 np0000006386 devstack@g-api.service[99912]: DEBUG swiftclient [None req-2448f0dd-d6f8-4845-ae5f-fc91deaeeb82 tempest-ServerBootFromVolumeStableRescueTest-130775340 tempest-ServerBootFromVolumeStableRescueTest-130775340-project-member] RESP HEADERS: {'Date': 'Tue, 04 Aug 2026 07:14:34 GMT', 'Server': 'Apache/2.4.58 (Ubuntu)', 'Content-Type': 'text/plain; charset=utf-8', 'X-Container-Object-Count': '7', 'X-Container-Bytes-Used': '109576192', 'X-Timestamp': '1785827496.70444', 'Last-Modified': 'Tue, 04 Aug 2026 07:11:37 GMT', 'Accept-Ranges': 'bytes', 'X-Storage-Policy': 'Policy-0', 'X-Container-Sharding': 'False', 'Vary': 'Accept', 'X-Trans-Id': 'tx15a746a62bf049aa92682-006a71915a', 'X-Openstack-Request-Id': 'tx15a746a62bf049aa92682-006a71915a', 'Connection': 'close'} {{(pid=99912) http_log /opt/stack/data/venv/lib/python3.12/site-packages/swiftclient/client.py:162}}
Aug 04 07:14:34.659075 np0000006386 devstack@g-api.service[99912]: DEBUG glance_store._drivers.swift.store [None req-2448f0dd-d6f8-4845-ae5f-fc91deaeeb82 tempest-ServerBootFromVolumeStableRescueTest-130775340 tempest-ServerBootFromVolumeStableRescueTest-130775340-project-member] Adding image object 'd76a360f-95a4-4546-850c-85ed04c2dc75' to Swift {{(pid=99912) add /opt/stack/data/venv/lib/python3.12/site-packages/glance_store/_drivers/swift/store.py:970}}
Aug 04 07:14:34.659573 np0000006386 devstack@g-api.service[99912]: DEBUG glance_store._drivers.swift.store [None req-2448f0dd-d6f8-4845-ae5f-fc91deaeeb82 tempest-ServerBootFromVolumeStableRescueTest-130775340 tempest-ServerBootFromVolumeStableRescueTest-130775340-project-member] Cannot determine image size because it is either not provided in the request or chunked-transfer encoding is used. Adding image as a segmented object to Swift. {{(pid=99912) add /opt/stack/data/venv/lib/python3.12/site-packages/glance_store/_drivers/swift/store.py:994}}
Aug 04 07:14:34.668528 np0000006386 devstack@g-api.service[99912]: DEBUG oslo_utils.imageutils.format_inspector [None req-2448f0dd-d6f8-4845-ae5f-fc91deaeeb82 tempest-ServerBootFromVolumeStableRescueTest-130775340 tempest-ServerBootFromVolumeStableRescueTest-130775340-project-member] Format inspector for vmdk does not match, excluding from consideration (Signature KDMV not found: b'QFI\xfb') {{(pid=99912) _process_chunk /opt/stack/data/venv/lib/python3.12/site-packages/oslo_utils/imageutils/format_inspector.py:1758}}
Aug 04 07:14:34.673498 np0000006386 devstack@g-api.service[99912]: DEBUG oslo_utils.imageutils.format_inspector [None req-2448f0dd-d6f8-4845-ae5f-fc91deaeeb82 tempest-ServerBootFromVolumeStableRescueTest-130775340 tempest-ServerBootFromVolumeStableRescueTest-130775340-project-member] Format inspector for vhdx does not match, excluding from consideration (Region signature not found at 30000) {{(pid=99912) _process_chunk /opt/stack/data/venv/lib/python3.12/site-packages/oslo_utils/imageutils/format_inspector.py:1758}}
Aug 04 07:14:35.027807 np0000006386 devstack@g-api.service[99913]: DEBUG glance.api.middleware.version_negotiation [None req-be306d56-344b-4b17-93aa-98879a5740ab tempest-ServerBootFromVolumeStableRescueTest-130775340 tempest-ServerBootFromVolumeStableRescueTest-130775340-project-member] Determining version of request: GET /v2/images/d76a360f-95a4-4546-850c-85ed04c2dc75 Accept: application/json {{(pid=99913) process_request /opt/stack/glance/glance/api/middleware/version_negotiation.py:44}}
Aug 04 07:14:35.028320 np0000006386 devstack@g-api.service[99913]: DEBUG glance.api.middleware.version_negotiation [None req-be306d56-344b-4b17-93aa-98879a5740ab tempest-ServerBootFromVolumeStableRescueTest-130775340 tempest-ServerBootFromVolumeStableRescueTest-130775340-project-member] Using url versioning {{(pid=99913) process_request /opt/stack/glance/glance/api/middleware/version_negotiation.py:57}}
Aug 04 07:14:35.028618 np0000006386 devstack@g-api.service[99913]: DEBUG glance.api.middleware.version_negotiation [None req-be306d56-344b-4b17-93aa-98879a5740ab tempest-ServerBootFromVolumeStableRescueTest-130775340 tempest-ServerBootFromVolumeStableRescueTest-130775340-project-member] Matched version: v2 {{(pid=99913) process_request /opt/stack/glance/glance/api/middleware/version_negotiation.py:69}}
Aug 04 07:14:35.029562 np0000006386 devstack@g-api.service[99913]: DEBUG glance.api.middleware.version_negotiation [None req-be306d56-344b-4b17-93aa-98879a5740ab tempest-ServerBootFromVolumeStableRescueTest-130775340 tempest-ServerBootFromVolumeStableRescueTest-130775340-project-member] new path /v2/images/d76a360f-95a4-4546-850c-85ed04c2dc75 {{(pid=99913) process_request /opt/stack/glance/glance/api/middleware/version_negotiation.py:70}}
Aug 04 07:14:35.058494 np0000006386 devstack@g-api.service[99913]: [pid: 99913|app: 0|req: 51/153] 127.0.0.1 () {40 vars in 834 bytes} [Tue Aug 4 07:14:35 2026] GET /v2/images/d76a360f-95a4-4546-850c-85ed04c2dc75 => generated 1469 bytes in 32 msecs (HTTP/1.1 200) 4 headers in 158 bytes (1 switches on core 0)
Aug 04 07:14:35.122655 np0000006386 devstack@g-api.service[99912]: DEBUG swiftclient [None req-2448f0dd-d6f8-4845-ae5f-fc91deaeeb82 tempest-ServerBootFromVolumeStableRescueTest-130775340 tempest-ServerBootFromVolumeStableRescueTest-130775340-project-member] REQ: curl -i https://10.4.3.89:8080/v1/AUTH_d526770d6aaf4ecb934089a6ec6bee63/glance/d76a360f-95a4-4546-850c-85ed04c2dc75-00001 -X PUT -H "X-Auth-Token: gAAAAABqcZFaMfrI..." {{(pid=99912) http_log /opt/stack/data/venv/lib/python3.12/site-packages/swiftclient/client.py:160}}
Aug 04 07:14:35.122655 np0000006386 devstack@g-api.service[99912]: DEBUG swiftclient [None req-2448f0dd-d6f8-4845-ae5f-fc91deaeeb82 tempest-ServerBootFromVolumeStableRescueTest-130775340 tempest-ServerBootFromVolumeStableRescueTest-130775340-project-member] RESP STATUS: 201 Created {{(pid=99912) http_log /opt/stack/data/venv/lib/python3.12/site-packages/swiftclient/client.py:161}}
Aug 04 07:14:35.122655 np0000006386 devstack@g-api.service[99912]: DEBUG swiftclient [None req-2448f0dd-d6f8-4845-ae5f-fc91deaeeb82 tempest-ServerBootFromVolumeStableRescueTest-130775340 tempest-ServerBootFromVolumeStableRescueTest-130775340-project-member] RESP HEADERS: {'Date': 'Tue, 04 Aug 2026 07:14:35 GMT', 'Server': 'Apache/2.4.58 (Ubuntu)', 'Content-Type': 'text/html; charset=UTF-8', 'Content-Length': '0', 'Etag': '4fa343ee581d8d2e78533191fd1ac3e1', 'Last-Modified': 'Tue, 04 Aug 2026 07:14:35 GMT', 'X-Trans-Id': 'txb5618e140e5547e386821-006a71915a', 'X-Openstack-Request-Id': 'txb5618e140e5547e386821-006a71915a', 'Connection': 'close'} {{(pid=99912) http_log /opt/stack/data/venv/lib/python3.12/site-packages/swiftclient/client.py:162}}
Aug 04 07:14:35.123446 np0000006386 devstack@g-api.service[99912]: DEBUG glance_store._drivers.swift.store [None req-2448f0dd-d6f8-4845-ae5f-fc91deaeeb82 tempest-ServerBootFromVolumeStableRescueTest-130775340 tempest-ServerBootFromVolumeStableRescueTest-130775340-project-member] Wrote chunk d76a360f-95a4-4546-850c-85ed04c2dc75-00001 (1/?) of length 23527424 to Swift returning MD5 of content: 4fa343ee581d8d2e78533191fd1ac3e1 {{(pid=99912) add /opt/stack/data/venv/lib/python3.12/site-packages/glance_store/_drivers/swift/store.py:1059}}
Aug 04 07:14:35.125479 np0000006386 devstack@g-api.service[99912]: DEBUG glance_store._drivers.swift.store [None req-2448f0dd-d6f8-4845-ae5f-fc91deaeeb82 tempest-ServerBootFromVolumeStableRescueTest-130775340 tempest-ServerBootFromVolumeStableRescueTest-130775340-project-member] Not writing zero-length chunk. {{(pid=99912) add /opt/stack/data/venv/lib/python3.12/site-packages/glance_store/_drivers/swift/store.py:1028}}
Aug 04 07:14:35.172299 np0000006386 devstack@g-api.service[99912]: DEBUG swiftclient [None req-2448f0dd-d6f8-4845-ae5f-fc91deaeeb82 tempest-ServerBootFromVolumeStableRescueTest-130775340 tempest-ServerBootFromVolumeStableRescueTest-130775340-project-member] REQ: curl -i https://10.4.3.89:8080/v1/AUTH_d526770d6aaf4ecb934089a6ec6bee63/glance/d76a360f-95a4-4546-850c-85ed04c2dc75 -X PUT -H "X-Object-Manifest: glance/d76a360f-95a4-4546-850c-85ed04c2dc75-" -H "X-Auth-Token: gAAAAABqcZFaMfrI..." -H "Content-Length: 0" {{(pid=99912) http_log /opt/stack/data/venv/lib/python3.12/site-packages/swiftclient/client.py:160}}
Aug 04 07:14:35.172299 np0000006386 devstack@g-api.service[99912]: DEBUG swiftclient [None req-2448f0dd-d6f8-4845-ae5f-fc91deaeeb82 tempest-ServerBootFromVolumeStableRescueTest-130775340 tempest-ServerBootFromVolumeStableRescueTest-130775340-project-member] RESP STATUS: 201 Created {{(pid=99912) http_log /opt/stack/data/venv/lib/python3.12/site-packages/swiftclient/client.py:161}}
Aug 04 07:14:35.173360 np0000006386 devstack@g-api.service[99912]: DEBUG swiftclient [None req-2448f0dd-d6f8-4845-ae5f-fc91deaeeb82 tempest-ServerBootFromVolumeStableRescueTest-130775340 tempest-ServerBootFromVolumeStableRescueTest-130775340-project-member] RESP HEADERS: {'Date': 'Tue, 04 Aug 2026 07:14:35 GMT', 'Server': 'Apache/2.4.58 (Ubuntu)', 'Content-Type': 'text/html; charset=UTF-8', 'Content-Length': '0', 'Etag': 'd41d8cd98f00b204e9800998ecf8427e', 'Last-Modified': 'Tue, 04 Aug 2026 07:14:36 GMT', 'X-Trans-Id': 'tx08b433f9cea346ca9a85e-006a71915b', 'X-Openstack-Request-Id': 'tx08b433f9cea346ca9a85e-006a71915b', 'Connection': 'close'} {{(pid=99912) http_log /opt/stack/data/venv/lib/python3.12/site-packages/swiftclient/client.py:162}}
Aug 04 07:14:35.174795 np0000006386 devstack@g-api.service[99912]: INFO glance.location [None req-2448f0dd-d6f8-4845-ae5f-fc91deaeeb82 tempest-ServerBootFromVolumeStableRescueTest-130775340 tempest-ServerBootFromVolumeStableRescueTest-130775340-project-member] Image format matched and virtual size computed: 1073741824
Aug 04 07:14:35.233079 np0000006386 devstack@g-api.service[99912]: DEBUG glance_store.backend [None req-2448f0dd-d6f8-4845-ae5f-fc91deaeeb82 tempest-ServerBootFromVolumeStableRescueTest-130775340 tempest-ServerBootFromVolumeStableRescueTest-130775340-project-member] Attempting to import store swift {{(pid=99912) _load_store /opt/stack/data/venv/lib/python3.12/site-packages/glance_store/backend.py:215}}
Aug 04 07:14:35.236968 np0000006386 devstack@g-api.service[99912]: DEBUG glance_store.capabilities [None req-2448f0dd-d6f8-4845-ae5f-fc91deaeeb82 tempest-ServerBootFromVolumeStableRescueTest-130775340 tempest-ServerBootFromVolumeStableRescueTest-130775340-project-member] Store glance_store._drivers.swift.store.SingleTenantStore doesn't support updating dynamic storage capabilities. Please overwrite 'update_capabilities' method of the store to implement updating logics if needed. {{(pid=99912) update_capabilities /opt/stack/data/venv/lib/python3.12/site-packages/glance_store/capabilities.py:91}}
Aug 04 07:14:35.236968 np0000006386 devstack@g-api.service[99912]: DEBUG glance_store.driver [None req-2448f0dd-d6f8-4845-ae5f-fc91deaeeb82 tempest-ServerBootFromVolumeStableRescueTest-130775340 tempest-ServerBootFromVolumeStableRescueTest-130775340-project-member] Late loading location class glance_store._drivers.swift.store.StoreLocation {{(pid=99912) get_store_location_class /opt/stack/data/venv/lib/python3.12/site-packages/glance_store/driver.py:134}}
Aug 04 07:14:35.237551 np0000006386 devstack@g-api.service[99912]: DEBUG glance_store.location [None req-2448f0dd-d6f8-4845-ae5f-fc91deaeeb82 tempest-ServerBootFromVolumeStableRescueTest-130775340 tempest-ServerBootFromVolumeStableRescueTest-130775340-project-member] Registering scheme swift+https with {'store': , 'location_class': , 'store_entry': 'swift'} {{(pid=99912) register_scheme_map /opt/stack/data/venv/lib/python3.12/site-packages/glance_store/location.py:146}}
Aug 04 07:14:35.237551 np0000006386 devstack@g-api.service[99912]: DEBUG glance_store.location [None req-2448f0dd-d6f8-4845-ae5f-fc91deaeeb82 tempest-ServerBootFromVolumeStableRescueTest-130775340 tempest-ServerBootFromVolumeStableRescueTest-130775340-project-member] Registering scheme swift+https with {'store': , 'location_class': , 'store_entry': 'swift'} {{(pid=99912) register_scheme_map /opt/stack/data/venv/lib/python3.12/site-packages/glance_store/location.py:146}}
Aug 04 07:14:35.237551 np0000006386 devstack@g-api.service[99912]: DEBUG glance_store.location [None req-2448f0dd-d6f8-4845-ae5f-fc91deaeeb82 tempest-ServerBootFromVolumeStableRescueTest-130775340 tempest-ServerBootFromVolumeStableRescueTest-130775340-project-member] Registering scheme swift with {'store': , 'location_class': , 'store_entry': 'swift'} {{(pid=99912) register_scheme_map /opt/stack/data/venv/lib/python3.12/site-packages/glance_store/location.py:146}}
Aug 04 07:14:35.238074 np0000006386 devstack@g-api.service[99912]: DEBUG glance_store.location [None req-2448f0dd-d6f8-4845-ae5f-fc91deaeeb82 tempest-ServerBootFromVolumeStableRescueTest-130775340 tempest-ServerBootFromVolumeStableRescueTest-130775340-project-member] Registering scheme swift+https with {'store': , 'location_class': , 'store_entry': 'swift'} {{(pid=99912) register_scheme_map /opt/stack/data/venv/lib/python3.12/site-packages/glance_store/location.py:146}}
Aug 04 07:14:35.238074 np0000006386 devstack@g-api.service[99912]: DEBUG glance_store.location [None req-2448f0dd-d6f8-4845-ae5f-fc91deaeeb82 tempest-ServerBootFromVolumeStableRescueTest-130775340 tempest-ServerBootFromVolumeStableRescueTest-130775340-project-member] Registering scheme swift with {'store': , 'location_class': , 'store_entry': 'swift'} {{(pid=99912) register_scheme_map /opt/stack/data/venv/lib/python3.12/site-packages/glance_store/location.py:146}}
Aug 04 07:14:35.238074 np0000006386 devstack@g-api.service[99912]: DEBUG glance_store.location [None req-2448f0dd-d6f8-4845-ae5f-fc91deaeeb82 tempest-ServerBootFromVolumeStableRescueTest-130775340 tempest-ServerBootFromVolumeStableRescueTest-130775340-project-member] Registering scheme swift+http with {'store': , 'location_class': , 'store_entry': 'swift'} {{(pid=99912) register_scheme_map /opt/stack/data/venv/lib/python3.12/site-packages/glance_store/location.py:146}}
Aug 04 07:14:35.239097 np0000006386 devstack@g-api.service[99912]: DEBUG glance_store.location [None req-2448f0dd-d6f8-4845-ae5f-fc91deaeeb82 tempest-ServerBootFromVolumeStableRescueTest-130775340 tempest-ServerBootFromVolumeStableRescueTest-130775340-project-member] Registering scheme swift+https with {'store': , 'location_class': , 'store_entry': 'swift'} {{(pid=99912) register_scheme_map /opt/stack/data/venv/lib/python3.12/site-packages/glance_store/location.py:146}}
Aug 04 07:14:35.239097 np0000006386 devstack@g-api.service[99912]: DEBUG glance_store.location [None req-2448f0dd-d6f8-4845-ae5f-fc91deaeeb82 tempest-ServerBootFromVolumeStableRescueTest-130775340 tempest-ServerBootFromVolumeStableRescueTest-130775340-project-member] Registering scheme swift with {'store': , 'location_class': , 'store_entry': 'swift'} {{(pid=99912) register_scheme_map /opt/stack/data/venv/lib/python3.12/site-packages/glance_store/location.py:146}}
Aug 04 07:14:35.239097 np0000006386 devstack@g-api.service[99912]: DEBUG glance_store.location [None req-2448f0dd-d6f8-4845-ae5f-fc91deaeeb82 tempest-ServerBootFromVolumeStableRescueTest-130775340 tempest-ServerBootFromVolumeStableRescueTest-130775340-project-member] Registering scheme swift+http with {'store': , 'location_class': , 'store_entry': 'swift'} {{(pid=99912) register_scheme_map /opt/stack/data/venv/lib/python3.12/site-packages/glance_store/location.py:146}}
Aug 04 07:14:35.239496 np0000006386 devstack@g-api.service[99912]: DEBUG glance_store.location [None req-2448f0dd-d6f8-4845-ae5f-fc91deaeeb82 tempest-ServerBootFromVolumeStableRescueTest-130775340 tempest-ServerBootFromVolumeStableRescueTest-130775340-project-member] Registering scheme swift+config with {'store': , 'location_class': , 'store_entry': 'swift'} {{(pid=99912) register_scheme_map /opt/stack/data/venv/lib/python3.12/site-packages/glance_store/location.py:146}}
Aug 04 07:14:35.239496 np0000006386 devstack@g-api.service[99912]: DEBUG glance_store.backend [None req-2448f0dd-d6f8-4845-ae5f-fc91deaeeb82 tempest-ServerBootFromVolumeStableRescueTest-130775340 tempest-ServerBootFromVolumeStableRescueTest-130775340-project-member] Skipping store.set_acls... not implemented. {{(pid=99912) set_acls /opt/stack/data/venv/lib/python3.12/site-packages/glance_store/backend.py:507}}
Aug 04 07:14:35.241982 np0000006386 devstack@g-api.service[99912]: [pid: 99912|app: 0|req: 52/154] 127.0.0.1 () {46 vars in 1154 bytes} [Tue Aug 4 07:14:31 2026] PUT /v2/images/d76a360f-95a4-4546-850c-85ed04c2dc75/file => generated 0 bytes in 3678 msecs (HTTP/1.1 204) 4 headers in 171 bytes (1 switches on core 0)
Aug 04 07:14:35.312800 np0000006386 devstack@g-api.service[99911]: DEBUG glance.api.middleware.version_negotiation [None req-661ea42c-5fe8-4504-a2fe-9af52c470321 tempest-ServerBootFromVolumeStableRescueTest-130775340 tempest-ServerBootFromVolumeStableRescueTest-130775340-project-member] Determining version of request: GET /v2/images/d76a360f-95a4-4546-850c-85ed04c2dc75 Accept: */* {{(pid=99911) process_request /opt/stack/glance/glance/api/middleware/version_negotiation.py:44}}
Aug 04 07:14:35.313124 np0000006386 devstack@g-api.service[99911]: DEBUG glance.api.middleware.version_negotiation [None req-661ea42c-5fe8-4504-a2fe-9af52c470321 tempest-ServerBootFromVolumeStableRescueTest-130775340 tempest-ServerBootFromVolumeStableRescueTest-130775340-project-member] Using url versioning {{(pid=99911) process_request /opt/stack/glance/glance/api/middleware/version_negotiation.py:57}}
Aug 04 07:14:35.313321 np0000006386 devstack@g-api.service[99911]: DEBUG glance.api.middleware.version_negotiation [None req-661ea42c-5fe8-4504-a2fe-9af52c470321 tempest-ServerBootFromVolumeStableRescueTest-130775340 tempest-ServerBootFromVolumeStableRescueTest-130775340-project-member] Matched version: v2 {{(pid=99911) process_request /opt/stack/glance/glance/api/middleware/version_negotiation.py:69}}
Aug 04 07:14:35.313527 np0000006386 devstack@g-api.service[99911]: DEBUG glance.api.middleware.version_negotiation [None req-661ea42c-5fe8-4504-a2fe-9af52c470321 tempest-ServerBootFromVolumeStableRescueTest-130775340 tempest-ServerBootFromVolumeStableRescueTest-130775340-project-member] new path /v2/images/d76a360f-95a4-4546-850c-85ed04c2dc75 {{(pid=99911) process_request /opt/stack/glance/glance/api/middleware/version_negotiation.py:70}}
Aug 04 07:14:35.340647 np0000006386 devstack@g-api.service[99911]: [pid: 99911|app: 0|req: 52/155] 127.0.0.1 () {44 vars in 1111 bytes} [Tue Aug 4 07:14:35 2026] GET /v2/images/d76a360f-95a4-4546-850c-85ed04c2dc75 => generated 1639 bytes in 28 msecs (HTTP/1.1 200) 4 headers in 158 bytes (1 switches on core 0)
Aug 04 07:14:35.380160 np0000006386 devstack@g-api.service[99913]: DEBUG glance.api.middleware.version_negotiation [None req-bef34ba8-eff6-4c11-a494-9f0bc91178e3 tempest-ServerBootFromVolumeStableRescueTest-130775340 tempest-ServerBootFromVolumeStableRescueTest-130775340-project-member] Determining version of request: GET /v2/schemas/image Accept: */* {{(pid=99913) process_request /opt/stack/glance/glance/api/middleware/version_negotiation.py:44}}
Aug 04 07:14:35.380389 np0000006386 devstack@g-api.service[99913]: DEBUG glance.api.middleware.version_negotiation [None req-bef34ba8-eff6-4c11-a494-9f0bc91178e3 tempest-ServerBootFromVolumeStableRescueTest-130775340 tempest-ServerBootFromVolumeStableRescueTest-130775340-project-member] Using url versioning {{(pid=99913) process_request /opt/stack/glance/glance/api/middleware/version_negotiation.py:57}}
Aug 04 07:14:35.380579 np0000006386 devstack@g-api.service[99913]: DEBUG glance.api.middleware.version_negotiation [None req-bef34ba8-eff6-4c11-a494-9f0bc91178e3 tempest-ServerBootFromVolumeStableRescueTest-130775340 tempest-ServerBootFromVolumeStableRescueTest-130775340-project-member] Matched version: v2 {{(pid=99913) process_request /opt/stack/glance/glance/api/middleware/version_negotiation.py:69}}
Aug 04 07:14:35.380833 np0000006386 devstack@g-api.service[99913]: DEBUG glance.api.middleware.version_negotiation [None req-bef34ba8-eff6-4c11-a494-9f0bc91178e3 tempest-ServerBootFromVolumeStableRescueTest-130775340 tempest-ServerBootFromVolumeStableRescueTest-130775340-project-member] new path /v2/schemas/image {{(pid=99913) process_request /opt/stack/glance/glance/api/middleware/version_negotiation.py:70}}
