Aug 04 07:11:06.292186 np0000006386 nova-scheduler[93619]: DEBUG cotyledon.oslo_config_glue [-] oslo_messaging_rabbit.rabbit_quorum_max_memory_length = 0 {{(pid=93619) log_opt_values /opt/stack/data/venv/lib/python3.12/site-packages/oslo_config/cfg.py:3545}}
Aug 04 07:11:06.292186 np0000006386 nova-scheduler[93619]: DEBUG cotyledon.oslo_config_glue [-] oslo_messaging_rabbit.rabbit_quorum_queue = False {{(pid=93619) log_opt_values /opt/stack/data/venv/lib/python3.12/site-packages/oslo_config/cfg.py:3545}}
Aug 04 07:11:06.292186 np0000006386 nova-scheduler[93619]: DEBUG cotyledon.oslo_config_glue [-] oslo_messaging_rabbit.rabbit_retry_backoff = 2 {{(pid=93619) log_opt_values /opt/stack/data/venv/lib/python3.12/site-packages/oslo_config/cfg.py:3545}}
Aug 04 07:11:06.292186 np0000006386 nova-scheduler[93619]: DEBUG cotyledon.oslo_config_glue [-] oslo_messaging_rabbit.rabbit_retry_interval = 1 {{(pid=93619) log_opt_values /opt/stack/data/venv/lib/python3.12/site-packages/oslo_config/cfg.py:3545}}
Aug 04 07:11:06.292186 np0000006386 nova-scheduler[93619]: DEBUG cotyledon.oslo_config_glue [-] oslo_messaging_rabbit.rabbit_stream_fanout = False {{(pid=93619) log_opt_values /opt/stack/data/venv/lib/python3.12/site-packages/oslo_config/cfg.py:3545}}
Aug 04 07:11:06.292186 np0000006386 nova-scheduler[93619]: DEBUG cotyledon.oslo_config_glue [-] oslo_messaging_rabbit.rabbit_transient_queues_ttl = 1800 {{(pid=93619) log_opt_values /opt/stack/data/venv/lib/python3.12/site-packages/oslo_config/cfg.py:3545}}
Aug 04 07:11:06.292186 np0000006386 nova-scheduler[93619]: DEBUG cotyledon.oslo_config_glue [-] oslo_messaging_rabbit.rabbit_transient_quorum_queue = False {{(pid=93619) log_opt_values /opt/stack/data/venv/lib/python3.12/site-packages/oslo_config/cfg.py:3545}}
Aug 04 07:11:06.292186 np0000006386 nova-scheduler[93619]: DEBUG cotyledon.oslo_config_glue [-] oslo_messaging_rabbit.rpc_conn_pool_size = 30 {{(pid=93619) log_opt_values /opt/stack/data/venv/lib/python3.12/site-packages/oslo_config/cfg.py:3545}}
Aug 04 07:11:06.292186 np0000006386 nova-scheduler[93619]: DEBUG cotyledon.oslo_config_glue [-] oslo_messaging_rabbit.ssl = False {{(pid=93619) log_opt_values /opt/stack/data/venv/lib/python3.12/site-packages/oslo_config/cfg.py:3545}}
Aug 04 07:11:06.292343 np0000006386 nova-scheduler[93619]: DEBUG cotyledon.oslo_config_glue [-] oslo_messaging_rabbit.ssl_ca_file = {{(pid=93619) log_opt_values /opt/stack/data/venv/lib/python3.12/site-packages/oslo_config/cfg.py:3545}}
Aug 04 07:11:06.292343 np0000006386 nova-scheduler[93619]: DEBUG cotyledon.oslo_config_glue [-] oslo_messaging_rabbit.ssl_cert_file = {{(pid=93619) log_opt_values /opt/stack/data/venv/lib/python3.12/site-packages/oslo_config/cfg.py:3545}}
Aug 04 07:11:06.292343 np0000006386 nova-scheduler[93619]: DEBUG cotyledon.oslo_config_glue [-] oslo_messaging_rabbit.ssl_enforce_fips_mode = False {{(pid=93619) log_opt_values /opt/stack/data/venv/lib/python3.12/site-packages/oslo_config/cfg.py:3545}}
Aug 04 07:11:06.292343 np0000006386 nova-scheduler[93619]: DEBUG cotyledon.oslo_config_glue [-] oslo_messaging_rabbit.ssl_enforce_hostname_verification = True {{(pid=93619) log_opt_values /opt/stack/data/venv/lib/python3.12/site-packages/oslo_config/cfg.py:3545}}
Aug 04 07:11:06.292343 np0000006386 nova-scheduler[93619]: DEBUG cotyledon.oslo_config_glue [-] oslo_messaging_rabbit.ssl_key_file = {{(pid=93619) log_opt_values /opt/stack/data/venv/lib/python3.12/site-packages/oslo_config/cfg.py:3545}}
Aug 04 07:11:06.292343 np0000006386 nova-scheduler[93619]: DEBUG cotyledon.oslo_config_glue [-] oslo_messaging_rabbit.ssl_version = {{(pid=93619) log_opt_values /opt/stack/data/venv/lib/python3.12/site-packages/oslo_config/cfg.py:3545}}
Aug 04 07:11:06.292343 np0000006386 nova-scheduler[93619]: DEBUG cotyledon.oslo_config_glue [-] oslo_messaging_rabbit.use_queue_manager = False {{(pid=93619) log_opt_values /opt/stack/data/venv/lib/python3.12/site-packages/oslo_config/cfg.py:3545}}
Aug 04 07:11:06.292343 np0000006386 nova-scheduler[93619]: DEBUG cotyledon.oslo_config_glue [-] oslo_messaging_notifications.driver = ['messagingv2'] {{(pid=93619) log_opt_values /opt/stack/data/venv/lib/python3.12/site-packages/oslo_config/cfg.py:3545}}
Aug 04 07:11:06.292343 np0000006386 nova-scheduler[93619]: DEBUG cotyledon.oslo_config_glue [-] oslo_messaging_notifications.retry = -1 {{(pid=93619) log_opt_values /opt/stack/data/venv/lib/python3.12/site-packages/oslo_config/cfg.py:3545}}
Aug 04 07:11:06.292507 np0000006386 nova-scheduler[93619]: DEBUG cotyledon.oslo_config_glue [-] oslo_messaging_notifications.topics = ['notifications'] {{(pid=93619) log_opt_values /opt/stack/data/venv/lib/python3.12/site-packages/oslo_config/cfg.py:3545}}
Aug 04 07:11:06.292507 np0000006386 nova-scheduler[93619]: DEBUG cotyledon.oslo_config_glue [-] oslo_messaging_notifications.transport_url = **** {{(pid=93619) log_opt_values /opt/stack/data/venv/lib/python3.12/site-packages/oslo_config/cfg.py:3545}}
Aug 04 07:11:06.292507 np0000006386 nova-scheduler[93619]: DEBUG cotyledon.oslo_config_glue [-] oslo_limit.auth_section = None {{(pid=93619) log_opt_values /opt/stack/data/venv/lib/python3.12/site-packages/oslo_config/cfg.py:3545}}
Aug 04 07:11:06.292507 np0000006386 nova-scheduler[93619]: DEBUG cotyledon.oslo_config_glue [-] oslo_limit.auth_type = None {{(pid=93619) log_opt_values /opt/stack/data/venv/lib/python3.12/site-packages/oslo_config/cfg.py:3545}}
Aug 04 07:11:06.292507 np0000006386 nova-scheduler[93619]: DEBUG cotyledon.oslo_config_glue [-] oslo_limit.cafile = None {{(pid=93619) log_opt_values /opt/stack/data/venv/lib/python3.12/site-packages/oslo_config/cfg.py:3545}}
Aug 04 07:11:06.292507 np0000006386 nova-scheduler[93619]: DEBUG cotyledon.oslo_config_glue [-] oslo_limit.certfile = None {{(pid=93619) log_opt_values /opt/stack/data/venv/lib/python3.12/site-packages/oslo_config/cfg.py:3545}}
Aug 04 07:11:06.292507 np0000006386 nova-scheduler[93619]: DEBUG cotyledon.oslo_config_glue [-] oslo_limit.collect_timing = False {{(pid=93619) log_opt_values /opt/stack/data/venv/lib/python3.12/site-packages/oslo_config/cfg.py:3545}}
Aug 04 07:11:06.292507 np0000006386 nova-scheduler[93619]: DEBUG cotyledon.oslo_config_glue [-] oslo_limit.connect_retries = None {{(pid=93619) log_opt_values /opt/stack/data/venv/lib/python3.12/site-packages/oslo_config/cfg.py:3545}}
Aug 04 07:11:06.292507 np0000006386 nova-scheduler[93619]: DEBUG cotyledon.oslo_config_glue [-] oslo_limit.connect_retry_delay = None {{(pid=93619) log_opt_values /opt/stack/data/venv/lib/python3.12/site-packages/oslo_config/cfg.py:3545}}
Aug 04 07:11:06.292717 np0000006386 nova-scheduler[93619]: DEBUG cotyledon.oslo_config_glue [-] oslo_limit.endpoint_id = None {{(pid=93619) log_opt_values /opt/stack/data/venv/lib/python3.12/site-packages/oslo_config/cfg.py:3545}}
Aug 04 07:11:06.292717 np0000006386 nova-scheduler[93619]: DEBUG cotyledon.oslo_config_glue [-] oslo_limit.endpoint_interface = public {{(pid=93619) log_opt_values /opt/stack/data/venv/lib/python3.12/site-packages/oslo_config/cfg.py:3545}}
Aug 04 07:11:06.292717 np0000006386 nova-scheduler[93619]: DEBUG cotyledon.oslo_config_glue [-] oslo_limit.endpoint_override = None {{(pid=93619) log_opt_values /opt/stack/data/venv/lib/python3.12/site-packages/oslo_config/cfg.py:3545}}
Aug 04 07:11:06.292717 np0000006386 nova-scheduler[93619]: DEBUG cotyledon.oslo_config_glue [-] oslo_limit.endpoint_region_name = None {{(pid=93619) log_opt_values /opt/stack/data/venv/lib/python3.12/site-packages/oslo_config/cfg.py:3545}}
Aug 04 07:11:06.292717 np0000006386 nova-scheduler[93619]: DEBUG cotyledon.oslo_config_glue [-] oslo_limit.endpoint_service_name = None {{(pid=93619) log_opt_values /opt/stack/data/venv/lib/python3.12/site-packages/oslo_config/cfg.py:3545}}
Aug 04 07:11:06.292717 np0000006386 nova-scheduler[93619]: DEBUG cotyledon.oslo_config_glue [-] oslo_limit.endpoint_service_type = None {{(pid=93619) log_opt_values /opt/stack/data/venv/lib/python3.12/site-packages/oslo_config/cfg.py:3545}}
Aug 04 07:11:06.292717 np0000006386 nova-scheduler[93619]: DEBUG cotyledon.oslo_config_glue [-] oslo_limit.insecure = False {{(pid=93619) log_opt_values /opt/stack/data/venv/lib/python3.12/site-packages/oslo_config/cfg.py:3545}}
Aug 04 07:11:06.292717 np0000006386 nova-scheduler[93619]: DEBUG cotyledon.oslo_config_glue [-] oslo_limit.keyfile = None {{(pid=93619) log_opt_values /opt/stack/data/venv/lib/python3.12/site-packages/oslo_config/cfg.py:3545}}
Aug 04 07:11:06.292717 np0000006386 nova-scheduler[93619]: DEBUG cotyledon.oslo_config_glue [-] oslo_limit.max_version = None {{(pid=93619) log_opt_values /opt/stack/data/venv/lib/python3.12/site-packages/oslo_config/cfg.py:3545}}
Aug 04 07:11:06.292882 np0000006386 nova-scheduler[93619]: DEBUG cotyledon.oslo_config_glue [-] oslo_limit.min_version = None {{(pid=93619) log_opt_values /opt/stack/data/venv/lib/python3.12/site-packages/oslo_config/cfg.py:3545}}
Aug 04 07:11:06.292882 np0000006386 nova-scheduler[93619]: DEBUG cotyledon.oslo_config_glue [-] oslo_limit.region_name = None {{(pid=93619) log_opt_values /opt/stack/data/venv/lib/python3.12/site-packages/oslo_config/cfg.py:3545}}
Aug 04 07:11:06.292882 np0000006386 nova-scheduler[93619]: DEBUG cotyledon.oslo_config_glue [-] oslo_limit.retriable_status_codes = None {{(pid=93619) log_opt_values /opt/stack/data/venv/lib/python3.12/site-packages/oslo_config/cfg.py:3545}}
Aug 04 07:11:06.292882 np0000006386 nova-scheduler[93619]: DEBUG cotyledon.oslo_config_glue [-] oslo_limit.service_name = None {{(pid=93619) log_opt_values /opt/stack/data/venv/lib/python3.12/site-packages/oslo_config/cfg.py:3545}}
Aug 04 07:11:06.292882 np0000006386 nova-scheduler[93619]: DEBUG cotyledon.oslo_config_glue [-] oslo_limit.service_type = None {{(pid=93619) log_opt_values /opt/stack/data/venv/lib/python3.12/site-packages/oslo_config/cfg.py:3545}}
Aug 04 07:11:06.292882 np0000006386 nova-scheduler[93619]: DEBUG cotyledon.oslo_config_glue [-] oslo_limit.split_loggers = False {{(pid=93619) log_opt_values /opt/stack/data/venv/lib/python3.12/site-packages/oslo_config/cfg.py:3545}}
Aug 04 07:11:06.292882 np0000006386 nova-scheduler[93619]: DEBUG cotyledon.oslo_config_glue [-] oslo_limit.status_code_retries = None {{(pid=93619) log_opt_values /opt/stack/data/venv/lib/python3.12/site-packages/oslo_config/cfg.py:3545}}
Aug 04 07:11:06.292882 np0000006386 nova-scheduler[93619]: DEBUG cotyledon.oslo_config_glue [-] oslo_limit.status_code_retry_delay = None {{(pid=93619) log_opt_values /opt/stack/data/venv/lib/python3.12/site-packages/oslo_config/cfg.py:3545}}
Aug 04 07:11:06.292882 np0000006386 nova-scheduler[93619]: DEBUG cotyledon.oslo_config_glue [-] oslo_limit.timeout = None {{(pid=93619) log_opt_values /opt/stack/data/venv/lib/python3.12/site-packages/oslo_config/cfg.py:3545}}
Aug 04 07:11:06.293052 np0000006386 nova-scheduler[93619]: DEBUG cotyledon.oslo_config_glue [-] oslo_limit.valid_interfaces = None {{(pid=93619) log_opt_values /opt/stack/data/venv/lib/python3.12/site-packages/oslo_config/cfg.py:3545}}
Aug 04 07:11:06.293052 np0000006386 nova-scheduler[93619]: DEBUG cotyledon.oslo_config_glue [-] oslo_limit.version = None {{(pid=93619) log_opt_values /opt/stack/data/venv/lib/python3.12/site-packages/oslo_config/cfg.py:3545}}
Aug 04 07:11:06.293052 np0000006386 nova-scheduler[93619]: DEBUG cotyledon.oslo_config_glue [-] oslo_reports.file_event_handler = None {{(pid=93619) log_opt_values /opt/stack/data/venv/lib/python3.12/site-packages/oslo_config/cfg.py:3545}}
Aug 04 07:11:06.293052 np0000006386 nova-scheduler[93619]: DEBUG cotyledon.oslo_config_glue [-] oslo_reports.file_event_handler_interval = 1 {{(pid=93619) log_opt_values /opt/stack/data/venv/lib/python3.12/site-packages/oslo_config/cfg.py:3545}}
Aug 04 07:11:06.293052 np0000006386 nova-scheduler[93619]: DEBUG cotyledon.oslo_config_glue [-] oslo_reports.log_dir = None {{(pid=93619) log_opt_values /opt/stack/data/venv/lib/python3.12/site-packages/oslo_config/cfg.py:3545}}
Aug 04 07:11:06.293052 np0000006386 nova-scheduler[93619]: DEBUG cotyledon.oslo_config_glue [-] ******************************************************************************** {{(pid=93619) log_opt_values /opt/stack/data/venv/lib/python3.12/site-packages/oslo_config/cfg.py:3552}}
Aug 04 07:11:06.293052 np0000006386 nova-scheduler[93619]: DEBUG cotyledon._service_worker [-] Run service ServiceWrapper(2) [93619] {{(pid=93619) wait_forever /opt/stack/data/venv/lib/python3.12/site-packages/cotyledon/_service_worker.py:218}}
Aug 04 07:11:06.293052 np0000006386 nova-scheduler[93619]: INFO nova.service [-] Starting scheduler node (version 33.1.0)
Aug 04 07:11:06.293052 np0000006386 nova-scheduler[93619]: INFO dbcounter [None req-ef88f1be-093d-46fb-a334-07095aa45299 None None] Registered counter for database nova_cell0
Aug 04 07:11:06.309588 np0000006386 nova-scheduler[93615]: DEBUG oslo_db.sqlalchemy.engines [None req-885cb763-d386-4f6b-a40c-27103edb0ea4 None None] MySQL server mode set to STRICT_TRANS_TABLES,STRICT_ALL_TABLES,NO_ZERO_IN_DATE,NO_ZERO_DATE,ERROR_FOR_DIVISION_BY_ZERO,TRADITIONAL,NO_ENGINE_SUBSTITUTION {{(pid=93615) _check_effective_sql_mode /opt/stack/data/venv/lib/python3.12/site-packages/oslo_db/sqlalchemy/engines.py:325}}
Aug 04 07:11:06.319836 np0000006386 nova-scheduler[93617]: DEBUG oslo_db.sqlalchemy.engines [None req-6fa6771a-ddb4-4b74-98cb-6d6c85b94b24 None None] MySQL server mode set to STRICT_TRANS_TABLES,STRICT_ALL_TABLES,NO_ZERO_IN_DATE,NO_ZERO_DATE,ERROR_FOR_DIVISION_BY_ZERO,TRADITIONAL,NO_ENGINE_SUBSTITUTION {{(pid=93617) _check_effective_sql_mode /opt/stack/data/venv/lib/python3.12/site-packages/oslo_db/sqlalchemy/engines.py:325}}
Aug 04 07:11:06.319960 np0000006386 nova-scheduler[93615]: DEBUG dbcounter [-] [93615] Writer thread running {{(pid=93615) stat_writer /opt/stack/data/venv/lib/python3.12/site-packages/dbcounter.py:102}}
Aug 04 07:11:06.328886 np0000006386 nova-scheduler[93619]: DEBUG oslo_db.sqlalchemy.engines [None req-ef88f1be-093d-46fb-a334-07095aa45299 None None] MySQL server mode set to STRICT_TRANS_TABLES,STRICT_ALL_TABLES,NO_ZERO_IN_DATE,NO_ZERO_DATE,ERROR_FOR_DIVISION_BY_ZERO,TRADITIONAL,NO_ENGINE_SUBSTITUTION {{(pid=93619) _check_effective_sql_mode /opt/stack/data/venv/lib/python3.12/site-packages/oslo_db/sqlalchemy/engines.py:325}}
Aug 04 07:11:06.329209 np0000006386 nova-scheduler[93617]: DEBUG dbcounter [-] [93617] Writer thread running {{(pid=93617) stat_writer /opt/stack/data/venv/lib/python3.12/site-packages/dbcounter.py:102}}
Aug 04 07:11:06.339916 np0000006386 nova-scheduler[93619]: DEBUG dbcounter [-] [93619] Writer thread running {{(pid=93619) stat_writer /opt/stack/data/venv/lib/python3.12/site-packages/dbcounter.py:102}}
Aug 04 07:11:06.340383 np0000006386 nova-scheduler[93615]: DEBUG nova.service [None req-885cb763-d386-4f6b-a40c-27103edb0ea4 None None] Creating RPC server for service: nova-scheduler on topic: scheduler {{(pid=93615) start /opt/stack/nova/nova/service.py:196}}
Aug 04 07:11:06.343099 np0000006386 nova-scheduler[93619]: DEBUG nova.service [None req-ef88f1be-093d-46fb-a334-07095aa45299 None None] Creating RPC server for service: nova-scheduler on topic: scheduler {{(pid=93619) start /opt/stack/nova/nova/service.py:196}}
Aug 04 07:11:06.347511 np0000006386 nova-scheduler[93617]: DEBUG nova.service [None req-6fa6771a-ddb4-4b74-98cb-6d6c85b94b24 None None] Creating RPC server for service: nova-scheduler on topic: scheduler {{(pid=93617) start /opt/stack/nova/nova/service.py:196}}
Aug 04 07:11:06.367235 np0000006386 nova-scheduler[93619]: DEBUG nova.service [None req-ef88f1be-093d-46fb-a334-07095aa45299 None None] Join ServiceGroup membership for this service scheduler {{(pid=93619) start /opt/stack/nova/nova/service.py:222}}
Aug 04 07:11:06.367500 np0000006386 nova-scheduler[93619]: DEBUG nova.servicegroup.drivers.db [None req-ef88f1be-093d-46fb-a334-07095aa45299 None None] DB_Driver: join new ServiceGroup member np0000006386 to the scheduler group, service = {{(pid=93619) join /opt/stack/nova/nova/servicegroup/drivers/db.py:44}}
Aug 04 07:11:06.369466 np0000006386 nova-scheduler[93617]: DEBUG nova.service [None req-6fa6771a-ddb4-4b74-98cb-6d6c85b94b24 None None] Join ServiceGroup membership for this service scheduler {{(pid=93617) start /opt/stack/nova/nova/service.py:222}}
Aug 04 07:11:06.369709 np0000006386 nova-scheduler[93617]: DEBUG nova.servicegroup.drivers.db [None req-6fa6771a-ddb4-4b74-98cb-6d6c85b94b24 None None] DB_Driver: join new ServiceGroup member np0000006386 to the scheduler group, service = {{(pid=93617) join /opt/stack/nova/nova/servicegroup/drivers/db.py:44}}
Aug 04 07:11:06.374239 np0000006386 nova-scheduler[93615]: DEBUG nova.service [None req-885cb763-d386-4f6b-a40c-27103edb0ea4 None None] Join ServiceGroup membership for this service scheduler {{(pid=93615) start /opt/stack/nova/nova/service.py:222}}
Aug 04 07:11:06.374474 np0000006386 nova-scheduler[93615]: DEBUG nova.servicegroup.drivers.db [None req-885cb763-d386-4f6b-a40c-27103edb0ea4 None None] DB_Driver: join new ServiceGroup member np0000006386 to the scheduler group, service = {{(pid=93615) join /opt/stack/nova/nova/servicegroup/drivers/db.py:44}}
Aug 04 07:11:11.386820 np0000006386 nova-scheduler[93619]: DEBUG oslo.service.backend._threading.loopingcall [-] Fixed interval looping call 'nova.servicegroup.drivers.db.DbDriver._report_state' sleeping for 119.98 seconds {{(pid=93619) _run_loop /opt/stack/data/venv/lib/python3.12/site-packages/oslo_service/backend/_threading/loopingcall.py:125}}
Aug 04 07:11:11.387878 np0000006386 nova-scheduler[93617]: DEBUG oslo.service.backend._threading.loopingcall [-] Fixed interval looping call 'nova.servicegroup.drivers.db.DbDriver._report_state' sleeping for 119.98 seconds {{(pid=93617) _run_loop /opt/stack/data/venv/lib/python3.12/site-packages/oslo_service/backend/_threading/loopingcall.py:125}}
Aug 04 07:11:11.388910 np0000006386 nova-scheduler[93615]: DEBUG oslo.service.backend._threading.loopingcall [-] Fixed interval looping call 'nova.servicegroup.drivers.db.DbDriver._report_state' sleeping for 119.99 seconds {{(pid=93615) _run_loop /opt/stack/data/venv/lib/python3.12/site-packages/oslo_service/backend/_threading/loopingcall.py:125}}
Aug 04 07:11:14.930683 np0000006386 nova-scheduler[92408]: DEBUG dbcounter [-] [92408] Writing DB stats nova_api:SELECT=3 {{(pid=92408) stat_writer /opt/stack/data/venv/lib/python3.12/site-packages/dbcounter.py:115}}
Aug 04 07:11:15.052206 np0000006386 nova-scheduler[92408]: DEBUG dbcounter [-] [92408] Writing DB stats nova_cell0:SELECT=1 {{(pid=92408) stat_writer /opt/stack/data/venv/lib/python3.12/site-packages/dbcounter.py:115}}
Aug 04 07:11:15.055304 np0000006386 nova-scheduler[92408]: DEBUG dbcounter [-] [92408] Writing DB stats nova_cell1:SELECT=1 {{(pid=92408) stat_writer /opt/stack/data/venv/lib/python3.12/site-packages/dbcounter.py:115}}
Aug 04 07:11:21.381889 np0000006386 nova-scheduler[93619]: DEBUG dbcounter [-] [93619] Writing DB stats nova_cell0:SELECT=3,nova_cell0:UPDATE=1 {{(pid=93619) stat_writer /opt/stack/data/venv/lib/python3.12/site-packages/dbcounter.py:115}}
Aug 04 07:11:21.382546 np0000006386 nova-scheduler[93617]: DEBUG dbcounter [-] [93617] Writing DB stats nova_cell0:SELECT=5,nova_cell0:INSERT=1,nova_cell0:UPDATE=1 {{(pid=93617) stat_writer /opt/stack/data/venv/lib/python3.12/site-packages/dbcounter.py:115}}
Aug 04 07:11:21.387721 np0000006386 nova-scheduler[93615]: DEBUG dbcounter [-] [93615] Writing DB stats nova_cell0:SELECT=4,nova_cell0:INSERT=1,nova_cell0:UPDATE=1 {{(pid=93615) stat_writer /opt/stack/data/venv/lib/python3.12/site-packages/dbcounter.py:115}}
Aug 04 07:11:23.372430 np0000006386 nova-scheduler[93617]: DEBUG oslo.service.backend._threading.loopingcall [None req-633d0f35-eb64-4a0a-9f1e-14c91bf51312 None None] Dynamic interval looping call 'nova.service.Service.periodic_tasks' sleeping for 60.00 seconds {{(pid=93617) _run_loop /opt/stack/data/venv/lib/python3.12/site-packages/oslo_service/backend/_threading/loopingcall.py:125}}
Aug 04 07:11:30.377064 np0000006386 nova-scheduler[93615]: DEBUG oslo.service.backend._threading.loopingcall [None req-fa1f0bad-6fee-4eab-8dd9-0d28fb950dea None None] Dynamic interval looping call 'nova.service.Service.periodic_tasks' sleeping for 60.00 seconds {{(pid=93615) _run_loop /opt/stack/data/venv/lib/python3.12/site-packages/oslo_service/backend/_threading/loopingcall.py:125}}
Aug 04 07:11:59.369960 np0000006386 nova-scheduler[93619]: DEBUG oslo.service.backend._threading.loopingcall [None req-bd618945-7168-41e7-acfb-067d46b76e3e None None] Dynamic interval looping call 'nova.service.Service.periodic_tasks' sleeping for 60.00 seconds {{(pid=93619) _run_loop /opt/stack/data/venv/lib/python3.12/site-packages/oslo_service/backend/_threading/loopingcall.py:125}}
Aug 04 07:12:23.372870 np0000006386 nova-scheduler[93617]: DEBUG oslo.service.backend._threading.loopingcall [None req-633d0f35-eb64-4a0a-9f1e-14c91bf51312 None None] Dynamic interval looping call 'nova.service.Service.periodic_tasks' sleeping for 60.00 seconds {{(pid=93617) _run_loop /opt/stack/data/venv/lib/python3.12/site-packages/oslo_service/backend/_threading/loopingcall.py:125}}
Aug 04 07:12:30.377175 np0000006386 nova-scheduler[93615]: DEBUG oslo.service.backend._threading.loopingcall [None req-fa1f0bad-6fee-4eab-8dd9-0d28fb950dea None None] Dynamic interval looping call 'nova.service.Service.periodic_tasks' sleeping for 60.00 seconds {{(pid=93615) _run_loop /opt/stack/data/venv/lib/python3.12/site-packages/oslo_service/backend/_threading/loopingcall.py:125}}
Aug 04 07:12:59.370404 np0000006386 nova-scheduler[93619]: DEBUG oslo.service.backend._threading.loopingcall [None req-bd618945-7168-41e7-acfb-067d46b76e3e None None] Dynamic interval looping call 'nova.service.Service.periodic_tasks' sleeping for 60.00 seconds {{(pid=93619) _run_loop /opt/stack/data/venv/lib/python3.12/site-packages/oslo_service/backend/_threading/loopingcall.py:125}}
Aug 04 07:13:11.376664 np0000006386 nova-scheduler[93617]: DEBUG oslo.service.backend._threading.loopingcall [-] Fixed interval looping call 'nova.servicegroup.drivers.db.DbDriver._report_state' sleeping for 119.99 seconds {{(pid=93617) _run_loop /opt/stack/data/venv/lib/python3.12/site-packages/oslo_service/backend/_threading/loopingcall.py:125}}
Aug 04 07:13:11.377278 np0000006386 nova-scheduler[93619]: DEBUG oslo.service.backend._threading.loopingcall [-] Fixed interval looping call 'nova.servicegroup.drivers.db.DbDriver._report_state' sleeping for 119.99 seconds {{(pid=93619) _run_loop /opt/stack/data/venv/lib/python3.12/site-packages/oslo_service/backend/_threading/loopingcall.py:125}}
Aug 04 07:13:11.386044 np0000006386 nova-scheduler[93615]: DEBUG oslo.service.backend._threading.loopingcall [-] Fixed interval looping call 'nova.servicegroup.drivers.db.DbDriver._report_state' sleeping for 119.99 seconds {{(pid=93615) _run_loop /opt/stack/data/venv/lib/python3.12/site-packages/oslo_service/backend/_threading/loopingcall.py:125}}
Aug 04 07:13:21.373704 np0000006386 nova-scheduler[93617]: DEBUG dbcounter [-] [93617] Writing DB stats nova_cell0:SELECT=1,nova_cell0:UPDATE=1 {{(pid=93617) stat_writer /opt/stack/data/venv/lib/python3.12/site-packages/dbcounter.py:115}}
Aug 04 07:13:21.380131 np0000006386 nova-scheduler[93619]: DEBUG dbcounter [-] [93619] Writing DB stats nova_cell0:SELECT=1,nova_cell0:UPDATE=1 {{(pid=93619) stat_writer /opt/stack/data/venv/lib/python3.12/site-packages/dbcounter.py:115}}
Aug 04 07:13:21.384112 np0000006386 nova-scheduler[93615]: DEBUG dbcounter [-] [93615] Writing DB stats nova_cell0:SELECT=1 {{(pid=93615) stat_writer /opt/stack/data/venv/lib/python3.12/site-packages/dbcounter.py:115}}
Aug 04 07:13:23.373375 np0000006386 nova-scheduler[93617]: DEBUG oslo.service.backend._threading.loopingcall [None req-633d0f35-eb64-4a0a-9f1e-14c91bf51312 None None] Dynamic interval looping call 'nova.service.Service.periodic_tasks' sleeping for 60.00 seconds {{(pid=93617) _run_loop /opt/stack/data/venv/lib/python3.12/site-packages/oslo_service/backend/_threading/loopingcall.py:125}}
Aug 04 07:13:28.656784 np0000006386 nova-scheduler[93619]: DEBUG nova.scheduler.manager [None req-c376c494-f4b5-4782-b207-1001759f154a tempest-ServerBootFromVolumeStableRescueTest-130775340 tempest-ServerBootFromVolumeStableRescueTest-130775340-project-member] Starting to schedule for instances: ['13bf1f70-f0f6-479e-9afe-b30f623d5f81'] {{(pid=93619) select_destinations /opt/stack/nova/nova/scheduler/manager.py:209}}
Aug 04 07:13:28.657483 np0000006386 nova-scheduler[93619]: DEBUG nova.scheduler.request_filter [None req-c376c494-f4b5-4782-b207-1001759f154a tempest-ServerBootFromVolumeStableRescueTest-130775340 tempest-ServerBootFromVolumeStableRescueTest-130775340-project-member] compute_status_filter request filter added forbidden trait COMPUTE_STATUS_DISABLED {{(pid=93619) compute_status_filter /opt/stack/nova/nova/scheduler/request_filter.py:253}}
Aug 04 07:13:28.657599 np0000006386 nova-scheduler[93619]: DEBUG nova.scheduler.request_filter [None req-c376c494-f4b5-4782-b207-1001759f154a tempest-ServerBootFromVolumeStableRescueTest-130775340 tempest-ServerBootFromVolumeStableRescueTest-130775340-project-member] Request filter 'compute_status_filter' took 0.0 seconds {{(pid=93619) wrapper /opt/stack/nova/nova/scheduler/request_filter.py:46}}
Aug 04 07:13:28.657828 np0000006386 nova-scheduler[93619]: DEBUG nova.scheduler.request_filter [None req-c376c494-f4b5-4782-b207-1001759f154a tempest-ServerBootFromVolumeStableRescueTest-130775340 tempest-ServerBootFromVolumeStableRescueTest-130775340-project-member] Request filter 'accelerators_filter' took 0.0 seconds {{(pid=93619) wrapper /opt/stack/nova/nova/scheduler/request_filter.py:46}}
Aug 04 07:13:28.659308 np0000006386 nova-scheduler[93619]: DEBUG nova.scheduler.request_filter [None req-c376c494-f4b5-4782-b207-1001759f154a tempest-ServerBootFromVolumeStableRescueTest-130775340 tempest-ServerBootFromVolumeStableRescueTest-130775340-project-member] Request filter 'packed_virtqueue_filter' took 0.0 seconds {{(pid=93619) wrapper /opt/stack/nova/nova/scheduler/request_filter.py:46}}
Aug 04 07:13:28.659778 np0000006386 nova-scheduler[93619]: DEBUG nova.scheduler.request_filter [None req-c376c494-f4b5-4782-b207-1001759f154a tempest-ServerBootFromVolumeStableRescueTest-130775340 tempest-ServerBootFromVolumeStableRescueTest-130775340-project-member] Request filter 'remote_managed_ports_filter' took 0.0 seconds {{(pid=93619) wrapper /opt/stack/nova/nova/scheduler/request_filter.py:46}}
Aug 04 07:13:28.659920 np0000006386 nova-scheduler[93619]: DEBUG nova.scheduler.request_filter [None req-c376c494-f4b5-4782-b207-1001759f154a tempest-ServerBootFromVolumeStableRescueTest-130775340 tempest-ServerBootFromVolumeStableRescueTest-130775340-project-member] ephemeral_encryption_filter skipped {{(pid=93619) ephemeral_encryption_filter /opt/stack/nova/nova/scheduler/request_filter.py:426}}
Aug 04 07:13:28.660069 np0000006386 nova-scheduler[93619]: DEBUG nova.scheduler.request_filter [None req-c376c494-f4b5-4782-b207-1001759f154a tempest-ServerBootFromVolumeStableRescueTest-130775340 tempest-ServerBootFromVolumeStableRescueTest-130775340-project-member] virtio_sound_filter skipped {{(pid=93619) virtio_sound_filter /opt/stack/nova/nova/scheduler/request_filter.py:460}}
Aug 04 07:13:28.660199 np0000006386 nova-scheduler[93619]: DEBUG nova.scheduler.request_filter [None req-c376c494-f4b5-4782-b207-1001759f154a tempest-ServerBootFromVolumeStableRescueTest-130775340 tempest-ServerBootFromVolumeStableRescueTest-130775340-project-member] tpm_secret_security_filter skipped {{(pid=93619) tpm_secret_security_filter /opt/stack/nova/nova/scheduler/request_filter.py:477}}
Aug 04 07:13:29.158644 np0000006386 nova-scheduler[93619]: INFO nova.utils [None req-c376c494-f4b5-4782-b207-1001759f154a tempest-ServerBootFromVolumeStableRescueTest-130775340 tempest-ServerBootFromVolumeStableRescueTest-130775340-project-member] The cell worker thread pool ForkProcess-3.cell_worker is initialized
Aug 04 07:13:29.159311 np0000006386 nova-scheduler[93619]: DEBUG oslo_concurrency.lockutils [None req-c376c494-f4b5-4782-b207-1001759f154a tempest-ServerBootFromVolumeStableRescueTest-130775340 tempest-ServerBootFromVolumeStableRescueTest-130775340-project-member] Acquiring lock "9cec1baf-40ef-4b98-8b67-391b07613cb1" by "nova.context.set_target_cell..get_or_set_cached_cell_and_set_connections" {{(pid=93619) inner /opt/stack/data/venv/lib/python3.12/site-packages/oslo_concurrency/lockutils.py:512}}
Aug 04 07:13:29.159311 np0000006386 nova-scheduler[93619]: DEBUG oslo_concurrency.lockutils [None req-c376c494-f4b5-4782-b207-1001759f154a tempest-ServerBootFromVolumeStableRescueTest-130775340 tempest-ServerBootFromVolumeStableRescueTest-130775340-project-member] Lock "9cec1baf-40ef-4b98-8b67-391b07613cb1" acquired by "nova.context.set_target_cell..get_or_set_cached_cell_and_set_connections" :: waited 0.000s {{(pid=93619) inner /opt/stack/data/venv/lib/python3.12/site-packages/oslo_concurrency/lockutils.py:525}}
Aug 04 07:13:29.160398 np0000006386 nova-scheduler[93619]: DEBUG oslo_concurrency.lockutils [None req-c376c494-f4b5-4782-b207-1001759f154a tempest-ServerBootFromVolumeStableRescueTest-130775340 tempest-ServerBootFromVolumeStableRescueTest-130775340-project-member] Lock "9cec1baf-40ef-4b98-8b67-391b07613cb1" "released" by "nova.context.set_target_cell..get_or_set_cached_cell_and_set_connections" :: held 0.001s {{(pid=93619) inner /opt/stack/data/venv/lib/python3.12/site-packages/oslo_concurrency/lockutils.py:544}}
Aug 04 07:13:29.162041 np0000006386 nova-scheduler[93619]: INFO dbcounter [None req-c376c494-f4b5-4782-b207-1001759f154a tempest-ServerBootFromVolumeStableRescueTest-130775340 tempest-ServerBootFromVolumeStableRescueTest-130775340-project-member] Registered counter for database nova_cell1
Aug 04 07:13:29.204013 np0000006386 nova-scheduler[93619]: DEBUG oslo_db.sqlalchemy.engines [None req-c376c494-f4b5-4782-b207-1001759f154a tempest-ServerBootFromVolumeStableRescueTest-130775340 tempest-ServerBootFromVolumeStableRescueTest-130775340-project-member] MySQL server mode set to STRICT_TRANS_TABLES,STRICT_ALL_TABLES,NO_ZERO_IN_DATE,NO_ZERO_DATE,ERROR_FOR_DIVISION_BY_ZERO,TRADITIONAL,NO_ENGINE_SUBSTITUTION {{(pid=93619) _check_effective_sql_mode /opt/stack/data/venv/lib/python3.12/site-packages/oslo_db/sqlalchemy/engines.py:325}}
Aug 04 07:13:29.209336 np0000006386 nova-scheduler[93619]: DEBUG dbcounter [-] [93619] Writer thread running {{(pid=93619) stat_writer /opt/stack/data/venv/lib/python3.12/site-packages/dbcounter.py:102}}
Aug 04 07:13:29.223373 np0000006386 nova-scheduler[93619]: DEBUG oslo_db.sqlalchemy.engines [None req-c376c494-f4b5-4782-b207-1001759f154a tempest-ServerBootFromVolumeStableRescueTest-130775340 tempest-ServerBootFromVolumeStableRescueTest-130775340-project-member] Parent process 92408 forked (93619) with an open database connection, which is being discarded and recreated. {{(pid=93619) checkout /opt/stack/data/venv/lib/python3.12/site-packages/oslo_db/sqlalchemy/engines.py:402}}
Aug 04 07:13:29.264562 np0000006386 nova-scheduler[93619]: DEBUG dbcounter [-] [93619] Writer thread running {{(pid=93619) stat_writer /opt/stack/data/venv/lib/python3.12/site-packages/dbcounter.py:102}}
Aug 04 07:13:29.267310 np0000006386 nova-scheduler[93619]: DEBUG oslo_concurrency.lockutils [None req-c376c494-f4b5-4782-b207-1001759f154a tempest-ServerBootFromVolumeStableRescueTest-130775340 tempest-ServerBootFromVolumeStableRescueTest-130775340-project-member] Acquiring lock "9cec1baf-40ef-4b98-8b67-391b07613cb1" by "nova.context.set_target_cell..get_or_set_cached_cell_and_set_connections" {{(pid=93619) inner /opt/stack/data/venv/lib/python3.12/site-packages/oslo_concurrency/lockutils.py:512}}
Aug 04 07:13:29.267543 np0000006386 nova-scheduler[93619]: DEBUG oslo_concurrency.lockutils [None req-c376c494-f4b5-4782-b207-1001759f154a tempest-ServerBootFromVolumeStableRescueTest-130775340 tempest-ServerBootFromVolumeStableRescueTest-130775340-project-member] Lock "9cec1baf-40ef-4b98-8b67-391b07613cb1" acquired by "nova.context.set_target_cell..get_or_set_cached_cell_and_set_connections" :: waited 0.000s {{(pid=93619) inner /opt/stack/data/venv/lib/python3.12/site-packages/oslo_concurrency/lockutils.py:525}}
Aug 04 07:13:29.267671 np0000006386 nova-scheduler[93619]: DEBUG oslo_concurrency.lockutils [None req-c376c494-f4b5-4782-b207-1001759f154a tempest-ServerBootFromVolumeStableRescueTest-130775340 tempest-ServerBootFromVolumeStableRescueTest-130775340-project-member] Lock "9cec1baf-40ef-4b98-8b67-391b07613cb1" "released" by "nova.context.set_target_cell..get_or_set_cached_cell_and_set_connections" :: held 0.000s {{(pid=93619) inner /opt/stack/data/venv/lib/python3.12/site-packages/oslo_concurrency/lockutils.py:544}}
Aug 04 07:13:29.270811 np0000006386 nova-scheduler[93619]: DEBUG oslo_concurrency.lockutils [None req-c376c494-f4b5-4782-b207-1001759f154a tempest-ServerBootFromVolumeStableRescueTest-130775340 tempest-ServerBootFromVolumeStableRescueTest-130775340-project-member] Acquiring lock "np0000006386-np0000006386" by "nova.scheduler.host_manager.HostState.update.._locked_update" {{(pid=93619) inner /opt/stack/data/venv/lib/python3.12/site-packages/oslo_concurrency/lockutils.py:512}}
Aug 04 07:13:29.270939 np0000006386 nova-scheduler[93619]: DEBUG oslo_concurrency.lockutils [None req-c376c494-f4b5-4782-b207-1001759f154a tempest-ServerBootFromVolumeStableRescueTest-130775340 tempest-ServerBootFromVolumeStableRescueTest-130775340-project-member] Lock "np0000006386-np0000006386" acquired by "nova.scheduler.host_manager.HostState.update.._locked_update" :: waited 0.000s {{(pid=93619) inner /opt/stack/data/venv/lib/python3.12/site-packages/oslo_concurrency/lockutils.py:525}}
Aug 04 07:13:29.272178 np0000006386 nova-scheduler[93619]: DEBUG nova.scheduler.host_manager [None req-c376c494-f4b5-4782-b207-1001759f154a tempest-ServerBootFromVolumeStableRescueTest-130775340 tempest-ServerBootFromVolumeStableRescueTest-130775340-project-member] Update host state from compute node: ComputeNode(cpu_allocation_ratio=4.0,cpu_info='{"arch": "x86_64", "model": "EPYC-Milan", "vendor": "AMD", "topology": {"cells": 1, "sockets": 16, "cores": 1, "threads": 1}, "maxphysaddr": {"mode": "emulate", "bits": 40}, "features": ["cx16", "mmxext", "fxsr_opt", "fpu", "stibp", "ssbd", "flushbyasid", "avx", "no-nested-data-bp", "rdrand", "rdtscp", "pge", "fxsr", "arat", "clflushopt", "pause-filter", "umip", "virt-ssbd", "sep", "mds-no", "smep", "adx", "amd-ssbd", "vaes", "avx2", "tsc", "amd-psfd", "sse4a", "cx8", "movbe", "mmx", "msr", "skip-l1dfl-vmentry", "pschange-mc-no", "topoext", "bmi2", "clwb", "pdpe1gb", "pku", "rdseed", "gds-no", "vgif", "cr8legacy", "npt", "pat", "nx", "lfence-always-serializing", "mca", "lm", "spec-ctrl", "pse36", "invpcid", "xsaves", "clzero", "misalignsse", "apic", "hypervisor", "ssse3", "de", "xsaveopt", "perfctr_core", "lbrv", "xsaveerptr", "rdctl-no", "vpclmulqdq", "pae", "osvw", "xsavec", "tsc-scale", "pni", "mce", "tsc_adjust", "arch-capabilities", "v-vmsave-vmload", "sha-ni", "null-sel-clr-base", "tsc-deadline", "fsrm", "pclmuldq", "pse", "abm", "ibrs", "sse", "svm", "erms", "lahf_lm", "sse4.1", "pfthreshold", "cmov", "stibp-always-on", "f16c", "ibpb", "sse4.2", "clflush", "mtrr", "syscall", "xgetbv1", "popcnt", "wbnoinvd", "aes", "fsgsbase", "cmp_legacy", "svme-addr-chk", "3dnowprefetch", "x2apic", "sse2", "pcid", "nrip-save", "vmcb-clean", "smap", "vme", "bmi1", "amd-stibp", "rdpid", "fma", "xsave"]}',created_at=2026-08-04T07:11:29Z,current_workload=0,deleted=False,deleted_at=None,disk_allocation_ratio=1.0,disk_available_least=73,free_disk_gb=95,free_ram_mb=62765,host='np0000006386',host_ip=10.4.3.89,hypervisor_hostname='np0000006386',hypervisor_type='QEMU',hypervisor_version=8002002,id=1,local_gb=95,local_gb_used=0,mapped=1,memory_mb=63277,memory_mb_used=512,metrics='[]',numa_topology='{"nova_object.name": "NUMATopology", "nova_object.namespace": "nova", "nova_object.version": "1.2", "nova_object.data": {"cells": [{"nova_object.name": "NUMACell", "nova_object.namespace": "nova", "nova_object.version": "1.5", "nova_object.data": {"id": 0, "cpuset": [0, 1, 2, 3, 4, 5, 6, 7, 8, 9, 10, 11, 12, 13, 14, 15], "pcpuset": [0, 1, 2, 3, 4, 5, 6, 7, 8, 9, 10, 11, 12, 13, 14, 15], "memory": 63277, "cpu_usage": 0, "memory_usage": 0, "pinned_cpus": [], "siblings": [[6], [12], [2], [15], [5], [11], [8], [14], [4], [1], [7], [10], [0], [13], [3], [9]], "mempages": [{"nova_object.name": "NUMAPagesTopology", "nova_object.namespace": "nova", "nova_object.version": "1.1", "nova_object.data": {"size_kb": 4, "total": 16177930, "used": 0, "reserved": 0}, "nova_object.changes": ["total", "reserved", "size_kb", "used"]}, {"nova_object.name": "NUMAPagesTopology", "nova_object.namespace": "nova", "nova_object.version": "1.1", "nova_object.data": {"size_kb": 2048, "total": 41, "used": 0, "reserved": 0}, "nova_object.changes": ["total", "reserved", "size_kb", "used"]}, {"nova_object.name": "NUMAPagesTopology", "nova_object.namespace": "nova", "nova_object.version": "1.1", "nova_object.data": {"size_kb": 1048576, "total": 0, "used": 0, "reserved": 0}, "nova_object.changes": ["total", "reserved", "size_kb", "used"]}], "network_metadata": {"nova_object.name": "NetworkMetadata", "nova_object.namespace": "nova", "nova_object.version": "1.0", "nova_object.data": {"physnets": [], "tunneled": false}, "nova_object.changes": ["physnets", "tunneled"]}, "socket": null}, "nova_object.changes": ["cpu_usage", "pcpuset", "id", "pinned_cpus", "network_metadata", "memory", "mempages", "cpuset", "memory_usage", "siblings", "socket"]}]}, "nova_object.changes": ["cells"]}',pci_device_pools=PciDevicePoolList,ram_allocation_ratio=1.0,running_vms=0,service_id=3,stats={failed_builds='0',uptime=' 07:13:17 up 14 min, 2 users, load average: 1.82, 1.51, 0.88
Aug 04 07:13:29.272178 np0000006386 nova-scheduler[93619]: '},supported_hv_specs=[HVSpec,HVSpec,HVSpec,HVSpec,HVSpec,HVSpec,HVSpec,HVSpec,HVSpec,HVSpec,HVSpec,HVSpec,HVSpec,HVSpec,HVSpec,HVSpec,HVSpec,HVSpec,HVSpec,HVSpec,HVSpec,HVSpec,HVSpec,HVSpec,HVSpec],updated_at=2026-08-04T07:13:17Z,uuid=5b4b03b0-fa2f-4b75-86be-cef07d84e6bc,vcpus=16,vcpus_used=0) {{(pid=93619) _locked_update /opt/stack/nova/nova/scheduler/host_manager.py:168}}
Aug 04 07:13:29.274410 np0000006386 nova-scheduler[93619]: DEBUG nova.scheduler.host_manager [None req-c376c494-f4b5-4782-b207-1001759f154a tempest-ServerBootFromVolumeStableRescueTest-130775340 tempest-ServerBootFromVolumeStableRescueTest-130775340-project-member] Update host state with aggregates: [] {{(pid=93619) _locked_update /opt/stack/nova/nova/scheduler/host_manager.py:171}}
Aug 04 07:13:29.274410 np0000006386 nova-scheduler[93619]: DEBUG nova.scheduler.host_manager [None req-c376c494-f4b5-4782-b207-1001759f154a tempest-ServerBootFromVolumeStableRescueTest-130775340 tempest-ServerBootFromVolumeStableRescueTest-130775340-project-member] Update host state with service dict: {'id': 3, 'uuid': 'e3771ab8-3387-4685-886b-becbb4473a68', 'host': 'np0000006386', 'binary': 'nova-compute', 'topic': 'compute', 'report_count': 1, 'disabled': False, 'disabled_reason': None, 'last_seen_up': datetime.datetime(2026, 8, 4, 7, 11, 35, tzinfo=datetime.timezone.utc), 'forced_down': False, 'version': 72, 'created_at': datetime.datetime(2026, 8, 4, 7, 11, 29, tzinfo=datetime.timezone.utc), 'updated_at': datetime.datetime(2026, 8, 4, 7, 11, 35, tzinfo=datetime.timezone.utc), 'deleted_at': None, 'deleted': False} {{(pid=93619) _locked_update /opt/stack/nova/nova/scheduler/host_manager.py:174}}
Aug 04 07:13:29.274410 np0000006386 nova-scheduler[93619]: DEBUG nova.scheduler.host_manager [None req-c376c494-f4b5-4782-b207-1001759f154a tempest-ServerBootFromVolumeStableRescueTest-130775340 tempest-ServerBootFromVolumeStableRescueTest-130775340-project-member] Update host state with instances: [] {{(pid=93619) _locked_update /opt/stack/nova/nova/scheduler/host_manager.py:177}}
Aug 04 07:13:29.274410 np0000006386 nova-scheduler[93619]: DEBUG oslo_concurrency.lockutils [None req-c376c494-f4b5-4782-b207-1001759f154a tempest-ServerBootFromVolumeStableRescueTest-130775340 tempest-ServerBootFromVolumeStableRescueTest-130775340-project-member] Lock "np0000006386-np0000006386" "released" by "nova.scheduler.host_manager.HostState.update.._locked_update" :: held 0.003s {{(pid=93619) inner /opt/stack/data/venv/lib/python3.12/site-packages/oslo_concurrency/lockutils.py:544}}
Aug 04 07:13:29.274410 np0000006386 nova-scheduler[93619]: DEBUG nova.filters [None req-c376c494-f4b5-4782-b207-1001759f154a tempest-ServerBootFromVolumeStableRescueTest-130775340 tempest-ServerBootFromVolumeStableRescueTest-130775340-project-member] Starting with 1 host(s) {{(pid=93619) get_filtered_objects /opt/stack/nova/nova/filters.py:70}}
Aug 04 07:13:29.274410 np0000006386 nova-scheduler[93619]: DEBUG nova.filters [None req-c376c494-f4b5-4782-b207-1001759f154a tempest-ServerBootFromVolumeStableRescueTest-130775340 tempest-ServerBootFromVolumeStableRescueTest-130775340-project-member] Filter ComputeFilter returned 1 host(s) {{(pid=93619) get_filtered_objects /opt/stack/nova/nova/filters.py:102}}
Aug 04 07:13:29.274410 np0000006386 nova-scheduler[93619]: DEBUG nova.filters [None req-c376c494-f4b5-4782-b207-1001759f154a tempest-ServerBootFromVolumeStableRescueTest-130775340 tempest-ServerBootFromVolumeStableRescueTest-130775340-project-member] Filter ComputeCapabilitiesFilter returned 1 host(s) {{(pid=93619) get_filtered_objects /opt/stack/nova/nova/filters.py:102}}
Aug 04 07:13:29.274580 np0000006386 nova-scheduler[93619]: DEBUG nova.filters [None req-c376c494-f4b5-4782-b207-1001759f154a tempest-ServerBootFromVolumeStableRescueTest-130775340 tempest-ServerBootFromVolumeStableRescueTest-130775340-project-member] Filter ImagePropertiesFilter returned 1 host(s) {{(pid=93619) get_filtered_objects /opt/stack/nova/nova/filters.py:102}}
Aug 04 07:13:29.274580 np0000006386 nova-scheduler[93619]: DEBUG nova.filters [None req-c376c494-f4b5-4782-b207-1001759f154a tempest-ServerBootFromVolumeStableRescueTest-130775340 tempest-ServerBootFromVolumeStableRescueTest-130775340-project-member] Filter ServerGroupAntiAffinityFilter returned 1 host(s) {{(pid=93619) get_filtered_objects /opt/stack/nova/nova/filters.py:102}}
Aug 04 07:13:29.274833 np0000006386 nova-scheduler[93619]: DEBUG nova.filters [None req-c376c494-f4b5-4782-b207-1001759f154a tempest-ServerBootFromVolumeStableRescueTest-130775340 tempest-ServerBootFromVolumeStableRescueTest-130775340-project-member] Filter ServerGroupAffinityFilter returned 1 host(s) {{(pid=93619) get_filtered_objects /opt/stack/nova/nova/filters.py:102}}
Aug 04 07:13:29.274833 np0000006386 nova-scheduler[93619]: DEBUG nova.filters [None req-c376c494-f4b5-4782-b207-1001759f154a tempest-ServerBootFromVolumeStableRescueTest-130775340 tempest-ServerBootFromVolumeStableRescueTest-130775340-project-member] Filter SameHostFilter returned 1 host(s) {{(pid=93619) get_filtered_objects /opt/stack/nova/nova/filters.py:102}}
Aug 04 07:13:29.274912 np0000006386 nova-scheduler[93619]: DEBUG nova.filters [None req-c376c494-f4b5-4782-b207-1001759f154a tempest-ServerBootFromVolumeStableRescueTest-130775340 tempest-ServerBootFromVolumeStableRescueTest-130775340-project-member] Filter DifferentHostFilter returned 1 host(s) {{(pid=93619) get_filtered_objects /opt/stack/nova/nova/filters.py:102}}
Aug 04 07:13:29.275259 np0000006386 nova-scheduler[93619]: DEBUG nova.scheduler.manager [None req-c376c494-f4b5-4782-b207-1001759f154a tempest-ServerBootFromVolumeStableRescueTest-130775340 tempest-ServerBootFromVolumeStableRescueTest-130775340-project-member] Filtered [(np0000006386, np0000006386) ram: 62765MB disk: 74752MB io_ops: 0 instances: 0, allocation_candidates: 1] {{(pid=93619) _get_sorted_hosts /opt/stack/nova/nova/scheduler/manager.py:742}}
Aug 04 07:13:29.275455 np0000006386 nova-scheduler[93619]: DEBUG nova.scheduler.manager [None req-c376c494-f4b5-4782-b207-1001759f154a tempest-ServerBootFromVolumeStableRescueTest-130775340 tempest-ServerBootFromVolumeStableRescueTest-130775340-project-member] Weighed [WeighedHost [host: (np0000006386, np0000006386) ram: 62765MB disk: 74752MB io_ops: 0 instances: 0, allocation_candidates: 1, weight: 0.0]] {{(pid=93619) _get_sorted_hosts /opt/stack/nova/nova/scheduler/manager.py:764}}
Aug 04 07:13:29.275649 np0000006386 nova-scheduler[93619]: DEBUG nova.scheduler.utils [None req-c376c494-f4b5-4782-b207-1001759f154a tempest-ServerBootFromVolumeStableRescueTest-130775340 tempest-ServerBootFromVolumeStableRescueTest-130775340-project-member] Attempting to claim resources in the placement API for instance 13bf1f70-f0f6-479e-9afe-b30f623d5f81 {{(pid=93619) claim_resources /opt/stack/nova/nova/scheduler/utils.py:1345}}
Aug 04 07:13:29.425474 np0000006386 nova-scheduler[93619]: DEBUG nova.scheduler.manager [None req-c376c494-f4b5-4782-b207-1001759f154a tempest-ServerBootFromVolumeStableRescueTest-130775340 tempest-ServerBootFromVolumeStableRescueTest-130775340-project-member] [instance: 13bf1f70-f0f6-479e-9afe-b30f623d5f81] Selected host: (np0000006386, np0000006386) ram: 62765MB disk: 74752MB io_ops: 0 instances: 0, allocation_candidates: 1 {{(pid=93619) _consume_selected_host /opt/stack/nova/nova/scheduler/manager.py:624}}
Aug 04 07:13:29.425804 np0000006386 nova-scheduler[93619]: DEBUG oslo_concurrency.lockutils [None req-c376c494-f4b5-4782-b207-1001759f154a tempest-ServerBootFromVolumeStableRescueTest-130775340 tempest-ServerBootFromVolumeStableRescueTest-130775340-project-member] Acquiring lock "np0000006386-np0000006386" by "nova.scheduler.host_manager.HostState.consume_from_request.._locked" {{(pid=93619) inner /opt/stack/data/venv/lib/python3.12/site-packages/oslo_concurrency/lockutils.py:512}}
Aug 04 07:13:29.426303 np0000006386 nova-scheduler[93619]: DEBUG oslo_concurrency.lockutils [None req-c376c494-f4b5-4782-b207-1001759f154a tempest-ServerBootFromVolumeStableRescueTest-130775340 tempest-ServerBootFromVolumeStableRescueTest-130775340-project-member] Lock "np0000006386-np0000006386" acquired by "nova.scheduler.host_manager.HostState.consume_from_request.._locked" :: waited 0.000s {{(pid=93619) inner /opt/stack/data/venv/lib/python3.12/site-packages/oslo_concurrency/lockutils.py:525}}
Aug 04 07:13:29.426531 np0000006386 nova-scheduler[93619]: DEBUG oslo_concurrency.lockutils [None req-c376c494-f4b5-4782-b207-1001759f154a tempest-ServerBootFromVolumeStableRescueTest-130775340 tempest-ServerBootFromVolumeStableRescueTest-130775340-project-member] Lock "np0000006386-np0000006386" "released" by "nova.scheduler.host_manager.HostState.consume_from_request.._locked" :: held 0.001s {{(pid=93619) inner /opt/stack/data/venv/lib/python3.12/site-packages/oslo_concurrency/lockutils.py:544}}
Aug 04 07:13:30.378370 np0000006386 nova-scheduler[93615]: DEBUG oslo.service.backend._threading.loopingcall [None req-fa1f0bad-6fee-4eab-8dd9-0d28fb950dea None None] Dynamic interval looping call 'nova.service.Service.periodic_tasks' sleeping for 60.00 seconds {{(pid=93615) _run_loop /opt/stack/data/venv/lib/python3.12/site-packages/oslo_service/backend/_threading/loopingcall.py:125}}
Aug 04 07:13:31.601552 np0000006386 nova-scheduler[93617]: DEBUG nova.scheduler.manager [None req-c47df220-9d28-4adc-8930-0c2717d9ff2e tempest-ServerActionsTestOtherA-1180999437 tempest-ServerActionsTestOtherA-1180999437-project-member] Starting to schedule for instances: ['efae56ca-5ed5-4fa8-9798-eaae71901332'] {{(pid=93617) select_destinations /opt/stack/nova/nova/scheduler/manager.py:209}}
Aug 04 07:13:31.602440 np0000006386 nova-scheduler[93617]: DEBUG nova.scheduler.request_filter [None req-c47df220-9d28-4adc-8930-0c2717d9ff2e tempest-ServerActionsTestOtherA-1180999437 tempest-ServerActionsTestOtherA-1180999437-project-member] compute_status_filter request filter added forbidden trait COMPUTE_STATUS_DISABLED {{(pid=93617) compute_status_filter /opt/stack/nova/nova/scheduler/request_filter.py:253}}
Aug 04 07:13:31.602916 np0000006386 nova-scheduler[93617]: DEBUG nova.scheduler.request_filter [None req-c47df220-9d28-4adc-8930-0c2717d9ff2e tempest-ServerActionsTestOtherA-1180999437 tempest-ServerActionsTestOtherA-1180999437-project-member] Request filter 'compute_status_filter' took 0.0 seconds {{(pid=93617) wrapper /opt/stack/nova/nova/scheduler/request_filter.py:46}}
Aug 04 07:13:31.603298 np0000006386 nova-scheduler[93617]: DEBUG nova.scheduler.request_filter [None req-c47df220-9d28-4adc-8930-0c2717d9ff2e tempest-ServerActionsTestOtherA-1180999437 tempest-ServerActionsTestOtherA-1180999437-project-member] Request filter 'accelerators_filter' took 0.0 seconds {{(pid=93617) wrapper /opt/stack/nova/nova/scheduler/request_filter.py:46}}
Aug 04 07:13:31.603528 np0000006386 nova-scheduler[93617]: DEBUG nova.scheduler.request_filter [None req-c47df220-9d28-4adc-8930-0c2717d9ff2e tempest-ServerActionsTestOtherA-1180999437 tempest-ServerActionsTestOtherA-1180999437-project-member] Request filter 'packed_virtqueue_filter' took 0.0 seconds {{(pid=93617) wrapper /opt/stack/nova/nova/scheduler/request_filter.py:46}}
Aug 04 07:13:31.603915 np0000006386 nova-scheduler[93617]: DEBUG nova.scheduler.request_filter [None req-c47df220-9d28-4adc-8930-0c2717d9ff2e tempest-ServerActionsTestOtherA-1180999437 tempest-ServerActionsTestOtherA-1180999437-project-member] Request filter 'remote_managed_ports_filter' took 0.0 seconds {{(pid=93617) wrapper /opt/stack/nova/nova/scheduler/request_filter.py:46}}
