Aug 04 07:10:41.070820 np0000006386 devstack@neutron-api.service[87837]: DEBUG neutron.plugins.ml2.drivers.ovn.mech_driver.ovsdb.ovsdb_monitor [None req-f81e4227-aaeb-4a6b-9546-1dd1077a2546 None None] Hash Ring: Node 8cde632a42d75eda80ee5d64c59371ba (host: np0000006386) handling event "create" for row 3e8b6e85-7aa3-4da5-8ac9-b5de42a30ced (table: SSL) {{(pid=87837) notify /opt/stack/neutron/neutron/plugins/ml2/drivers/ovn/mech_driver/ovsdb/ovsdb_monitor.py:1099}}
Aug 04 07:10:41.070939 np0000006386 devstack@neutron-api.service[87836]: INFO neutron.plugins.ml2.drivers.ovn.mech_driver.ovsdb.impl_idl_ovn [None req-589c8e5e-d9c5-4af6-ba49-9f9474d2c276 None None] Getting OvsdbSbOvnIdl for WorkerService with retry
Aug 04 07:10:41.071772 np0000006386 devstack@neutron-api.service[87837]: INFO neutron.plugins.ml2.drivers.ovn.mech_driver.ovsdb.impl_idl_ovn [None req-f81e4227-aaeb-4a6b-9546-1dd1077a2546 None None] Getting OvsdbSbOvnIdl for WorkerService with retry
Aug 04 07:10:41.106432 np0000006386 devstack@neutron-api.service[87837]: DEBUG ovsdbapp.backend.ovs_idl [None req-f81e4227-aaeb-4a6b-9546-1dd1077a2546 None None] Created lookup_table index Chassis.name {{(pid=87837) autocreate_indices /opt/stack/data/venv/lib/python3.12/site-packages/ovsdbapp/backend/ovs_idl/__init__.py:87}}
Aug 04 07:10:41.106613 np0000006386 devstack@neutron-api.service[87837]: DEBUG ovsdbapp.backend.ovs_idl [None req-f81e4227-aaeb-4a6b-9546-1dd1077a2546 None None] Created lookup_table index Port_Binding.logical_port {{(pid=87837) autocreate_indices /opt/stack/data/venv/lib/python3.12/site-packages/ovsdbapp/backend/ovs_idl/__init__.py:87}}
Aug 04 07:10:41.106758 np0000006386 devstack@neutron-api.service[87837]: DEBUG ovsdbapp.backend.ovs_idl [None req-f81e4227-aaeb-4a6b-9546-1dd1077a2546 None None] Created schema index Chassis_Private.name {{(pid=87837) autocreate_indices /opt/stack/data/venv/lib/python3.12/site-packages/ovsdbapp/backend/ovs_idl/__init__.py:106}}
Aug 04 07:10:41.106888 np0000006386 devstack@neutron-api.service[87837]: DEBUG ovsdbapp.backend.ovs_idl [None req-f81e4227-aaeb-4a6b-9546-1dd1077a2546 None None] Created schema index Datapath_Binding.tunnel_key {{(pid=87837) autocreate_indices /opt/stack/data/venv/lib/python3.12/site-packages/ovsdbapp/backend/ovs_idl/__init__.py:106}}
Aug 04 07:10:41.109018 np0000006386 devstack@neutron-api.service[87837]: INFO ovsdbapp.backend.ovs_idl.vlog [None req-f81e4227-aaeb-4a6b-9546-1dd1077a2546 None None] ssl:10.4.3.89:6642: connecting...
Aug 04 07:10:41.111374 np0000006386 devstack@neutron-api.service[87836]: DEBUG ovsdbapp.backend.ovs_idl [None req-589c8e5e-d9c5-4af6-ba49-9f9474d2c276 None None] Created lookup_table index Chassis.name {{(pid=87836) autocreate_indices /opt/stack/data/venv/lib/python3.12/site-packages/ovsdbapp/backend/ovs_idl/__init__.py:87}}
Aug 04 07:10:41.111499 np0000006386 devstack@neutron-api.service[87836]: DEBUG ovsdbapp.backend.ovs_idl [None req-589c8e5e-d9c5-4af6-ba49-9f9474d2c276 None None] Created lookup_table index Port_Binding.logical_port {{(pid=87836) autocreate_indices /opt/stack/data/venv/lib/python3.12/site-packages/ovsdbapp/backend/ovs_idl/__init__.py:87}}
Aug 04 07:10:41.111614 np0000006386 devstack@neutron-api.service[87836]: DEBUG ovsdbapp.backend.ovs_idl [None req-589c8e5e-d9c5-4af6-ba49-9f9474d2c276 None None] Created schema index Chassis_Private.name {{(pid=87836) autocreate_indices /opt/stack/data/venv/lib/python3.12/site-packages/ovsdbapp/backend/ovs_idl/__init__.py:106}}
Aug 04 07:10:41.111709 np0000006386 devstack@neutron-api.service[87836]: DEBUG ovsdbapp.backend.ovs_idl [None req-589c8e5e-d9c5-4af6-ba49-9f9474d2c276 None None] Created schema index Datapath_Binding.tunnel_key {{(pid=87836) autocreate_indices /opt/stack/data/venv/lib/python3.12/site-packages/ovsdbapp/backend/ovs_idl/__init__.py:106}}
Aug 04 07:10:41.113713 np0000006386 devstack@neutron-api.service[87837]: INFO ovsdbapp.backend.ovs_idl.vlog [None req-f81e4227-aaeb-4a6b-9546-1dd1077a2546 None None] ssl:10.4.3.89:6642: connected
Aug 04 07:10:41.114567 np0000006386 devstack@neutron-api.service[87836]: INFO ovsdbapp.backend.ovs_idl.vlog [None req-589c8e5e-d9c5-4af6-ba49-9f9474d2c276 None None] ssl:10.4.3.89:6642: connecting...
Aug 04 07:10:41.123294 np0000006386 devstack@neutron-api.service[87836]: INFO ovsdbapp.backend.ovs_idl.vlog [None req-589c8e5e-d9c5-4af6-ba49-9f9474d2c276 None None] ssl:10.4.3.89:6642: connected
Aug 04 07:10:41.137498 np0000006386 devstack@neutron-api.service[87837]: DEBUG neutron.common.ovn.hash_ring_manager [None req-f81e4227-aaeb-4a6b-9546-1dd1077a2546 None None] Allow caching, nodes 3>=3 {{(pid=87837) _wait_startup_before_caching /opt/stack/neutron/neutron/common/ovn/hash_ring_manager.py:71}}
Aug 04 07:10:41.142102 np0000006386 devstack@neutron-api.service[87837]: DEBUG neutron.common.ovn.hash_ring_manager [None req-f81e4227-aaeb-4a6b-9546-1dd1077a2546 None None] Hash Ring loaded. 3 active nodes. 0 offline nodes {{(pid=87837) _load_hash_ring /opt/stack/neutron/neutron/common/ovn/hash_ring_manager.py:110}}
Aug 04 07:10:41.142336 np0000006386 devstack@neutron-api.service[87837]: DEBUG neutron.plugins.ml2.drivers.ovn.mech_driver.ovsdb.ovsdb_monitor [None req-f81e4227-aaeb-4a6b-9546-1dd1077a2546 None None] Hash Ring: Node 8cde632a42d75eda80ee5d64c59371ba (host: np0000006386) handling event "create" for row 4f5b9af8-1289-428c-b1dc-9f15828a4b94 (table: Chassis) {{(pid=87837) notify /opt/stack/neutron/neutron/plugins/ml2/drivers/ovn/mech_driver/ovsdb/ovsdb_monitor.py:1099}}
Aug 04 07:10:41.143153 np0000006386 devstack@neutron-api.service[87837]: DEBUG ovsdbapp.backend.ovs_idl.event [None req-f81e4227-aaeb-4a6b-9546-1dd1077a2546 None None] Matched CREATE: ChassisBandwidthConfigEvent(events=('create', 'update'), table='Chassis', conditions=None, old_conditions=None), priority=20 to row=Chassis(uuid=4f5b9af8-1289-428c-b1dc-9f15828a4b94, encaps=[61ea07ae-f36c-4bcc-99db-a23c380e9d6b], external_ids={}, hostname='np0000006386', name='f444622c-c251-4303-825e-9a9afc7c7cfb', nb_cfg=0, other_config={'ct-commit-nat-v2': 'true', 'ct-commit-to-zone': 'true', 'ct-next-zone': 'true', 'ct-no-masked-label': 'true', 'ct-state-save': 'true', 'datapath-type': 'system', 'fdb-timestamp': 'true', 'iface-types': 'afxdp,afxdp-nonpmd,bareudp,erspan,geneve,gre,gtpu,internal,ip6erspan,ip6gre,lisp,patch,srv6,stt,system,tap,vxlan', 'is-interconn': 'false', 'ls-dpg-column': 'true', 'mac-binding-timestamp': 'true', 'ovn-bridge-mappings': 'public:br-ex', 'ovn-chassis-mac-mappings': '', 'ovn-cms-options': 'enable-chassis-as-gw', 'ovn-ct-lb-related': 'true', 'ovn-enable-lflow-cache': 'true', 'ovn-limit-lflow-cache': '', 'ovn-memlimit-lflow-cache-kb': '', 'ovn-monitor-all': 'false', 'ovn-trim-limit-lflow-cache': '', 'ovn-trim-timeout-ms': '', 'ovn-trim-wmark-perc-lflow-cache': '', 'port-up-notif': 'true'}, transport_zones=[], vtep_logical_switches=[]) old= {{(pid=87837) matches /opt/stack/data/venv/lib/python3.12/site-packages/ovsdbapp/backend/ovs_idl/event.py:55}}
Aug 04 07:10:41.144048 np0000006386 devstack@neutron-api.service[87837]: DEBUG ovsdbapp.backend.ovs_idl.event [None req-f81e4227-aaeb-4a6b-9546-1dd1077a2546 None None] Matched CREATE: ChassisOVNAgentWriteEvent(events=('create', 'update'), table='Chassis_Private', conditions=None, old_conditions=None), priority=20 to row=Chassis_Private(uuid=a0dce003-f660-4728-af22-89202e3adcf6, chassis=4f5b9af8-1289-428c-b1dc-9f15828a4b94, external_ids={'neutron:ovn-bridge': 'br-int', 'neutron:ovn-neutron-agent-id': '0406b5be-29d0-504a-a1af-da66b1eee2ad', 'neutron:ovn-neutron-agent-sb-cfg': '0'}, name='f444622c-c251-4303-825e-9a9afc7c7cfb', nb_cfg=0, nb_cfg_timestamp=0) old= {{(pid=87837) matches /opt/stack/data/venv/lib/python3.12/site-packages/ovsdbapp/backend/ovs_idl/event.py:55}}
Aug 04 07:10:41.144048 np0000006386 devstack@neutron-api.service[87837]: DEBUG ovsdbapp.backend.ovs_idl.event [None req-f81e4227-aaeb-4a6b-9546-1dd1077a2546 None None] Matched CREATE: ChassisAgentWriteEvent(events=('create', 'update'), table='Chassis_Private', conditions=None, old_conditions=None), priority=20 to row=Chassis_Private(uuid=a0dce003-f660-4728-af22-89202e3adcf6, chassis=4f5b9af8-1289-428c-b1dc-9f15828a4b94, external_ids={'neutron:ovn-bridge': 'br-int', 'neutron:ovn-neutron-agent-id': '0406b5be-29d0-504a-a1af-da66b1eee2ad', 'neutron:ovn-neutron-agent-sb-cfg': '0'}, name='f444622c-c251-4303-825e-9a9afc7c7cfb', nb_cfg=0, nb_cfg_timestamp=0) old= {{(pid=87837) matches /opt/stack/data/venv/lib/python3.12/site-packages/ovsdbapp/backend/ovs_idl/event.py:55}}
Aug 04 07:10:41.145281 np0000006386 devstack@neutron-api.service[87837]: INFO neutron.plugins.ml2.drivers.ovn.mech_driver.mech_driver [None req-f81e4227-aaeb-4a6b-9546-1dd1077a2546 None None] WorkerService process has finished the post initialization
Aug 04 07:10:41.145691 np0000006386 devstack@neutron-api.service[87837]: DEBUG oslo_concurrency.processutils [None req-f81e4227-aaeb-4a6b-9546-1dd1077a2546 None None] Running cmd (subprocess): ovsdb-client transact ssl:10.4.3.89:6641 --timeout 180 -p /opt/stack/data/CA/int-ca/private/devstack-cert.key -c /opt/stack/data/CA/int-ca/devstack-cert.crt -C /opt/stack/data/CA/int-ca/ca-chain.pem ["OVN_Northbound", {"op": "wait", "timeout": 0, "table": "Port_Group", "where": [["name", "==", "pvlan_pg_drop"]], "until": "==", "rows": []}, {"op": "insert", "table": "ACL", "row": {"action": "drop", "direction": "to-lport", "match": "outport == @pvlan_pg_drop && ip", "priority": 1010}, "uuid-name": "pvlandroptoport"}, {"op": "insert", "table": "ACL", "row": {"action": "drop", "direction": "from-lport", "match": "inport == @pvlan_pg_drop && ip", "priority": 1010}, "uuid-name": "pvlandropfromport"}, {"op": "insert", "table": "Port_Group", "row": {"name": "pvlan_pg_drop", "acls": ["set", [["named-uuid", "pvlandroptoport"], ["named-uuid", "pvlandropfromport"]]]}}] {{(pid=87837) execute /opt/stack/data/venv/lib/python3.12/site-packages/oslo_concurrency/processutils.py:440}}
Aug 04 07:10:41.146042 np0000006386 devstack@neutron-api.service[87837]: INFO neutron.plugins.ml2.drivers.ovn.mech_driver.ovsdb.extensions.qos [-] Starting OVNClientQosExtension
Aug 04 07:10:41.146220 np0000006386 devstack@neutron-api.service[87837]: INFO neutron.plugins.ml2.drivers.ovn.mech_driver.ovsdb.extensions.placement [-] Starting OVNClientPlacementExtension
Aug 04 07:10:41.161138 np0000006386 devstack@neutron-api.service[87836]: DEBUG neutron.common.ovn.hash_ring_manager [None req-589c8e5e-d9c5-4af6-ba49-9f9474d2c276 None None] Allow caching, nodes 3>=3 {{(pid=87836) _wait_startup_before_caching /opt/stack/neutron/neutron/common/ovn/hash_ring_manager.py:71}}
Aug 04 07:10:41.166224 np0000006386 devstack@neutron-api.service[87836]: DEBUG neutron.common.ovn.hash_ring_manager [None req-589c8e5e-d9c5-4af6-ba49-9f9474d2c276 None None] Hash Ring loaded. 3 active nodes. 0 offline nodes {{(pid=87836) _load_hash_ring /opt/stack/neutron/neutron/common/ovn/hash_ring_manager.py:110}}
Aug 04 07:10:41.166224 np0000006386 devstack@neutron-api.service[87836]: DEBUG ovsdbapp.backend.ovs_idl.event [None req-589c8e5e-d9c5-4af6-ba49-9f9474d2c276 None None] Matched CREATE: ChassisAgentWriteEvent(events=('create', 'update'), table='Chassis_Private', conditions=None, old_conditions=None), priority=20 to row=Chassis_Private(uuid=a0dce003-f660-4728-af22-89202e3adcf6, chassis=4f5b9af8-1289-428c-b1dc-9f15828a4b94, external_ids={'neutron:ovn-bridge': 'br-int', 'neutron:ovn-neutron-agent-id': '0406b5be-29d0-504a-a1af-da66b1eee2ad', 'neutron:ovn-neutron-agent-sb-cfg': '0'}, name='f444622c-c251-4303-825e-9a9afc7c7cfb', nb_cfg=0, nb_cfg_timestamp=0) old= {{(pid=87836) matches /opt/stack/data/venv/lib/python3.12/site-packages/ovsdbapp/backend/ovs_idl/event.py:55}}
Aug 04 07:10:41.166224 np0000006386 devstack@neutron-api.service[87836]: DEBUG ovsdbapp.backend.ovs_idl.event [None req-589c8e5e-d9c5-4af6-ba49-9f9474d2c276 None None] Matched CREATE: ChassisOVNAgentWriteEvent(events=('create', 'update'), table='Chassis_Private', conditions=None, old_conditions=None), priority=20 to row=Chassis_Private(uuid=a0dce003-f660-4728-af22-89202e3adcf6, chassis=4f5b9af8-1289-428c-b1dc-9f15828a4b94, external_ids={'neutron:ovn-bridge': 'br-int', 'neutron:ovn-neutron-agent-id': '0406b5be-29d0-504a-a1af-da66b1eee2ad', 'neutron:ovn-neutron-agent-sb-cfg': '0'}, name='f444622c-c251-4303-825e-9a9afc7c7cfb', nb_cfg=0, nb_cfg_timestamp=0) old= {{(pid=87836) matches /opt/stack/data/venv/lib/python3.12/site-packages/ovsdbapp/backend/ovs_idl/event.py:55}}
Aug 04 07:10:41.166386 np0000006386 devstack@neutron-api.service[87836]: DEBUG neutron.plugins.ml2.drivers.ovn.mech_driver.ovsdb.ovsdb_monitor [None req-589c8e5e-d9c5-4af6-ba49-9f9474d2c276 None None] Hash Ring: Node 21004689bfe9574e89ffb9ab46acc29c (host: np0000006386) handling event "create" for row a0dce003-f660-4728-af22-89202e3adcf6 (table: Chassis_Private) {{(pid=87836) notify /opt/stack/neutron/neutron/plugins/ml2/drivers/ovn/mech_driver/ovsdb/ovsdb_monitor.py:1099}}
Aug 04 07:10:41.166386 np0000006386 devstack@neutron-api.service[87836]: DEBUG neutron.plugins.ml2.drivers.ovn.mech_driver.ovsdb.ovsdb_monitor [None req-589c8e5e-d9c5-4af6-ba49-9f9474d2c276 None None] Hash Ring: Node 21004689bfe9574e89ffb9ab46acc29c (host: np0000006386) handling event "create" for row 61ea07ae-f36c-4bcc-99db-a23c380e9d6b (table: Encap) {{(pid=87836) notify /opt/stack/neutron/neutron/plugins/ml2/drivers/ovn/mech_driver/ovsdb/ovsdb_monitor.py:1099}}
Aug 04 07:10:41.171014 np0000006386 devstack@neutron-api.service[87836]: INFO neutron.plugins.ml2.drivers.ovn.mech_driver.mech_driver [None req-589c8e5e-d9c5-4af6-ba49-9f9474d2c276 None None] WorkerService process has finished the post initialization
Aug 04 07:10:41.171014 np0000006386 devstack@neutron-api.service[87836]: DEBUG oslo_concurrency.processutils [None req-589c8e5e-d9c5-4af6-ba49-9f9474d2c276 None None] Running cmd (subprocess): ovsdb-client transact ssl:10.4.3.89:6641 --timeout 180 -p /opt/stack/data/CA/int-ca/private/devstack-cert.key -c /opt/stack/data/CA/int-ca/devstack-cert.crt -C /opt/stack/data/CA/int-ca/ca-chain.pem ["OVN_Northbound", {"op": "wait", "timeout": 0, "table": "Port_Group", "where": [["name", "==", "pvlan_pg_drop"]], "until": "==", "rows": []}, {"op": "insert", "table": "ACL", "row": {"action": "drop", "direction": "to-lport", "match": "outport == @pvlan_pg_drop && ip", "priority": 1010}, "uuid-name": "pvlandroptoport"}, {"op": "insert", "table": "ACL", "row": {"action": "drop", "direction": "from-lport", "match": "inport == @pvlan_pg_drop && ip", "priority": 1010}, "uuid-name": "pvlandropfromport"}, {"op": "insert", "table": "Port_Group", "row": {"name": "pvlan_pg_drop", "acls": ["set", [["named-uuid", "pvlandroptoport"], ["named-uuid", "pvlandropfromport"]]]}}] {{(pid=87836) execute /opt/stack/data/venv/lib/python3.12/site-packages/oslo_concurrency/processutils.py:440}}
Aug 04 07:10:41.174915 np0000006386 devstack@neutron-api.service[87837]: DEBUG oslo_concurrency.processutils [None req-f81e4227-aaeb-4a6b-9546-1dd1077a2546 None None] CMD "ovsdb-client transact ssl:10.4.3.89:6641 --timeout 180 -p /opt/stack/data/CA/int-ca/private/devstack-cert.key -c /opt/stack/data/CA/int-ca/devstack-cert.crt -C /opt/stack/data/CA/int-ca/ca-chain.pem ["OVN_Northbound", {"op": "wait", "timeout": 0, "table": "Port_Group", "where": [["name", "==", "pvlan_pg_drop"]], "until": "==", "rows": []}, {"op": "insert", "table": "ACL", "row": {"action": "drop", "direction": "to-lport", "match": "outport == @pvlan_pg_drop && ip", "priority": 1010}, "uuid-name": "pvlandroptoport"}, {"op": "insert", "table": "ACL", "row": {"action": "drop", "direction": "from-lport", "match": "inport == @pvlan_pg_drop && ip", "priority": 1010}, "uuid-name": "pvlandropfromport"}, {"op": "insert", "table": "Port_Group", "row": {"name": "pvlan_pg_drop", "acls": ["set", [["named-uuid", "pvlandroptoport"], ["named-uuid", "pvlandropfromport"]]]}}]" returned: 0 in 0.029s {{(pid=87837) execute /opt/stack/data/venv/lib/python3.12/site-packages/oslo_concurrency/processutils.py:468}}
Aug 04 07:10:41.176813 np0000006386 devstack@neutron-api.service[87837]: WSGI app 0 (mountpoint='') ready in 7 seconds on interpreter 0x77b8362a4668 pid: 87837 (default app)
Aug 04 07:10:41.193270 np0000006386 devstack@neutron-api.service[87836]: DEBUG oslo_concurrency.processutils [None req-589c8e5e-d9c5-4af6-ba49-9f9474d2c276 None None] CMD "ovsdb-client transact ssl:10.4.3.89:6641 --timeout 180 -p /opt/stack/data/CA/int-ca/private/devstack-cert.key -c /opt/stack/data/CA/int-ca/devstack-cert.crt -C /opt/stack/data/CA/int-ca/ca-chain.pem ["OVN_Northbound", {"op": "wait", "timeout": 0, "table": "Port_Group", "where": [["name", "==", "pvlan_pg_drop"]], "until": "==", "rows": []}, {"op": "insert", "table": "ACL", "row": {"action": "drop", "direction": "to-lport", "match": "outport == @pvlan_pg_drop && ip", "priority": 1010}, "uuid-name": "pvlandroptoport"}, {"op": "insert", "table": "ACL", "row": {"action": "drop", "direction": "from-lport", "match": "inport == @pvlan_pg_drop && ip", "priority": 1010}, "uuid-name": "pvlandropfromport"}, {"op": "insert", "table": "Port_Group", "row": {"name": "pvlan_pg_drop", "acls": ["set", [["named-uuid", "pvlandroptoport"], ["named-uuid", "pvlandropfromport"]]]}}]" returned: 0 in 0.025s {{(pid=87836) execute /opt/stack/data/venv/lib/python3.12/site-packages/oslo_concurrency/processutils.py:468}}
Aug 04 07:10:41.195242 np0000006386 devstack@neutron-api.service[87836]: WSGI app 0 (mountpoint='') ready in 7 seconds on interpreter 0x77b8362a4668 pid: 87836 (default app)
Aug 04 07:10:41.871887 np0000006386 devstack@neutron-api.service[87837]: DEBUG neutron.plugins.ml2.drivers.ovn.mech_driver.ovsdb.ovsdb_monitor [-] Hash Ring: Node 8cde632a42d75eda80ee5d64c59371ba (host: np0000006386) handling event "update" for row e519c004-9b69-48d3-bf47-80e8524fb5f6 (table: Connection) {{(pid=87837) notify /opt/stack/neutron/neutron/plugins/ml2/drivers/ovn/mech_driver/ovsdb/ovsdb_monitor.py:1099}}
Aug 04 07:10:41.874488 np0000006386 devstack@neutron-api.service[87838]: DEBUG neutron.common.ovn.hash_ring_manager [-] Allow caching, nodes 3>=3 {{(pid=87838) _wait_startup_before_caching /opt/stack/neutron/neutron/common/ovn/hash_ring_manager.py:71}}
Aug 04 07:10:41.874488 np0000006386 devstack@neutron-api.service[87838]: DEBUG neutron.plugins.ml2.drivers.ovn.mech_driver.ovsdb.ovsdb_monitor [-] Hash Ring: Node 2e713d80865b56a49b10c84c0d9eeeb6 (host: np0000006386) handling event "update" for row e519c004-9b69-48d3-bf47-80e8524fb5f6 (table: Connection) {{(pid=87838) notify /opt/stack/neutron/neutron/plugins/ml2/drivers/ovn/mech_driver/ovsdb/ovsdb_monitor.py:1099}}
Aug 04 07:10:44.379195 np0000006386 devstack@neutron-api.service[87838]: DEBUG neutron.plugins.ml2.drivers.ovn.mech_driver.ovsdb.ovsdb_monitor [-] Hash Ring: Node 2e713d80865b56a49b10c84c0d9eeeb6 (host: np0000006386) handling event "update" for row e519c004-9b69-48d3-bf47-80e8524fb5f6 (table: Connection) {{(pid=87838) notify /opt/stack/neutron/neutron/plugins/ml2/drivers/ovn/mech_driver/ovsdb/ovsdb_monitor.py:1099}}
Aug 04 07:10:44.379934 np0000006386 devstack@neutron-api.service[87837]: DEBUG neutron.plugins.ml2.drivers.ovn.mech_driver.ovsdb.ovsdb_monitor [-] Hash Ring: Node 8cde632a42d75eda80ee5d64c59371ba (host: np0000006386) handling event "update" for row e519c004-9b69-48d3-bf47-80e8524fb5f6 (table: Connection) {{(pid=87837) notify /opt/stack/neutron/neutron/plugins/ml2/drivers/ovn/mech_driver/ovsdb/ovsdb_monitor.py:1099}}
Aug 04 07:10:45.002113 np0000006386 devstack@neutron-api.service[87838]: DEBUG neutron.api.wsgi [None req-8d849856-4fa7-4ee4-bc00-0b61665e5ce1 admin admin] Missing Content-Type {{(pid=87838) get_content_type /opt/stack/neutron/neutron/api/wsgi.py:80}}
Aug 04 07:10:45.002592 np0000006386 devstack@neutron-api.service[87838]: DEBUG neutron.api.wsgi [None req-8d849856-4fa7-4ee4-bc00-0b61665e5ce1 admin admin] https://10.4.3.89/networking/v2.0/extensions returned with HTTP 200 {{(pid=87838) __call__ /opt/stack/neutron/neutron/api/wsgi.py:540}}
Aug 04 07:10:45.002965 np0000006386 devstack@neutron-api.service[87838]: [pid: 87838|app: 0|req: 2/2] 10.4.3.89 () {64 vars in 1285 bytes} [Tue Aug 4 07:10:44 2026] GET /networking/v2.0/extensions => generated 16171 bytes in 569 msecs (HTTP/1.1 200) 4 headers in 159 bytes (1 switches on core 0)
Aug 04 07:10:45.365449 np0000006386 devstack@neutron-api.service[87837]: DEBUG neutron.api.v2.base [None req-e05fbbd5-3d51-4d2e-83dd-4f8b5a172940 admin admin] Request body: {'subnetpool': {'prefixes': ['10.1.0.0/20'], 'default_prefixlen': 26, 'shared': True, 'is_default': True, 'name': 'shared-default-subnetpool-v4'}} {{(pid=87837) prepare_request_body /opt/stack/neutron/neutron/api/v2/base.py:727}}
Aug 04 07:10:45.568294 np0000006386 devstack@neutron-api.service[87837]: DEBUG neutron.policy [None req-e05fbbd5-3d51-4d2e-83dd-4f8b5a172940 admin admin] Loaded default policies from ['neutron'] under neutron.policies entry points {{(pid=87837) register_rules /opt/stack/neutron/neutron/policy.py:65}}
Aug 04 07:10:45.705911 np0000006386 devstack@neutron-api.service[87837]: DEBUG neutron_lib.callbacks.manager [None req-e05fbbd5-3d51-4d2e-83dd-4f8b5a172940 admin admin] Publish callbacks ['neutron.objects.securitygroup.RbacNeutronDbObjectMixin.validate_rbac_policy_change-1639341527632', 'neutron.objects.address_group.RbacNeutronDbObjectMixin.validate_rbac_policy_change-1639341452034', 'neutron.objects.network.RbacNeutronDbObjectMixin.validate_rbac_policy_change-1639341846997', 'neutron.objects.qos.policy.RbacNeutronDbObjectMixin.validate_rbac_policy_change-1639341825170', 'neutron.objects.subnetpool.RbacNeutronDbObjectMixin.validate_rbac_policy_change-1639341852458', 'neutron.objects.address_scope.RbacNeutronDbObjectMixin.validate_rbac_policy_change-1639341882754', 'neutron.plugins.ml2.plugin.External_net_db_mixin._process_ext_policy_create-442327', 'neutron.plugins.ml2.plugin.NeutronDbPluginV2.validate_network_rbac_policy_change-411583'] for rbac-policy (None), before_create {{(pid=87837) _notify_loop /opt/stack/data/venv/lib/python3.12/site-packages/neutron_lib/callbacks/manager.py:184}}
Aug 04 07:10:45.744635 np0000006386 devstack@neutron-api.service[87837]: DEBUG neutron_lib.callbacks.manager [None req-e05fbbd5-3d51-4d2e-83dd-4f8b5a172940 admin admin] Publish callbacks [] for subnetpool (None), before_response {{(pid=87837) _notify_loop /opt/stack/data/venv/lib/python3.12/site-packages/neutron_lib/callbacks/manager.py:184}}
Aug 04 07:10:45.745314 np0000006386 devstack@neutron-api.service[87837]: [pid: 87837|app: 0|req: 1/3] 10.4.3.89 () {68 vars in 1329 bytes} [Tue Aug 4 07:10:45 2026] POST /networking/v2.0/subnetpools => generated 533 bytes in 472 msecs (HTTP/1.1 201) 4 headers in 162 bytes (1 switches on core 0)
Aug 04 07:10:46.050633 np0000006386 devstack@neutron-api.service[87836]: DEBUG neutron.api.v2.base [None req-04855c11-74ca-49b6-9629-96e07647da25 admin admin] Request body: {'subnetpool': {'prefixes': ['fdc7:a3e3:a847::/56'], 'default_prefixlen': 64, 'shared': True, 'is_default': True, 'name': 'shared-default-subnetpool-v6'}} {{(pid=87836) prepare_request_body /opt/stack/neutron/neutron/api/v2/base.py:727}}
Aug 04 07:10:46.206341 np0000006386 devstack@neutron-api.service[87836]: DEBUG neutron.policy [None req-04855c11-74ca-49b6-9629-96e07647da25 admin admin] Loaded default policies from ['neutron'] under neutron.policies entry points {{(pid=87836) register_rules /opt/stack/neutron/neutron/policy.py:65}}
Aug 04 07:10:46.348233 np0000006386 devstack@neutron-api.service[87836]: DEBUG neutron_lib.callbacks.manager [None req-04855c11-74ca-49b6-9629-96e07647da25 admin admin] Publish callbacks ['neutron.objects.securitygroup.RbacNeutronDbObjectMixin.validate_rbac_policy_change-1639341527585', 'neutron.objects.address_group.RbacNeutronDbObjectMixin.validate_rbac_policy_change-1639341452207', 'neutron.objects.network.RbacNeutronDbObjectMixin.validate_rbac_policy_change-1639341848892', 'neutron.objects.qos.policy.RbacNeutronDbObjectMixin.validate_rbac_policy_change-1639341829556', 'neutron.objects.subnetpool.RbacNeutronDbObjectMixin.validate_rbac_policy_change-1639341877307', 'neutron.objects.address_scope.RbacNeutronDbObjectMixin.validate_rbac_policy_change-1639341880632', 'neutron.plugins.ml2.plugin.External_net_db_mixin._process_ext_policy_create-100460', 'neutron.plugins.ml2.plugin.NeutronDbPluginV2.validate_network_rbac_policy_change-97284'] for rbac-policy (None), before_create {{(pid=87836) _notify_loop /opt/stack/data/venv/lib/python3.12/site-packages/neutron_lib/callbacks/manager.py:184}}
Aug 04 07:10:46.385125 np0000006386 devstack@neutron-api.service[87836]: DEBUG neutron_lib.callbacks.manager [None req-04855c11-74ca-49b6-9629-96e07647da25 admin admin] Publish callbacks [] for subnetpool (None), before_response {{(pid=87836) _notify_loop /opt/stack/data/venv/lib/python3.12/site-packages/neutron_lib/callbacks/manager.py:184}}
Aug 04 07:10:46.385620 np0000006386 devstack@neutron-api.service[87836]: [pid: 87836|app: 0|req: 1/4] 10.4.3.89 () {68 vars in 1329 bytes} [Tue Aug 4 07:10:45 2026] POST /networking/v2.0/subnetpools => generated 543 bytes in 428 msecs (HTTP/1.1 201) 4 headers in 162 bytes (1 switches on core 0)
Aug 04 07:10:46.606014 np0000006386 devstack@neutron-api.service[87838]: DEBUG neutron.api.v2.base [None req-d6cb6a39-7548-423d-bc33-9990e890fea0 admin admin] Request body: {'network': {'name': 'private', 'admin_state_up': True}} {{(pid=87838) prepare_request_body /opt/stack/neutron/neutron/api/v2/base.py:727}}
Aug 04 07:10:46.632122 np0000006386 devstack@neutron-api.service[87838]: DEBUG neutron.pecan_wsgi.hooks.quota_enforcement [None req-d6cb6a39-7548-423d-bc33-9990e890fea0 admin admin] Made reservation on behalf of ea64b50610ed4b198cd741ee1b8d18cc for: {'network': 1} {{(pid=87838) before /opt/stack/neutron/neutron/pecan_wsgi/hooks/quota_enforcement.py:66}}
Aug 04 07:10:46.778380 np0000006386 devstack@neutron-api.service[87838]: DEBUG neutron.policy [None req-d6cb6a39-7548-423d-bc33-9990e890fea0 admin admin] Loaded default policies from ['neutron'] under neutron.policies entry points {{(pid=87838) register_rules /opt/stack/neutron/neutron/policy.py:65}}
Aug 04 07:10:46.860251 np0000006386 devstack@neutron-api.service[87838]: DEBUG neutron_lib.callbacks.manager [None req-d6cb6a39-7548-423d-bc33-9990e890fea0 admin admin] Publish callbacks ['neutron.plugins.ml2.plugin.SecurityGroupDbMixin._ensure_default_security_group_handler-327997'] for network (None), before_create {{(pid=87838) _notify_loop /opt/stack/data/venv/lib/python3.12/site-packages/neutron_lib/callbacks/manager.py:184}}
Aug 04 07:10:46.877889 np0000006386 devstack@neutron-api.service[87838]: DEBUG neutron_lib.callbacks.manager [None req-d6cb6a39-7548-423d-bc33-9990e890fea0 admin admin] Publish callbacks [] for security_group (None), before_create {{(pid=87838) _notify_loop /opt/stack/data/venv/lib/python3.12/site-packages/neutron_lib/callbacks/manager.py:184}}
Aug 04 07:10:46.985243 np0000006386 devstack@neutron-api.service[87838]: DEBUG neutron_lib.callbacks.manager [None req-d6cb6a39-7548-423d-bc33-9990e890fea0 admin admin] Publish callbacks ['neutron.plugins.ml2.drivers.ovn.mech_driver.mech_driver.OVNMechanismDriver._create_security_group_precommit-2024919'] for security_group (42eef14e-0be6-4d5b-baa9-da392f7aa7e4), precommit_create {{(pid=87838) _notify_loop /opt/stack/data/venv/lib/python3.12/site-packages/neutron_lib/callbacks/manager.py:184}}
Aug 04 07:10:46.985471 np0000006386 devstack@neutron-api.service[87838]: DEBUG neutron.db.ovn_revision_numbers_db [None req-d6cb6a39-7548-423d-bc33-9990e890fea0 admin admin] create_initial_revision uuid=42eef14e-0be6-4d5b-baa9-da392f7aa7e4, type=security_groups, rev=-1 {{(pid=87838) create_initial_revision /opt/stack/neutron/neutron/db/ovn_revision_numbers_db.py:98}}
Aug 04 07:10:46.987730 np0000006386 devstack@neutron-api.service[87838]: DEBUG neutron.db.ovn_revision_numbers_db [None req-d6cb6a39-7548-423d-bc33-9990e890fea0 admin admin] create_initial_revision uuid=134026e2-eaf8-4578-90cf-53a5da83b156, type=security_group_rules, rev=-1 {{(pid=87838) create_initial_revision /opt/stack/neutron/neutron/db/ovn_revision_numbers_db.py:98}}
Aug 04 07:10:46.988687 np0000006386 devstack@neutron-api.service[87838]: DEBUG neutron.db.ovn_revision_numbers_db [None req-d6cb6a39-7548-423d-bc33-9990e890fea0 admin admin] create_initial_revision uuid=1c4b2715-4b3e-4c14-ae31-bbeea03a7bf7, type=security_group_rules, rev=-1 {{(pid=87838) create_initial_revision /opt/stack/neutron/neutron/db/ovn_revision_numbers_db.py:98}}
Aug 04 07:10:46.989520 np0000006386 devstack@neutron-api.service[87838]: DEBUG neutron.db.ovn_revision_numbers_db [None req-d6cb6a39-7548-423d-bc33-9990e890fea0 admin admin] create_initial_revision uuid=8515e347-8d1f-45d6-9ec0-2514f387c671, type=security_group_rules, rev=-1 {{(pid=87838) create_initial_revision /opt/stack/neutron/neutron/db/ovn_revision_numbers_db.py:98}}
Aug 04 07:10:46.990350 np0000006386 devstack@neutron-api.service[87838]: DEBUG neutron.db.ovn_revision_numbers_db [None req-d6cb6a39-7548-423d-bc33-9990e890fea0 admin admin] create_initial_revision uuid=de7ce3ac-a461-4349-9556-9b4a26364ef3, type=security_group_rules, rev=-1 {{(pid=87838) create_initial_revision /opt/stack/neutron/neutron/db/ovn_revision_numbers_db.py:98}}
Aug 04 07:10:46.995712 np0000006386 devstack@neutron-api.service[87838]: DEBUG neutron_lib.callbacks.manager [None req-d6cb6a39-7548-423d-bc33-9990e890fea0 admin admin] Publish callbacks ['neutron.plugins.ml2.drivers.ovn.mech_driver.mech_driver.OVNMechanismDriver._create_security_group-2024925', 'neutron.plugins.ml2.ovo_rpc._ObjectChangeHandler.handle_event-1519124'] for security_group (42eef14e-0be6-4d5b-baa9-da392f7aa7e4), after_create {{(pid=87838) _notify_loop /opt/stack/data/venv/lib/python3.12/site-packages/neutron_lib/callbacks/manager.py:184}}
Aug 04 07:10:46.996612 np0000006386 devstack@neutron-api.service[87838]: DEBUG ovsdbapp.backend.ovs_idl.transaction [-] Running txn n=1 command(idx=0): PgAddCommand(_result=None, name=pg_42eef14e_0be6_4d5b_baa9_da392f7aa7e4, may_exist=False, columns={'acls': [], 'external_ids': {'neutron:security_group_id': '42eef14e-0be6-4d5b-baa9-da392f7aa7e4'}}) {{(pid=87838) do_commit /opt/stack/data/venv/lib/python3.12/site-packages/ovsdbapp/backend/ovs_idl/transaction.py:89}}
Aug 04 07:10:46.997935 np0000006386 devstack@neutron-api.service[87838]: DEBUG ovsdbapp.backend.ovs_idl.transaction [-] Running txn n=1 command(idx=1): PgAclAddCommand(_result=None, entity=pg_42eef14e_0be6_4d5b_baa9_da392f7aa7e4, direction=from-lport, priority=1002, match=inport == @pg_42eef14e_0be6_4d5b_baa9_da392f7aa7e4 && ip6, action=allow-related, log=False, may_exist=True, severity=[], name=[], meter=[], external_ids={'neutron:security_group_rule_id': '134026e2-eaf8-4578-90cf-53a5da83b156'}) {{(pid=87838) do_commit /opt/stack/data/venv/lib/python3.12/site-packages/ovsdbapp/backend/ovs_idl/transaction.py:89}}
Aug 04 07:10:46.998385 np0000006386 devstack@neutron-api.service[87838]: DEBUG ovsdbapp.backend.ovs_idl.transaction [-] Running txn n=1 command(idx=2): PgAclAddCommand(_result=None, entity=pg_42eef14e_0be6_4d5b_baa9_da392f7aa7e4, direction=to-lport, priority=1002, match=outport == @pg_42eef14e_0be6_4d5b_baa9_da392f7aa7e4 && ip4 && ip4.src == $pg_42eef14e_0be6_4d5b_baa9_da392f7aa7e4_ip4, action=allow-related, log=False, may_exist=True, severity=[], name=[], meter=[], external_ids={'neutron:security_group_rule_id': '1c4b2715-4b3e-4c14-ae31-bbeea03a7bf7'}) {{(pid=87838) do_commit /opt/stack/data/venv/lib/python3.12/site-packages/ovsdbapp/backend/ovs_idl/transaction.py:89}}
Aug 04 07:10:46.998862 np0000006386 devstack@neutron-api.service[87838]: DEBUG ovsdbapp.backend.ovs_idl.transaction [-] Running txn n=1 command(idx=3): PgAclAddCommand(_result=None, entity=pg_42eef14e_0be6_4d5b_baa9_da392f7aa7e4, direction=from-lport, priority=1002, match=inport == @pg_42eef14e_0be6_4d5b_baa9_da392f7aa7e4 && ip4, action=allow-related, log=False, may_exist=True, severity=[], name=[], meter=[], external_ids={'neutron:security_group_rule_id': '8515e347-8d1f-45d6-9ec0-2514f387c671'}) {{(pid=87838) do_commit /opt/stack/data/venv/lib/python3.12/site-packages/ovsdbapp/backend/ovs_idl/transaction.py:89}}
Aug 04 07:10:46.999184 np0000006386 devstack@neutron-api.service[87838]: DEBUG ovsdbapp.backend.ovs_idl.transaction [-] Running txn n=1 command(idx=4): PgAclAddCommand(_result=None, entity=pg_42eef14e_0be6_4d5b_baa9_da392f7aa7e4, direction=to-lport, priority=1002, match=outport == @pg_42eef14e_0be6_4d5b_baa9_da392f7aa7e4 && ip6 && ip6.src == $pg_42eef14e_0be6_4d5b_baa9_da392f7aa7e4_ip6, action=allow-related, log=False, may_exist=True, severity=[], name=[], meter=[], external_ids={'neutron:security_group_rule_id': 'de7ce3ac-a461-4349-9556-9b4a26364ef3'}) {{(pid=87838) do_commit /opt/stack/data/venv/lib/python3.12/site-packages/ovsdbapp/backend/ovs_idl/transaction.py:89}}
Aug 04 07:10:47.013059 np0000006386 devstack@neutron-api.service[87838]: DEBUG neutron.plugins.ml2.drivers.ovn.mech_driver.ovsdb.ovsdb_monitor [-] Hash Ring: Node 2e713d80865b56a49b10c84c0d9eeeb6 (host: np0000006386) handling event "create" for row 303f0541-695b-4e48-a779-f9d8451be962 (table: ACL) {{(pid=87838) notify /opt/stack/neutron/neutron/plugins/ml2/drivers/ovn/mech_driver/ovsdb/ovsdb_monitor.py:1099}}
Aug 04 07:10:47.013226 np0000006386 devstack@neutron-api.service[87838]: DEBUG neutron.plugins.ml2.drivers.ovn.mech_driver.ovsdb.ovsdb_monitor [-] Hash Ring: Node 2e713d80865b56a49b10c84c0d9eeeb6 (host: np0000006386) handling event "create" for row 34bfe4e3-1153-4edd-b140-89a844969d8a (table: ACL) {{(pid=87838) notify /opt/stack/neutron/neutron/plugins/ml2/drivers/ovn/mech_driver/ovsdb/ovsdb_monitor.py:1099}}
Aug 04 07:10:47.013329 np0000006386 devstack@neutron-api.service[87837]: DEBUG neutron.plugins.ml2.drivers.ovn.mech_driver.ovsdb.ovsdb_monitor [-] Hash Ring: Node 8cde632a42d75eda80ee5d64c59371ba (host: np0000006386) handling event "create" for row b2a4103e-2c18-45c0-b1a1-18c8ff7f68fb (table: ACL) {{(pid=87837) notify /opt/stack/neutron/neutron/plugins/ml2/drivers/ovn/mech_driver/ovsdb/ovsdb_monitor.py:1099}}
Aug 04 07:10:47.013731 np0000006386 devstack@neutron-api.service[87838]: DEBUG neutron.plugins.ml2.drivers.ovn.mech_driver.ovsdb.ovsdb_monitor [-] Hash Ring: Node 2e713d80865b56a49b10c84c0d9eeeb6 (host: np0000006386) handling event "create" for row b2a4103e-2c18-45c0-b1a1-18c8ff7f68fb (table: ACL) {{(pid=87838) notify /opt/stack/neutron/neutron/plugins/ml2/drivers/ovn/mech_driver/ovsdb/ovsdb_monitor.py:1099}}
Aug 04 07:10:47.013731 np0000006386 devstack@neutron-api.service[87838]: DEBUG neutron.plugins.ml2.drivers.ovn.mech_driver.ovsdb.ovsdb_monitor [-] Hash Ring: Node 2e713d80865b56a49b10c84c0d9eeeb6 (host: np0000006386) handling event "create" for row ee669806-6d4c-4088-b641-2ff9f529743f (table: ACL) {{(pid=87838) notify /opt/stack/neutron/neutron/plugins/ml2/drivers/ovn/mech_driver/ovsdb/ovsdb_monitor.py:1099}}
Aug 04 07:10:47.013731 np0000006386 devstack@neutron-api.service[87838]: DEBUG neutron.plugins.ml2.drivers.ovn.mech_driver.ovsdb.ovsdb_monitor [-] Hash Ring: Node 2e713d80865b56a49b10c84c0d9eeeb6 (host: np0000006386) handling event "create" for row b32000c0-f15c-41f4-8fb7-aedcc2104c81 (table: Port_Group) {{(pid=87838) notify /opt/stack/neutron/neutron/plugins/ml2/drivers/ovn/mech_driver/ovsdb/ovsdb_monitor.py:1099}}
Aug 04 07:10:47.014358 np0000006386 devstack@neutron-api.service[87836]: DEBUG neutron.plugins.ml2.drivers.ovn.mech_driver.ovsdb.ovsdb_monitor [-] Hash Ring: Node 21004689bfe9574e89ffb9ab46acc29c (host: np0000006386) handling event "create" for row 303f0541-695b-4e48-a779-f9d8451be962 (table: ACL) {{(pid=87836) notify /opt/stack/neutron/neutron/plugins/ml2/drivers/ovn/mech_driver/ovsdb/ovsdb_monitor.py:1099}}
Aug 04 07:10:47.014531 np0000006386 devstack@neutron-api.service[87836]: DEBUG neutron.plugins.ml2.drivers.ovn.mech_driver.ovsdb.ovsdb_monitor [-] Hash Ring: Node 21004689bfe9574e89ffb9ab46acc29c (host: np0000006386) handling event "create" for row 34bfe4e3-1153-4edd-b140-89a844969d8a (table: ACL) {{(pid=87836) notify /opt/stack/neutron/neutron/plugins/ml2/drivers/ovn/mech_driver/ovsdb/ovsdb_monitor.py:1099}}
Aug 04 07:10:47.014749 np0000006386 devstack@neutron-api.service[87836]: DEBUG neutron.plugins.ml2.drivers.ovn.mech_driver.ovsdb.ovsdb_monitor [-] Hash Ring: Node 21004689bfe9574e89ffb9ab46acc29c (host: np0000006386) handling event "create" for row b32000c0-f15c-41f4-8fb7-aedcc2104c81 (table: Port_Group) {{(pid=87836) notify /opt/stack/neutron/neutron/plugins/ml2/drivers/ovn/mech_driver/ovsdb/ovsdb_monitor.py:1099}}
Aug 04 07:10:47.036039 np0000006386 devstack@neutron-api.service[87838]: INFO neutron.db.ovn_revision_numbers_db [None req-d6cb6a39-7548-423d-bc33-9990e890fea0 admin admin] Successfully bumped revision number for resource 42eef14e-0be6-4d5b-baa9-da392f7aa7e4 (type: security_groups) to 1
Aug 04 07:10:47.052158 np0000006386 devstack@neutron-api.service[87838]: INFO neutron.db.ovn_revision_numbers_db [None req-d6cb6a39-7548-423d-bc33-9990e890fea0 admin admin] Successfully bumped revision number for resource 134026e2-eaf8-4578-90cf-53a5da83b156 (type: security_group_rules) to 0
Aug 04 07:10:47.066727 np0000006386 devstack@neutron-api.service[87838]: INFO neutron.db.ovn_revision_numbers_db [None req-d6cb6a39-7548-423d-bc33-9990e890fea0 admin admin] Successfully bumped revision number for resource 1c4b2715-4b3e-4c14-ae31-bbeea03a7bf7 (type: security_group_rules) to 0
Aug 04 07:10:47.079098 np0000006386 devstack@neutron-api.service[87838]: INFO neutron.db.ovn_revision_numbers_db [None req-d6cb6a39-7548-423d-bc33-9990e890fea0 admin admin] Successfully bumped revision number for resource 8515e347-8d1f-45d6-9ec0-2514f387c671 (type: security_group_rules) to 0
Aug 04 07:10:47.087692 np0000006386 devstack@neutron-api.service[87838]: INFO neutron.db.ovn_revision_numbers_db [None req-d6cb6a39-7548-423d-bc33-9990e890fea0 admin admin] Successfully bumped revision number for resource de7ce3ac-a461-4349-9556-9b4a26364ef3 (type: security_group_rules) to 0
Aug 04 07:10:47.107126 np0000006386 devstack@neutron-api.service[87838]: DEBUG neutron.api.rpc.handlers.resources_rpc [None req-d6cb6a39-7548-423d-bc33-9990e890fea0 admin admin] Pushing event updated for resources: {'SecurityGroup': ['ID=42eef14e-0be6-4d5b-baa9-da392f7aa7e4,revision_number=1']} {{(pid=87838) push /opt/stack/neutron/neutron/api/rpc/handlers/resources_rpc.py:237}}
Aug 04 07:10:47.112773 np0000006386 devstack@neutron-api.service[87838]: DEBUG ovsdbapp.backend.ovs_idl.transaction [-] Running txn n=1 command(idx=0): CheckLivenessCommand(_result=None) {{(pid=87838) do_commit /opt/stack/data/venv/lib/python3.12/site-packages/ovsdbapp/backend/ovs_idl/transaction.py:89}}
Aug 04 07:10:47.114725 np0000006386 devstack@neutron-api.service[87838]: DEBUG neutron.plugins.ml2.drivers.ovn.mech_driver.ovsdb.ovsdb_monitor [-] Hash Ring: Node 2e713d80865b56a49b10c84c0d9eeeb6 (host: np0000006386) handling event "update" for row 85cc7077-adf5-4ce2-9f39-adb21a88f76c (table: NB_Global) {{(pid=87838) notify /opt/stack/neutron/neutron/plugins/ml2/drivers/ovn/mech_driver/ovsdb/ovsdb_monitor.py:1099}}
Aug 04 07:10:47.115718 np0000006386 devstack@neutron-api.service[87837]: DEBUG neutron.plugins.ml2.drivers.ovn.mech_driver.ovsdb.ovsdb_monitor [-] Hash Ring: Node 8cde632a42d75eda80ee5d64c59371ba (host: np0000006386) handling event "update" for row 85cc7077-adf5-4ce2-9f39-adb21a88f76c (table: NB_Global) {{(pid=87837) notify /opt/stack/neutron/neutron/plugins/ml2/drivers/ovn/mech_driver/ovsdb/ovsdb_monitor.py:1099}}
Aug 04 07:10:47.116264 np0000006386 devstack@neutron-api.service[87838]: DEBUG neutron.plugins.ml2.drivers.ovn.mech_driver.ovsdb.ovsdb_monitor [-] Hash Ring: Node 2e713d80865b56a49b10c84c0d9eeeb6 (host: np0000006386) handling event "update" for row 85cc7077-adf5-4ce2-9f39-adb21a88f76c (table: NB_Global) {{(pid=87838) notify /opt/stack/neutron/neutron/plugins/ml2/drivers/ovn/mech_driver/ovsdb/ovsdb_monitor.py:1099}}
Aug 04 07:10:47.117407 np0000006386 devstack@neutron-api.service[87837]: DEBUG neutron.plugins.ml2.drivers.ovn.mech_driver.ovsdb.ovsdb_monitor [-] Hash Ring: Node 8cde632a42d75eda80ee5d64c59371ba (host: np0000006386) handling event "update" for row 85cc7077-adf5-4ce2-9f39-adb21a88f76c (table: NB_Global) {{(pid=87837) notify /opt/stack/neutron/neutron/plugins/ml2/drivers/ovn/mech_driver/ovsdb/ovsdb_monitor.py:1099}}
Aug 04 07:10:47.118108 np0000006386 devstack@neutron-api.service[87837]: DEBUG neutron.plugins.ml2.drivers.ovn.mech_driver.ovsdb.ovsdb_monitor [-] Hash Ring: Node 8cde632a42d75eda80ee5d64c59371ba (host: np0000006386) handling event "update" for row 85cc7077-adf5-4ce2-9f39-adb21a88f76c (table: NB_Global) {{(pid=87837) notify /opt/stack/neutron/neutron/plugins/ml2/drivers/ovn/mech_driver/ovsdb/ovsdb_monitor.py:1099}}
Aug 04 07:10:47.118178 np0000006386 devstack@neutron-api.service[87838]: DEBUG ovsdbapp.backend.ovs_idl.event [-] Matched UPDATE: ChassisAgentWriteEvent(events=('create', 'update'), table='Chassis_Private', conditions=None, old_conditions=None), priority=20 to row=Chassis_Private(uuid=a0dce003-f660-4728-af22-89202e3adcf6, chassis=4f5b9af8-1289-428c-b1dc-9f15828a4b94, external_ids={'neutron:ovn-bridge': 'br-int', 'neutron:ovn-neutron-agent-id': '0406b5be-29d0-504a-a1af-da66b1eee2ad', 'neutron:ovn-neutron-agent-sb-cfg': '0'}, name='f444622c-c251-4303-825e-9a9afc7c7cfb', nb_cfg=1, nb_cfg_timestamp=1785827447116) old=Chassis_Private(uuid=a0dce003-f660-4728-af22-89202e3adcf6, nb_cfg=0, nb_cfg_timestamp=0) {{(pid=87838) matches /opt/stack/data/venv/lib/python3.12/site-packages/ovsdbapp/backend/ovs_idl/event.py:55}}
Aug 04 07:10:47.119247 np0000006386 devstack@neutron-api.service[87836]: DEBUG ovsdbapp.backend.ovs_idl.event [-] Matched UPDATE: ChassisAgentWriteEvent(events=('create', 'update'), table='Chassis_Private', conditions=None, old_conditions=None), priority=20 to row=Chassis_Private(uuid=a0dce003-f660-4728-af22-89202e3adcf6, chassis=4f5b9af8-1289-428c-b1dc-9f15828a4b94, external_ids={'neutron:ovn-bridge': 'br-int', 'neutron:ovn-neutron-agent-id': '0406b5be-29d0-504a-a1af-da66b1eee2ad', 'neutron:ovn-neutron-agent-sb-cfg': '0'}, name='f444622c-c251-4303-825e-9a9afc7c7cfb', nb_cfg=1, nb_cfg_timestamp=1785827447116) old=Chassis_Private(uuid=a0dce003-f660-4728-af22-89202e3adcf6, nb_cfg=0, nb_cfg_timestamp=0) {{(pid=87836) matches /opt/stack/data/venv/lib/python3.12/site-packages/ovsdbapp/backend/ovs_idl/event.py:55}}
Aug 04 07:10:47.119650 np0000006386 devstack@neutron-api.service[87836]: DEBUG neutron.plugins.ml2.drivers.ovn.mech_driver.ovsdb.ovsdb_monitor [-] Hash Ring: Node 21004689bfe9574e89ffb9ab46acc29c (host: np0000006386) handling event "update" for row a0dce003-f660-4728-af22-89202e3adcf6 (table: Chassis_Private) {{(pid=87836) notify /opt/stack/neutron/neutron/plugins/ml2/drivers/ovn/mech_driver/ovsdb/ovsdb_monitor.py:1099}}
Aug 04 07:10:47.120422 np0000006386 devstack@neutron-api.service[87838]: DEBUG neutron.plugins.ml2.drivers.ovn.mech_driver.ovsdb.ovsdb_monitor [-] Hash Ring: Node 2e713d80865b56a49b10c84c0d9eeeb6 (host: np0000006386) handling event "update" for row 85cc7077-adf5-4ce2-9f39-adb21a88f76c (table: NB_Global) {{(pid=87838) notify /opt/stack/neutron/neutron/plugins/ml2/drivers/ovn/mech_driver/ovsdb/ovsdb_monitor.py:1099}}
Aug 04 07:10:47.121743 np0000006386 devstack@neutron-api.service[87837]: DEBUG ovsdbapp.backend.ovs_idl.event [-] Matched UPDATE: ChassisAgentWriteEvent(events=('create', 'update'), table='Chassis_Private', conditions=None, old_conditions=None), priority=20 to row=Chassis_Private(uuid=a0dce003-f660-4728-af22-89202e3adcf6, chassis=4f5b9af8-1289-428c-b1dc-9f15828a4b94, external_ids={'neutron:ovn-bridge': 'br-int', 'neutron:ovn-neutron-agent-id': '0406b5be-29d0-504a-a1af-da66b1eee2ad', 'neutron:ovn-neutron-agent-sb-cfg': '0'}, name='f444622c-c251-4303-825e-9a9afc7c7cfb', nb_cfg=1, nb_cfg_timestamp=1785827447116) old=Chassis_Private(uuid=a0dce003-f660-4728-af22-89202e3adcf6, nb_cfg=0, nb_cfg_timestamp=0) {{(pid=87837) matches /opt/stack/data/venv/lib/python3.12/site-packages/ovsdbapp/backend/ovs_idl/event.py:55}}
Aug 04 07:10:47.122642 np0000006386 devstack@neutron-api.service[87838]: DEBUG neutron.plugins.ml2.drivers.ovn.mech_driver.ovsdb.ovsdb_monitor [-] Hash Ring: Node 2e713d80865b56a49b10c84c0d9eeeb6 (host: np0000006386) handling event "update" for row 85cc7077-adf5-4ce2-9f39-adb21a88f76c (table: NB_Global) {{(pid=87838) notify /opt/stack/neutron/neutron/plugins/ml2/drivers/ovn/mech_driver/ovsdb/ovsdb_monitor.py:1099}}
Aug 04 07:10:47.123546 np0000006386 devstack@neutron-api.service[87836]: DEBUG ovsdbapp.backend.ovs_idl.event [-] Matched UPDATE: ChassisOVNAgentWriteEvent(events=('create', 'update'), table='Chassis_Private', conditions=None, old_conditions=None), priority=20 to row=Chassis_Private(uuid=a0dce003-f660-4728-af22-89202e3adcf6, chassis=4f5b9af8-1289-428c-b1dc-9f15828a4b94, external_ids={'neutron:ovn-bridge': 'br-int', 'neutron:ovn-neutron-agent-id': '0406b5be-29d0-504a-a1af-da66b1eee2ad', 'neutron:ovn-neutron-agent-sb-cfg': '1'}, name='f444622c-c251-4303-825e-9a9afc7c7cfb', nb_cfg=1, nb_cfg_timestamp=1785827447116) old=Chassis_Private(uuid=a0dce003-f660-4728-af22-89202e3adcf6, external_ids={'neutron:ovn-bridge': 'br-int', 'neutron:ovn-neutron-agent-id': '0406b5be-29d0-504a-a1af-da66b1eee2ad', 'neutron:ovn-neutron-agent-sb-cfg': '0'}) {{(pid=87836) matches /opt/stack/data/venv/lib/python3.12/site-packages/ovsdbapp/backend/ovs_idl/event.py:55}}
Aug 04 07:10:47.123873 np0000006386 devstack@neutron-api.service[87837]: DEBUG ovsdbapp.backend.ovs_idl.event [-] Matched UPDATE: ChassisOVNAgentWriteEvent(events=('create', 'update'), table='Chassis_Private', conditions=None, old_conditions=None), priority=20 to row=Chassis_Private(uuid=a0dce003-f660-4728-af22-89202e3adcf6, chassis=4f5b9af8-1289-428c-b1dc-9f15828a4b94, external_ids={'neutron:ovn-bridge': 'br-int', 'neutron:ovn-neutron-agent-id': '0406b5be-29d0-504a-a1af-da66b1eee2ad', 'neutron:ovn-neutron-agent-sb-cfg': '1'}, name='f444622c-c251-4303-825e-9a9afc7c7cfb', nb_cfg=1, nb_cfg_timestamp=1785827447116) old=Chassis_Private(uuid=a0dce003-f660-4728-af22-89202e3adcf6, external_ids={'neutron:ovn-bridge': 'br-int', 'neutron:ovn-neutron-agent-id': '0406b5be-29d0-504a-a1af-da66b1eee2ad', 'neutron:ovn-neutron-agent-sb-cfg': '0'}) {{(pid=87837) matches /opt/stack/data/venv/lib/python3.12/site-packages/ovsdbapp/backend/ovs_idl/event.py:55}}
Aug 04 07:10:47.123963 np0000006386 devstack@neutron-api.service[87836]: DEBUG neutron.plugins.ml2.drivers.ovn.mech_driver.ovsdb.ovsdb_monitor [-] Hash Ring: Node 21004689bfe9574e89ffb9ab46acc29c (host: np0000006386) handling event "update" for row a0dce003-f660-4728-af22-89202e3adcf6 (table: Chassis_Private) {{(pid=87836) notify /opt/stack/neutron/neutron/plugins/ml2/drivers/ovn/mech_driver/ovsdb/ovsdb_monitor.py:1099}}
Aug 04 07:10:47.124553 np0000006386 devstack@neutron-api.service[87837]: DEBUG neutron.plugins.ml2.drivers.ovn.mech_driver.ovsdb.ovsdb_monitor [-] Hash Ring: Node 8cde632a42d75eda80ee5d64c59371ba (host: np0000006386) handling event "update" for row 85cc7077-adf5-4ce2-9f39-adb21a88f76c (table: NB_Global) {{(pid=87837) notify /opt/stack/neutron/neutron/plugins/ml2/drivers/ovn/mech_driver/ovsdb/ovsdb_monitor.py:1099}}
Aug 04 07:10:47.125486 np0000006386 devstack@neutron-api.service[87838]: DEBUG neutron.api.rpc.callbacks.version_manager [None req-d6cb6a39-7548-423d-bc33-9990e890fea0 admin admin] Tracked resource versions report:
Aug 04 07:10:47.125486 np0000006386 devstack@neutron-api.service[87838]: pushed versions:
Aug 04 07:10:47.125486 np0000006386 devstack@neutron-api.service[87838]: { 'AddressGroup': {'1.2'},
Aug 04 07:10:47.125486 np0000006386 devstack@neutron-api.service[87838]: 'Agent': {'1.1'},
Aug 04 07:10:47.125486 np0000006386 devstack@neutron-api.service[87838]: 'ConntrackHelper': {'1.0'},
Aug 04 07:10:47.125486 np0000006386 devstack@neutron-api.service[87838]: 'LocalIPAssociation': {'1.0'},
Aug 04 07:10:47.125486 np0000006386 devstack@neutron-api.service[87838]: 'Log': {'1.0'},
Aug 04 07:10:47.125486 np0000006386 devstack@neutron-api.service[87838]: 'NDPProxy': {'1.0'},
Aug 04 07:10:47.125486 np0000006386 devstack@neutron-api.service[87838]: 'Network': {'1.3'},
Aug 04 07:10:47.125486 np0000006386 devstack@neutron-api.service[87838]: 'Port': {'1.11'},
Aug 04 07:10:47.125486 np0000006386 devstack@neutron-api.service[87838]: 'PortForwarding': {'1.3'},
Aug 04 07:10:47.125486 np0000006386 devstack@neutron-api.service[87838]: 'QosPolicy': {'1.10'},
Aug 04 07:10:47.125486 np0000006386 devstack@neutron-api.service[87838]: 'SecurityGroup': {'1.6'},
Aug 04 07:10:47.125486 np0000006386 devstack@neutron-api.service[87838]: 'SecurityGroupRule': {'1.3'},
Aug 04 07:10:47.125486 np0000006386 devstack@neutron-api.service[87838]: 'SubPort': {'1.0'},
Aug 04 07:10:47.125486 np0000006386 devstack@neutron-api.service[87838]: 'Subnet': {'1.2'},
Aug 04 07:10:47.125486 np0000006386 devstack@neutron-api.service[87838]: 'Trunk': {'1.1'}}
Aug 04 07:10:47.125486 np0000006386 devstack@neutron-api.service[87838]: consumer versions:
Aug 04 07:10:47.125486 np0000006386 devstack@neutron-api.service[87838]: {OVN Controller Gateway agent@np0000006386: {}}
Aug 04 07:10:47.125486 np0000006386 devstack@neutron-api.service[87838]: {{(pid=87838) report /opt/stack/neutron/neutron/api/rpc/callbacks/version_manager.py:183}}
Aug 04 07:10:47.128743 np0000006386 devstack@neutron-api.service[87838]: DEBUG neutron.common.ovn.hash_ring_manager [-] Allow caching, nodes 3>=3 {{(pid=87838) _wait_startup_before_caching /opt/stack/neutron/neutron/common/ovn/hash_ring_manager.py:71}}
