Aug 18 05:27:12.792345 np0000007598 devstack@g-api.service[99790]: [pid: 99790|app: 0|req: 115/362] 127.0.0.1 () {40 vars in 838 bytes} [Tue Aug 18 05:27:12 2026] GET /v2/images/c4996f4e-1406-479e-8798-8ef89d4a6d91 => generated 648 bytes in 24 msecs (HTTP/1.1 200) 4 headers in 157 bytes (1 switches on core 0)
Aug 18 05:27:12.891710 np0000007598 devstack@g-api.service[99788]: DEBUG glance.api.middleware.version_negotiation [None req-eb732647-5553-4c2a-90f9-a9677b3cf64e tempest-ServerActionsTestOtherA-1982760225 tempest-ServerActionsTestOtherA-1982760225-project-member] Determining version of request: GET /versions Accept: */* {{(pid=99788) process_request /opt/stack/glance/glance/api/middleware/version_negotiation.py:44}}
Aug 18 05:27:12.892918 np0000007598 devstack@g-api.service[99788]: [pid: 99788|app: 0|req: 125/363] 127.0.0.1 () {44 vars in 1039 bytes} [Tue Aug 18 05:27:12 2026] GET /versions => generated 1515 bytes in 1 msecs (HTTP/1.1 200) 3 headers in 92 bytes (1 switches on core 0)
Aug 18 05:27:12.904950 np0000007598 devstack@g-api.service[99790]: DEBUG glance.api.middleware.version_negotiation [None req-7cc36079-8e58-4e7d-b42a-16d93d1a4287 tempest-TestImageHashVerification-627010559 tempest-TestImageHashVerification-627010559-project-member] Determining version of request: GET /v2/images/69f7e9ed-e5ea-4d38-bb87-402f3e40b7cd/locations Accept: */* {{(pid=99790) process_request /opt/stack/glance/glance/api/middleware/version_negotiation.py:44}}
Aug 18 05:27:12.904950 np0000007598 devstack@g-api.service[99790]: DEBUG glance.api.middleware.version_negotiation [None req-7cc36079-8e58-4e7d-b42a-16d93d1a4287 tempest-TestImageHashVerification-627010559 tempest-TestImageHashVerification-627010559-project-member] Using url versioning {{(pid=99790) process_request /opt/stack/glance/glance/api/middleware/version_negotiation.py:57}}
Aug 18 05:27:12.905131 np0000007598 devstack@g-api.service[99790]: DEBUG glance.api.middleware.version_negotiation [None req-7cc36079-8e58-4e7d-b42a-16d93d1a4287 tempest-TestImageHashVerification-627010559 tempest-TestImageHashVerification-627010559-project-member] Matched version: v2 {{(pid=99790) process_request /opt/stack/glance/glance/api/middleware/version_negotiation.py:69}}
Aug 18 05:27:12.905246 np0000007598 devstack@g-api.service[99790]: DEBUG glance.api.middleware.version_negotiation [None req-7cc36079-8e58-4e7d-b42a-16d93d1a4287 tempest-TestImageHashVerification-627010559 tempest-TestImageHashVerification-627010559-project-member] new path /v2/images/69f7e9ed-e5ea-4d38-bb87-402f3e40b7cd/locations {{(pid=99790) process_request /opt/stack/glance/glance/api/middleware/version_negotiation.py:70}}
Aug 18 05:27:13.053653 np0000007598 devstack@g-api.service[99790]: [pid: 99790|app: 0|req: 116/364] 127.0.0.1 () {44 vars in 1135 bytes} [Tue Aug 18 05:27:12 2026] GET /v2/images/69f7e9ed-e5ea-4d38-bb87-402f3e40b7cd/locations => generated 92 bytes in 149 msecs (HTTP/1.1 200) 4 headers in 156 bytes (1 switches on core 0)
Aug 18 05:27:13.071243 np0000007598 devstack@g-api.service[99788]: DEBUG glance.api.middleware.version_negotiation [None req-eb732647-5553-4c2a-90f9-a9677b3cf64e tempest-ServerActionsTestOtherA-1982760225 tempest-ServerActionsTestOtherA-1982760225-project-member] Determining version of request: GET /v2/images/69f7e9ed-e5ea-4d38-bb87-402f3e40b7cd Accept: */* {{(pid=99788) process_request /opt/stack/glance/glance/api/middleware/version_negotiation.py:44}}
Aug 18 05:27:13.071495 np0000007598 devstack@g-api.service[99788]: DEBUG glance.api.middleware.version_negotiation [None req-eb732647-5553-4c2a-90f9-a9677b3cf64e tempest-ServerActionsTestOtherA-1982760225 tempest-ServerActionsTestOtherA-1982760225-project-member] Using url versioning {{(pid=99788) process_request /opt/stack/glance/glance/api/middleware/version_negotiation.py:57}}
Aug 18 05:27:13.071663 np0000007598 devstack@g-api.service[99788]: DEBUG glance.api.middleware.version_negotiation [None req-eb732647-5553-4c2a-90f9-a9677b3cf64e tempest-ServerActionsTestOtherA-1982760225 tempest-ServerActionsTestOtherA-1982760225-project-member] Matched version: v2 {{(pid=99788) process_request /opt/stack/glance/glance/api/middleware/version_negotiation.py:69}}
Aug 18 05:27:13.071789 np0000007598 devstack@g-api.service[99788]: DEBUG glance.api.middleware.version_negotiation [None req-eb732647-5553-4c2a-90f9-a9677b3cf64e tempest-ServerActionsTestOtherA-1982760225 tempest-ServerActionsTestOtherA-1982760225-project-member] new path /v2/images/69f7e9ed-e5ea-4d38-bb87-402f3e40b7cd {{(pid=99788) process_request /opt/stack/glance/glance/api/middleware/version_negotiation.py:70}}
Aug 18 05:27:13.086378 np0000007598 devstack@g-api.service[99788]: [pid: 99788|app: 0|req: 126/365] 127.0.0.1 () {44 vars in 1115 bytes} [Tue Aug 18 05:27:13 2026] GET /v2/images/69f7e9ed-e5ea-4d38-bb87-402f3e40b7cd => generated 1044 bytes in 15 msecs (HTTP/1.1 200) 4 headers in 158 bytes (1 switches on core 0)
Aug 18 05:27:13.099232 np0000007598 devstack@g-api.service[99790]: DEBUG glance.api.middleware.version_negotiation [None req-eb732647-5553-4c2a-90f9-a9677b3cf64e service glance] Determining version of request: GET /v2/schemas/image Accept: */* {{(pid=99790) process_request /opt/stack/glance/glance/api/middleware/version_negotiation.py:44}}
Aug 18 05:27:13.099556 np0000007598 devstack@g-api.service[99790]: DEBUG glance.api.middleware.version_negotiation [None req-eb732647-5553-4c2a-90f9-a9677b3cf64e service glance] Using url versioning {{(pid=99790) process_request /opt/stack/glance/glance/api/middleware/version_negotiation.py:57}}
Aug 18 05:27:13.099876 np0000007598 devstack@g-api.service[99790]: DEBUG glance.api.middleware.version_negotiation [None req-eb732647-5553-4c2a-90f9-a9677b3cf64e service glance] Matched version: v2 {{(pid=99790) process_request /opt/stack/glance/glance/api/middleware/version_negotiation.py:69}}
Aug 18 05:27:13.099982 np0000007598 devstack@g-api.service[99790]: DEBUG glance.api.middleware.version_negotiation [None req-eb732647-5553-4c2a-90f9-a9677b3cf64e service glance] new path /v2/schemas/image {{(pid=99790) process_request /opt/stack/glance/glance/api/middleware/version_negotiation.py:70}}
Aug 18 05:27:13.102952 np0000007598 devstack@g-api.service[99790]: [pid: 99790|app: 0|req: 117/366] 127.0.0.1 () {44 vars in 1055 bytes} [Tue Aug 18 05:27:13 2026] GET /v2/schemas/image => generated 6083 bytes in 4 msecs (HTTP/1.1 200) 4 headers in 158 bytes (1 switches on core 0)
Aug 18 05:27:13.119225 np0000007598 devstack@g-api.service[99788]: DEBUG glance.api.middleware.version_negotiation [None req-eb732647-5553-4c2a-90f9-a9677b3cf64e tempest-ServerActionsTestOtherA-1982760225 tempest-ServerActionsTestOtherA-1982760225-project-member] Determining version of request: GET /v2/schemas/image Accept: */* {{(pid=99788) process_request /opt/stack/glance/glance/api/middleware/version_negotiation.py:44}}
Aug 18 05:27:13.119427 np0000007598 devstack@g-api.service[99788]: DEBUG glance.api.middleware.version_negotiation [None req-eb732647-5553-4c2a-90f9-a9677b3cf64e tempest-ServerActionsTestOtherA-1982760225 tempest-ServerActionsTestOtherA-1982760225-project-member] Using url versioning {{(pid=99788) process_request /opt/stack/glance/glance/api/middleware/version_negotiation.py:57}}
Aug 18 05:27:13.119737 np0000007598 devstack@g-api.service[99788]: DEBUG glance.api.middleware.version_negotiation [None req-eb732647-5553-4c2a-90f9-a9677b3cf64e tempest-ServerActionsTestOtherA-1982760225 tempest-ServerActionsTestOtherA-1982760225-project-member] Matched version: v2 {{(pid=99788) process_request /opt/stack/glance/glance/api/middleware/version_negotiation.py:69}}
Aug 18 05:27:13.119808 np0000007598 devstack@g-api.service[99788]: DEBUG glance.api.middleware.version_negotiation [None req-eb732647-5553-4c2a-90f9-a9677b3cf64e tempest-ServerActionsTestOtherA-1982760225 tempest-ServerActionsTestOtherA-1982760225-project-member] new path /v2/schemas/image {{(pid=99788) process_request /opt/stack/glance/glance/api/middleware/version_negotiation.py:70}}
Aug 18 05:27:13.123065 np0000007598 devstack@g-api.service[99788]: [pid: 99788|app: 0|req: 127/367] 127.0.0.1 () {44 vars in 1055 bytes} [Tue Aug 18 05:27:13 2026] GET /v2/schemas/image => generated 6083 bytes in 4 msecs (HTTP/1.1 200) 4 headers in 158 bytes (1 switches on core 0)
Aug 18 05:27:13.804848 np0000007598 devstack@g-api.service[99790]: DEBUG glance.api.middleware.version_negotiation [None req-eb732647-5553-4c2a-90f9-a9677b3cf64e tempest-ServerActionsTestOtherA-1982760225 tempest-ServerActionsTestOtherA-1982760225-project-member] Determining version of request: GET /v2/images/c4996f4e-1406-479e-8798-8ef89d4a6d91 Accept: application/json {{(pid=99790) process_request /opt/stack/glance/glance/api/middleware/version_negotiation.py:44}}
Aug 18 05:27:13.805338 np0000007598 devstack@g-api.service[99790]: DEBUG glance.api.middleware.version_negotiation [None req-eb732647-5553-4c2a-90f9-a9677b3cf64e tempest-ServerActionsTestOtherA-1982760225 tempest-ServerActionsTestOtherA-1982760225-project-member] Using url versioning {{(pid=99790) process_request /opt/stack/glance/glance/api/middleware/version_negotiation.py:57}}
Aug 18 05:27:13.806743 np0000007598 devstack@g-api.service[99790]: DEBUG glance.api.middleware.version_negotiation [None req-eb732647-5553-4c2a-90f9-a9677b3cf64e tempest-ServerActionsTestOtherA-1982760225 tempest-ServerActionsTestOtherA-1982760225-project-member] Matched version: v2 {{(pid=99790) process_request /opt/stack/glance/glance/api/middleware/version_negotiation.py:69}}
Aug 18 05:27:13.807001 np0000007598 devstack@g-api.service[99790]: DEBUG glance.api.middleware.version_negotiation [None req-eb732647-5553-4c2a-90f9-a9677b3cf64e tempest-ServerActionsTestOtherA-1982760225 tempest-ServerActionsTestOtherA-1982760225-project-member] new path /v2/images/c4996f4e-1406-479e-8798-8ef89d4a6d91 {{(pid=99790) process_request /opt/stack/glance/glance/api/middleware/version_negotiation.py:70}}
Aug 18 05:27:13.822039 np0000007598 devstack@g-api.service[99790]: [pid: 99790|app: 0|req: 118/368] 127.0.0.1 () {40 vars in 838 bytes} [Tue Aug 18 05:27:13 2026] GET /v2/images/c4996f4e-1406-479e-8798-8ef89d4a6d91 => generated 648 bytes in 17 msecs (HTTP/1.1 200) 4 headers in 157 bytes (1 switches on core 0)
Aug 18 05:27:13.947312 np0000007598 devstack@g-api.service[99789]: DEBUG swiftclient [None req-7922d221-bf88-4d88-beeb-cb70a2ff6388 tempest-TestImageHashVerification-627010559 tempest-TestImageHashVerification-627010559-project-member] REQ: curl -i https://10.4.3.221:8080/v1/AUTH_3b3689070304493388852603f7c70b9c/glance/c4996f4e-1406-479e-8798-8ef89d4a6d91-00003 -X PUT -H "X-Auth-Token: gAAAAABqg-0qWz7c..." {{(pid=99789) http_log /opt/stack/data/venv/lib/python3.12/site-packages/swiftclient/client.py:160}}
Aug 18 05:27:13.947662 np0000007598 devstack@g-api.service[99789]: DEBUG swiftclient [None req-7922d221-bf88-4d88-beeb-cb70a2ff6388 tempest-TestImageHashVerification-627010559 tempest-TestImageHashVerification-627010559-project-member] RESP STATUS: 201 Created {{(pid=99789) http_log /opt/stack/data/venv/lib/python3.12/site-packages/swiftclient/client.py:161}}
Aug 18 05:27:13.947662 np0000007598 devstack@g-api.service[99789]: DEBUG swiftclient [None req-7922d221-bf88-4d88-beeb-cb70a2ff6388 tempest-TestImageHashVerification-627010559 tempest-TestImageHashVerification-627010559-project-member] RESP HEADERS: {'Date': 'Tue, 18 Aug 2026 05:27:13 GMT', 'Server': 'Apache/2.4.58 (Ubuntu)', 'Content-Type': 'text/html; charset=UTF-8', 'Content-Length': '0', 'Etag': 'eda9a9889837ac4bc81d6387d92c1bec', 'Last-Modified': 'Tue, 18 Aug 2026 05:27:12 GMT', 'X-Trans-Id': 'txa5303815f87b4ee3b36fc-006a83ed2f', 'X-Openstack-Request-Id': 'txa5303815f87b4ee3b36fc-006a83ed2f', 'Connection': 'close'} {{(pid=99789) http_log /opt/stack/data/venv/lib/python3.12/site-packages/swiftclient/client.py:162}}
Aug 18 05:27:13.947813 np0000007598 devstack@g-api.service[99789]: DEBUG glance_store._drivers.swift.store [None req-7922d221-bf88-4d88-beeb-cb70a2ff6388 tempest-TestImageHashVerification-627010559 tempest-TestImageHashVerification-627010559-project-member] Wrote chunk c4996f4e-1406-479e-8798-8ef89d4a6d91-00003 (3/?) of length 204800000 to Swift returning MD5 of content: eda9a9889837ac4bc81d6387d92c1bec {{(pid=99789) add /opt/stack/data/venv/lib/python3.12/site-packages/glance_store/_drivers/swift/store.py:1059}}
Aug 18 05:27:14.836275 np0000007598 devstack@g-api.service[99788]: DEBUG glance.api.middleware.version_negotiation [None req-eb732647-5553-4c2a-90f9-a9677b3cf64e tempest-ServerActionsTestOtherA-1982760225 tempest-ServerActionsTestOtherA-1982760225-project-member] Determining version of request: GET /v2/images/c4996f4e-1406-479e-8798-8ef89d4a6d91 Accept: application/json {{(pid=99788) process_request /opt/stack/glance/glance/api/middleware/version_negotiation.py:44}}
Aug 18 05:27:14.836813 np0000007598 devstack@g-api.service[99788]: DEBUG glance.api.middleware.version_negotiation [None req-eb732647-5553-4c2a-90f9-a9677b3cf64e tempest-ServerActionsTestOtherA-1982760225 tempest-ServerActionsTestOtherA-1982760225-project-member] Using url versioning {{(pid=99788) process_request /opt/stack/glance/glance/api/middleware/version_negotiation.py:57}}
Aug 18 05:27:14.836813 np0000007598 devstack@g-api.service[99788]: DEBUG glance.api.middleware.version_negotiation [None req-eb732647-5553-4c2a-90f9-a9677b3cf64e tempest-ServerActionsTestOtherA-1982760225 tempest-ServerActionsTestOtherA-1982760225-project-member] Matched version: v2 {{(pid=99788) process_request /opt/stack/glance/glance/api/middleware/version_negotiation.py:69}}
Aug 18 05:27:14.836995 np0000007598 devstack@g-api.service[99788]: DEBUG glance.api.middleware.version_negotiation [None req-eb732647-5553-4c2a-90f9-a9677b3cf64e tempest-ServerActionsTestOtherA-1982760225 tempest-ServerActionsTestOtherA-1982760225-project-member] new path /v2/images/c4996f4e-1406-479e-8798-8ef89d4a6d91 {{(pid=99788) process_request /opt/stack/glance/glance/api/middleware/version_negotiation.py:70}}
Aug 18 05:27:14.856827 np0000007598 devstack@g-api.service[99788]: [pid: 99788|app: 0|req: 128/369] 127.0.0.1 () {40 vars in 838 bytes} [Tue Aug 18 05:27:14 2026] GET /v2/images/c4996f4e-1406-479e-8798-8ef89d4a6d91 => generated 648 bytes in 21 msecs (HTTP/1.1 200) 4 headers in 157 bytes (1 switches on core 0)
Aug 18 05:27:15.870080 np0000007598 devstack@g-api.service[99790]: DEBUG glance.api.middleware.version_negotiation [None req-b01095b9-3665-4f3c-a713-03cbd99a5c46 tempest-TestImageHashVerification-627010559 tempest-TestImageHashVerification-627010559-project-member] Determining version of request: GET /v2/images/c4996f4e-1406-479e-8798-8ef89d4a6d91 Accept: application/json {{(pid=99790) process_request /opt/stack/glance/glance/api/middleware/version_negotiation.py:44}}
Aug 18 05:27:15.870460 np0000007598 devstack@g-api.service[99790]: DEBUG glance.api.middleware.version_negotiation [None req-b01095b9-3665-4f3c-a713-03cbd99a5c46 tempest-TestImageHashVerification-627010559 tempest-TestImageHashVerification-627010559-project-member] Using url versioning {{(pid=99790) process_request /opt/stack/glance/glance/api/middleware/version_negotiation.py:57}}
Aug 18 05:27:15.870460 np0000007598 devstack@g-api.service[99790]: DEBUG glance.api.middleware.version_negotiation [None req-b01095b9-3665-4f3c-a713-03cbd99a5c46 tempest-TestImageHashVerification-627010559 tempest-TestImageHashVerification-627010559-project-member] Matched version: v2 {{(pid=99790) process_request /opt/stack/glance/glance/api/middleware/version_negotiation.py:69}}
Aug 18 05:27:15.870580 np0000007598 devstack@g-api.service[99790]: DEBUG glance.api.middleware.version_negotiation [None req-b01095b9-3665-4f3c-a713-03cbd99a5c46 tempest-TestImageHashVerification-627010559 tempest-TestImageHashVerification-627010559-project-member] new path /v2/images/c4996f4e-1406-479e-8798-8ef89d4a6d91 {{(pid=99790) process_request /opt/stack/glance/glance/api/middleware/version_negotiation.py:70}}
Aug 18 05:27:15.879020 np0000007598 devstack@g-api.service[99790]: [pid: 99790|app: 0|req: 119/370] 127.0.0.1 () {40 vars in 838 bytes} [Tue Aug 18 05:27:15 2026] GET /v2/images/c4996f4e-1406-479e-8798-8ef89d4a6d91 => generated 648 bytes in 9 msecs (HTTP/1.1 200) 4 headers in 157 bytes (1 switches on core 0)
Aug 18 05:27:16.083049 np0000007598 devstack@g-api.service[99789]: DEBUG swiftclient [None req-7922d221-bf88-4d88-beeb-cb70a2ff6388 tempest-TestImageHashVerification-627010559 tempest-TestImageHashVerification-627010559-project-member] REQ: curl -i https://10.4.3.221:8080/v1/AUTH_3b3689070304493388852603f7c70b9c/glance/c4996f4e-1406-479e-8798-8ef89d4a6d91-00004 -X PUT -H "X-Auth-Token: gAAAAABqg-0qWz7c..." {{(pid=99789) http_log /opt/stack/data/venv/lib/python3.12/site-packages/swiftclient/client.py:160}}
Aug 18 05:27:16.083471 np0000007598 devstack@g-api.service[99789]: DEBUG swiftclient [None req-7922d221-bf88-4d88-beeb-cb70a2ff6388 tempest-TestImageHashVerification-627010559 tempest-TestImageHashVerification-627010559-project-member] RESP STATUS: 201 Created {{(pid=99789) http_log /opt/stack/data/venv/lib/python3.12/site-packages/swiftclient/client.py:161}}
Aug 18 05:27:16.083471 np0000007598 devstack@g-api.service[99789]: DEBUG swiftclient [None req-7922d221-bf88-4d88-beeb-cb70a2ff6388 tempest-TestImageHashVerification-627010559 tempest-TestImageHashVerification-627010559-project-member] RESP HEADERS: {'Date': 'Tue, 18 Aug 2026 05:27:16 GMT', 'Server': 'Apache/2.4.58 (Ubuntu)', 'Content-Type': 'text/html; charset=UTF-8', 'Content-Length': '0', 'Etag': 'eda9a9889837ac4bc81d6387d92c1bec', 'Last-Modified': 'Tue, 18 Aug 2026 05:27:14 GMT', 'X-Trans-Id': 'tx851f7c279af74f51aaaf0-006a83ed31', 'X-Openstack-Request-Id': 'tx851f7c279af74f51aaaf0-006a83ed31', 'Connection': 'close'} {{(pid=99789) http_log /opt/stack/data/venv/lib/python3.12/site-packages/swiftclient/client.py:162}}
Aug 18 05:27:16.083471 np0000007598 devstack@g-api.service[99789]: DEBUG glance_store._drivers.swift.store [None req-7922d221-bf88-4d88-beeb-cb70a2ff6388 tempest-TestImageHashVerification-627010559 tempest-TestImageHashVerification-627010559-project-member] Wrote chunk c4996f4e-1406-479e-8798-8ef89d4a6d91-00004 (4/?) of length 204800000 to Swift returning MD5 of content: eda9a9889837ac4bc81d6387d92c1bec {{(pid=99789) add /opt/stack/data/venv/lib/python3.12/site-packages/glance_store/_drivers/swift/store.py:1059}}
Aug 18 05:27:16.208366 np0000007598 devstack@g-api.service[99789]: DEBUG dbcounter [-] [99789] Writing DB stats glance:SELECT=25,glance:UPDATE=7,glance:DELETE=1 {{(pid=99789) stat_writer /opt/stack/data/venv/lib/python3.12/site-packages/dbcounter.py:115}}
Aug 18 05:27:16.893378 np0000007598 devstack@g-api.service[99788]: DEBUG glance.api.middleware.version_negotiation [None req-77b07cbd-eee4-45bf-b896-4b6612f7b479 tempest-TestImageHashVerification-627010559 tempest-TestImageHashVerification-627010559-project-member] Determining version of request: GET /v2/images/c4996f4e-1406-479e-8798-8ef89d4a6d91 Accept: application/json {{(pid=99788) process_request /opt/stack/glance/glance/api/middleware/version_negotiation.py:44}}
Aug 18 05:27:16.893378 np0000007598 devstack@g-api.service[99788]: DEBUG glance.api.middleware.version_negotiation [None req-77b07cbd-eee4-45bf-b896-4b6612f7b479 tempest-TestImageHashVerification-627010559 tempest-TestImageHashVerification-627010559-project-member] Using url versioning {{(pid=99788) process_request /opt/stack/glance/glance/api/middleware/version_negotiation.py:57}}
Aug 18 05:27:16.893378 np0000007598 devstack@g-api.service[99788]: DEBUG glance.api.middleware.version_negotiation [None req-77b07cbd-eee4-45bf-b896-4b6612f7b479 tempest-TestImageHashVerification-627010559 tempest-TestImageHashVerification-627010559-project-member] Matched version: v2 {{(pid=99788) process_request /opt/stack/glance/glance/api/middleware/version_negotiation.py:69}}
Aug 18 05:27:16.893378 np0000007598 devstack@g-api.service[99788]: DEBUG glance.api.middleware.version_negotiation [None req-77b07cbd-eee4-45bf-b896-4b6612f7b479 tempest-TestImageHashVerification-627010559 tempest-TestImageHashVerification-627010559-project-member] new path /v2/images/c4996f4e-1406-479e-8798-8ef89d4a6d91 {{(pid=99788) process_request /opt/stack/glance/glance/api/middleware/version_negotiation.py:70}}
Aug 18 05:27:16.916816 np0000007598 devstack@g-api.service[99788]: [pid: 99788|app: 0|req: 129/371] 127.0.0.1 () {40 vars in 838 bytes} [Tue Aug 18 05:27:16 2026] GET /v2/images/c4996f4e-1406-479e-8798-8ef89d4a6d91 => generated 648 bytes in 24 msecs (HTTP/1.1 200) 4 headers in 157 bytes (1 switches on core 0)
Aug 18 05:27:17.927987 np0000007598 devstack@g-api.service[99790]: DEBUG glance.api.middleware.version_negotiation [None req-1998722b-9c3c-495c-88b0-523871876b27 tempest-TestImageHashVerification-627010559 tempest-TestImageHashVerification-627010559-project-member] Determining version of request: GET /v2/images/c4996f4e-1406-479e-8798-8ef89d4a6d91 Accept: application/json {{(pid=99790) process_request /opt/stack/glance/glance/api/middleware/version_negotiation.py:44}}
Aug 18 05:27:17.929029 np0000007598 devstack@g-api.service[99790]: DEBUG glance.api.middleware.version_negotiation [None req-1998722b-9c3c-495c-88b0-523871876b27 tempest-TestImageHashVerification-627010559 tempest-TestImageHashVerification-627010559-project-member] Using url versioning {{(pid=99790) process_request /opt/stack/glance/glance/api/middleware/version_negotiation.py:57}}
Aug 18 05:27:17.929029 np0000007598 devstack@g-api.service[99790]: DEBUG glance.api.middleware.version_negotiation [None req-1998722b-9c3c-495c-88b0-523871876b27 tempest-TestImageHashVerification-627010559 tempest-TestImageHashVerification-627010559-project-member] Matched version: v2 {{(pid=99790) process_request /opt/stack/glance/glance/api/middleware/version_negotiation.py:69}}
Aug 18 05:27:17.929029 np0000007598 devstack@g-api.service[99790]: DEBUG glance.api.middleware.version_negotiation [None req-1998722b-9c3c-495c-88b0-523871876b27 tempest-TestImageHashVerification-627010559 tempest-TestImageHashVerification-627010559-project-member] new path /v2/images/c4996f4e-1406-479e-8798-8ef89d4a6d91 {{(pid=99790) process_request /opt/stack/glance/glance/api/middleware/version_negotiation.py:70}}
Aug 18 05:27:17.950375 np0000007598 devstack@g-api.service[99790]: [pid: 99790|app: 0|req: 120/372] 127.0.0.1 () {40 vars in 838 bytes} [Tue Aug 18 05:27:17 2026] GET /v2/images/c4996f4e-1406-479e-8798-8ef89d4a6d91 => generated 648 bytes in 22 msecs (HTTP/1.1 200) 4 headers in 157 bytes (1 switches on core 0)
Aug 18 05:27:18.283857 np0000007598 devstack@g-api.service[99789]: DEBUG swiftclient [None req-7922d221-bf88-4d88-beeb-cb70a2ff6388 tempest-TestImageHashVerification-627010559 tempest-TestImageHashVerification-627010559-project-member] REQ: curl -i https://10.4.3.221:8080/v1/AUTH_3b3689070304493388852603f7c70b9c/glance/c4996f4e-1406-479e-8798-8ef89d4a6d91-00005 -X PUT -H "X-Auth-Token: gAAAAABqg-0qWz7c..." {{(pid=99789) http_log /opt/stack/data/venv/lib/python3.12/site-packages/swiftclient/client.py:160}}
Aug 18 05:27:18.284134 np0000007598 devstack@g-api.service[99789]: DEBUG swiftclient [None req-7922d221-bf88-4d88-beeb-cb70a2ff6388 tempest-TestImageHashVerification-627010559 tempest-TestImageHashVerification-627010559-project-member] RESP STATUS: 201 Created {{(pid=99789) http_log /opt/stack/data/venv/lib/python3.12/site-packages/swiftclient/client.py:161}}
Aug 18 05:27:18.284240 np0000007598 devstack@g-api.service[99789]: DEBUG swiftclient [None req-7922d221-bf88-4d88-beeb-cb70a2ff6388 tempest-TestImageHashVerification-627010559 tempest-TestImageHashVerification-627010559-project-member] RESP HEADERS: {'Date': 'Tue, 18 Aug 2026 05:27:18 GMT', 'Server': 'Apache/2.4.58 (Ubuntu)', 'Content-Type': 'text/html; charset=UTF-8', 'Content-Length': '0', 'Etag': 'eda9a9889837ac4bc81d6387d92c1bec', 'Last-Modified': 'Tue, 18 Aug 2026 05:27:17 GMT', 'X-Trans-Id': 'tx85e86b18674e469ba6ca8-006a83ed34', 'X-Openstack-Request-Id': 'tx85e86b18674e469ba6ca8-006a83ed34', 'Connection': 'close'} {{(pid=99789) http_log /opt/stack/data/venv/lib/python3.12/site-packages/swiftclient/client.py:162}}
Aug 18 05:27:18.286661 np0000007598 devstack@g-api.service[99789]: DEBUG glance_store._drivers.swift.store [None req-7922d221-bf88-4d88-beeb-cb70a2ff6388 tempest-TestImageHashVerification-627010559 tempest-TestImageHashVerification-627010559-project-member] Wrote chunk c4996f4e-1406-479e-8798-8ef89d4a6d91-00005 (5/?) of length 204800000 to Swift returning MD5 of content: eda9a9889837ac4bc81d6387d92c1bec {{(pid=99789) add /opt/stack/data/venv/lib/python3.12/site-packages/glance_store/_drivers/swift/store.py:1059}}
Aug 18 05:27:18.965250 np0000007598 devstack@g-api.service[99788]: DEBUG glance.api.middleware.version_negotiation [None req-40a92f1a-fe84-4f2f-a363-fe2121ad64e4 tempest-TestImageHashVerification-627010559 tempest-TestImageHashVerification-627010559-project-member] Determining version of request: GET /v2/images/c4996f4e-1406-479e-8798-8ef89d4a6d91 Accept: application/json {{(pid=99788) process_request /opt/stack/glance/glance/api/middleware/version_negotiation.py:44}}
Aug 18 05:27:18.965250 np0000007598 devstack@g-api.service[99788]: DEBUG glance.api.middleware.version_negotiation [None req-40a92f1a-fe84-4f2f-a363-fe2121ad64e4 tempest-TestImageHashVerification-627010559 tempest-TestImageHashVerification-627010559-project-member] Using url versioning {{(pid=99788) process_request /opt/stack/glance/glance/api/middleware/version_negotiation.py:57}}
Aug 18 05:27:18.966124 np0000007598 devstack@g-api.service[99788]: DEBUG glance.api.middleware.version_negotiation [None req-40a92f1a-fe84-4f2f-a363-fe2121ad64e4 tempest-TestImageHashVerification-627010559 tempest-TestImageHashVerification-627010559-project-member] Matched version: v2 {{(pid=99788) process_request /opt/stack/glance/glance/api/middleware/version_negotiation.py:69}}
Aug 18 05:27:18.966124 np0000007598 devstack@g-api.service[99788]: DEBUG glance.api.middleware.version_negotiation [None req-40a92f1a-fe84-4f2f-a363-fe2121ad64e4 tempest-TestImageHashVerification-627010559 tempest-TestImageHashVerification-627010559-project-member] new path /v2/images/c4996f4e-1406-479e-8798-8ef89d4a6d91 {{(pid=99788) process_request /opt/stack/glance/glance/api/middleware/version_negotiation.py:70}}
Aug 18 05:27:18.985659 np0000007598 devstack@g-api.service[99789]: DEBUG swiftclient [None req-7922d221-bf88-4d88-beeb-cb70a2ff6388 tempest-TestImageHashVerification-627010559 tempest-TestImageHashVerification-627010559-project-member] REQ: curl -i https://10.4.3.221:8080/v1/AUTH_3b3689070304493388852603f7c70b9c/glance/c4996f4e-1406-479e-8798-8ef89d4a6d91-00006 -X PUT -H "X-Auth-Token: gAAAAABqg-0qWz7c..." {{(pid=99789) http_log /opt/stack/data/venv/lib/python3.12/site-packages/swiftclient/client.py:160}}
Aug 18 05:27:18.985659 np0000007598 devstack@g-api.service[99789]: DEBUG swiftclient [None req-7922d221-bf88-4d88-beeb-cb70a2ff6388 tempest-TestImageHashVerification-627010559 tempest-TestImageHashVerification-627010559-project-member] RESP STATUS: 201 Created {{(pid=99789) http_log /opt/stack/data/venv/lib/python3.12/site-packages/swiftclient/client.py:161}}
Aug 18 05:27:18.985659 np0000007598 devstack@g-api.service[99789]: DEBUG swiftclient [None req-7922d221-bf88-4d88-beeb-cb70a2ff6388 tempest-TestImageHashVerification-627010559 tempest-TestImageHashVerification-627010559-project-member] RESP HEADERS: {'Date': 'Tue, 18 Aug 2026 05:27:18 GMT', 'Server': 'Apache/2.4.58 (Ubuntu)', 'Content-Type': 'text/html; charset=UTF-8', 'Content-Length': '0', 'Etag': '708761f3b8777ec77058e63da08eeeb6', 'Last-Modified': 'Tue, 18 Aug 2026 05:27:19 GMT', 'X-Trans-Id': 'txf49d8576fbe249229dd0d-006a83ed36', 'X-Openstack-Request-Id': 'txf49d8576fbe249229dd0d-006a83ed36', 'Connection': 'close'} {{(pid=99789) http_log /opt/stack/data/venv/lib/python3.12/site-packages/swiftclient/client.py:162}}
Aug 18 05:27:18.985659 np0000007598 devstack@g-api.service[99789]: DEBUG glance_store._drivers.swift.store [None req-7922d221-bf88-4d88-beeb-cb70a2ff6388 tempest-TestImageHashVerification-627010559 tempest-TestImageHashVerification-627010559-project-member] Wrote chunk c4996f4e-1406-479e-8798-8ef89d4a6d91-00006 (6/?) of length 49741824 to Swift returning MD5 of content: 708761f3b8777ec77058e63da08eeeb6 {{(pid=99789) add /opt/stack/data/venv/lib/python3.12/site-packages/glance_store/_drivers/swift/store.py:1059}}
Aug 18 05:27:18.985935 np0000007598 devstack@g-api.service[99788]: [pid: 99788|app: 0|req: 130/373] 127.0.0.1 () {40 vars in 838 bytes} [Tue Aug 18 05:27:18 2026] GET /v2/images/c4996f4e-1406-479e-8798-8ef89d4a6d91 => generated 648 bytes in 22 msecs (HTTP/1.1 200) 4 headers in 157 bytes (1 switches on core 0)
Aug 18 05:27:18.986099 np0000007598 devstack@g-api.service[99789]: DEBUG glance_store._drivers.swift.store [None req-7922d221-bf88-4d88-beeb-cb70a2ff6388 tempest-TestImageHashVerification-627010559 tempest-TestImageHashVerification-627010559-project-member] Not writing zero-length chunk. {{(pid=99789) add /opt/stack/data/venv/lib/python3.12/site-packages/glance_store/_drivers/swift/store.py:1028}}
Aug 18 05:27:19.023104 np0000007598 devstack@g-api.service[99789]: DEBUG swiftclient [None req-7922d221-bf88-4d88-beeb-cb70a2ff6388 tempest-TestImageHashVerification-627010559 tempest-TestImageHashVerification-627010559-project-member] REQ: curl -i https://10.4.3.221:8080/v1/AUTH_3b3689070304493388852603f7c70b9c/glance/c4996f4e-1406-479e-8798-8ef89d4a6d91 -X PUT -H "X-Object-Manifest: glance/c4996f4e-1406-479e-8798-8ef89d4a6d91-" -H "X-Auth-Token: gAAAAABqg-0qWz7c..." -H "Content-Length: 0" {{(pid=99789) http_log /opt/stack/data/venv/lib/python3.12/site-packages/swiftclient/client.py:160}}
Aug 18 05:27:19.023205 np0000007598 devstack@g-api.service[99789]: DEBUG swiftclient [None req-7922d221-bf88-4d88-beeb-cb70a2ff6388 tempest-TestImageHashVerification-627010559 tempest-TestImageHashVerification-627010559-project-member] RESP STATUS: 201 Created {{(pid=99789) http_log /opt/stack/data/venv/lib/python3.12/site-packages/swiftclient/client.py:161}}
Aug 18 05:27:19.025699 np0000007598 devstack@g-api.service[99789]: DEBUG swiftclient [None req-7922d221-bf88-4d88-beeb-cb70a2ff6388 tempest-TestImageHashVerification-627010559 tempest-TestImageHashVerification-627010559-project-member] RESP HEADERS: {'Date': 'Tue, 18 Aug 2026 05:27:19 GMT', 'Server': 'Apache/2.4.58 (Ubuntu)', 'Content-Type': 'text/html; charset=UTF-8', 'Content-Length': '0', 'Etag': 'd41d8cd98f00b204e9800998ecf8427e', 'Last-Modified': 'Tue, 18 Aug 2026 05:27:20 GMT', 'X-Trans-Id': 'txcbc77ca9af8e4dff902b0-006a83ed36', 'X-Openstack-Request-Id': 'txcbc77ca9af8e4dff902b0-006a83ed36', 'Connection': 'close'} {{(pid=99789) http_log /opt/stack/data/venv/lib/python3.12/site-packages/swiftclient/client.py:162}}
Aug 18 05:27:19.026789 np0000007598 devstack@g-api.service[99789]: INFO glance.location [None req-7922d221-bf88-4d88-beeb-cb70a2ff6388 tempest-TestImageHashVerification-627010559 tempest-TestImageHashVerification-627010559-project-member] Image format matched and virtual size computed: 1073741824
Aug 18 05:27:19.101944 np0000007598 devstack@g-api.service[99789]: DEBUG glance_store.backend [None req-7922d221-bf88-4d88-beeb-cb70a2ff6388 tempest-TestImageHashVerification-627010559 tempest-TestImageHashVerification-627010559-project-member] Attempting to import store swift {{(pid=99789) _load_store /opt/stack/data/venv/lib/python3.12/site-packages/glance_store/backend.py:215}}
Aug 18 05:27:19.104056 np0000007598 devstack@g-api.service[99789]: DEBUG glance_store.capabilities [None req-7922d221-bf88-4d88-beeb-cb70a2ff6388 tempest-TestImageHashVerification-627010559 tempest-TestImageHashVerification-627010559-project-member] Store glance_store._drivers.swift.store.SingleTenantStore doesn't support updating dynamic storage capabilities. Please overwrite 'update_capabilities' method of the store to implement updating logics if needed. {{(pid=99789) update_capabilities /opt/stack/data/venv/lib/python3.12/site-packages/glance_store/capabilities.py:91}}
Aug 18 05:27:19.104242 np0000007598 devstack@g-api.service[99789]: DEBUG glance_store.driver [None req-7922d221-bf88-4d88-beeb-cb70a2ff6388 tempest-TestImageHashVerification-627010559 tempest-TestImageHashVerification-627010559-project-member] Late loading location class glance_store._drivers.swift.store.StoreLocation {{(pid=99789) get_store_location_class /opt/stack/data/venv/lib/python3.12/site-packages/glance_store/driver.py:134}}
Aug 18 05:27:19.104391 np0000007598 devstack@g-api.service[99789]: DEBUG glance_store.location [None req-7922d221-bf88-4d88-beeb-cb70a2ff6388 tempest-TestImageHashVerification-627010559 tempest-TestImageHashVerification-627010559-project-member] Registering scheme swift+https with {'store': , 'location_class': , 'store_entry': 'swift'} {{(pid=99789) register_scheme_map /opt/stack/data/venv/lib/python3.12/site-packages/glance_store/location.py:146}}
Aug 18 05:27:19.104514 np0000007598 devstack@g-api.service[99789]: DEBUG glance_store.location [None req-7922d221-bf88-4d88-beeb-cb70a2ff6388 tempest-TestImageHashVerification-627010559 tempest-TestImageHashVerification-627010559-project-member] Registering scheme swift+https with {'store': , 'location_class': , 'store_entry': 'swift'} {{(pid=99789) register_scheme_map /opt/stack/data/venv/lib/python3.12/site-packages/glance_store/location.py:146}}
Aug 18 05:27:19.105311 np0000007598 devstack@g-api.service[99789]: DEBUG glance_store.location [None req-7922d221-bf88-4d88-beeb-cb70a2ff6388 tempest-TestImageHashVerification-627010559 tempest-TestImageHashVerification-627010559-project-member] Registering scheme swift with {'store': , 'location_class': , 'store_entry': 'swift'} {{(pid=99789) register_scheme_map /opt/stack/data/venv/lib/python3.12/site-packages/glance_store/location.py:146}}
Aug 18 05:27:19.105311 np0000007598 devstack@g-api.service[99789]: DEBUG glance_store.location [None req-7922d221-bf88-4d88-beeb-cb70a2ff6388 tempest-TestImageHashVerification-627010559 tempest-TestImageHashVerification-627010559-project-member] Registering scheme swift+https with {'store': , 'location_class': , 'store_entry': 'swift'} {{(pid=99789) register_scheme_map /opt/stack/data/venv/lib/python3.12/site-packages/glance_store/location.py:146}}
Aug 18 05:27:19.105311 np0000007598 devstack@g-api.service[99789]: DEBUG glance_store.location [None req-7922d221-bf88-4d88-beeb-cb70a2ff6388 tempest-TestImageHashVerification-627010559 tempest-TestImageHashVerification-627010559-project-member] Registering scheme swift with {'store': , 'location_class': , 'store_entry': 'swift'} {{(pid=99789) register_scheme_map /opt/stack/data/venv/lib/python3.12/site-packages/glance_store/location.py:146}}
Aug 18 05:27:19.105311 np0000007598 devstack@g-api.service[99789]: DEBUG glance_store.location [None req-7922d221-bf88-4d88-beeb-cb70a2ff6388 tempest-TestImageHashVerification-627010559 tempest-TestImageHashVerification-627010559-project-member] Registering scheme swift+http with {'store': , 'location_class': , 'store_entry': 'swift'} {{(pid=99789) register_scheme_map /opt/stack/data/venv/lib/python3.12/site-packages/glance_store/location.py:146}}
Aug 18 05:27:19.105311 np0000007598 devstack@g-api.service[99789]: DEBUG glance_store.location [None req-7922d221-bf88-4d88-beeb-cb70a2ff6388 tempest-TestImageHashVerification-627010559 tempest-TestImageHashVerification-627010559-project-member] Registering scheme swift+https with {'store': , 'location_class': , 'store_entry': 'swift'} {{(pid=99789) register_scheme_map /opt/stack/data/venv/lib/python3.12/site-packages/glance_store/location.py:146}}
Aug 18 05:27:19.105625 np0000007598 devstack@g-api.service[99789]: DEBUG glance_store.location [None req-7922d221-bf88-4d88-beeb-cb70a2ff6388 tempest-TestImageHashVerification-627010559 tempest-TestImageHashVerification-627010559-project-member] Registering scheme swift with {'store': , 'location_class': , 'store_entry': 'swift'} {{(pid=99789) register_scheme_map /opt/stack/data/venv/lib/python3.12/site-packages/glance_store/location.py:146}}
Aug 18 05:27:19.105625 np0000007598 devstack@g-api.service[99789]: DEBUG glance_store.location [None req-7922d221-bf88-4d88-beeb-cb70a2ff6388 tempest-TestImageHashVerification-627010559 tempest-TestImageHashVerification-627010559-project-member] Registering scheme swift+http with {'store': , 'location_class': , 'store_entry': 'swift'} {{(pid=99789) register_scheme_map /opt/stack/data/venv/lib/python3.12/site-packages/glance_store/location.py:146}}
Aug 18 05:27:19.105731 np0000007598 devstack@g-api.service[99789]: DEBUG glance_store.location [None req-7922d221-bf88-4d88-beeb-cb70a2ff6388 tempest-TestImageHashVerification-627010559 tempest-TestImageHashVerification-627010559-project-member] Registering scheme swift+config with {'store': , 'location_class': , 'store_entry': 'swift'} {{(pid=99789) register_scheme_map /opt/stack/data/venv/lib/python3.12/site-packages/glance_store/location.py:146}}
Aug 18 05:27:19.106311 np0000007598 devstack@g-api.service[99789]: DEBUG glance_store.backend [None req-7922d221-bf88-4d88-beeb-cb70a2ff6388 tempest-TestImageHashVerification-627010559 tempest-TestImageHashVerification-627010559-project-member] Skipping store.set_acls... not implemented. {{(pid=99789) set_acls /opt/stack/data/venv/lib/python3.12/site-packages/glance_store/backend.py:507}}
Aug 18 05:27:19.108899 np0000007598 devstack@g-api.service[99789]: [pid: 99789|app: 0|req: 124/374] 127.0.0.1 () {46 vars in 1158 bytes} [Tue Aug 18 05:27:04 2026] PUT /v2/images/c4996f4e-1406-479e-8798-8ef89d4a6d91/file => generated 0 bytes in 14266 msecs (HTTP/1.1 204) 4 headers in 171 bytes (1 switches on core 0)
Aug 18 05:27:19.123743 np0000007598 devstack@g-api.service[99790]: DEBUG glance.api.middleware.version_negotiation [None req-c2c27d77-6e28-4d88-a4ad-59ec25246582 tempest-TestImageHashVerification-627010559 tempest-TestImageHashVerification-627010559-project-member] Determining version of request: GET /v2/images/c4996f4e-1406-479e-8798-8ef89d4a6d91 Accept: */* {{(pid=99790) process_request /opt/stack/glance/glance/api/middleware/version_negotiation.py:44}}
Aug 18 05:27:19.123743 np0000007598 devstack@g-api.service[99790]: DEBUG glance.api.middleware.version_negotiation [None req-c2c27d77-6e28-4d88-a4ad-59ec25246582 tempest-TestImageHashVerification-627010559 tempest-TestImageHashVerification-627010559-project-member] Using url versioning {{(pid=99790) process_request /opt/stack/glance/glance/api/middleware/version_negotiation.py:57}}
Aug 18 05:27:19.123743 np0000007598 devstack@g-api.service[99790]: DEBUG glance.api.middleware.version_negotiation [None req-c2c27d77-6e28-4d88-a4ad-59ec25246582 tempest-TestImageHashVerification-627010559 tempest-TestImageHashVerification-627010559-project-member] Matched version: v2 {{(pid=99790) process_request /opt/stack/glance/glance/api/middleware/version_negotiation.py:69}}
Aug 18 05:27:19.123743 np0000007598 devstack@g-api.service[99790]: DEBUG glance.api.middleware.version_negotiation [None req-c2c27d77-6e28-4d88-a4ad-59ec25246582 tempest-TestImageHashVerification-627010559 tempest-TestImageHashVerification-627010559-project-member] new path /v2/images/c4996f4e-1406-479e-8798-8ef89d4a6d91 {{(pid=99790) process_request /opt/stack/glance/glance/api/middleware/version_negotiation.py:70}}
Aug 18 05:27:19.140223 np0000007598 devstack@g-api.service[99790]: [pid: 99790|app: 0|req: 121/375] 127.0.0.1 () {44 vars in 1115 bytes} [Tue Aug 18 05:27:19 2026] GET /v2/images/c4996f4e-1406-479e-8798-8ef89d4a6d91 => generated 820 bytes in 17 msecs (HTTP/1.1 200) 4 headers in 157 bytes (1 switches on core 0)
Aug 18 05:27:19.153364 np0000007598 devstack@g-api.service[99788]: DEBUG glance.api.middleware.version_negotiation [None req-ca3bb481-54e5-4655-88b2-a49b65a61e0c tempest-TestImageHashVerification-627010559 tempest-TestImageHashVerification-627010559-project-member] Determining version of request: GET /v2/schemas/image Accept: */* {{(pid=99788) process_request /opt/stack/glance/glance/api/middleware/version_negotiation.py:44}}
Aug 18 05:27:19.153925 np0000007598 devstack@g-api.service[99788]: DEBUG glance.api.middleware.version_negotiation [None req-ca3bb481-54e5-4655-88b2-a49b65a61e0c tempest-TestImageHashVerification-627010559 tempest-TestImageHashVerification-627010559-project-member] Using url versioning {{(pid=99788) process_request /opt/stack/glance/glance/api/middleware/version_negotiation.py:57}}
Aug 18 05:27:19.153925 np0000007598 devstack@g-api.service[99788]: DEBUG glance.api.middleware.version_negotiation [None req-ca3bb481-54e5-4655-88b2-a49b65a61e0c tempest-TestImageHashVerification-627010559 tempest-TestImageHashVerification-627010559-project-member] Matched version: v2 {{(pid=99788) process_request /opt/stack/glance/glance/api/middleware/version_negotiation.py:69}}
Aug 18 05:27:19.153925 np0000007598 devstack@g-api.service[99788]: DEBUG glance.api.middleware.version_negotiation [None req-ca3bb481-54e5-4655-88b2-a49b65a61e0c tempest-TestImageHashVerification-627010559 tempest-TestImageHashVerification-627010559-project-member] new path /v2/schemas/image {{(pid=99788) process_request /opt/stack/glance/glance/api/middleware/version_negotiation.py:70}}
Aug 18 05:27:19.158569 np0000007598 devstack@g-api.service[99788]: [pid: 99788|app: 0|req: 131/376] 127.0.0.1 () {44 vars in 1055 bytes} [Tue Aug 18 05:27:19 2026] GET /v2/schemas/image => generated 6083 bytes in 7 msecs (HTTP/1.1 200) 4 headers in 158 bytes (1 switches on core 0)
Aug 18 05:27:19.176759 np0000007598 devstack@g-api.service[99789]: DEBUG glance.api.middleware.version_negotiation [None req-7922d221-bf88-4d88-beeb-cb70a2ff6388 tempest-TestImageHashVerification-627010559 tempest-TestImageHashVerification-627010559-project-member] Determining version of request: GET /v2/schemas/image Accept: */* {{(pid=99789) process_request /opt/stack/glance/glance/api/middleware/version_negotiation.py:44}}
Aug 18 05:27:19.176895 np0000007598 devstack@g-api.service[99789]: DEBUG glance.api.middleware.version_negotiation [None req-7922d221-bf88-4d88-beeb-cb70a2ff6388 tempest-TestImageHashVerification-627010559 tempest-TestImageHashVerification-627010559-project-member] Using url versioning {{(pid=99789) process_request /opt/stack/glance/glance/api/middleware/version_negotiation.py:57}}
Aug 18 05:27:19.176970 np0000007598 devstack@g-api.service[99789]: DEBUG glance.api.middleware.version_negotiation [None req-7922d221-bf88-4d88-beeb-cb70a2ff6388 tempest-TestImageHashVerification-627010559 tempest-TestImageHashVerification-627010559-project-member] Matched version: v2 {{(pid=99789) process_request /opt/stack/glance/glance/api/middleware/version_negotiation.py:69}}
Aug 18 05:27:19.177058 np0000007598 devstack@g-api.service[99789]: DEBUG glance.api.middleware.version_negotiation [None req-7922d221-bf88-4d88-beeb-cb70a2ff6388 tempest-TestImageHashVerification-627010559 tempest-TestImageHashVerification-627010559-project-member] new path /v2/schemas/image {{(pid=99789) process_request /opt/stack/glance/glance/api/middleware/version_negotiation.py:70}}
Aug 18 05:27:19.180238 np0000007598 devstack@g-api.service[99789]: [pid: 99789|app: 0|req: 125/377] 127.0.0.1 () {44 vars in 1055 bytes} [Tue Aug 18 05:27:19 2026] GET /v2/schemas/image => generated 6083 bytes in 4 msecs (HTTP/1.1 200) 4 headers in 158 bytes (1 switches on core 0)
Aug 18 05:27:19.995424 np0000007598 devstack@g-api.service[99790]: DEBUG glance.api.middleware.version_negotiation [None req-7922d221-bf88-4d88-beeb-cb70a2ff6388 tempest-TestImageHashVerification-627010559 tempest-TestImageHashVerification-627010559-project-member] Determining version of request: GET /v2/images/c4996f4e-1406-479e-8798-8ef89d4a6d91 Accept: application/json {{(pid=99790) process_request /opt/stack/glance/glance/api/middleware/version_negotiation.py:44}}
Aug 18 05:27:19.995656 np0000007598 devstack@g-api.service[99790]: DEBUG glance.api.middleware.version_negotiation [None req-7922d221-bf88-4d88-beeb-cb70a2ff6388 tempest-TestImageHashVerification-627010559 tempest-TestImageHashVerification-627010559-project-member] Using url versioning {{(pid=99790) process_request /opt/stack/glance/glance/api/middleware/version_negotiation.py:57}}
Aug 18 05:27:19.995736 np0000007598 devstack@g-api.service[99790]: DEBUG glance.api.middleware.version_negotiation [None req-7922d221-bf88-4d88-beeb-cb70a2ff6388 tempest-TestImageHashVerification-627010559 tempest-TestImageHashVerification-627010559-project-member] Matched version: v2 {{(pid=99790) process_request /opt/stack/glance/glance/api/middleware/version_negotiation.py:69}}
Aug 18 05:27:19.995883 np0000007598 devstack@g-api.service[99790]: DEBUG glance.api.middleware.version_negotiation [None req-7922d221-bf88-4d88-beeb-cb70a2ff6388 tempest-TestImageHashVerification-627010559 tempest-TestImageHashVerification-627010559-project-member] new path /v2/images/c4996f4e-1406-479e-8798-8ef89d4a6d91 {{(pid=99790) process_request /opt/stack/glance/glance/api/middleware/version_negotiation.py:70}}
Aug 18 05:27:20.006958 np0000007598 devstack@g-api.service[99790]: [pid: 99790|app: 0|req: 122/378] 127.0.0.1 () {40 vars in 838 bytes} [Tue Aug 18 05:27:19 2026] GET /v2/images/c4996f4e-1406-479e-8798-8ef89d4a6d91 => generated 820 bytes in 12 msecs (HTTP/1.1 200) 4 headers in 157 bytes (1 switches on core 0)
Aug 18 05:27:20.063290 np0000007598 devstack@g-api.service[99788]: DEBUG glance.api.middleware.version_negotiation [None req-7922d221-bf88-4d88-beeb-cb70a2ff6388 tempest-TestImageHashVerification-627010559 tempest-TestImageHashVerification-627010559-project-member] Determining version of request: GET /v2/images/c4996f4e-1406-479e-8798-8ef89d4a6d91/tasks Accept: application/json {{(pid=99788) process_request /opt/stack/glance/glance/api/middleware/version_negotiation.py:44}}
Aug 18 05:27:20.063843 np0000007598 devstack@g-api.service[99788]: DEBUG glance.api.middleware.version_negotiation [None req-7922d221-bf88-4d88-beeb-cb70a2ff6388 tempest-TestImageHashVerification-627010559 tempest-TestImageHashVerification-627010559-project-member] Using url versioning {{(pid=99788) process_request /opt/stack/glance/glance/api/middleware/version_negotiation.py:57}}
Aug 18 05:27:20.063843 np0000007598 devstack@g-api.service[99788]: DEBUG glance.api.middleware.version_negotiation [None req-7922d221-bf88-4d88-beeb-cb70a2ff6388 tempest-TestImageHashVerification-627010559 tempest-TestImageHashVerification-627010559-project-member] Matched version: v2 {{(pid=99788) process_request /opt/stack/glance/glance/api/middleware/version_negotiation.py:69}}
Aug 18 05:27:20.063941 np0000007598 devstack@g-api.service[99788]: DEBUG glance.api.middleware.version_negotiation [None req-7922d221-bf88-4d88-beeb-cb70a2ff6388 tempest-TestImageHashVerification-627010559 tempest-TestImageHashVerification-627010559-project-member] new path /v2/images/c4996f4e-1406-479e-8798-8ef89d4a6d91/tasks {{(pid=99788) process_request /opt/stack/glance/glance/api/middleware/version_negotiation.py:70}}
Aug 18 05:27:20.092968 np0000007598 devstack@g-api.service[99788]: [pid: 99788|app: 0|req: 132/379] 127.0.0.1 () {40 vars in 850 bytes} [Tue Aug 18 05:27:20 2026] GET /v2/images/c4996f4e-1406-479e-8798-8ef89d4a6d91/tasks => generated 13 bytes in 30 msecs (HTTP/1.1 200) 4 headers in 156 bytes (1 switches on core 0)
Aug 18 05:27:20.102780 np0000007598 devstack@g-api.service[99789]: DEBUG glance.api.middleware.version_negotiation [None req-7922d221-bf88-4d88-beeb-cb70a2ff6388 tempest-TestImageHashVerification-627010559 tempest-TestImageHashVerification-627010559-project-member] Determining version of request: GET /v2/images/c4996f4e-1406-479e-8798-8ef89d4a6d91 Accept: application/json {{(pid=99789) process_request /opt/stack/glance/glance/api/middleware/version_negotiation.py:44}}
Aug 18 05:27:20.103110 np0000007598 devstack@g-api.service[99789]: DEBUG glance.api.middleware.version_negotiation [None req-7922d221-bf88-4d88-beeb-cb70a2ff6388 tempest-TestImageHashVerification-627010559 tempest-TestImageHashVerification-627010559-project-member] Using url versioning {{(pid=99789) process_request /opt/stack/glance/glance/api/middleware/version_negotiation.py:57}}
Aug 18 05:27:20.103211 np0000007598 devstack@g-api.service[99789]: DEBUG glance.api.middleware.version_negotiation [None req-7922d221-bf88-4d88-beeb-cb70a2ff6388 tempest-TestImageHashVerification-627010559 tempest-TestImageHashVerification-627010559-project-member] Matched version: v2 {{(pid=99789) process_request /opt/stack/glance/glance/api/middleware/version_negotiation.py:69}}
Aug 18 05:27:20.103396 np0000007598 devstack@g-api.service[99789]: DEBUG glance.api.middleware.version_negotiation [None req-7922d221-bf88-4d88-beeb-cb70a2ff6388 tempest-TestImageHashVerification-627010559 tempest-TestImageHashVerification-627010559-project-member] new path /v2/images/c4996f4e-1406-479e-8798-8ef89d4a6d91 {{(pid=99789) process_request /opt/stack/glance/glance/api/middleware/version_negotiation.py:70}}
Aug 18 05:27:20.113267 np0000007598 devstack@g-api.service[99789]: [pid: 99789|app: 0|req: 126/380] 127.0.0.1 () {40 vars in 838 bytes} [Tue Aug 18 05:27:20 2026] GET /v2/images/c4996f4e-1406-479e-8798-8ef89d4a6d91 => generated 820 bytes in 10 msecs (HTTP/1.1 200) 4 headers in 157 bytes (1 switches on core 0)
