May 22 14:04:00.063537 np0000001274 nova-scheduler[95605]: DEBUG cotyledon.oslo_config_glue [-] oslo_messaging_notifications.retry = -1 {{(pid=95605) log_opt_values /opt/stack/data/venv/lib/python3.12/site-packages/oslo_config/cfg.py:3256}}
May 22 14:04:00.063537 np0000001274 nova-scheduler[95605]: DEBUG cotyledon.oslo_config_glue [-] oslo_messaging_notifications.topics = ['notifications'] {{(pid=95605) log_opt_values /opt/stack/data/venv/lib/python3.12/site-packages/oslo_config/cfg.py:3256}}
May 22 14:04:00.063537 np0000001274 nova-scheduler[95605]: DEBUG cotyledon.oslo_config_glue [-] oslo_messaging_notifications.transport_url = **** {{(pid=95605) log_opt_values /opt/stack/data/venv/lib/python3.12/site-packages/oslo_config/cfg.py:3256}}
May 22 14:04:00.063537 np0000001274 nova-scheduler[95605]: DEBUG cotyledon.oslo_config_glue [-] oslo_limit.auth_section = None {{(pid=95605) log_opt_values /opt/stack/data/venv/lib/python3.12/site-packages/oslo_config/cfg.py:3256}}
May 22 14:04:00.063537 np0000001274 nova-scheduler[95605]: DEBUG cotyledon.oslo_config_glue [-] oslo_limit.auth_type = None {{(pid=95605) log_opt_values /opt/stack/data/venv/lib/python3.12/site-packages/oslo_config/cfg.py:3256}}
May 22 14:04:00.063537 np0000001274 nova-scheduler[95605]: DEBUG cotyledon.oslo_config_glue [-] oslo_limit.cafile = None {{(pid=95605) log_opt_values /opt/stack/data/venv/lib/python3.12/site-packages/oslo_config/cfg.py:3256}}
May 22 14:04:00.063739 np0000001274 nova-scheduler[95605]: DEBUG cotyledon.oslo_config_glue [-] oslo_limit.certfile = None {{(pid=95605) log_opt_values /opt/stack/data/venv/lib/python3.12/site-packages/oslo_config/cfg.py:3256}}
May 22 14:04:00.063739 np0000001274 nova-scheduler[95605]: DEBUG cotyledon.oslo_config_glue [-] oslo_limit.collect_timing = False {{(pid=95605) log_opt_values /opt/stack/data/venv/lib/python3.12/site-packages/oslo_config/cfg.py:3256}}
May 22 14:04:00.063739 np0000001274 nova-scheduler[95605]: DEBUG cotyledon.oslo_config_glue [-] oslo_limit.connect_retries = None {{(pid=95605) log_opt_values /opt/stack/data/venv/lib/python3.12/site-packages/oslo_config/cfg.py:3256}}
May 22 14:04:00.063739 np0000001274 nova-scheduler[95605]: DEBUG cotyledon.oslo_config_glue [-] oslo_limit.connect_retry_delay = None {{(pid=95605) log_opt_values /opt/stack/data/venv/lib/python3.12/site-packages/oslo_config/cfg.py:3256}}
May 22 14:04:00.063739 np0000001274 nova-scheduler[95605]: DEBUG cotyledon.oslo_config_glue [-] oslo_limit.endpoint_id = None {{(pid=95605) log_opt_values /opt/stack/data/venv/lib/python3.12/site-packages/oslo_config/cfg.py:3256}}
May 22 14:04:00.063739 np0000001274 nova-scheduler[95605]: DEBUG cotyledon.oslo_config_glue [-] oslo_limit.endpoint_interface = public {{(pid=95605) log_opt_values /opt/stack/data/venv/lib/python3.12/site-packages/oslo_config/cfg.py:3256}}
May 22 14:04:00.063739 np0000001274 nova-scheduler[95605]: DEBUG cotyledon.oslo_config_glue [-] oslo_limit.endpoint_override = None {{(pid=95605) log_opt_values /opt/stack/data/venv/lib/python3.12/site-packages/oslo_config/cfg.py:3256}}
May 22 14:04:00.063739 np0000001274 nova-scheduler[95605]: DEBUG cotyledon.oslo_config_glue [-] oslo_limit.endpoint_region_name = None {{(pid=95605) log_opt_values /opt/stack/data/venv/lib/python3.12/site-packages/oslo_config/cfg.py:3256}}
May 22 14:04:00.063739 np0000001274 nova-scheduler[95605]: DEBUG cotyledon.oslo_config_glue [-] oslo_limit.endpoint_service_name = None {{(pid=95605) log_opt_values /opt/stack/data/venv/lib/python3.12/site-packages/oslo_config/cfg.py:3256}}
May 22 14:04:00.064145 np0000001274 nova-scheduler[95605]: DEBUG cotyledon.oslo_config_glue [-] oslo_limit.endpoint_service_type = None {{(pid=95605) log_opt_values /opt/stack/data/venv/lib/python3.12/site-packages/oslo_config/cfg.py:3256}}
May 22 14:04:00.064145 np0000001274 nova-scheduler[95605]: DEBUG cotyledon.oslo_config_glue [-] oslo_limit.insecure = False {{(pid=95605) log_opt_values /opt/stack/data/venv/lib/python3.12/site-packages/oslo_config/cfg.py:3256}}
May 22 14:04:00.064145 np0000001274 nova-scheduler[95605]: DEBUG cotyledon.oslo_config_glue [-] oslo_limit.keyfile = None {{(pid=95605) log_opt_values /opt/stack/data/venv/lib/python3.12/site-packages/oslo_config/cfg.py:3256}}
May 22 14:04:00.064145 np0000001274 nova-scheduler[95605]: DEBUG cotyledon.oslo_config_glue [-] oslo_limit.max_version = None {{(pid=95605) log_opt_values /opt/stack/data/venv/lib/python3.12/site-packages/oslo_config/cfg.py:3256}}
May 22 14:04:00.064145 np0000001274 nova-scheduler[95605]: DEBUG cotyledon.oslo_config_glue [-] oslo_limit.min_version = None {{(pid=95605) log_opt_values /opt/stack/data/venv/lib/python3.12/site-packages/oslo_config/cfg.py:3256}}
May 22 14:04:00.064145 np0000001274 nova-scheduler[95605]: DEBUG cotyledon.oslo_config_glue [-] oslo_limit.region_name = None {{(pid=95605) log_opt_values /opt/stack/data/venv/lib/python3.12/site-packages/oslo_config/cfg.py:3256}}
May 22 14:04:00.064145 np0000001274 nova-scheduler[95605]: DEBUG cotyledon.oslo_config_glue [-] oslo_limit.retriable_status_codes = None {{(pid=95605) log_opt_values /opt/stack/data/venv/lib/python3.12/site-packages/oslo_config/cfg.py:3256}}
May 22 14:04:00.064145 np0000001274 nova-scheduler[95605]: DEBUG cotyledon.oslo_config_glue [-] oslo_limit.service_name = None {{(pid=95605) log_opt_values /opt/stack/data/venv/lib/python3.12/site-packages/oslo_config/cfg.py:3256}}
May 22 14:04:00.064145 np0000001274 nova-scheduler[95605]: DEBUG cotyledon.oslo_config_glue [-] oslo_limit.service_type = None {{(pid=95605) log_opt_values /opt/stack/data/venv/lib/python3.12/site-packages/oslo_config/cfg.py:3256}}
May 22 14:04:00.064326 np0000001274 nova-scheduler[95605]: DEBUG cotyledon.oslo_config_glue [-] oslo_limit.split_loggers = False {{(pid=95605) log_opt_values /opt/stack/data/venv/lib/python3.12/site-packages/oslo_config/cfg.py:3256}}
May 22 14:04:00.064326 np0000001274 nova-scheduler[95605]: DEBUG cotyledon.oslo_config_glue [-] oslo_limit.status_code_retries = None {{(pid=95605) log_opt_values /opt/stack/data/venv/lib/python3.12/site-packages/oslo_config/cfg.py:3256}}
May 22 14:04:00.064326 np0000001274 nova-scheduler[95605]: DEBUG cotyledon.oslo_config_glue [-] oslo_limit.status_code_retry_delay = None {{(pid=95605) log_opt_values /opt/stack/data/venv/lib/python3.12/site-packages/oslo_config/cfg.py:3256}}
May 22 14:04:00.064326 np0000001274 nova-scheduler[95605]: DEBUG cotyledon.oslo_config_glue [-] oslo_limit.timeout = None {{(pid=95605) log_opt_values /opt/stack/data/venv/lib/python3.12/site-packages/oslo_config/cfg.py:3256}}
May 22 14:04:00.064326 np0000001274 nova-scheduler[95605]: DEBUG cotyledon.oslo_config_glue [-] oslo_limit.valid_interfaces = None {{(pid=95605) log_opt_values /opt/stack/data/venv/lib/python3.12/site-packages/oslo_config/cfg.py:3256}}
May 22 14:04:00.064326 np0000001274 nova-scheduler[95605]: DEBUG cotyledon.oslo_config_glue [-] oslo_limit.version = None {{(pid=95605) log_opt_values /opt/stack/data/venv/lib/python3.12/site-packages/oslo_config/cfg.py:3256}}
May 22 14:04:00.064326 np0000001274 nova-scheduler[95605]: DEBUG cotyledon.oslo_config_glue [-] oslo_reports.file_event_handler = None {{(pid=95605) log_opt_values /opt/stack/data/venv/lib/python3.12/site-packages/oslo_config/cfg.py:3256}}
May 22 14:04:00.064326 np0000001274 nova-scheduler[95605]: DEBUG cotyledon.oslo_config_glue [-] oslo_reports.file_event_handler_interval = 1 {{(pid=95605) log_opt_values /opt/stack/data/venv/lib/python3.12/site-packages/oslo_config/cfg.py:3256}}
May 22 14:04:00.064326 np0000001274 nova-scheduler[95605]: DEBUG cotyledon.oslo_config_glue [-] oslo_reports.log_dir = None {{(pid=95605) log_opt_values /opt/stack/data/venv/lib/python3.12/site-packages/oslo_config/cfg.py:3256}}
May 22 14:04:00.064552 np0000001274 nova-scheduler[95605]: DEBUG cotyledon.oslo_config_glue [-] ******************************************************************************** {{(pid=95605) log_opt_values /opt/stack/data/venv/lib/python3.12/site-packages/oslo_config/cfg.py:3263}}
May 22 14:04:00.064575 np0000001274 nova-scheduler[95603]: DEBUG oslo_db.sqlalchemy.engines [None req-15abe8fe-999a-4356-bb00-00c5b67fbd5b None None] MySQL server mode set to STRICT_TRANS_TABLES,STRICT_ALL_TABLES,NO_ZERO_IN_DATE,NO_ZERO_DATE,ERROR_FOR_DIVISION_BY_ZERO,TRADITIONAL,NO_ENGINE_SUBSTITUTION {{(pid=95603) _check_effective_sql_mode /opt/stack/data/venv/lib/python3.12/site-packages/oslo_db/sqlalchemy/engines.py:325}}
May 22 14:04:00.064599 np0000001274 nova-scheduler[95605]: DEBUG cotyledon._service_worker [-] Run service ServiceWrapper(2) [95605] {{(pid=95605) wait_forever /opt/stack/data/venv/lib/python3.12/site-packages/cotyledon/_service_worker.py:218}}
May 22 14:04:00.064599 np0000001274 nova-scheduler[95605]: INFO nova.service [-] Starting scheduler node (version 33.1.0)
May 22 14:04:00.064635 np0000001274 nova-scheduler[95603]: DEBUG dbcounter [-] [95603] Writer thread running {{(pid=95603) stat_writer /opt/stack/data/venv/lib/python3.12/site-packages/dbcounter.py:102}}
May 22 14:04:00.064662 np0000001274 nova-scheduler[95605]: INFO dbcounter [None req-1054b5c3-4678-4cf3-ae41-48b08f3450cc None None] Registered counter for database nova_cell0
May 22 14:04:00.064689 np0000001274 nova-scheduler[95603]: DEBUG nova.service [None req-15abe8fe-999a-4356-bb00-00c5b67fbd5b None None] Creating RPC server for service: nova-scheduler on topic: scheduler {{(pid=95603) start /opt/stack/nova/nova/service.py:195}}
May 22 14:04:00.071140 np0000001274 nova-scheduler[95605]: DEBUG oslo_db.sqlalchemy.engines [None req-1054b5c3-4678-4cf3-ae41-48b08f3450cc None None] MySQL server mode set to STRICT_TRANS_TABLES,STRICT_ALL_TABLES,NO_ZERO_IN_DATE,NO_ZERO_DATE,ERROR_FOR_DIVISION_BY_ZERO,TRADITIONAL,NO_ENGINE_SUBSTITUTION {{(pid=95605) _check_effective_sql_mode /opt/stack/data/venv/lib/python3.12/site-packages/oslo_db/sqlalchemy/engines.py:325}}
May 22 14:04:00.084740 np0000001274 nova-scheduler[95605]: DEBUG dbcounter [-] [95605] Writer thread running {{(pid=95605) stat_writer /opt/stack/data/venv/lib/python3.12/site-packages/dbcounter.py:102}}
May 22 14:04:00.085630 np0000001274 nova-scheduler[95601]: DEBUG nova.service [None req-5d1ae16a-81ef-4874-94da-9ed2ae471936 None None] Join ServiceGroup membership for this service scheduler {{(pid=95601) start /opt/stack/nova/nova/service.py:221}}
May 22 14:04:00.085822 np0000001274 nova-scheduler[95601]: DEBUG nova.servicegroup.drivers.db [None req-5d1ae16a-81ef-4874-94da-9ed2ae471936 None None] DB_Driver: join new ServiceGroup member np0000001274 to the scheduler group, service = {{(pid=95601) join /opt/stack/nova/nova/servicegroup/drivers/db.py:44}}
May 22 14:04:00.087590 np0000001274 nova-scheduler[95605]: DEBUG nova.service [None req-1054b5c3-4678-4cf3-ae41-48b08f3450cc None None] Creating RPC server for service: nova-scheduler on topic: scheduler {{(pid=95605) start /opt/stack/nova/nova/service.py:195}}
May 22 14:04:00.095483 np0000001274 nova-scheduler[95603]: DEBUG nova.service [None req-15abe8fe-999a-4356-bb00-00c5b67fbd5b None None] Join ServiceGroup membership for this service scheduler {{(pid=95603) start /opt/stack/nova/nova/service.py:221}}
May 22 14:04:00.095483 np0000001274 nova-scheduler[95603]: DEBUG nova.servicegroup.drivers.db [None req-15abe8fe-999a-4356-bb00-00c5b67fbd5b None None] DB_Driver: join new ServiceGroup member np0000001274 to the scheduler group, service = {{(pid=95603) join /opt/stack/nova/nova/servicegroup/drivers/db.py:44}}
May 22 14:04:00.109782 np0000001274 nova-scheduler[95605]: DEBUG nova.service [None req-1054b5c3-4678-4cf3-ae41-48b08f3450cc None None] Join ServiceGroup membership for this service scheduler {{(pid=95605) start /opt/stack/nova/nova/service.py:221}}
May 22 14:04:00.110708 np0000001274 nova-scheduler[95605]: DEBUG nova.servicegroup.drivers.db [None req-1054b5c3-4678-4cf3-ae41-48b08f3450cc None None] DB_Driver: join new ServiceGroup member np0000001274 to the scheduler group, service = {{(pid=95605) join /opt/stack/nova/nova/servicegroup/drivers/db.py:44}}
May 22 14:04:02.095888 np0000001274 nova-scheduler[95603]: DEBUG oslo.service.backend._threading.loopingcall [None req-930ca69a-6fa8-4d87-860a-0708c3f48314 None None] Dynamic interval looping call 'nova.service.Service.periodic_tasks' sleeping for 60.00 seconds {{(pid=95603) _run_loop /opt/stack/data/venv/lib/python3.12/site-packages/oslo_service/backend/_threading/loopingcall.py:125}}
May 22 14:04:05.098600 np0000001274 nova-scheduler[95601]: DEBUG oslo.service.backend._threading.loopingcall [-] Fixed interval looping call 'nova.servicegroup.drivers.db.DbDriver._report_state' sleeping for 119.99 seconds {{(pid=95601) _run_loop /opt/stack/data/venv/lib/python3.12/site-packages/oslo_service/backend/_threading/loopingcall.py:125}}
May 22 14:04:05.104915 np0000001274 nova-scheduler[95603]: DEBUG oslo.service.backend._threading.loopingcall [-] Fixed interval looping call 'nova.servicegroup.drivers.db.DbDriver._report_state' sleeping for 119.99 seconds {{(pid=95603) _run_loop /opt/stack/data/venv/lib/python3.12/site-packages/oslo_service/backend/_threading/loopingcall.py:125}}
May 22 14:04:05.121336 np0000001274 nova-scheduler[95605]: DEBUG oslo.service.backend._threading.loopingcall [-] Fixed interval looping call 'nova.servicegroup.drivers.db.DbDriver._report_state' sleeping for 119.99 seconds {{(pid=95605) _run_loop /opt/stack/data/venv/lib/python3.12/site-packages/oslo_service/backend/_threading/loopingcall.py:125}}
May 22 14:04:08.729527 np0000001274 nova-scheduler[94316]: DEBUG dbcounter [-] [94316] Writing DB stats nova_api:SELECT=3 {{(pid=94316) stat_writer /opt/stack/data/venv/lib/python3.12/site-packages/dbcounter.py:115}}
May 22 14:04:08.817429 np0000001274 nova-scheduler[94316]: DEBUG dbcounter [-] [94316] Writing DB stats nova_cell0:SELECT=1 {{(pid=94316) stat_writer /opt/stack/data/venv/lib/python3.12/site-packages/dbcounter.py:115}}
May 22 14:04:08.820875 np0000001274 nova-scheduler[94316]: DEBUG dbcounter [-] [94316] Writing DB stats nova_cell1:SELECT=1 {{(pid=94316) stat_writer /opt/stack/data/venv/lib/python3.12/site-packages/dbcounter.py:115}}
May 22 14:04:15.088455 np0000001274 nova-scheduler[95601]: DEBUG oslo.service.backend._threading.loopingcall [None req-bfa9bd97-9645-4c55-b03d-a7e0639418d4 None None] Dynamic interval looping call 'nova.service.Service.periodic_tasks' sleeping for 60.00 seconds {{(pid=95601) _run_loop /opt/stack/data/venv/lib/python3.12/site-packages/oslo_service/backend/_threading/loopingcall.py:125}}
May 22 14:04:15.095336 np0000001274 nova-scheduler[95601]: DEBUG dbcounter [-] [95601] Writing DB stats nova_cell0:SELECT=4,nova_cell0:INSERT=1,nova_cell0:UPDATE=1 {{(pid=95601) stat_writer /opt/stack/data/venv/lib/python3.12/site-packages/dbcounter.py:115}}
May 22 14:04:15.102135 np0000001274 nova-scheduler[95603]: DEBUG dbcounter [-] [95603] Writing DB stats nova_cell0:SELECT=3 {{(pid=95603) stat_writer /opt/stack/data/venv/lib/python3.12/site-packages/dbcounter.py:115}}
May 22 14:04:15.118684 np0000001274 nova-scheduler[95605]: DEBUG dbcounter [-] [95605] Writing DB stats nova_cell0:SELECT=3 {{(pid=95605) stat_writer /opt/stack/data/venv/lib/python3.12/site-packages/dbcounter.py:115}}
May 22 14:04:16.112898 np0000001274 nova-scheduler[95605]: DEBUG oslo.service.backend._threading.loopingcall [None req-10cb8398-6801-4e68-8feb-58557e524332 None None] Dynamic interval looping call 'nova.service.Service.periodic_tasks' sleeping for 60.00 seconds {{(pid=95605) _run_loop /opt/stack/data/venv/lib/python3.12/site-packages/oslo_service/backend/_threading/loopingcall.py:125}}
May 22 14:05:02.096378 np0000001274 nova-scheduler[95603]: DEBUG oslo.service.backend._threading.loopingcall [None req-930ca69a-6fa8-4d87-860a-0708c3f48314 None None] Dynamic interval looping call 'nova.service.Service.periodic_tasks' sleeping for 60.00 seconds {{(pid=95603) _run_loop /opt/stack/data/venv/lib/python3.12/site-packages/oslo_service/backend/_threading/loopingcall.py:125}}
May 22 14:05:15.088914 np0000001274 nova-scheduler[95601]: DEBUG oslo.service.backend._threading.loopingcall [None req-bfa9bd97-9645-4c55-b03d-a7e0639418d4 None None] Dynamic interval looping call 'nova.service.Service.periodic_tasks' sleeping for 60.00 seconds {{(pid=95601) _run_loop /opt/stack/data/venv/lib/python3.12/site-packages/oslo_service/backend/_threading/loopingcall.py:125}}
May 22 14:05:16.113322 np0000001274 nova-scheduler[95605]: DEBUG oslo.service.backend._threading.loopingcall [None req-10cb8398-6801-4e68-8feb-58557e524332 None None] Dynamic interval looping call 'nova.service.Service.periodic_tasks' sleeping for 60.00 seconds {{(pid=95605) _run_loop /opt/stack/data/venv/lib/python3.12/site-packages/oslo_service/backend/_threading/loopingcall.py:125}}
May 22 14:06:02.096811 np0000001274 nova-scheduler[95603]: DEBUG oslo.service.backend._threading.loopingcall [None req-930ca69a-6fa8-4d87-860a-0708c3f48314 None None] Dynamic interval looping call 'nova.service.Service.periodic_tasks' sleeping for 60.00 seconds {{(pid=95603) _run_loop /opt/stack/data/venv/lib/python3.12/site-packages/oslo_service/backend/_threading/loopingcall.py:125}}
May 22 14:06:05.095952 np0000001274 nova-scheduler[95601]: DEBUG oslo.service.backend._threading.loopingcall [-] Fixed interval looping call 'nova.servicegroup.drivers.db.DbDriver._report_state' sleeping for 119.99 seconds {{(pid=95601) _run_loop /opt/stack/data/venv/lib/python3.12/site-packages/oslo_service/backend/_threading/loopingcall.py:125}}
May 22 14:06:05.098997 np0000001274 nova-scheduler[95603]: DEBUG oslo.service.backend._threading.loopingcall [-] Fixed interval looping call 'nova.servicegroup.drivers.db.DbDriver._report_state' sleeping for 120.00 seconds {{(pid=95603) _run_loop /opt/stack/data/venv/lib/python3.12/site-packages/oslo_service/backend/_threading/loopingcall.py:125}}
May 22 14:06:05.114526 np0000001274 nova-scheduler[95605]: DEBUG oslo.service.backend._threading.loopingcall [-] Fixed interval looping call 'nova.servicegroup.drivers.db.DbDriver._report_state' sleeping for 120.00 seconds {{(pid=95605) _run_loop /opt/stack/data/venv/lib/python3.12/site-packages/oslo_service/backend/_threading/loopingcall.py:125}}
May 22 14:06:15.089371 np0000001274 nova-scheduler[95601]: DEBUG oslo.service.backend._threading.loopingcall [None req-bfa9bd97-9645-4c55-b03d-a7e0639418d4 None None] Dynamic interval looping call 'nova.service.Service.periodic_tasks' sleeping for 60.00 seconds {{(pid=95601) _run_loop /opt/stack/data/venv/lib/python3.12/site-packages/oslo_service/backend/_threading/loopingcall.py:125}}
May 22 14:06:15.091766 np0000001274 nova-scheduler[95601]: DEBUG dbcounter [-] [95601] Writing DB stats nova_cell0:SELECT=1,nova_cell0:UPDATE=1 {{(pid=95601) stat_writer /opt/stack/data/venv/lib/python3.12/site-packages/dbcounter.py:115}}
May 22 14:06:15.097585 np0000001274 nova-scheduler[95603]: DEBUG dbcounter [-] [95603] Writing DB stats nova_cell0:SELECT=1 {{(pid=95603) stat_writer /opt/stack/data/venv/lib/python3.12/site-packages/dbcounter.py:115}}
May 22 14:06:15.113071 np0000001274 nova-scheduler[95605]: DEBUG dbcounter [-] [95605] Writing DB stats nova_cell0:SELECT=1 {{(pid=95605) stat_writer /opt/stack/data/venv/lib/python3.12/site-packages/dbcounter.py:115}}
May 22 14:06:16.113799 np0000001274 nova-scheduler[95605]: DEBUG oslo.service.backend._threading.loopingcall [None req-10cb8398-6801-4e68-8feb-58557e524332 None None] Dynamic interval looping call 'nova.service.Service.periodic_tasks' sleeping for 60.00 seconds {{(pid=95605) _run_loop /opt/stack/data/venv/lib/python3.12/site-packages/oslo_service/backend/_threading/loopingcall.py:125}}
May 22 14:06:33.585311 np0000001274 nova-scheduler[95601]: DEBUG nova.scheduler.manager [None req-a82f0dd1-5c50-49c6-93e5-63c6dddcb902 tempest-ServerActionsTestOtherB-1729227243 tempest-ServerActionsTestOtherB-1729227243-project-member] Starting to schedule for instances: ['15b23518-1e42-4ce2-91ab-a9ea99ff00f0'] {{(pid=95601) select_destinations /opt/stack/nova/nova/scheduler/manager.py:210}}
May 22 14:06:33.585779 np0000001274 nova-scheduler[95601]: DEBUG nova.scheduler.request_filter [None req-a82f0dd1-5c50-49c6-93e5-63c6dddcb902 tempest-ServerActionsTestOtherB-1729227243 tempest-ServerActionsTestOtherB-1729227243-project-member] compute_status_filter request filter added forbidden trait COMPUTE_STATUS_DISABLED {{(pid=95601) compute_status_filter /opt/stack/nova/nova/scheduler/request_filter.py:253}}
May 22 14:06:33.585893 np0000001274 nova-scheduler[95601]: DEBUG nova.scheduler.request_filter [None req-a82f0dd1-5c50-49c6-93e5-63c6dddcb902 tempest-ServerActionsTestOtherB-1729227243 tempest-ServerActionsTestOtherB-1729227243-project-member] Request filter 'compute_status_filter' took 0.0 seconds {{(pid=95601) wrapper /opt/stack/nova/nova/scheduler/request_filter.py:46}}
May 22 14:06:33.586082 np0000001274 nova-scheduler[95601]: DEBUG nova.scheduler.request_filter [None req-a82f0dd1-5c50-49c6-93e5-63c6dddcb902 tempest-ServerActionsTestOtherB-1729227243 tempest-ServerActionsTestOtherB-1729227243-project-member] Request filter 'accelerators_filter' took 0.0 seconds {{(pid=95601) wrapper /opt/stack/nova/nova/scheduler/request_filter.py:46}}
May 22 14:06:33.586247 np0000001274 nova-scheduler[95601]: DEBUG nova.scheduler.request_filter [None req-a82f0dd1-5c50-49c6-93e5-63c6dddcb902 tempest-ServerActionsTestOtherB-1729227243 tempest-ServerActionsTestOtherB-1729227243-project-member] Request filter 'packed_virtqueue_filter' took 0.0 seconds {{(pid=95601) wrapper /opt/stack/nova/nova/scheduler/request_filter.py:46}}
May 22 14:06:33.587318 np0000001274 nova-scheduler[95601]: DEBUG nova.scheduler.request_filter [None req-a82f0dd1-5c50-49c6-93e5-63c6dddcb902 tempest-ServerActionsTestOtherB-1729227243 tempest-ServerActionsTestOtherB-1729227243-project-member] Request filter 'remote_managed_ports_filter' took 0.0 seconds {{(pid=95601) wrapper /opt/stack/nova/nova/scheduler/request_filter.py:46}}
May 22 14:06:33.588168 np0000001274 nova-scheduler[95601]: DEBUG nova.scheduler.request_filter [None req-a82f0dd1-5c50-49c6-93e5-63c6dddcb902 tempest-ServerActionsTestOtherB-1729227243 tempest-ServerActionsTestOtherB-1729227243-project-member] ephemeral_encryption_filter skipped {{(pid=95601) ephemeral_encryption_filter /opt/stack/nova/nova/scheduler/request_filter.py:426}}
May 22 14:06:33.589505 np0000001274 nova-scheduler[95601]: DEBUG nova.scheduler.request_filter [None req-a82f0dd1-5c50-49c6-93e5-63c6dddcb902 tempest-ServerActionsTestOtherB-1729227243 tempest-ServerActionsTestOtherB-1729227243-project-member] virtio_sound_filter skipped {{(pid=95601) virtio_sound_filter /opt/stack/nova/nova/scheduler/request_filter.py:460}}
May 22 14:06:33.589663 np0000001274 nova-scheduler[95601]: DEBUG nova.scheduler.request_filter [None req-a82f0dd1-5c50-49c6-93e5-63c6dddcb902 tempest-ServerActionsTestOtherB-1729227243 tempest-ServerActionsTestOtherB-1729227243-project-member] tpm_secret_security_filter skipped {{(pid=95601) tpm_secret_security_filter /opt/stack/nova/nova/scheduler/request_filter.py:477}}
May 22 14:06:33.995456 np0000001274 nova-scheduler[95601]: INFO nova.utils [None req-a82f0dd1-5c50-49c6-93e5-63c6dddcb902 tempest-ServerActionsTestOtherB-1729227243 tempest-ServerActionsTestOtherB-1729227243-project-member] The cell worker thread pool ForkProcess-1.cell_worker is initialized
May 22 14:06:33.995792 np0000001274 nova-scheduler[95601]: DEBUG oslo_concurrency.lockutils [None req-a82f0dd1-5c50-49c6-93e5-63c6dddcb902 tempest-ServerActionsTestOtherB-1729227243 tempest-ServerActionsTestOtherB-1729227243-project-member] Acquiring lock "1dcf33f8-6433-42e3-a72b-ccb62f26f991" by "nova.context.set_target_cell..get_or_set_cached_cell_and_set_connections" {{(pid=95601) inner /opt/stack/data/venv/lib/python3.12/site-packages/oslo_concurrency/lockutils.py:511}}
May 22 14:06:33.995969 np0000001274 nova-scheduler[95601]: DEBUG oslo_concurrency.lockutils [None req-a82f0dd1-5c50-49c6-93e5-63c6dddcb902 tempest-ServerActionsTestOtherB-1729227243 tempest-ServerActionsTestOtherB-1729227243-project-member] Lock "1dcf33f8-6433-42e3-a72b-ccb62f26f991" acquired by "nova.context.set_target_cell..get_or_set_cached_cell_and_set_connections" :: waited 0.000s {{(pid=95601) inner /opt/stack/data/venv/lib/python3.12/site-packages/oslo_concurrency/lockutils.py:524}}
May 22 14:06:33.997809 np0000001274 nova-scheduler[95601]: DEBUG oslo_concurrency.lockutils [None req-a82f0dd1-5c50-49c6-93e5-63c6dddcb902 tempest-ServerActionsTestOtherB-1729227243 tempest-ServerActionsTestOtherB-1729227243-project-member] Lock "1dcf33f8-6433-42e3-a72b-ccb62f26f991" "released" by "nova.context.set_target_cell..get_or_set_cached_cell_and_set_connections" :: held 0.002s {{(pid=95601) inner /opt/stack/data/venv/lib/python3.12/site-packages/oslo_concurrency/lockutils.py:543}}
May 22 14:06:33.999426 np0000001274 nova-scheduler[95601]: INFO dbcounter [None req-a82f0dd1-5c50-49c6-93e5-63c6dddcb902 tempest-ServerActionsTestOtherB-1729227243 tempest-ServerActionsTestOtherB-1729227243-project-member] Registered counter for database nova_cell1
May 22 14:06:34.005161 np0000001274 nova-scheduler[95601]: DEBUG oslo_db.sqlalchemy.engines [None req-a82f0dd1-5c50-49c6-93e5-63c6dddcb902 tempest-ServerActionsTestOtherB-1729227243 tempest-ServerActionsTestOtherB-1729227243-project-member] MySQL server mode set to STRICT_TRANS_TABLES,STRICT_ALL_TABLES,NO_ZERO_IN_DATE,NO_ZERO_DATE,ERROR_FOR_DIVISION_BY_ZERO,TRADITIONAL,NO_ENGINE_SUBSTITUTION {{(pid=95601) _check_effective_sql_mode /opt/stack/data/venv/lib/python3.12/site-packages/oslo_db/sqlalchemy/engines.py:325}}
May 22 14:06:34.010092 np0000001274 nova-scheduler[95601]: DEBUG dbcounter [-] [95601] Writer thread running {{(pid=95601) stat_writer /opt/stack/data/venv/lib/python3.12/site-packages/dbcounter.py:102}}
May 22 14:06:34.022740 np0000001274 nova-scheduler[95601]: DEBUG oslo_db.sqlalchemy.engines [None req-a82f0dd1-5c50-49c6-93e5-63c6dddcb902 tempest-ServerActionsTestOtherB-1729227243 tempest-ServerActionsTestOtherB-1729227243-project-member] Parent process 94316 forked (95601) with an open database connection, which is being discarded and recreated. {{(pid=95601) checkout /opt/stack/data/venv/lib/python3.12/site-packages/oslo_db/sqlalchemy/engines.py:402}}
May 22 14:06:34.031696 np0000001274 nova-scheduler[95601]: DEBUG dbcounter [-] [95601] Writer thread running {{(pid=95601) stat_writer /opt/stack/data/venv/lib/python3.12/site-packages/dbcounter.py:102}}
May 22 14:06:34.034657 np0000001274 nova-scheduler[95601]: DEBUG oslo_concurrency.lockutils [None req-a82f0dd1-5c50-49c6-93e5-63c6dddcb902 tempest-ServerActionsTestOtherB-1729227243 tempest-ServerActionsTestOtherB-1729227243-project-member] Acquiring lock "1dcf33f8-6433-42e3-a72b-ccb62f26f991" by "nova.context.set_target_cell..get_or_set_cached_cell_and_set_connections" {{(pid=95601) inner /opt/stack/data/venv/lib/python3.12/site-packages/oslo_concurrency/lockutils.py:511}}
May 22 14:06:34.035171 np0000001274 nova-scheduler[95601]: DEBUG oslo_concurrency.lockutils [None req-a82f0dd1-5c50-49c6-93e5-63c6dddcb902 tempest-ServerActionsTestOtherB-1729227243 tempest-ServerActionsTestOtherB-1729227243-project-member] Lock "1dcf33f8-6433-42e3-a72b-ccb62f26f991" acquired by "nova.context.set_target_cell..get_or_set_cached_cell_and_set_connections" :: waited 0.000s {{(pid=95601) inner /opt/stack/data/venv/lib/python3.12/site-packages/oslo_concurrency/lockutils.py:524}}
May 22 14:06:34.035171 np0000001274 nova-scheduler[95601]: DEBUG oslo_concurrency.lockutils [None req-a82f0dd1-5c50-49c6-93e5-63c6dddcb902 tempest-ServerActionsTestOtherB-1729227243 tempest-ServerActionsTestOtherB-1729227243-project-member] Lock "1dcf33f8-6433-42e3-a72b-ccb62f26f991" "released" by "nova.context.set_target_cell..get_or_set_cached_cell_and_set_connections" :: held 0.000s {{(pid=95601) inner /opt/stack/data/venv/lib/python3.12/site-packages/oslo_concurrency/lockutils.py:543}}
May 22 14:06:34.039277 np0000001274 nova-scheduler[95601]: DEBUG oslo_concurrency.lockutils [None req-a82f0dd1-5c50-49c6-93e5-63c6dddcb902 tempest-ServerActionsTestOtherB-1729227243 tempest-ServerActionsTestOtherB-1729227243-project-member] Acquiring lock "('np0000001274', 'np0000001274')" by "nova.scheduler.host_manager.HostState.update.._locked_update" {{(pid=95601) inner /opt/stack/data/venv/lib/python3.12/site-packages/oslo_concurrency/lockutils.py:511}}
May 22 14:06:34.039638 np0000001274 nova-scheduler[95601]: DEBUG oslo_concurrency.lockutils [None req-a82f0dd1-5c50-49c6-93e5-63c6dddcb902 tempest-ServerActionsTestOtherB-1729227243 tempest-ServerActionsTestOtherB-1729227243-project-member] Lock "('np0000001274', 'np0000001274')" acquired by "nova.scheduler.host_manager.HostState.update.._locked_update" :: waited 0.000s {{(pid=95601) inner /opt/stack/data/venv/lib/python3.12/site-packages/oslo_concurrency/lockutils.py:524}}
May 22 14:06:34.041051 np0000001274 nova-scheduler[95601]: DEBUG nova.scheduler.host_manager [None req-a82f0dd1-5c50-49c6-93e5-63c6dddcb902 tempest-ServerActionsTestOtherB-1729227243 tempest-ServerActionsTestOtherB-1729227243-project-member] Update host state from compute node: ComputeNode(cpu_allocation_ratio=4.0,cpu_info='{"arch": "x86_64", "model": "EPYC-Milan", "vendor": "AMD", "topology": {"cells": 1, "sockets": 12, "cores": 1, "threads": 1}, "maxphysaddr": {"mode": "emulate", "bits": 40}, "features": ["stibp-always-on", "flushbyasid", "pse", "bmi2", "pat", "fxsr", "clwb", "xgetbv1", "ibpb", "movbe", "no-nested-data-bp", "tsc_adjust", "mds-no", "osvw", "npt", "vaes", "xsave", "cx16", "erms", "tsc-scale", "rdctl-no", "xsaveopt", "sep", "fsrm", "x2apic", "msr", "cr8legacy", "fpu", "rdseed", "de", "vpclmulqdq", "amd-ssbd", "fma", "sha-ni", "lahf_lm", "popcnt", "pschange-mc-no", "skip-l1dfl-vmentry", "sse4a", "vmcb-clean", "f16c", "abm", "clflush", "amd-psfd", "stibp", "mca", "v-vmsave-vmload", "aes", "mce", "pclmuldq", "svm", "clzero", "nx", "lfence-always-serializing", "invpcid", "mtrr", "pse36", "tsc-deadline", "ssse3", "cx8", "spec-ctrl", "pge", "fxsr_opt", "gds-no", "nrip-save", "xsaveerptr", "pfthreshold", "ibrs", "arat", "rdrand", "rdpid", "mmxext", "vme", "amd-stibp", "pcid", "virt-ssbd", "mmx", "wbnoinvd", "sse2", "sse4.2", "avx2", "apic", "hypervisor", "null-sel-clr-base", "lm", "umip", "tsc", "rdtscp", "clflushopt", "xsavec", "bmi1", "lbrv", "pku", "ssbd", "cmov", "sse", "vgif", "smap", "sse4.1", "pni", "avx", "smep", "pause-filter", "svme-addr-chk", "cmp_legacy", "pae", "arch-capabilities", "misalignsse", "syscall", "pdpe1gb", "perfctr_core", "topoext", "3dnowprefetch", "fsgsbase", "xsaves", "adx"]}',created_at=2026-05-22T14:04:25Z,current_workload=0,deleted=False,deleted_at=None,disk_allocation_ratio=1.0,disk_available_least=74,free_disk_gb=95,free_ram_mb=23518,host='np0000001274',host_ip=10.4.3.112,hypervisor_hostname='np0000001274',hypervisor_type='QEMU',hypervisor_version=8002002,id=1,local_gb=95,local_gb_used=0,mapped=1,memory_mb=24030,memory_mb_used=512,metrics='[]',numa_topology='{"nova_object.name": "NUMATopology", "nova_object.namespace": "nova", "nova_object.version": "1.2", "nova_object.data": {"cells": [{"nova_object.name": "NUMACell", "nova_object.namespace": "nova", "nova_object.version": "1.5", "nova_object.data": {"id": 0, "cpuset": [0, 1, 2, 3, 4, 5, 6, 7, 8, 9, 10, 11], "pcpuset": [0, 1, 2, 3, 4, 5, 6, 7, 8, 9, 10, 11], "memory": 24030, "cpu_usage": 0, "memory_usage": 0, "pinned_cpus": [], "siblings": [[6], [2], [5], [11], [8], [4], [1], [7], [10], [0], [3], [9]], "mempages": [{"nova_object.name": "NUMAPagesTopology", "nova_object.namespace": "nova", "nova_object.version": "1.1", "nova_object.data": {"size_kb": 4, "total": 6151798, "used": 0, "reserved": 0}, "nova_object.changes": ["size_kb", "used", "reserved", "total"]}, {"nova_object.name": "NUMAPagesTopology", "nova_object.namespace": "nova", "nova_object.version": "1.1", "nova_object.data": {"size_kb": 2048, "total": 0, "used": 0, "reserved": 0}, "nova_object.changes": ["size_kb", "used", "reserved", "total"]}, {"nova_object.name": "NUMAPagesTopology", "nova_object.namespace": "nova", "nova_object.version": "1.1", "nova_object.data": {"size_kb": 1048576, "total": 0, "used": 0, "reserved": 0}, "nova_object.changes": ["size_kb", "used", "reserved", "total"]}], "network_metadata": {"nova_object.name": "NetworkMetadata", "nova_object.namespace": "nova", "nova_object.version": "1.0", "nova_object.data": {"physnets": [], "tunneled": false}, "nova_object.changes": ["physnets", "tunneled"]}, "socket": null}, "nova_object.changes": ["cpuset", "cpu_usage", "siblings", "mempages", "memory", "socket", "memory_usage", "id", "pcpuset", "network_metadata", "pinned_cpus"]}]}, "nova_object.changes": ["cells"]}',pci_device_pools=PciDevicePoolList,ram_allocation_ratio=1.0,running_vms=0,service_id=3,stats={failed_builds='0',uptime=' 14:06:10 up 24 min, 2 users, load average: 2.04, 1.50, 0.82
May 22 14:06:34.041051 np0000001274 nova-scheduler[95601]: '},supported_hv_specs=[HVSpec,HVSpec,HVSpec,HVSpec,HVSpec,HVSpec,HVSpec,HVSpec,HVSpec,HVSpec,HVSpec,HVSpec,HVSpec,HVSpec,HVSpec,HVSpec,HVSpec,HVSpec,HVSpec,HVSpec,HVSpec,HVSpec,HVSpec,HVSpec,HVSpec],updated_at=2026-05-22T14:06:12Z,uuid=67f35014-e90b-4213-aefe-fe0afcd0446f,vcpus=12,vcpus_used=0) {{(pid=95601) _locked_update /opt/stack/nova/nova/scheduler/host_manager.py:168}}
May 22 14:06:34.042662 np0000001274 nova-scheduler[95601]: DEBUG nova.scheduler.host_manager [None req-a82f0dd1-5c50-49c6-93e5-63c6dddcb902 tempest-ServerActionsTestOtherB-1729227243 tempest-ServerActionsTestOtherB-1729227243-project-member] Update host state with aggregates: [] {{(pid=95601) _locked_update /opt/stack/nova/nova/scheduler/host_manager.py:171}}
May 22 14:06:34.042662 np0000001274 nova-scheduler[95601]: DEBUG nova.scheduler.host_manager [None req-a82f0dd1-5c50-49c6-93e5-63c6dddcb902 tempest-ServerActionsTestOtherB-1729227243 tempest-ServerActionsTestOtherB-1729227243-project-member] Update host state with service dict: {'id': 3, 'uuid': '31cc5a80-e8e9-4d11-b180-28eba255ecbd', 'host': 'np0000001274', 'binary': 'nova-compute', 'topic': 'compute', 'report_count': 2, 'disabled': False, 'disabled_reason': None, 'last_seen_up': datetime.datetime(2026, 5, 22, 14, 6, 33, tzinfo=datetime.timezone.utc), 'forced_down': False, 'version': 72, 'created_at': datetime.datetime(2026, 5, 22, 14, 4, 23, tzinfo=datetime.timezone.utc), 'updated_at': datetime.datetime(2026, 5, 22, 14, 6, 33, tzinfo=datetime.timezone.utc), 'deleted_at': None, 'deleted': False} {{(pid=95601) _locked_update /opt/stack/nova/nova/scheduler/host_manager.py:174}}
May 22 14:06:34.042662 np0000001274 nova-scheduler[95601]: DEBUG nova.scheduler.host_manager [None req-a82f0dd1-5c50-49c6-93e5-63c6dddcb902 tempest-ServerActionsTestOtherB-1729227243 tempest-ServerActionsTestOtherB-1729227243-project-member] Update host state with instances: [] {{(pid=95601) _locked_update /opt/stack/nova/nova/scheduler/host_manager.py:177}}
May 22 14:06:34.042662 np0000001274 nova-scheduler[95601]: DEBUG oslo_concurrency.lockutils [None req-a82f0dd1-5c50-49c6-93e5-63c6dddcb902 tempest-ServerActionsTestOtherB-1729227243 tempest-ServerActionsTestOtherB-1729227243-project-member] Lock "('np0000001274', 'np0000001274')" "released" by "nova.scheduler.host_manager.HostState.update.._locked_update" :: held 0.003s {{(pid=95601) inner /opt/stack/data/venv/lib/python3.12/site-packages/oslo_concurrency/lockutils.py:543}}
May 22 14:06:34.043884 np0000001274 nova-scheduler[95601]: DEBUG nova.filters [None req-a82f0dd1-5c50-49c6-93e5-63c6dddcb902 tempest-ServerActionsTestOtherB-1729227243 tempest-ServerActionsTestOtherB-1729227243-project-member] Starting with 1 host(s) {{(pid=95601) get_filtered_objects /opt/stack/nova/nova/filters.py:70}}
May 22 14:06:34.043884 np0000001274 nova-scheduler[95601]: DEBUG nova.filters [None req-a82f0dd1-5c50-49c6-93e5-63c6dddcb902 tempest-ServerActionsTestOtherB-1729227243 tempest-ServerActionsTestOtherB-1729227243-project-member] Filter ComputeFilter returned 1 host(s) {{(pid=95601) get_filtered_objects /opt/stack/nova/nova/filters.py:102}}
May 22 14:06:34.044056 np0000001274 nova-scheduler[95601]: DEBUG nova.filters [None req-a82f0dd1-5c50-49c6-93e5-63c6dddcb902 tempest-ServerActionsTestOtherB-1729227243 tempest-ServerActionsTestOtherB-1729227243-project-member] Filter ComputeCapabilitiesFilter returned 1 host(s) {{(pid=95601) get_filtered_objects /opt/stack/nova/nova/filters.py:102}}
May 22 14:06:34.044265 np0000001274 nova-scheduler[95601]: DEBUG nova.filters [None req-a82f0dd1-5c50-49c6-93e5-63c6dddcb902 tempest-ServerActionsTestOtherB-1729227243 tempest-ServerActionsTestOtherB-1729227243-project-member] Filter ImagePropertiesFilter returned 1 host(s) {{(pid=95601) get_filtered_objects /opt/stack/nova/nova/filters.py:102}}
May 22 14:06:34.044425 np0000001274 nova-scheduler[95601]: DEBUG nova.filters [None req-a82f0dd1-5c50-49c6-93e5-63c6dddcb902 tempest-ServerActionsTestOtherB-1729227243 tempest-ServerActionsTestOtherB-1729227243-project-member] Filter ServerGroupAntiAffinityFilter returned 1 host(s) {{(pid=95601) get_filtered_objects /opt/stack/nova/nova/filters.py:102}}
May 22 14:06:34.045040 np0000001274 nova-scheduler[95601]: DEBUG nova.filters [None req-a82f0dd1-5c50-49c6-93e5-63c6dddcb902 tempest-ServerActionsTestOtherB-1729227243 tempest-ServerActionsTestOtherB-1729227243-project-member] Filter ServerGroupAffinityFilter returned 1 host(s) {{(pid=95601) get_filtered_objects /opt/stack/nova/nova/filters.py:102}}
May 22 14:06:34.045040 np0000001274 nova-scheduler[95601]: DEBUG nova.filters [None req-a82f0dd1-5c50-49c6-93e5-63c6dddcb902 tempest-ServerActionsTestOtherB-1729227243 tempest-ServerActionsTestOtherB-1729227243-project-member] Filter SameHostFilter returned 1 host(s) {{(pid=95601) get_filtered_objects /opt/stack/nova/nova/filters.py:102}}
May 22 14:06:34.045040 np0000001274 nova-scheduler[95601]: DEBUG nova.filters [None req-a82f0dd1-5c50-49c6-93e5-63c6dddcb902 tempest-ServerActionsTestOtherB-1729227243 tempest-ServerActionsTestOtherB-1729227243-project-member] Filter DifferentHostFilter returned 1 host(s) {{(pid=95601) get_filtered_objects /opt/stack/nova/nova/filters.py:102}}
May 22 14:06:34.045040 np0000001274 nova-scheduler[95601]: DEBUG nova.scheduler.manager [None req-a82f0dd1-5c50-49c6-93e5-63c6dddcb902 tempest-ServerActionsTestOtherB-1729227243 tempest-ServerActionsTestOtherB-1729227243-project-member] Filtered [(np0000001274, np0000001274) ram: 23518MB disk: 75776MB io_ops: 0 instances: 0, allocation_candidates: 1] {{(pid=95601) _get_sorted_hosts /opt/stack/nova/nova/scheduler/manager.py:743}}
May 22 14:06:34.045322 np0000001274 nova-scheduler[95601]: DEBUG nova.scheduler.manager [None req-a82f0dd1-5c50-49c6-93e5-63c6dddcb902 tempest-ServerActionsTestOtherB-1729227243 tempest-ServerActionsTestOtherB-1729227243-project-member] Weighed [WeighedHost [host: (np0000001274, np0000001274) ram: 23518MB disk: 75776MB io_ops: 0 instances: 0, allocation_candidates: 1, weight: 0.0]] {{(pid=95601) _get_sorted_hosts /opt/stack/nova/nova/scheduler/manager.py:765}}
May 22 14:06:34.045322 np0000001274 nova-scheduler[95601]: DEBUG nova.scheduler.utils [None req-a82f0dd1-5c50-49c6-93e5-63c6dddcb902 tempest-ServerActionsTestOtherB-1729227243 tempest-ServerActionsTestOtherB-1729227243-project-member] Attempting to claim resources in the placement API for instance 15b23518-1e42-4ce2-91ab-a9ea99ff00f0 {{(pid=95601) claim_resources /opt/stack/nova/nova/scheduler/utils.py:1304}}
May 22 14:06:34.220186 np0000001274 nova-scheduler[95601]: DEBUG nova.scheduler.manager [None req-a82f0dd1-5c50-49c6-93e5-63c6dddcb902 tempest-ServerActionsTestOtherB-1729227243 tempest-ServerActionsTestOtherB-1729227243-project-member] [instance: 15b23518-1e42-4ce2-91ab-a9ea99ff00f0] Selected host: (np0000001274, np0000001274) ram: 23518MB disk: 75776MB io_ops: 0 instances: 0, allocation_candidates: 1 {{(pid=95601) _consume_selected_host /opt/stack/nova/nova/scheduler/manager.py:625}}
May 22 14:06:34.220480 np0000001274 nova-scheduler[95601]: DEBUG oslo_concurrency.lockutils [None req-a82f0dd1-5c50-49c6-93e5-63c6dddcb902 tempest-ServerActionsTestOtherB-1729227243 tempest-ServerActionsTestOtherB-1729227243-project-member] Acquiring lock "('np0000001274', 'np0000001274')" by "nova.scheduler.host_manager.HostState.consume_from_request.._locked" {{(pid=95601) inner /opt/stack/data/venv/lib/python3.12/site-packages/oslo_concurrency/lockutils.py:511}}
May 22 14:06:34.220659 np0000001274 nova-scheduler[95601]: DEBUG oslo_concurrency.lockutils [None req-a82f0dd1-5c50-49c6-93e5-63c6dddcb902 tempest-ServerActionsTestOtherB-1729227243 tempest-ServerActionsTestOtherB-1729227243-project-member] Lock "('np0000001274', 'np0000001274')" acquired by "nova.scheduler.host_manager.HostState.consume_from_request.._locked" :: waited 0.000s {{(pid=95601) inner /opt/stack/data/venv/lib/python3.12/site-packages/oslo_concurrency/lockutils.py:524}}
May 22 14:06:34.220860 np0000001274 nova-scheduler[95601]: DEBUG oslo_concurrency.lockutils [None req-a82f0dd1-5c50-49c6-93e5-63c6dddcb902 tempest-ServerActionsTestOtherB-1729227243 tempest-ServerActionsTestOtherB-1729227243-project-member] Lock "('np0000001274', 'np0000001274')" "released" by "nova.scheduler.host_manager.HostState.consume_from_request.._locked" :: held 0.000s {{(pid=95601) inner /opt/stack/data/venv/lib/python3.12/site-packages/oslo_concurrency/lockutils.py:543}}
May 22 14:06:37.677968 np0000001274 nova-scheduler[95603]: DEBUG nova.scheduler.manager [None req-9c3d6275-4841-4be3-b7f3-dbc5e0abfa25 tempest-AttachSCSIVolumeTestJSON-1431523341 tempest-AttachSCSIVolumeTestJSON-1431523341-project-member] Starting to schedule for instances: ['817c493f-68ef-4043-bed3-f0b931071d4b'] {{(pid=95603) select_destinations /opt/stack/nova/nova/scheduler/manager.py:210}}
May 22 14:06:37.678929 np0000001274 nova-scheduler[95603]: DEBUG nova.scheduler.request_filter [None req-9c3d6275-4841-4be3-b7f3-dbc5e0abfa25 tempest-AttachSCSIVolumeTestJSON-1431523341 tempest-AttachSCSIVolumeTestJSON-1431523341-project-member] compute_status_filter request filter added forbidden trait COMPUTE_STATUS_DISABLED {{(pid=95603) compute_status_filter /opt/stack/nova/nova/scheduler/request_filter.py:253}}
May 22 14:06:37.679039 np0000001274 nova-scheduler[95603]: DEBUG nova.scheduler.request_filter [None req-9c3d6275-4841-4be3-b7f3-dbc5e0abfa25 tempest-AttachSCSIVolumeTestJSON-1431523341 tempest-AttachSCSIVolumeTestJSON-1431523341-project-member] Request filter 'compute_status_filter' took 0.0 seconds {{(pid=95603) wrapper /opt/stack/nova/nova/scheduler/request_filter.py:46}}
May 22 14:06:37.679236 np0000001274 nova-scheduler[95603]: DEBUG nova.scheduler.request_filter [None req-9c3d6275-4841-4be3-b7f3-dbc5e0abfa25 tempest-AttachSCSIVolumeTestJSON-1431523341 tempest-AttachSCSIVolumeTestJSON-1431523341-project-member] Request filter 'accelerators_filter' took 0.0 seconds {{(pid=95603) wrapper /opt/stack/nova/nova/scheduler/request_filter.py:46}}
May 22 14:06:37.679438 np0000001274 nova-scheduler[95603]: DEBUG nova.scheduler.request_filter [None req-9c3d6275-4841-4be3-b7f3-dbc5e0abfa25 tempest-AttachSCSIVolumeTestJSON-1431523341 tempest-AttachSCSIVolumeTestJSON-1431523341-project-member] Request filter 'packed_virtqueue_filter' took 0.0 seconds {{(pid=95603) wrapper /opt/stack/nova/nova/scheduler/request_filter.py:46}}
May 22 14:06:37.679677 np0000001274 nova-scheduler[95603]: DEBUG nova.scheduler.request_filter [None req-9c3d6275-4841-4be3-b7f3-dbc5e0abfa25 tempest-AttachSCSIVolumeTestJSON-1431523341 tempest-AttachSCSIVolumeTestJSON-1431523341-project-member] Request filter 'remote_managed_ports_filter' took 0.0 seconds {{(pid=95603) wrapper /opt/stack/nova/nova/scheduler/request_filter.py:46}}
May 22 14:06:37.679793 np0000001274 nova-scheduler[95603]: DEBUG nova.scheduler.request_filter [None req-9c3d6275-4841-4be3-b7f3-dbc5e0abfa25 tempest-AttachSCSIVolumeTestJSON-1431523341 tempest-AttachSCSIVolumeTestJSON-1431523341-project-member] ephemeral_encryption_filter skipped {{(pid=95603) ephemeral_encryption_filter /opt/stack/nova/nova/scheduler/request_filter.py:426}}
May 22 14:06:37.679954 np0000001274 nova-scheduler[95603]: DEBUG nova.scheduler.request_filter [None req-9c3d6275-4841-4be3-b7f3-dbc5e0abfa25 tempest-AttachSCSIVolumeTestJSON-1431523341 tempest-AttachSCSIVolumeTestJSON-1431523341-project-member] virtio_sound_filter skipped {{(pid=95603) virtio_sound_filter /opt/stack/nova/nova/scheduler/request_filter.py:460}}
May 22 14:06:37.680065 np0000001274 nova-scheduler[95603]: DEBUG nova.scheduler.request_filter [None req-9c3d6275-4841-4be3-b7f3-dbc5e0abfa25 tempest-AttachSCSIVolumeTestJSON-1431523341 tempest-AttachSCSIVolumeTestJSON-1431523341-project-member] tpm_secret_security_filter skipped {{(pid=95603) tpm_secret_security_filter /opt/stack/nova/nova/scheduler/request_filter.py:477}}
May 22 14:06:37.785215 np0000001274 nova-scheduler[95603]: INFO nova.utils [None req-9c3d6275-4841-4be3-b7f3-dbc5e0abfa25 tempest-AttachSCSIVolumeTestJSON-1431523341 tempest-AttachSCSIVolumeTestJSON-1431523341-project-member] The cell worker thread pool ForkProcess-2.cell_worker is initialized
May 22 14:06:37.785685 np0000001274 nova-scheduler[95603]: DEBUG oslo_concurrency.lockutils [None req-9c3d6275-4841-4be3-b7f3-dbc5e0abfa25 tempest-AttachSCSIVolumeTestJSON-1431523341 tempest-AttachSCSIVolumeTestJSON-1431523341-project-member] Acquiring lock "1dcf33f8-6433-42e3-a72b-ccb62f26f991" by "nova.context.set_target_cell..get_or_set_cached_cell_and_set_connections" {{(pid=95603) inner /opt/stack/data/venv/lib/python3.12/site-packages/oslo_concurrency/lockutils.py:511}}
May 22 14:06:37.786065 np0000001274 nova-scheduler[95603]: DEBUG oslo_concurrency.lockutils [None req-9c3d6275-4841-4be3-b7f3-dbc5e0abfa25 tempest-AttachSCSIVolumeTestJSON-1431523341 tempest-AttachSCSIVolumeTestJSON-1431523341-project-member] Lock "1dcf33f8-6433-42e3-a72b-ccb62f26f991" acquired by "nova.context.set_target_cell..get_or_set_cached_cell_and_set_connections" :: waited 0.000s {{(pid=95603) inner /opt/stack/data/venv/lib/python3.12/site-packages/oslo_concurrency/lockutils.py:524}}
May 22 14:06:37.787555 np0000001274 nova-scheduler[95603]: DEBUG oslo_concurrency.lockutils [None req-9c3d6275-4841-4be3-b7f3-dbc5e0abfa25 tempest-AttachSCSIVolumeTestJSON-1431523341 tempest-AttachSCSIVolumeTestJSON-1431523341-project-member] Lock "1dcf33f8-6433-42e3-a72b-ccb62f26f991" "released" by "nova.context.set_target_cell..get_or_set_cached_cell_and_set_connections" :: held 0.001s {{(pid=95603) inner /opt/stack/data/venv/lib/python3.12/site-packages/oslo_concurrency/lockutils.py:543}}
May 22 14:06:37.789268 np0000001274 nova-scheduler[95603]: INFO dbcounter [None req-9c3d6275-4841-4be3-b7f3-dbc5e0abfa25 tempest-AttachSCSIVolumeTestJSON-1431523341 tempest-AttachSCSIVolumeTestJSON-1431523341-project-member] Registered counter for database nova_cell1
May 22 14:06:37.795556 np0000001274 nova-scheduler[95603]: DEBUG oslo_db.sqlalchemy.engines [None req-9c3d6275-4841-4be3-b7f3-dbc5e0abfa25 tempest-AttachSCSIVolumeTestJSON-1431523341 tempest-AttachSCSIVolumeTestJSON-1431523341-project-member] MySQL server mode set to STRICT_TRANS_TABLES,STRICT_ALL_TABLES,NO_ZERO_IN_DATE,NO_ZERO_DATE,ERROR_FOR_DIVISION_BY_ZERO,TRADITIONAL,NO_ENGINE_SUBSTITUTION {{(pid=95603) _check_effective_sql_mode /opt/stack/data/venv/lib/python3.12/site-packages/oslo_db/sqlalchemy/engines.py:325}}
May 22 14:06:37.802081 np0000001274 nova-scheduler[95603]: DEBUG dbcounter [-] [95603] Writer thread running {{(pid=95603) stat_writer /opt/stack/data/venv/lib/python3.12/site-packages/dbcounter.py:102}}
May 22 14:06:37.822038 np0000001274 nova-scheduler[95603]: DEBUG dbcounter [-] [95603] Writer thread running {{(pid=95603) stat_writer /opt/stack/data/venv/lib/python3.12/site-packages/dbcounter.py:102}}
May 22 14:06:37.824585 np0000001274 nova-scheduler[95603]: DEBUG oslo_concurrency.lockutils [None req-9c3d6275-4841-4be3-b7f3-dbc5e0abfa25 tempest-AttachSCSIVolumeTestJSON-1431523341 tempest-AttachSCSIVolumeTestJSON-1431523341-project-member] Acquiring lock "1dcf33f8-6433-42e3-a72b-ccb62f26f991" by "nova.context.set_target_cell..get_or_set_cached_cell_and_set_connections" {{(pid=95603) inner /opt/stack/data/venv/lib/python3.12/site-packages/oslo_concurrency/lockutils.py:511}}
May 22 14:06:37.824745 np0000001274 nova-scheduler[95603]: DEBUG oslo_concurrency.lockutils [None req-9c3d6275-4841-4be3-b7f3-dbc5e0abfa25 tempest-AttachSCSIVolumeTestJSON-1431523341 tempest-AttachSCSIVolumeTestJSON-1431523341-project-member] Lock "1dcf33f8-6433-42e3-a72b-ccb62f26f991" acquired by "nova.context.set_target_cell..get_or_set_cached_cell_and_set_connections" :: waited 0.000s {{(pid=95603) inner /opt/stack/data/venv/lib/python3.12/site-packages/oslo_concurrency/lockutils.py:524}}
May 22 14:06:37.824836 np0000001274 nova-scheduler[95603]: DEBUG oslo_concurrency.lockutils [None req-9c3d6275-4841-4be3-b7f3-dbc5e0abfa25 tempest-AttachSCSIVolumeTestJSON-1431523341 tempest-AttachSCSIVolumeTestJSON-1431523341-project-member] Lock "1dcf33f8-6433-42e3-a72b-ccb62f26f991" "released" by "nova.context.set_target_cell..get_or_set_cached_cell_and_set_connections" :: held 0.000s {{(pid=95603) inner /opt/stack/data/venv/lib/python3.12/site-packages/oslo_concurrency/lockutils.py:543}}
May 22 14:06:37.828262 np0000001274 nova-scheduler[95603]: DEBUG oslo_concurrency.lockutils [None req-9c3d6275-4841-4be3-b7f3-dbc5e0abfa25 tempest-AttachSCSIVolumeTestJSON-1431523341 tempest-AttachSCSIVolumeTestJSON-1431523341-project-member] Acquiring lock "('np0000001274', 'np0000001274')" by "nova.scheduler.host_manager.HostState.update.._locked_update" {{(pid=95603) inner /opt/stack/data/venv/lib/python3.12/site-packages/oslo_concurrency/lockutils.py:511}}
