Jun 18 19:11:20.302671 np0000003179 devstack@g-api.service[98905]: DEBUG glance.common.config [None req-f9aa7610-906a-44b8-a8ef-bc4193220f46 None None] database.mysql_wsrep_sync_wait = None {{(pid=98905) log_opt_values /opt/stack/data/venv/lib/python3.12/site-packages/oslo_config/cfg.py:3253}}
Jun 18 19:11:20.302720 np0000003179 devstack@g-api.service[98904]: DEBUG glance.common.config [None req-6cd8dc05-f32c-4c47-b15e-bc59b0a351d8 None None] database.connection_trace = False {{(pid=98904) log_opt_values /opt/stack/data/venv/lib/python3.12/site-packages/oslo_config/cfg.py:3253}}
Jun 18 19:11:20.302773 np0000003179 devstack@g-api.service[98905]: DEBUG glance.common.config [None req-f9aa7610-906a-44b8-a8ef-bc4193220f46 None None] database.pool_timeout = None {{(pid=98905) log_opt_values /opt/stack/data/venv/lib/python3.12/site-packages/oslo_config/cfg.py:3253}}
Jun 18 19:11:20.302803 np0000003179 devstack@g-api.service[98904]: DEBUG glance.common.config [None req-6cd8dc05-f32c-4c47-b15e-bc59b0a351d8 None None] database.db_inc_retry_interval = True {{(pid=98904) log_opt_values /opt/stack/data/venv/lib/python3.12/site-packages/oslo_config/cfg.py:3253}}
Jun 18 19:11:20.302861 np0000003179 devstack@g-api.service[98905]: DEBUG glance.common.config [None req-f9aa7610-906a-44b8-a8ef-bc4193220f46 None None] database.retry_interval = 10 {{(pid=98905) log_opt_values /opt/stack/data/venv/lib/python3.12/site-packages/oslo_config/cfg.py:3253}}
Jun 18 19:11:20.302907 np0000003179 devstack@g-api.service[98904]: DEBUG glance.common.config [None req-6cd8dc05-f32c-4c47-b15e-bc59b0a351d8 None None] database.db_max_retries = 20 {{(pid=98904) log_opt_values /opt/stack/data/venv/lib/python3.12/site-packages/oslo_config/cfg.py:3253}}
Jun 18 19:11:20.302940 np0000003179 devstack@g-api.service[98905]: DEBUG glance.common.config [None req-f9aa7610-906a-44b8-a8ef-bc4193220f46 None None] database.slave_connection = **** {{(pid=98905) log_opt_values /opt/stack/data/venv/lib/python3.12/site-packages/oslo_config/cfg.py:3253}}
Jun 18 19:11:20.302966 np0000003179 devstack@g-api.service[98904]: DEBUG glance.common.config [None req-6cd8dc05-f32c-4c47-b15e-bc59b0a351d8 None None] database.db_max_retry_interval = 10 {{(pid=98904) log_opt_values /opt/stack/data/venv/lib/python3.12/site-packages/oslo_config/cfg.py:3253}}
Jun 18 19:11:20.303017 np0000003179 devstack@g-api.service[98905]: DEBUG glance.common.config [None req-f9aa7610-906a-44b8-a8ef-bc4193220f46 None None] database.sqlite_synchronous = True {{(pid=98905) log_opt_values /opt/stack/data/venv/lib/python3.12/site-packages/oslo_config/cfg.py:3253}}
Jun 18 19:11:20.303052 np0000003179 devstack@g-api.service[98904]: DEBUG glance.common.config [None req-6cd8dc05-f32c-4c47-b15e-bc59b0a351d8 None None] database.db_retry_interval = 1 {{(pid=98904) log_opt_values /opt/stack/data/venv/lib/python3.12/site-packages/oslo_config/cfg.py:3253}}
Jun 18 19:11:20.303099 np0000003179 devstack@g-api.service[98905]: DEBUG glance.common.config [None req-f9aa7610-906a-44b8-a8ef-bc4193220f46 None None] database.synchronous_reader = True {{(pid=98905) log_opt_values /opt/stack/data/venv/lib/python3.12/site-packages/oslo_config/cfg.py:3253}}
Jun 18 19:11:20.303128 np0000003179 devstack@g-api.service[98904]: DEBUG glance.common.config [None req-6cd8dc05-f32c-4c47-b15e-bc59b0a351d8 None None] database.max_overflow = 50 {{(pid=98904) log_opt_values /opt/stack/data/venv/lib/python3.12/site-packages/oslo_config/cfg.py:3253}}
Jun 18 19:11:20.303178 np0000003179 devstack@g-api.service[98905]: DEBUG glance.common.config [None req-f9aa7610-906a-44b8-a8ef-bc4193220f46 None None] database.use_db_reconnect = False {{(pid=98905) log_opt_values /opt/stack/data/venv/lib/python3.12/site-packages/oslo_config/cfg.py:3253}}
Jun 18 19:11:20.303231 np0000003179 devstack@g-api.service[98904]: DEBUG glance.common.config [None req-6cd8dc05-f32c-4c47-b15e-bc59b0a351d8 None None] database.max_pool_size = 5 {{(pid=98904) log_opt_values /opt/stack/data/venv/lib/python3.12/site-packages/oslo_config/cfg.py:3253}}
Jun 18 19:11:20.303260 np0000003179 devstack@g-api.service[98905]: DEBUG glance.common.config [None req-f9aa7610-906a-44b8-a8ef-bc4193220f46 None None] healthcheck.allowed_source_ranges = [] {{(pid=98905) log_opt_values /opt/stack/data/venv/lib/python3.12/site-packages/oslo_config/cfg.py:3253}}
Jun 18 19:11:20.303283 np0000003179 devstack@g-api.service[98904]: DEBUG glance.common.config [None req-6cd8dc05-f32c-4c47-b15e-bc59b0a351d8 None None] database.max_retries = 10 {{(pid=98904) log_opt_values /opt/stack/data/venv/lib/python3.12/site-packages/oslo_config/cfg.py:3253}}
Jun 18 19:11:20.303341 np0000003179 devstack@g-api.service[98905]: DEBUG glance.common.config [None req-f9aa7610-906a-44b8-a8ef-bc4193220f46 None None] healthcheck.backends = ['disable_by_file'] {{(pid=98905) log_opt_values /opt/stack/data/venv/lib/python3.12/site-packages/oslo_config/cfg.py:3253}}
Jun 18 19:11:20.303376 np0000003179 devstack@g-api.service[98904]: DEBUG glance.common.config [None req-6cd8dc05-f32c-4c47-b15e-bc59b0a351d8 None None] database.mysql_sql_mode = TRADITIONAL {{(pid=98904) log_opt_values /opt/stack/data/venv/lib/python3.12/site-packages/oslo_config/cfg.py:3253}}
Jun 18 19:11:20.303434 np0000003179 devstack@g-api.service[98905]: DEBUG glance.common.config [None req-f9aa7610-906a-44b8-a8ef-bc4193220f46 None None] healthcheck.detailed = False {{(pid=98905) log_opt_values /opt/stack/data/venv/lib/python3.12/site-packages/oslo_config/cfg.py:3253}}
Jun 18 19:11:20.303490 np0000003179 devstack@g-api.service[98904]: DEBUG glance.common.config [None req-6cd8dc05-f32c-4c47-b15e-bc59b0a351d8 None None] database.mysql_wsrep_sync_wait = None {{(pid=98904) log_opt_values /opt/stack/data/venv/lib/python3.12/site-packages/oslo_config/cfg.py:3253}}
Jun 18 19:11:20.303546 np0000003179 devstack@g-api.service[98905]: DEBUG glance.common.config [None req-f9aa7610-906a-44b8-a8ef-bc4193220f46 None None] healthcheck.disable_by_file_path = None {{(pid=98905) log_opt_values /opt/stack/data/venv/lib/python3.12/site-packages/oslo_config/cfg.py:3253}}
Jun 18 19:11:20.303593 np0000003179 devstack@g-api.service[98904]: DEBUG glance.common.config [None req-6cd8dc05-f32c-4c47-b15e-bc59b0a351d8 None None] database.pool_timeout = None {{(pid=98904) log_opt_values /opt/stack/data/venv/lib/python3.12/site-packages/oslo_config/cfg.py:3253}}
Jun 18 19:11:20.303652 np0000003179 devstack@g-api.service[98905]: DEBUG glance.common.config [None req-f9aa7610-906a-44b8-a8ef-bc4193220f46 None None] healthcheck.ignore_proxied_requests = False {{(pid=98905) log_opt_values /opt/stack/data/venv/lib/python3.12/site-packages/oslo_config/cfg.py:3253}}
Jun 18 19:11:20.303686 np0000003179 devstack@g-api.service[98904]: DEBUG glance.common.config [None req-6cd8dc05-f32c-4c47-b15e-bc59b0a351d8 None None] database.retry_interval = 10 {{(pid=98904) log_opt_values /opt/stack/data/venv/lib/python3.12/site-packages/oslo_config/cfg.py:3253}}
Jun 18 19:11:20.303726 np0000003179 devstack@g-api.service[98905]: DEBUG glance.common.config [None req-f9aa7610-906a-44b8-a8ef-bc4193220f46 None None] ******************************************************************************** {{(pid=98905) log_opt_values /opt/stack/data/venv/lib/python3.12/site-packages/oslo_config/cfg.py:3260}}
Jun 18 19:11:20.303806 np0000003179 devstack@g-api.service[98904]: DEBUG glance.common.config [None req-6cd8dc05-f32c-4c47-b15e-bc59b0a351d8 None None] database.slave_connection = **** {{(pid=98904) log_opt_values /opt/stack/data/venv/lib/python3.12/site-packages/oslo_config/cfg.py:3253}}
Jun 18 19:11:20.303855 np0000003179 devstack@g-api.service[98905]: WSGI app 0 (mountpoint='') ready in 3 seconds on interpreter 0x7b0af4aa3668 pid: 98905 (default app)
Jun 18 19:11:20.303895 np0000003179 devstack@g-api.service[98904]: DEBUG glance.common.config [None req-6cd8dc05-f32c-4c47-b15e-bc59b0a351d8 None None] database.sqlite_synchronous = True {{(pid=98904) log_opt_values /opt/stack/data/venv/lib/python3.12/site-packages/oslo_config/cfg.py:3253}}
Jun 18 19:11:20.304010 np0000003179 devstack@g-api.service[98904]: DEBUG glance.common.config [None req-6cd8dc05-f32c-4c47-b15e-bc59b0a351d8 None None] database.synchronous_reader = True {{(pid=98904) log_opt_values /opt/stack/data/venv/lib/python3.12/site-packages/oslo_config/cfg.py:3253}}
Jun 18 19:11:20.304098 np0000003179 devstack@g-api.service[98904]: DEBUG glance.common.config [None req-6cd8dc05-f32c-4c47-b15e-bc59b0a351d8 None None] database.use_db_reconnect = False {{(pid=98904) log_opt_values /opt/stack/data/venv/lib/python3.12/site-packages/oslo_config/cfg.py:3253}}
Jun 18 19:11:20.304195 np0000003179 devstack@g-api.service[98904]: DEBUG glance.common.config [None req-6cd8dc05-f32c-4c47-b15e-bc59b0a351d8 None None] healthcheck.allowed_source_ranges = [] {{(pid=98904) log_opt_values /opt/stack/data/venv/lib/python3.12/site-packages/oslo_config/cfg.py:3253}}
Jun 18 19:11:20.304275 np0000003179 devstack@g-api.service[98904]: DEBUG glance.common.config [None req-6cd8dc05-f32c-4c47-b15e-bc59b0a351d8 None None] healthcheck.backends = ['disable_by_file'] {{(pid=98904) log_opt_values /opt/stack/data/venv/lib/python3.12/site-packages/oslo_config/cfg.py:3253}}
Jun 18 19:11:20.304303 np0000003179 devstack@g-api.service[98905]: DEBUG glance.api.middleware.version_negotiation [None req-f9aa7610-906a-44b8-a8ef-bc4193220f46 None None] Determining version of request: GET / Accept: */* {{(pid=98905) process_request /opt/stack/glance/glance/api/middleware/version_negotiation.py:44}}
Jun 18 19:11:20.304367 np0000003179 devstack@g-api.service[98904]: DEBUG glance.common.config [None req-6cd8dc05-f32c-4c47-b15e-bc59b0a351d8 None None] healthcheck.detailed = False {{(pid=98904) log_opt_values /opt/stack/data/venv/lib/python3.12/site-packages/oslo_config/cfg.py:3253}}
Jun 18 19:11:20.304449 np0000003179 devstack@g-api.service[98904]: DEBUG glance.common.config [None req-6cd8dc05-f32c-4c47-b15e-bc59b0a351d8 None None] healthcheck.disable_by_file_path = None {{(pid=98904) log_opt_values /opt/stack/data/venv/lib/python3.12/site-packages/oslo_config/cfg.py:3253}}
Jun 18 19:11:20.304496 np0000003179 devstack@g-api.service[98905]: DEBUG glance.api.middleware.version_negotiation [None req-f9aa7610-906a-44b8-a8ef-bc4193220f46 None None] Using url versioning {{(pid=98905) process_request /opt/stack/glance/glance/api/middleware/version_negotiation.py:57}}
Jun 18 19:11:20.304547 np0000003179 devstack@g-api.service[98904]: DEBUG glance.common.config [None req-6cd8dc05-f32c-4c47-b15e-bc59b0a351d8 None None] healthcheck.ignore_proxied_requests = False {{(pid=98904) log_opt_values /opt/stack/data/venv/lib/python3.12/site-packages/oslo_config/cfg.py:3253}}
Jun 18 19:11:20.304619 np0000003179 devstack@g-api.service[98904]: DEBUG glance.common.config [None req-6cd8dc05-f32c-4c47-b15e-bc59b0a351d8 None None] ******************************************************************************** {{(pid=98904) log_opt_values /opt/stack/data/venv/lib/python3.12/site-packages/oslo_config/cfg.py:3260}}
Jun 18 19:11:20.304680 np0000003179 devstack@g-api.service[98905]: DEBUG glance.api.middleware.version_negotiation [None req-f9aa7610-906a-44b8-a8ef-bc4193220f46 None None] Unknown version. Returning version choices. {{(pid=98905) process_request /opt/stack/glance/glance/api/middleware/version_negotiation.py:64}}
Jun 18 19:11:20.304723 np0000003179 devstack@g-api.service[98904]: WSGI app 0 (mountpoint='') ready in 3 seconds on interpreter 0x7b0af4aa3668 pid: 98904 (default app)
Jun 18 19:11:20.305392 np0000003179 devstack@g-api.service[98905]: [pid: 98905|app: 0|req: 1/1] 127.0.0.1 () {34 vars in 451 bytes} [Thu Jun 18 19:11:20 2026] GET / => generated 1394 bytes in 1 msecs (HTTP/1.1 300) 3 headers in 106 bytes (1 switches on core 0)
Jun 18 19:11:22.100951 np0000003179 devstack@g-api.service[98904]: DEBUG glance.api.middleware.version_negotiation [None req-6cd8dc05-f32c-4c47-b15e-bc59b0a351d8 None None] Determining version of request: GET / Accept: application/json {{(pid=98904) process_request /opt/stack/glance/glance/api/middleware/version_negotiation.py:44}}
Jun 18 19:11:22.101520 np0000003179 devstack@g-api.service[98904]: DEBUG glance.api.middleware.version_negotiation [None req-6cd8dc05-f32c-4c47-b15e-bc59b0a351d8 None None] Using url versioning {{(pid=98904) process_request /opt/stack/glance/glance/api/middleware/version_negotiation.py:57}}
Jun 18 19:11:22.101520 np0000003179 devstack@g-api.service[98904]: DEBUG glance.api.middleware.version_negotiation [None req-6cd8dc05-f32c-4c47-b15e-bc59b0a351d8 None None] Unknown version. Returning version choices. {{(pid=98904) process_request /opt/stack/glance/glance/api/middleware/version_negotiation.py:64}}
Jun 18 19:11:22.101997 np0000003179 devstack@g-api.service[98904]: [pid: 98904|app: 0|req: 1/2] 127.0.0.1 () {36 vars in 569 bytes} [Thu Jun 18 19:11:22 2026] GET / => generated 1394 bytes in 1 msecs (HTTP/1.1 300) 3 headers in 106 bytes (1 switches on core 0)
Jun 18 19:11:22.111834 np0000003179 devstack@g-api.service[98905]: DEBUG glance.api.middleware.version_negotiation [None req-f9aa7610-906a-44b8-a8ef-bc4193220f46 None None] Determining version of request: POST /v2/images Accept: */* {{(pid=98905) process_request /opt/stack/glance/glance/api/middleware/version_negotiation.py:44}}
Jun 18 19:11:22.112172 np0000003179 devstack@g-api.service[98905]: DEBUG glance.api.middleware.version_negotiation [None req-f9aa7610-906a-44b8-a8ef-bc4193220f46 None None] Using url versioning {{(pid=98905) process_request /opt/stack/glance/glance/api/middleware/version_negotiation.py:57}}
Jun 18 19:11:22.112268 np0000003179 devstack@g-api.service[98905]: DEBUG glance.api.middleware.version_negotiation [None req-f9aa7610-906a-44b8-a8ef-bc4193220f46 None None] Matched version: v2 {{(pid=98905) process_request /opt/stack/glance/glance/api/middleware/version_negotiation.py:69}}
Jun 18 19:11:22.112398 np0000003179 devstack@g-api.service[98905]: DEBUG glance.api.middleware.version_negotiation [None req-f9aa7610-906a-44b8-a8ef-bc4193220f46 None None] new path /v2/images {{(pid=98905) process_request /opt/stack/glance/glance/api/middleware/version_negotiation.py:70}}
Jun 18 19:11:23.226430 np0000003179 devstack@g-api.service[98905]: [pid: 98905|app: 0|req: 2/3] 127.0.0.1 () {42 vars in 832 bytes} [Thu Jun 18 19:11:22 2026] POST /v2/images => generated 807 bytes in 1115 msecs (HTTP/1.1 201) 6 headers in 315 bytes (1 switches on core 0)
Jun 18 19:11:23.235666 np0000003179 devstack@g-api.service[98904]: DEBUG glance.api.middleware.version_negotiation [None req-6cd8dc05-f32c-4c47-b15e-bc59b0a351d8 None None] Determining version of request: PUT /v2/images/bed0842a-4bfb-4d99-b0cd-112d206319f0/stage Accept: {{(pid=98904) process_request /opt/stack/glance/glance/api/middleware/version_negotiation.py:44}}
Jun 18 19:11:23.236205 np0000003179 devstack@g-api.service[98904]: DEBUG glance.api.middleware.version_negotiation [None req-6cd8dc05-f32c-4c47-b15e-bc59b0a351d8 None None] Using url versioning {{(pid=98904) process_request /opt/stack/glance/glance/api/middleware/version_negotiation.py:57}}
Jun 18 19:11:23.236534 np0000003179 devstack@g-api.service[98904]: DEBUG glance.api.middleware.version_negotiation [None req-6cd8dc05-f32c-4c47-b15e-bc59b0a351d8 None None] Matched version: v2 {{(pid=98904) process_request /opt/stack/glance/glance/api/middleware/version_negotiation.py:69}}
Jun 18 19:11:23.236679 np0000003179 devstack@g-api.service[98904]: DEBUG glance.api.middleware.version_negotiation [None req-6cd8dc05-f32c-4c47-b15e-bc59b0a351d8 None None] new path /v2/images/bed0842a-4bfb-4d99-b0cd-112d206319f0/stage {{(pid=98904) process_request /opt/stack/glance/glance/api/middleware/version_negotiation.py:70}}
Jun 18 19:11:23.964427 np0000003179 devstack@g-api.service[98904]: DEBUG glance_store.backend [None req-9e3b79e7-c8fc-4c66-81fa-e2756879f7a5 admin admin] Attempting to import store cinder {{(pid=98904) _load_store /opt/stack/data/venv/lib/python3.12/site-packages/glance_store/backend.py:215}}
Jun 18 19:11:23.964596 np0000003179 devstack@g-api.service[98904]: DEBUG glance_store.backend [None req-9e3b79e7-c8fc-4c66-81fa-e2756879f7a5 admin admin] Attempting to import store file {{(pid=98904) _load_store /opt/stack/data/venv/lib/python3.12/site-packages/glance_store/backend.py:215}}
Jun 18 19:11:23.964756 np0000003179 devstack@g-api.service[98904]: DEBUG glance_store.backend [None req-9e3b79e7-c8fc-4c66-81fa-e2756879f7a5 admin admin] Attempting to import store glance.store.cinder.Store {{(pid=98904) _load_store /opt/stack/data/venv/lib/python3.12/site-packages/glance_store/backend.py:215}}
Jun 18 19:11:23.964919 np0000003179 devstack@g-api.service[98904]: DEBUG glance_store.backend [None req-9e3b79e7-c8fc-4c66-81fa-e2756879f7a5 admin admin] Attempting to import store glance.store.filesystem.Store {{(pid=98904) _load_store /opt/stack/data/venv/lib/python3.12/site-packages/glance_store/backend.py:215}}
Jun 18 19:11:23.965067 np0000003179 devstack@g-api.service[98904]: DEBUG glance_store.backend [None req-9e3b79e7-c8fc-4c66-81fa-e2756879f7a5 admin admin] Attempting to import store glance.store.http.Store {{(pid=98904) _load_store /opt/stack/data/venv/lib/python3.12/site-packages/glance_store/backend.py:215}}
Jun 18 19:11:23.965226 np0000003179 devstack@g-api.service[98904]: DEBUG glance_store.backend [None req-9e3b79e7-c8fc-4c66-81fa-e2756879f7a5 admin admin] Attempting to import store glance.store.rbd.Store {{(pid=98904) _load_store /opt/stack/data/venv/lib/python3.12/site-packages/glance_store/backend.py:215}}
Jun 18 19:11:23.965378 np0000003179 devstack@g-api.service[98904]: DEBUG glance_store.backend [None req-9e3b79e7-c8fc-4c66-81fa-e2756879f7a5 admin admin] Attempting to import store glance.store.s3.Store {{(pid=98904) _load_store /opt/stack/data/venv/lib/python3.12/site-packages/glance_store/backend.py:215}}
Jun 18 19:11:23.965534 np0000003179 devstack@g-api.service[98904]: DEBUG glance_store.backend [None req-9e3b79e7-c8fc-4c66-81fa-e2756879f7a5 admin admin] Attempting to import store glance.store.swift.Store {{(pid=98904) _load_store /opt/stack/data/venv/lib/python3.12/site-packages/glance_store/backend.py:215}}
Jun 18 19:11:23.965678 np0000003179 devstack@g-api.service[98904]: DEBUG glance_store.backend [None req-9e3b79e7-c8fc-4c66-81fa-e2756879f7a5 admin admin] Attempting to import store glance.store.vmware_datastore.Store {{(pid=98904) _load_store /opt/stack/data/venv/lib/python3.12/site-packages/glance_store/backend.py:215}}
Jun 18 19:11:23.965852 np0000003179 devstack@g-api.service[98904]: DEBUG glance_store.backend [None req-9e3b79e7-c8fc-4c66-81fa-e2756879f7a5 admin admin] Attempting to import store http {{(pid=98904) _load_store /opt/stack/data/venv/lib/python3.12/site-packages/glance_store/backend.py:215}}
Jun 18 19:11:23.966007 np0000003179 devstack@g-api.service[98904]: DEBUG glance_store.backend [None req-9e3b79e7-c8fc-4c66-81fa-e2756879f7a5 admin admin] Attempting to import store no_conf {{(pid=98904) _load_store /opt/stack/data/venv/lib/python3.12/site-packages/glance_store/backend.py:215}}
Jun 18 19:11:23.966161 np0000003179 devstack@g-api.service[98904]: DEBUG glance_store.backend [None req-9e3b79e7-c8fc-4c66-81fa-e2756879f7a5 admin admin] Attempting to import store rbd {{(pid=98904) _load_store /opt/stack/data/venv/lib/python3.12/site-packages/glance_store/backend.py:215}}
Jun 18 19:11:23.966317 np0000003179 devstack@g-api.service[98904]: DEBUG glance_store.backend [None req-9e3b79e7-c8fc-4c66-81fa-e2756879f7a5 admin admin] Attempting to import store s3 {{(pid=98904) _load_store /opt/stack/data/venv/lib/python3.12/site-packages/glance_store/backend.py:215}}
Jun 18 19:11:23.966487 np0000003179 devstack@g-api.service[98904]: DEBUG glance_store.backend [None req-9e3b79e7-c8fc-4c66-81fa-e2756879f7a5 admin admin] Attempting to import store swift {{(pid=98904) _load_store /opt/stack/data/venv/lib/python3.12/site-packages/glance_store/backend.py:215}}
Jun 18 19:11:23.966639 np0000003179 devstack@g-api.service[98904]: DEBUG glance_store.backend [None req-9e3b79e7-c8fc-4c66-81fa-e2756879f7a5 admin admin] Attempting to import store vmware {{(pid=98904) _load_store /opt/stack/data/venv/lib/python3.12/site-packages/glance_store/backend.py:215}}
Jun 18 19:11:23.966808 np0000003179 devstack@g-api.service[98904]: DEBUG glance_store.backend [None req-9e3b79e7-c8fc-4c66-81fa-e2756879f7a5 admin admin] Registering options for group glance_store {{(pid=98904) register_opts /opt/stack/data/venv/lib/python3.12/site-packages/glance_store/backend.py:144}}
Jun 18 19:11:23.966959 np0000003179 devstack@g-api.service[98904]: DEBUG glance_store.backend [None req-9e3b79e7-c8fc-4c66-81fa-e2756879f7a5 admin admin] Registering options for group glance_store {{(pid=98904) register_opts /opt/stack/data/venv/lib/python3.12/site-packages/glance_store/backend.py:144}}
Jun 18 19:11:23.967450 np0000003179 devstack@g-api.service[98904]: DEBUG glance_store.backend [None req-9e3b79e7-c8fc-4c66-81fa-e2756879f7a5 admin admin] Attempting to import store file {{(pid=98904) _load_store /opt/stack/data/venv/lib/python3.12/site-packages/glance_store/backend.py:215}}
Jun 18 19:11:23.967966 np0000003179 devstack@g-api.service[98904]: INFO glance_store._drivers.filesystem [None req-9e3b79e7-c8fc-4c66-81fa-e2756879f7a5 admin admin] Directory to write image files does not exist (/tmp/staging/). Creating.
Jun 18 19:11:23.968253 np0000003179 devstack@g-api.service[98904]: DEBUG glance_store.capabilities [None req-9e3b79e7-c8fc-4c66-81fa-e2756879f7a5 admin admin] Store glance_store._drivers.filesystem.Store doesn't support updating dynamic storage capabilities. Please overwrite 'update_capabilities' method of the store to implement updating logics if needed. {{(pid=98904) update_capabilities /opt/stack/data/venv/lib/python3.12/site-packages/glance_store/capabilities.py:91}}
Jun 18 19:11:24.609236 np0000003179 devstack@g-api.service[98904]: DEBUG glance_store._drivers.filesystem [None req-9e3b79e7-c8fc-4c66-81fa-e2756879f7a5 admin admin] Wrote 21430272 bytes to /tmp/staging/bed0842a-4bfb-4d99-b0cd-112d206319f0 with checksum c8fc807773e5354afe61636071771906 and multihash c8fc807773e5354afe61636071771906 {{(pid=98904) add /opt/stack/data/venv/lib/python3.12/site-packages/glance_store/_drivers/filesystem.py:899}}
Jun 18 19:11:24.628842 np0000003179 devstack@g-api.service[98904]: [pid: 98904|app: 0|req: 2/4] 127.0.0.1 () {42 vars in 927 bytes} [Thu Jun 18 19:11:23 2026] PUT /v2/images/bed0842a-4bfb-4d99-b0cd-112d206319f0/stage => generated 0 bytes in 1393 msecs (HTTP/1.1 204) 4 headers in 171 bytes (1 switches on core 0)
Jun 18 19:11:24.637294 np0000003179 devstack@g-api.service[98905]: DEBUG glance.api.middleware.version_negotiation [None req-f2465eef-2c3f-452c-84d0-99e6872b0cf4 admin admin] Determining version of request: POST /v2/images/bed0842a-4bfb-4d99-b0cd-112d206319f0/import Accept: */* {{(pid=98905) process_request /opt/stack/glance/glance/api/middleware/version_negotiation.py:44}}
Jun 18 19:11:24.638352 np0000003179 devstack@g-api.service[98905]: DEBUG glance.api.middleware.version_negotiation [None req-f2465eef-2c3f-452c-84d0-99e6872b0cf4 admin admin] Using url versioning {{(pid=98905) process_request /opt/stack/glance/glance/api/middleware/version_negotiation.py:57}}
Jun 18 19:11:24.638352 np0000003179 devstack@g-api.service[98905]: DEBUG glance.api.middleware.version_negotiation [None req-f2465eef-2c3f-452c-84d0-99e6872b0cf4 admin admin] Matched version: v2 {{(pid=98905) process_request /opt/stack/glance/glance/api/middleware/version_negotiation.py:69}}
Jun 18 19:11:24.638352 np0000003179 devstack@g-api.service[98905]: DEBUG glance.api.middleware.version_negotiation [None req-f2465eef-2c3f-452c-84d0-99e6872b0cf4 admin admin] new path /v2/images/bed0842a-4bfb-4d99-b0cd-112d206319f0/import {{(pid=98905) process_request /opt/stack/glance/glance/api/middleware/version_negotiation.py:70}}
Jun 18 19:11:25.148916 np0000003179 devstack@g-api.service[98905]: DEBUG glance.domain [None req-f696ae37-510f-488b-80a0-b23d78290c79 admin admin] Loading taskflow executor {{(pid=98905) new_task_executor /opt/stack/glance/glance/domain/__init__.py:530}}
Jun 18 19:11:25.353672 np0000003179 devstack@g-api.service[98905]: DEBUG oslo_concurrency.lockutils [None req-f696ae37-510f-488b-80a0-b23d78290c79 admin admin] Acquiring lock "tasks_pool" by "glance.api.common.memoize..memoizer_wrapper..memoizer" {{(pid=98905) inner /opt/stack/data/venv/lib/python3.12/site-packages/oslo_concurrency/lockutils.py:511}}
Jun 18 19:11:25.353852 np0000003179 devstack@g-api.service[98905]: DEBUG oslo_concurrency.lockutils [None req-f696ae37-510f-488b-80a0-b23d78290c79 admin admin] Lock "tasks_pool" acquired by "glance.api.common.memoize..memoizer_wrapper..memoizer" :: waited 0.000s {{(pid=98905) inner /opt/stack/data/venv/lib/python3.12/site-packages/oslo_concurrency/lockutils.py:524}}
Jun 18 19:11:25.354258 np0000003179 devstack@g-api.service[98905]: DEBUG glance.api.common [None req-f696ae37-510f-488b-80a0-b23d78290c79 admin admin] Initializing named threadpool 'tasks_pool' {{(pid=98905) _get_thread_pool /opt/stack/glance/glance/api/common.py:242}}
Jun 18 19:11:25.354363 np0000003179 devstack@g-api.service[98905]: DEBUG glance.async_ [None req-f696ae37-510f-488b-80a0-b23d78290c79 admin admin] Creating threadpool model 'ThreadPoolExecutor' with size 16 {{(pid=98905) __init__ /opt/stack/glance/glance/async_/__init__.py:100}}
Jun 18 19:11:25.354512 np0000003179 devstack@g-api.service[98905]: DEBUG oslo_concurrency.lockutils [None req-f696ae37-510f-488b-80a0-b23d78290c79 admin admin] Lock "tasks_pool" "released" by "glance.api.common.memoize..memoizer_wrapper..memoizer" :: held 0.001s {{(pid=98905) inner /opt/stack/data/venv/lib/python3.12/site-packages/oslo_concurrency/lockutils.py:543}}
Jun 18 19:11:25.354606 np0000003179 devstack@g-api.service[98905]: DEBUG glance.async_ [None req-f696ae37-510f-488b-80a0-b23d78290c79 admin admin] Spawning with ThreadPoolExecutor: >((,), {}) {{(pid=98905) spawn /opt/stack/glance/glance/async_/__init__.py:106}}
Jun 18 19:11:25.358753 np0000003179 devstack@g-api.service[98905]: [pid: 98905|app: 0|req: 3/5] 127.0.0.1 () {42 vars in 919 bytes} [Thu Jun 18 19:11:24 2026] POST /v2/images/bed0842a-4bfb-4d99-b0cd-112d206319f0/import => generated 0 bytes in 719 msecs (HTTP/1.1 202) 4 headers in 169 bytes (1 switches on core 0)
Jun 18 19:11:25.359480 np0000003179 devstack@g-api.service[98905]: INFO glance.domain [-] Task [efffa379-129c-460e-a85e-ef5b49d3a703] status changing from pending to processing
Jun 18 19:11:25.363963 np0000003179 devstack@g-api.service[98904]: DEBUG glance.api.middleware.version_negotiation [None req-9e3b79e7-c8fc-4c66-81fa-e2756879f7a5 admin admin] Determining version of request: GET /v2/images/bed0842a-4bfb-4d99-b0cd-112d206319f0 Accept: */* {{(pid=98904) process_request /opt/stack/glance/glance/api/middleware/version_negotiation.py:44}}
Jun 18 19:11:25.364211 np0000003179 devstack@g-api.service[98904]: DEBUG glance.api.middleware.version_negotiation [None req-9e3b79e7-c8fc-4c66-81fa-e2756879f7a5 admin admin] Using url versioning {{(pid=98904) process_request /opt/stack/glance/glance/api/middleware/version_negotiation.py:57}}
Jun 18 19:11:25.364537 np0000003179 devstack@g-api.service[98904]: DEBUG glance.api.middleware.version_negotiation [None req-9e3b79e7-c8fc-4c66-81fa-e2756879f7a5 admin admin] Matched version: v2 {{(pid=98904) process_request /opt/stack/glance/glance/api/middleware/version_negotiation.py:69}}
Jun 18 19:11:25.364756 np0000003179 devstack@g-api.service[98904]: DEBUG glance.api.middleware.version_negotiation [None req-9e3b79e7-c8fc-4c66-81fa-e2756879f7a5 admin admin] new path /v2/images/bed0842a-4bfb-4d99-b0cd-112d206319f0 {{(pid=98904) process_request /opt/stack/glance/glance/api/middleware/version_negotiation.py:70}}
Jun 18 19:11:25.372658 np0000003179 devstack@g-api.service[98905]: DEBUG glance.async_.taskflow_executor [-] Taskflow executor picked up the execution of task ID efffa379-129c-460e-a85e-ef5b49d3a703 of task type api_image_import {{(pid=98905) _run /opt/stack/glance/glance/async_/taskflow_executor.py:163}}
Jun 18 19:11:25.375636 np0000003179 devstack@g-api.service[98904]: [pid: 98904|app: 0|req: 3/6] 127.0.0.1 () {38 vars in 852 bytes} [Thu Jun 18 19:11:25 2026] GET /v2/images/bed0842a-4bfb-4d99-b0cd-112d206319f0 => generated 879 bytes in 12 msecs (HTTP/1.1 200) 4 headers in 157 bytes (1 switches on core 0)
Jun 18 19:11:25.392388 np0000003179 devstack@g-api.service[98905]: DEBUG glance_store.backend [-] Attempting to import store cinder {{(pid=98905) _load_store /opt/stack/data/venv/lib/python3.12/site-packages/glance_store/backend.py:215}}
Jun 18 19:11:25.392536 np0000003179 devstack@g-api.service[98905]: DEBUG glance_store.backend [-] Attempting to import store file {{(pid=98905) _load_store /opt/stack/data/venv/lib/python3.12/site-packages/glance_store/backend.py:215}}
Jun 18 19:11:25.392631 np0000003179 devstack@g-api.service[98905]: DEBUG glance_store.backend [-] Attempting to import store glance.store.cinder.Store {{(pid=98905) _load_store /opt/stack/data/venv/lib/python3.12/site-packages/glance_store/backend.py:215}}
Jun 18 19:11:25.392732 np0000003179 devstack@g-api.service[98905]: DEBUG glance_store.backend [-] Attempting to import store glance.store.filesystem.Store {{(pid=98905) _load_store /opt/stack/data/venv/lib/python3.12/site-packages/glance_store/backend.py:215}}
Jun 18 19:11:25.392838 np0000003179 devstack@g-api.service[98905]: DEBUG glance_store.backend [-] Attempting to import store glance.store.http.Store {{(pid=98905) _load_store /opt/stack/data/venv/lib/python3.12/site-packages/glance_store/backend.py:215}}
Jun 18 19:11:25.392927 np0000003179 devstack@g-api.service[98905]: DEBUG glance_store.backend [-] Attempting to import store glance.store.rbd.Store {{(pid=98905) _load_store /opt/stack/data/venv/lib/python3.12/site-packages/glance_store/backend.py:215}}
Jun 18 19:11:25.393022 np0000003179 devstack@g-api.service[98905]: DEBUG glance_store.backend [-] Attempting to import store glance.store.s3.Store {{(pid=98905) _load_store /opt/stack/data/venv/lib/python3.12/site-packages/glance_store/backend.py:215}}
Jun 18 19:11:25.393122 np0000003179 devstack@g-api.service[98905]: DEBUG glance_store.backend [-] Attempting to import store glance.store.swift.Store {{(pid=98905) _load_store /opt/stack/data/venv/lib/python3.12/site-packages/glance_store/backend.py:215}}
Jun 18 19:11:25.393207 np0000003179 devstack@g-api.service[98905]: DEBUG glance_store.backend [-] Attempting to import store glance.store.vmware_datastore.Store {{(pid=98905) _load_store /opt/stack/data/venv/lib/python3.12/site-packages/glance_store/backend.py:215}}
Jun 18 19:11:25.393304 np0000003179 devstack@g-api.service[98905]: DEBUG glance_store.backend [-] Attempting to import store http {{(pid=98905) _load_store /opt/stack/data/venv/lib/python3.12/site-packages/glance_store/backend.py:215}}
Jun 18 19:11:25.393399 np0000003179 devstack@g-api.service[98905]: DEBUG glance_store.backend [-] Attempting to import store no_conf {{(pid=98905) _load_store /opt/stack/data/venv/lib/python3.12/site-packages/glance_store/backend.py:215}}
Jun 18 19:11:25.393573 np0000003179 devstack@g-api.service[98905]: DEBUG glance_store.backend [-] Attempting to import store rbd {{(pid=98905) _load_store /opt/stack/data/venv/lib/python3.12/site-packages/glance_store/backend.py:215}}
Jun 18 19:11:25.393633 np0000003179 devstack@g-api.service[98905]: DEBUG glance_store.backend [-] Attempting to import store s3 {{(pid=98905) _load_store /opt/stack/data/venv/lib/python3.12/site-packages/glance_store/backend.py:215}}
Jun 18 19:11:25.393674 np0000003179 devstack@g-api.service[98905]: DEBUG glance_store.backend [-] Attempting to import store swift {{(pid=98905) _load_store /opt/stack/data/venv/lib/python3.12/site-packages/glance_store/backend.py:215}}
Jun 18 19:11:25.393789 np0000003179 devstack@g-api.service[98905]: DEBUG glance_store.backend [-] Attempting to import store vmware {{(pid=98905) _load_store /opt/stack/data/venv/lib/python3.12/site-packages/glance_store/backend.py:215}}
Jun 18 19:11:25.393887 np0000003179 devstack@g-api.service[98905]: DEBUG glance_store.backend [-] Registering options for group glance_store {{(pid=98905) register_opts /opt/stack/data/venv/lib/python3.12/site-packages/glance_store/backend.py:144}}
Jun 18 19:11:25.393984 np0000003179 devstack@g-api.service[98905]: DEBUG glance_store.backend [-] Registering options for group glance_store {{(pid=98905) register_opts /opt/stack/data/venv/lib/python3.12/site-packages/glance_store/backend.py:144}}
Jun 18 19:11:25.394344 np0000003179 devstack@g-api.service[98905]: DEBUG glance_store.backend [-] Attempting to import store file {{(pid=98905) _load_store /opt/stack/data/venv/lib/python3.12/site-packages/glance_store/backend.py:215}}
Jun 18 19:11:25.394792 np0000003179 devstack@g-api.service[98905]: DEBUG glance_store.capabilities [-] Store glance_store._drivers.filesystem.Store doesn't support updating dynamic storage capabilities. Please overwrite 'update_capabilities' method of the store to implement updating logics if needed. {{(pid=98905) update_capabilities /opt/stack/data/venv/lib/python3.12/site-packages/glance_store/capabilities.py:91}}
Jun 18 19:11:25.402969 np0000003179 devstack@g-api.service[98905]: DEBUG glance.async_.flows.api_image_import [-] Image bed0842a-4bfb-4d99-b0cd-112d206319f0 os_glance_importing_to_stores= {{(pid=98905) merge_store_list /opt/stack/glance/glance/async_/flows/api_image_import.py:277}}
Jun 18 19:11:25.403080 np0000003179 devstack@g-api.service[98905]: DEBUG glance.async_.flows.api_image_import [-] Image bed0842a-4bfb-4d99-b0cd-112d206319f0 os_glance_failed_import= {{(pid=98905) merge_store_list /opt/stack/glance/glance/async_/flows/api_image_import.py:277}}
Jun 18 19:11:25.410117 np0000003179 devstack@g-api.service[98905]: DEBUG glance.async_.flows.api_image_import [-] Image bed0842a-4bfb-4d99-b0cd-112d206319f0 status changing from uploading to importing {{(pid=98905) __exit__ /opt/stack/glance/glance/async_/flows/api_image_import.py:166}}
Jun 18 19:11:25.928965 np0000003179 devstack@g-api.service[98905]: DEBUG glance.async_ [-] Creating threadpool model 'ThreadPoolExecutor' with size 10 {{(pid=98905) __init__ /opt/stack/glance/glance/async_/__init__.py:100}}
Jun 18 19:11:25.952628 np0000003179 devstack@g-api.service[98905]: DEBUG glance.async_.taskflow_executor [-] Flow 'api_image_import' (362d0a3c-7f9e-4999-8e8b-5560107a4c02) transitioned into state 'RUNNING' from state 'PENDING' {{(pid=98905) _flow_receiver /opt/stack/data/venv/lib/python3.12/site-packages/taskflow/listeners/logging.py:160}}
Jun 18 19:11:25.954614 np0000003179 devstack@g-api.service[98905]: DEBUG glance.async_.taskflow_executor [-] Task 'api_image_import-ImageLock-efffa379-129c-460e-a85e-ef5b49d3a703' (d389ef0a-680e-4471-9cde-71a7f4519cac) transitioned into state 'RUNNING' from state 'PENDING' {{(pid=98905) _task_receiver /opt/stack/data/venv/lib/python3.12/site-packages/taskflow/listeners/logging.py:242}}
Jun 18 19:11:25.962858 np0000003179 devstack@g-api.service[98905]: DEBUG glance.async_.flows.api_image_import [-] Image bed0842a-4bfb-4d99-b0cd-112d206319f0 import task efffa379-129c-460e-a85e-ef5b49d3a703 lock confirmed {{(pid=98905) execute /opt/stack/glance/glance/async_/flows/api_image_import.py:477}}
Jun 18 19:11:25.963773 np0000003179 devstack@g-api.service[98905]: DEBUG glance.async_.taskflow_executor [-] Task 'api_image_import-ImageLock-efffa379-129c-460e-a85e-ef5b49d3a703' (d389ef0a-680e-4471-9cde-71a7f4519cac) transitioned into state 'SUCCESS' from state 'RUNNING' with result 'None' {{(pid=98905) _task_receiver /opt/stack/data/venv/lib/python3.12/site-packages/taskflow/listeners/logging.py:218}}
Jun 18 19:11:25.964593 np0000003179 devstack@g-api.service[98905]: DEBUG glance.async_.taskflow_executor [-] Task 'api_image_import-ConfigureStaging-efffa379-129c-460e-a85e-ef5b49d3a703' (0e499327-e8d8-4449-b28f-b3322c6e2729) transitioned into state 'RUNNING' from state 'PENDING' {{(pid=98905) _task_receiver /opt/stack/data/venv/lib/python3.12/site-packages/taskflow/listeners/logging.py:242}}
Jun 18 19:11:25.965678 np0000003179 devstack@g-api.service[98905]: DEBUG glance.async_.taskflow_executor [-] Task 'api_image_import-ConfigureStaging-efffa379-129c-460e-a85e-ef5b49d3a703' (0e499327-e8d8-4449-b28f-b3322c6e2729) transitioned into state 'SUCCESS' from state 'RUNNING' with result 'file:///tmp/staging/bed0842a-4bfb-4d99-b0cd-112d206319f0' {{(pid=98905) _task_receiver /opt/stack/data/venv/lib/python3.12/site-packages/taskflow/listeners/logging.py:218}}
Jun 18 19:11:25.966368 np0000003179 devstack@g-api.service[98905]: DEBUG glance.async_.taskflow_executor [-] Task 'api_image_import--ImportToStore-efffa379-129c-460e-a85e-ef5b49d3a703' (d7b51c23-8942-4560-831d-98ee1bb92458) transitioned into state 'RUNNING' from state 'PENDING' {{(pid=98905) _task_receiver /opt/stack/data/venv/lib/python3.12/site-packages/taskflow/listeners/logging.py:242}}
Jun 18 19:11:25.973188 np0000003179 devstack@g-api.service[98905]: INFO glance.common.scripts.image_import.main [-] Task efffa379-129c-460e-a85e-ef5b49d3a703: Got image data uri file:///tmp/staging/bed0842a-4bfb-4d99-b0cd-112d206319f0 to be imported
Jun 18 19:11:25.975732 np0000003179 devstack@g-api.service[98905]: DEBUG glance.location [-] Enabling in-flight format inspection for qcow2 {{(pid=98905) set_data /opt/stack/glance/glance/location.py:616}}
Jun 18 19:11:25.975732 np0000003179 devstack@g-api.service[98905]: DEBUG glance_store.backend [-] Attempting to import store swift {{(pid=98905) _load_store /opt/stack/data/venv/lib/python3.12/site-packages/glance_store/backend.py:215}}
Jun 18 19:11:25.975732 np0000003179 devstack@g-api.service[98905]: DEBUG glance_store.capabilities [-] Store glance_store._drivers.swift.store.SingleTenantStore doesn't support updating dynamic storage capabilities. Please overwrite 'update_capabilities' method of the store to implement updating logics if needed. {{(pid=98905) update_capabilities /opt/stack/data/venv/lib/python3.12/site-packages/glance_store/capabilities.py:91}}
Jun 18 19:11:25.975732 np0000003179 devstack@g-api.service[98905]: DEBUG glance_store.driver [-] Late loading location class glance_store._drivers.swift.store.StoreLocation {{(pid=98905) get_store_location_class /opt/stack/data/venv/lib/python3.12/site-packages/glance_store/driver.py:134}}
Jun 18 19:11:25.976179 np0000003179 devstack@g-api.service[98905]: DEBUG glance_store.location [-] Registering scheme swift+https with {'store': , 'location_class': , 'store_entry': 'swift'} {{(pid=98905) register_scheme_map /opt/stack/data/venv/lib/python3.12/site-packages/glance_store/location.py:146}}
Jun 18 19:11:25.976179 np0000003179 devstack@g-api.service[98905]: DEBUG glance_store.location [-] Registering scheme swift+https with {'store': , 'location_class': , 'store_entry': 'swift'} {{(pid=98905) register_scheme_map /opt/stack/data/venv/lib/python3.12/site-packages/glance_store/location.py:146}}
Jun 18 19:11:25.976179 np0000003179 devstack@g-api.service[98905]: DEBUG glance_store.location [-] Registering scheme swift with {'store': , 'location_class': , 'store_entry': 'swift'} {{(pid=98905) register_scheme_map /opt/stack/data/venv/lib/python3.12/site-packages/glance_store/location.py:146}}
Jun 18 19:11:25.976179 np0000003179 devstack@g-api.service[98905]: DEBUG glance_store.location [-] Registering scheme swift+https with {'store': , 'location_class': , 'store_entry': 'swift'} {{(pid=98905) register_scheme_map /opt/stack/data/venv/lib/python3.12/site-packages/glance_store/location.py:146}}
Jun 18 19:11:25.976179 np0000003179 devstack@g-api.service[98905]: DEBUG glance_store.location [-] Registering scheme swift with {'store': , 'location_class': , 'store_entry': 'swift'} {{(pid=98905) register_scheme_map /opt/stack/data/venv/lib/python3.12/site-packages/glance_store/location.py:146}}
Jun 18 19:11:25.976334 np0000003179 devstack@g-api.service[98905]: DEBUG glance_store.location [-] Registering scheme swift+http with {'store': , 'location_class': , 'store_entry': 'swift'} {{(pid=98905) register_scheme_map /opt/stack/data/venv/lib/python3.12/site-packages/glance_store/location.py:146}}
Jun 18 19:11:25.976334 np0000003179 devstack@g-api.service[98905]: DEBUG glance_store.location [-] Registering scheme swift+https with {'store': , 'location_class': , 'store_entry': 'swift'} {{(pid=98905) register_scheme_map /opt/stack/data/venv/lib/python3.12/site-packages/glance_store/location.py:146}}
Jun 18 19:11:25.976334 np0000003179 devstack@g-api.service[98905]: DEBUG glance_store.location [-] Registering scheme swift with {'store': , 'location_class': , 'store_entry': 'swift'} {{(pid=98905) register_scheme_map /opt/stack/data/venv/lib/python3.12/site-packages/glance_store/location.py:146}}
Jun 18 19:11:25.976334 np0000003179 devstack@g-api.service[98905]: DEBUG glance_store.location [-] Registering scheme swift+http with {'store': , 'location_class': , 'store_entry': 'swift'} {{(pid=98905) register_scheme_map /opt/stack/data/venv/lib/python3.12/site-packages/glance_store/location.py:146}}
Jun 18 19:11:25.976334 np0000003179 devstack@g-api.service[98905]: DEBUG glance_store.location [-] Registering scheme swift+config with {'store': , 'location_class': , 'store_entry': 'swift'} {{(pid=98905) register_scheme_map /opt/stack/data/venv/lib/python3.12/site-packages/glance_store/location.py:146}}
Jun 18 19:11:26.491208 np0000003179 devstack@g-api.service[98905]: INFO swiftclient [-] REQ: curl -i https://10.4.3.42:8080/v1/AUTH_69f69412f9e34854bb81e0c3404edad6/glance -I -H "X-Auth-Token: gAAAAABqNELeIsV9..."
Jun 18 19:11:26.491329 np0000003179 devstack@g-api.service[98905]: INFO swiftclient [-] RESP STATUS: 404 Not Found
Jun 18 19:11:26.491501 np0000003179 devstack@g-api.service[98905]: INFO swiftclient [-] RESP HEADERS: {'Date': 'Thu, 18 Jun 2026 19:11:26 GMT', 'Server': 'Apache/2.4.58 (Ubuntu)', 'Content-Type': 'text/html; charset=UTF-8', 'X-Trans-Id': 'tx139478e4d0c847efbedab-006a3442de', 'X-Openstack-Request-Id': 'tx139478e4d0c847efbedab-006a3442de', 'Connection': 'close'}
Jun 18 19:11:26.491809 np0000003179 devstack@g-api.service[98905]: INFO glance_store._drivers.swift.store [-] Creating swift container glance
Jun 18 19:11:26.544639 np0000003179 devstack@g-api.service[98905]: DEBUG swiftclient [-] REQ: curl -i https://10.4.3.42:8080/v1/AUTH_69f69412f9e34854bb81e0c3404edad6/glance -X PUT -H "X-Auth-Token: gAAAAABqNELeIsV9..." -H "Content-Length: 0" {{(pid=98905) http_log /opt/stack/data/venv/lib/python3.12/site-packages/swiftclient/client.py:160}}
Jun 18 19:11:26.544738 np0000003179 devstack@g-api.service[98905]: DEBUG swiftclient [-] RESP STATUS: 201 Created {{(pid=98905) http_log /opt/stack/data/venv/lib/python3.12/site-packages/swiftclient/client.py:161}}
Jun 18 19:11:26.544848 np0000003179 devstack@g-api.service[98905]: DEBUG swiftclient [-] RESP HEADERS: {'Date': 'Thu, 18 Jun 2026 19:11:26 GMT', 'Server': 'Apache/2.4.58 (Ubuntu)', 'Content-Type': 'text/html; charset=UTF-8', 'Content-Length': '0', 'X-Trans-Id': 'tx6243d54dee8741b1b0119-006a3442de', 'X-Openstack-Request-Id': 'tx6243d54dee8741b1b0119-006a3442de', 'Connection': 'close'} {{(pid=98905) http_log /opt/stack/data/venv/lib/python3.12/site-packages/swiftclient/client.py:162}}
Jun 18 19:11:26.544946 np0000003179 devstack@g-api.service[98905]: DEBUG glance_store._drivers.swift.store [-] Adding image object 'bed0842a-4bfb-4d99-b0cd-112d206319f0' to Swift {{(pid=98905) add /opt/stack/data/venv/lib/python3.12/site-packages/glance_store/_drivers/swift/store.py:970}}
Jun 18 19:11:26.550060 np0000003179 devstack@g-api.service[98905]: DEBUG oslo_utils.imageutils.format_inspector [-] Format inspector for vmdk does not match, excluding from consideration (Signature KDMV not found: b'QFI\xfb') {{(pid=98905) _process_chunk /opt/stack/data/venv/lib/python3.12/site-packages/oslo_utils/imageutils/format_inspector.py:1758}}
Jun 18 19:11:26.553296 np0000003179 devstack@g-api.service[98905]: DEBUG oslo_utils.imageutils.format_inspector [-] Format inspector for vhdx does not match, excluding from consideration (Region signature not found at 30000) {{(pid=98905) _process_chunk /opt/stack/data/venv/lib/python3.12/site-packages/oslo_utils/imageutils/format_inspector.py:1758}}
Jun 18 19:11:26.599342 np0000003179 devstack@g-api.service[98905]: DEBUG glance.api.middleware.version_negotiation [None req-f696ae37-510f-488b-80a0-b23d78290c79 admin admin] Determining version of request: POST /v2/images Accept: */* {{(pid=98905) process_request /opt/stack/glance/glance/api/middleware/version_negotiation.py:44}}
Jun 18 19:11:26.599535 np0000003179 devstack@g-api.service[98905]: DEBUG glance.api.middleware.version_negotiation [None req-f696ae37-510f-488b-80a0-b23d78290c79 admin admin] Using url versioning {{(pid=98905) process_request /opt/stack/glance/glance/api/middleware/version_negotiation.py:57}}
Jun 18 19:11:26.599917 np0000003179 devstack@g-api.service[98905]: DEBUG glance.api.middleware.version_negotiation [None req-f696ae37-510f-488b-80a0-b23d78290c79 admin admin] Matched version: v2 {{(pid=98905) process_request /opt/stack/glance/glance/api/middleware/version_negotiation.py:69}}
Jun 18 19:11:26.600025 np0000003179 devstack@g-api.service[98905]: DEBUG glance.api.middleware.version_negotiation [None req-f696ae37-510f-488b-80a0-b23d78290c79 admin admin] new path /v2/images {{(pid=98905) process_request /opt/stack/glance/glance/api/middleware/version_negotiation.py:70}}
Jun 18 19:11:26.870728 np0000003179 devstack@g-api.service[98905]: DEBUG swiftclient [-] REQ: curl -i https://10.4.3.42:8080/v1/AUTH_69f69412f9e34854bb81e0c3404edad6/glance/bed0842a-4bfb-4d99-b0cd-112d206319f0 -X PUT -H "X-Auth-Token: gAAAAABqNELeIsV9..." -H "Content-Length: 21430272" {{(pid=98905) http_log /opt/stack/data/venv/lib/python3.12/site-packages/swiftclient/client.py:160}}
Jun 18 19:11:26.871099 np0000003179 devstack@g-api.service[98905]: DEBUG swiftclient [-] RESP STATUS: 201 Created {{(pid=98905) http_log /opt/stack/data/venv/lib/python3.12/site-packages/swiftclient/client.py:161}}
Jun 18 19:11:26.871216 np0000003179 devstack@g-api.service[98905]: DEBUG swiftclient [-] RESP HEADERS: {'Date': 'Thu, 18 Jun 2026 19:11:26 GMT', 'Server': 'Apache/2.4.58 (Ubuntu)', 'Content-Type': 'text/html; charset=UTF-8', 'Content-Length': '0', 'Etag': 'c8fc807773e5354afe61636071771906', 'Last-Modified': 'Thu, 18 Jun 2026 19:11:27 GMT', 'X-Trans-Id': 'txb34b24b6b5f14c89bb8b9-006a3442de', 'X-Openstack-Request-Id': 'txb34b24b6b5f14c89bb8b9-006a3442de', 'Connection': 'close'} {{(pid=98905) http_log /opt/stack/data/venv/lib/python3.12/site-packages/swiftclient/client.py:162}}
Jun 18 19:11:26.887792 np0000003179 devstack@g-api.service[98905]: INFO glance.location [-] Image format matched and virtual size computed: 117440512
Jun 18 19:11:26.895148 np0000003179 devstack@g-api.service[98905]: DEBUG glance.async_.flows.api_image_import [-] Image bed0842a-4bfb-4d99-b0cd-112d206319f0 status changing from importing to active {{(pid=98905) __exit__ /opt/stack/glance/glance/async_/flows/api_image_import.py:166}}
Jun 18 19:11:26.923810 np0000003179 devstack@g-api.service[98905]: DEBUG glance_store.backend [-] Attempting to import store swift {{(pid=98905) _load_store /opt/stack/data/venv/lib/python3.12/site-packages/glance_store/backend.py:215}}
Jun 18 19:11:26.925041 np0000003179 devstack@g-api.service[98905]: DEBUG glance_store.capabilities [-] Store glance_store._drivers.swift.store.SingleTenantStore doesn't support updating dynamic storage capabilities. Please overwrite 'update_capabilities' method of the store to implement updating logics if needed. {{(pid=98905) update_capabilities /opt/stack/data/venv/lib/python3.12/site-packages/glance_store/capabilities.py:91}}
Jun 18 19:11:26.925165 np0000003179 devstack@g-api.service[98905]: DEBUG glance_store.driver [-] Late loading location class glance_store._drivers.swift.store.StoreLocation {{(pid=98905) get_store_location_class /opt/stack/data/venv/lib/python3.12/site-packages/glance_store/driver.py:134}}
Jun 18 19:11:26.925165 np0000003179 devstack@g-api.service[98905]: DEBUG glance_store.location [-] Registering scheme swift+https with {'store': , 'location_class': , 'store_entry': 'swift'} {{(pid=98905) register_scheme_map /opt/stack/data/venv/lib/python3.12/site-packages/glance_store/location.py:146}}
Jun 18 19:11:26.925232 np0000003179 devstack@g-api.service[98905]: DEBUG glance_store.location [-] Registering scheme swift+https with {'store': , 'location_class': , 'store_entry': 'swift'} {{(pid=98905) register_scheme_map /opt/stack/data/venv/lib/python3.12/site-packages/glance_store/location.py:146}}
Jun 18 19:11:26.925741 np0000003179 devstack@g-api.service[98905]: DEBUG glance_store.location [-] Registering scheme swift with {'store': , 'location_class': , 'store_entry': 'swift'} {{(pid=98905) register_scheme_map /opt/stack/data/venv/lib/python3.12/site-packages/glance_store/location.py:146}}
Jun 18 19:11:26.925741 np0000003179 devstack@g-api.service[98905]: DEBUG glance_store.location [-] Registering scheme swift+https with {'store': , 'location_class': , 'store_entry': 'swift'} {{(pid=98905) register_scheme_map /opt/stack/data/venv/lib/python3.12/site-packages/glance_store/location.py:146}}
Jun 18 19:11:26.925741 np0000003179 devstack@g-api.service[98905]: DEBUG glance_store.location [-] Registering scheme swift with {'store': , 'location_class': , 'store_entry': 'swift'} {{(pid=98905) register_scheme_map /opt/stack/data/venv/lib/python3.12/site-packages/glance_store/location.py:146}}
