Aug 24 08:12:21.854574 np0000007952 devstack@g-api.service[99853]: DEBUG glance_store.location [-] Registering scheme filesystem with {'store': , 'location_class': , 'store_entry': 'file'} {{(pid=99853) register_scheme_map /opt/stack/data/venv/lib/python3.12/site-packages/glance_store/location.py:146}}
Aug 24 08:12:21.854574 np0000007952 devstack@g-api.service[99853]: DEBUG glance_store.backend [-] Attempting to import store swift {{(pid=99853) _load_store /opt/stack/data/venv/lib/python3.12/site-packages/glance_store/backend.py:215}}
Aug 24 08:12:21.854688 np0000007952 devstack@g-api.service[99853]: WARNING oslo_config.cfg [-] Deprecated: Option "default_store" from group "glance_store" is deprecated for removal (
Aug 24 08:12:21.854688 np0000007952 devstack@g-api.service[99853]: This option is deprecated against new config option
Aug 24 08:12:21.854688 np0000007952 devstack@g-api.service[99853]: ``default_backend`` which acts similar to ``default_store`` config
Aug 24 08:12:21.854688 np0000007952 devstack@g-api.service[99853]: option.
Aug 24 08:12:21.854688 np0000007952 devstack@g-api.service[99853]: This option is scheduled for removal in the U development
Aug 24 08:12:21.854688 np0000007952 devstack@g-api.service[99853]: cycle.
Aug 24 08:12:21.854688 np0000007952 devstack@g-api.service[99853]: ). Its value may be silently ignored in the future.
Aug 24 08:12:21.855835 np0000007952 devstack@g-api.service[99853]: DEBUG glance_store.capabilities [-] Store glance_store._drivers.swift.store.SingleTenantStore doesn't support updating dynamic storage capabilities. Please overwrite 'update_capabilities' method of the store to implement updating logics if needed. {{(pid=99853) update_capabilities /opt/stack/data/venv/lib/python3.12/site-packages/glance_store/capabilities.py:91}}
Aug 24 08:12:21.855906 np0000007952 devstack@g-api.service[99853]: DEBUG glance_store.backend [-] Registering store swift with schemes ('swift+https', 'swift', 'swift+http', 'swift+config') {{(pid=99853) create_stores /opt/stack/data/venv/lib/python3.12/site-packages/glance_store/backend.py:261}}
Aug 24 08:12:21.855971 np0000007952 devstack@g-api.service[99853]: DEBUG glance_store.driver [-] Late loading location class glance_store._drivers.swift.store.StoreLocation {{(pid=99853) get_store_location_class /opt/stack/data/venv/lib/python3.12/site-packages/glance_store/driver.py:134}}
Aug 24 08:12:21.856016 np0000007952 devstack@g-api.service[99853]: DEBUG glance_store.location [-] Registering scheme swift+https with {'store': , 'location_class': , 'store_entry': 'swift'} {{(pid=99853) register_scheme_map /opt/stack/data/venv/lib/python3.12/site-packages/glance_store/location.py:146}}
Aug 24 08:12:21.856060 np0000007952 devstack@g-api.service[99853]: DEBUG glance_store.location [-] Registering scheme swift with {'store': , 'location_class': , 'store_entry': 'swift'} {{(pid=99853) register_scheme_map /opt/stack/data/venv/lib/python3.12/site-packages/glance_store/location.py:146}}
Aug 24 08:12:21.856102 np0000007952 devstack@g-api.service[99853]: DEBUG glance_store.location [-] Registering scheme swift+http with {'store': , 'location_class': , 'store_entry': 'swift'} {{(pid=99853) register_scheme_map /opt/stack/data/venv/lib/python3.12/site-packages/glance_store/location.py:146}}
Aug 24 08:12:21.856148 np0000007952 devstack@g-api.service[99853]: DEBUG glance_store.location [-] Registering scheme swift+config with {'store': , 'location_class': , 'store_entry': 'swift'} {{(pid=99853) register_scheme_map /opt/stack/data/venv/lib/python3.12/site-packages/glance_store/location.py:146}}
Aug 24 08:12:21.856294 np0000007952 devstack@g-api.service[99853]: DEBUG glance_store.backend [-] Attempting to import store swift {{(pid=99853) _load_store /opt/stack/data/venv/lib/python3.12/site-packages/glance_store/backend.py:215}}
Aug 24 08:12:21.857246 np0000007952 devstack@g-api.service[99853]: DEBUG glance_store.capabilities [-] Store glance_store._drivers.swift.store.SingleTenantStore doesn't support updating dynamic storage capabilities. Please overwrite 'update_capabilities' method of the store to implement updating logics if needed. {{(pid=99853) update_capabilities /opt/stack/data/venv/lib/python3.12/site-packages/glance_store/capabilities.py:91}}
Aug 24 08:12:21.857307 np0000007952 devstack@g-api.service[99853]: DEBUG glance_store.driver [-] Late loading location class glance_store._drivers.swift.store.StoreLocation {{(pid=99853) get_store_location_class /opt/stack/data/venv/lib/python3.12/site-packages/glance_store/driver.py:134}}
Aug 24 08:12:21.857352 np0000007952 devstack@g-api.service[99853]: DEBUG glance_store.location [-] Registering scheme swift+https with {'store': , 'location_class': , 'store_entry': 'swift'} {{(pid=99853) register_scheme_map /opt/stack/data/venv/lib/python3.12/site-packages/glance_store/location.py:146}}
Aug 24 08:12:21.857656 np0000007952 devstack@g-api.service[99853]: DEBUG glance_store.location [-] Registering scheme swift+https with {'store': , 'location_class': , 'store_entry': 'swift'} {{(pid=99853) register_scheme_map /opt/stack/data/venv/lib/python3.12/site-packages/glance_store/location.py:146}}
Aug 24 08:12:21.857656 np0000007952 devstack@g-api.service[99853]: DEBUG glance_store.location [-] Registering scheme swift with {'store': , 'location_class': , 'store_entry': 'swift'} {{(pid=99853) register_scheme_map /opt/stack/data/venv/lib/python3.12/site-packages/glance_store/location.py:146}}
Aug 24 08:12:21.857656 np0000007952 devstack@g-api.service[99853]: DEBUG glance_store.location [-] Registering scheme swift+https with {'store': , 'location_class': , 'store_entry': 'swift'} {{(pid=99853) register_scheme_map /opt/stack/data/venv/lib/python3.12/site-packages/glance_store/location.py:146}}
Aug 24 08:12:21.857656 np0000007952 devstack@g-api.service[99853]: DEBUG glance_store.location [-] Registering scheme swift with {'store': , 'location_class': , 'store_entry': 'swift'} {{(pid=99853) register_scheme_map /opt/stack/data/venv/lib/python3.12/site-packages/glance_store/location.py:146}}
Aug 24 08:12:21.857656 np0000007952 devstack@g-api.service[99853]: DEBUG glance_store.location [-] Registering scheme swift+http with {'store': , 'location_class': , 'store_entry': 'swift'} {{(pid=99853) register_scheme_map /opt/stack/data/venv/lib/python3.12/site-packages/glance_store/location.py:146}}
Aug 24 08:12:21.857871 np0000007952 devstack@g-api.service[99853]: DEBUG glance_store.location [-] Registering scheme swift+https with {'store': , 'location_class': , 'store_entry': 'swift'} {{(pid=99853) register_scheme_map /opt/stack/data/venv/lib/python3.12/site-packages/glance_store/location.py:146}}
Aug 24 08:12:21.857871 np0000007952 devstack@g-api.service[99853]: DEBUG glance_store.location [-] Registering scheme swift with {'store': , 'location_class': , 'store_entry': 'swift'} {{(pid=99853) register_scheme_map /opt/stack/data/venv/lib/python3.12/site-packages/glance_store/location.py:146}}
Aug 24 08:12:21.857871 np0000007952 devstack@g-api.service[99853]: DEBUG glance_store.location [-] Registering scheme swift+http with {'store': , 'location_class': , 'store_entry': 'swift'} {{(pid=99853) register_scheme_map /opt/stack/data/venv/lib/python3.12/site-packages/glance_store/location.py:146}}
Aug 24 08:12:21.857871 np0000007952 devstack@g-api.service[99853]: DEBUG glance_store.location [-] Registering scheme swift+config with {'store': , 'location_class': , 'store_entry': 'swift'} {{(pid=99853) register_scheme_map /opt/stack/data/venv/lib/python3.12/site-packages/glance_store/location.py:146}}
Aug 24 08:12:21.858062 np0000007952 devstack@g-api.service[99853]: DEBUG glance.sqlite_migration [-] SQLite caching database not located, skipping migration {{(pid=99853) get_db_path /opt/stack/glance/glance/sqlite_migration.py:68}}
Aug 24 08:12:21.858230 np0000007952 devstack@g-api.service[99853]: WARNING glance.common.wsgi_app [-] Import methods are enabled but staging directory /tmp/staging/ does not exist; Imports will fail!
Aug 24 08:12:21.982671 np0000007952 devstack@g-api.service[99851]: DEBUG glance.common.config [None req-3b0b862a-6049-4b87-98e4-8d196270541d None None] Loading glance-api-keystone+cachemanagement from /etc/glance/glance-api-paste.ini {{(pid=99851) load_paste_app /opt/stack/glance/glance/common/config.py:772}}
Aug 24 08:12:21.988905 np0000007952 devstack@g-api.service[99852]: DEBUG glance.common.config [None req-c6de253e-f93c-400c-8598-2c91245ca43c None None] Loading glance-api-keystone+cachemanagement from /etc/glance/glance-api-paste.ini {{(pid=99852) load_paste_app /opt/stack/glance/glance/common/config.py:772}}
Aug 24 08:12:21.992014 np0000007952 devstack@g-api.service[99853]: DEBUG glance.common.config [None req-5c669233-f546-4e7b-8cee-65beba974659 None None] Loading glance-api-keystone+cachemanagement from /etc/glance/glance-api-paste.ini {{(pid=99853) load_paste_app /opt/stack/glance/glance/common/config.py:772}}
Aug 24 08:12:22.580563 np0000007952 devstack@g-api.service[99851]: INFO glance.image_cache [None req-3b0b862a-6049-4b87-98e4-8d196270541d None None] Image cache loaded driver 'centralized_db'.
Aug 24 08:12:22.583029 np0000007952 devstack@g-api.service[99853]: INFO glance.image_cache [None req-5c669233-f546-4e7b-8cee-65beba974659 None None] Image cache loaded driver 'centralized_db'.
Aug 24 08:12:22.583400 np0000007952 devstack@g-api.service[99852]: INFO glance.image_cache [None req-c6de253e-f93c-400c-8598-2c91245ca43c None None] Image cache loaded driver 'centralized_db'.
Aug 24 08:12:22.626983 np0000007952 devstack@g-api.service[99851]: INFO dbcounter [None req-3b0b862a-6049-4b87-98e4-8d196270541d None None] Registered counter for database glance
Aug 24 08:12:22.634375 np0000007952 devstack@g-api.service[99852]: INFO dbcounter [None req-c6de253e-f93c-400c-8598-2c91245ca43c None None] Registered counter for database glance
Aug 24 08:12:22.635395 np0000007952 devstack@g-api.service[99853]: INFO dbcounter [None req-5c669233-f546-4e7b-8cee-65beba974659 None None] Registered counter for database glance
Aug 24 08:12:22.663109 np0000007952 devstack@g-api.service[99851]: DEBUG oslo_db.sqlalchemy.engines [None req-3b0b862a-6049-4b87-98e4-8d196270541d None None] MySQL server mode set to STRICT_TRANS_TABLES,STRICT_ALL_TABLES,NO_ZERO_IN_DATE,NO_ZERO_DATE,ERROR_FOR_DIVISION_BY_ZERO,TRADITIONAL,NO_ENGINE_SUBSTITUTION {{(pid=99851) _check_effective_sql_mode /opt/stack/data/venv/lib/python3.12/site-packages/oslo_db/sqlalchemy/engines.py:325}}
Aug 24 08:12:22.676238 np0000007952 devstack@g-api.service[99853]: DEBUG oslo_db.sqlalchemy.engines [None req-5c669233-f546-4e7b-8cee-65beba974659 None None] MySQL server mode set to STRICT_TRANS_TABLES,STRICT_ALL_TABLES,NO_ZERO_IN_DATE,NO_ZERO_DATE,ERROR_FOR_DIVISION_BY_ZERO,TRADITIONAL,NO_ENGINE_SUBSTITUTION {{(pid=99853) _check_effective_sql_mode /opt/stack/data/venv/lib/python3.12/site-packages/oslo_db/sqlalchemy/engines.py:325}}
Aug 24 08:12:22.679296 np0000007952 devstack@g-api.service[99852]: DEBUG oslo_db.sqlalchemy.engines [None req-c6de253e-f93c-400c-8598-2c91245ca43c None None] MySQL server mode set to STRICT_TRANS_TABLES,STRICT_ALL_TABLES,NO_ZERO_IN_DATE,NO_ZERO_DATE,ERROR_FOR_DIVISION_BY_ZERO,TRADITIONAL,NO_ENGINE_SUBSTITUTION {{(pid=99852) _check_effective_sql_mode /opt/stack/data/venv/lib/python3.12/site-packages/oslo_db/sqlalchemy/engines.py:325}}
Aug 24 08:12:22.683102 np0000007952 devstack@g-api.service[99851]: DEBUG dbcounter [-] [99851] Writer thread running {{(pid=99851) stat_writer /opt/stack/data/venv/lib/python3.12/site-packages/dbcounter.py:102}}
Aug 24 08:12:22.698588 np0000007952 devstack@g-api.service[99853]: DEBUG dbcounter [-] [99853] Writer thread running {{(pid=99853) stat_writer /opt/stack/data/venv/lib/python3.12/site-packages/dbcounter.py:102}}
Aug 24 08:12:22.698919 np0000007952 devstack@g-api.service[99851]: INFO glance.image_cache [None req-3b0b862a-6049-4b87-98e4-8d196270541d None None] Image cache loaded driver 'centralized_db'.
Aug 24 08:12:22.701877 np0000007952 devstack@g-api.service[99852]: DEBUG dbcounter [-] [99852] Writer thread running {{(pid=99852) stat_writer /opt/stack/data/venv/lib/python3.12/site-packages/dbcounter.py:102}}
Aug 24 08:12:22.703745 np0000007952 devstack@g-api.service[99853]: DEBUG glance.image_cache.drivers.centralized_db [None req-5c669233-f546-4e7b-8cee-65beba974659 None None] Node reference is already recorded, ignoring it {{(pid=99853) configure /opt/stack/glance/glance/image_cache/drivers/centralized_db.py:71}}
Aug 24 08:12:22.704793 np0000007952 devstack@g-api.service[99852]: DEBUG glance.image_cache.drivers.centralized_db [None req-c6de253e-f93c-400c-8598-2c91245ca43c None None] Node reference is already recorded, ignoring it {{(pid=99852) configure /opt/stack/glance/glance/image_cache/drivers/centralized_db.py:71}}
Aug 24 08:12:22.705643 np0000007952 devstack@g-api.service[99851]: DEBUG glance.image_cache.drivers.centralized_db [None req-3b0b862a-6049-4b87-98e4-8d196270541d None None] Node reference is already recorded, ignoring it {{(pid=99851) configure /opt/stack/glance/glance/image_cache/drivers/centralized_db.py:71}}
Aug 24 08:12:22.709269 np0000007952 devstack@g-api.service[99853]: INFO glance.image_cache [None req-5c669233-f546-4e7b-8cee-65beba974659 None None] Image cache loaded driver 'centralized_db'.
Aug 24 08:12:22.710036 np0000007952 devstack@g-api.service[99852]: INFO glance.image_cache [None req-c6de253e-f93c-400c-8598-2c91245ca43c None None] Image cache loaded driver 'centralized_db'.
Aug 24 08:12:22.711206 np0000007952 devstack@g-api.service[99851]: DEBUG glance.api.v2.cached_images [None req-3b0b862a-6049-4b87-98e4-8d196270541d None None] Started cache worker thread {{(pid=99851) __init__ /opt/stack/glance/glance/api/v2/cached_images.py:71}}
Aug 24 08:12:22.711889 np0000007952 devstack@g-api.service[99851]: INFO glance.image_cache [None req-3b0b862a-6049-4b87-98e4-8d196270541d None None] Image cache loaded driver 'centralized_db'.
Aug 24 08:12:22.716963 np0000007952 devstack@g-api.service[99853]: DEBUG glance.image_cache.drivers.centralized_db [None req-5c669233-f546-4e7b-8cee-65beba974659 None None] Node reference is already recorded, ignoring it {{(pid=99853) configure /opt/stack/glance/glance/image_cache/drivers/centralized_db.py:71}}
Aug 24 08:12:22.717030 np0000007952 devstack@g-api.service[99852]: DEBUG glance.image_cache.drivers.centralized_db [None req-c6de253e-f93c-400c-8598-2c91245ca43c None None] Node reference is already recorded, ignoring it {{(pid=99852) configure /opt/stack/glance/glance/image_cache/drivers/centralized_db.py:71}}
Aug 24 08:12:22.721559 np0000007952 devstack@g-api.service[99853]: DEBUG glance.api.v2.cached_images [None req-5c669233-f546-4e7b-8cee-65beba974659 None None] Started cache worker thread {{(pid=99853) __init__ /opt/stack/glance/glance/api/v2/cached_images.py:71}}
Aug 24 08:12:22.722168 np0000007952 devstack@g-api.service[99853]: INFO glance.image_cache [None req-5c669233-f546-4e7b-8cee-65beba974659 None None] Image cache loaded driver 'centralized_db'.
Aug 24 08:12:22.722912 np0000007952 devstack@g-api.service[99852]: DEBUG glance.api.v2.cached_images [None req-c6de253e-f93c-400c-8598-2c91245ca43c None None] Started cache worker thread {{(pid=99852) __init__ /opt/stack/glance/glance/api/v2/cached_images.py:71}}
Aug 24 08:12:22.723661 np0000007952 devstack@g-api.service[99852]: INFO glance.image_cache [None req-c6de253e-f93c-400c-8598-2c91245ca43c None None] Image cache loaded driver 'centralized_db'.
Aug 24 08:12:22.811403 np0000007952 devstack@g-api.service[99851]: DEBUG glance.image_cache.drivers.centralized_db [None req-3b0b862a-6049-4b87-98e4-8d196270541d None None] Node reference is already recorded, ignoring it {{(pid=99851) configure /opt/stack/glance/glance/image_cache/drivers/centralized_db.py:71}}
Aug 24 08:12:22.816022 np0000007952 devstack@g-api.service[99851]: INFO glance.api.middleware.cache_manage [None req-3b0b862a-6049-4b87-98e4-8d196270541d None None] Initialized image cache management middleware
Aug 24 08:12:22.816463 np0000007952 devstack@g-api.service[99851]: INFO glance.image_cache [None req-3b0b862a-6049-4b87-98e4-8d196270541d None None] Image cache loaded driver 'centralized_db'.
Aug 24 08:12:22.826933 np0000007952 devstack@g-api.service[99851]: DEBUG glance.image_cache.drivers.centralized_db [None req-3b0b862a-6049-4b87-98e4-8d196270541d None None] Node reference is already recorded, ignoring it {{(pid=99851) configure /opt/stack/glance/glance/image_cache/drivers/centralized_db.py:71}}
Aug 24 08:12:22.830747 np0000007952 devstack@g-api.service[99851]: INFO glance.api.middleware.cache [None req-3b0b862a-6049-4b87-98e4-8d196270541d None None] Initialized image cache middleware
Aug 24 08:12:22.835279 np0000007952 devstack@g-api.service[99853]: DEBUG glance.image_cache.drivers.centralized_db [None req-5c669233-f546-4e7b-8cee-65beba974659 None None] Node reference is already recorded, ignoring it {{(pid=99853) configure /opt/stack/glance/glance/image_cache/drivers/centralized_db.py:71}}
Aug 24 08:12:22.837456 np0000007952 devstack@g-api.service[99852]: DEBUG glance.image_cache.drivers.centralized_db [None req-c6de253e-f93c-400c-8598-2c91245ca43c None None] Node reference is already recorded, ignoring it {{(pid=99852) configure /opt/stack/glance/glance/image_cache/drivers/centralized_db.py:71}}
Aug 24 08:12:22.840157 np0000007952 devstack@g-api.service[99853]: INFO glance.api.middleware.cache_manage [None req-5c669233-f546-4e7b-8cee-65beba974659 None None] Initialized image cache management middleware
Aug 24 08:12:22.840305 np0000007952 devstack@g-api.service[99853]: INFO glance.image_cache [None req-5c669233-f546-4e7b-8cee-65beba974659 None None] Image cache loaded driver 'centralized_db'.
Aug 24 08:12:22.841487 np0000007952 devstack@g-api.service[99851]: DEBUG glance.common.config [None req-3b0b862a-6049-4b87-98e4-8d196270541d None None] ******************************************************************************** {{(pid=99851) log_opt_values /opt/stack/data/venv/lib/python3.12/site-packages/oslo_config/cfg.py:3533}}
Aug 24 08:12:22.841585 np0000007952 devstack@g-api.service[99851]: DEBUG glance.common.config [None req-3b0b862a-6049-4b87-98e4-8d196270541d None None] Configuration options gathered from: {{(pid=99851) log_opt_values /opt/stack/data/venv/lib/python3.12/site-packages/oslo_config/cfg.py:3534}}
Aug 24 08:12:22.841918 np0000007952 devstack@g-api.service[99851]: DEBUG glance.common.config [None req-3b0b862a-6049-4b87-98e4-8d196270541d None None] command line args: [] {{(pid=99851) log_opt_values /opt/stack/data/venv/lib/python3.12/site-packages/oslo_config/cfg.py:3535}}
Aug 24 08:12:22.842067 np0000007952 devstack@g-api.service[99851]: DEBUG glance.common.config [None req-3b0b862a-6049-4b87-98e4-8d196270541d None None] config files: ['/etc/glance/glance-image-import.conf', '/etc/glance/glance-api.conf'] {{(pid=99851) log_opt_values /opt/stack/data/venv/lib/python3.12/site-packages/oslo_config/cfg.py:3536}}
Aug 24 08:12:22.842135 np0000007952 devstack@g-api.service[99851]: DEBUG glance.common.config [None req-3b0b862a-6049-4b87-98e4-8d196270541d None None] ================================================================================ {{(pid=99851) log_opt_values /opt/stack/data/venv/lib/python3.12/site-packages/oslo_config/cfg.py:3541}}
Aug 24 08:12:22.842257 np0000007952 devstack@g-api.service[99851]: DEBUG glance.common.config [None req-3b0b862a-6049-4b87-98e4-8d196270541d None None] allow_anonymous_access = False {{(pid=99851) log_opt_values /opt/stack/data/venv/lib/python3.12/site-packages/oslo_config/cfg.py:3549}}
Aug 24 08:12:22.842348 np0000007952 devstack@g-api.service[99851]: DEBUG glance.common.config [None req-3b0b862a-6049-4b87-98e4-8d196270541d None None] api_limit_max = 1000 {{(pid=99851) log_opt_values /opt/stack/data/venv/lib/python3.12/site-packages/oslo_config/cfg.py:3549}}
Aug 24 08:12:22.842461 np0000007952 devstack@g-api.service[99851]: DEBUG glance.common.config [None req-3b0b862a-6049-4b87-98e4-8d196270541d None None] config_dir = [] {{(pid=99851) log_opt_values /opt/stack/data/venv/lib/python3.12/site-packages/oslo_config/cfg.py:3549}}
Aug 24 08:12:22.842538 np0000007952 devstack@g-api.service[99851]: DEBUG glance.common.config [None req-3b0b862a-6049-4b87-98e4-8d196270541d None None] config_file = ['/etc/glance/glance-image-import.conf', '/etc/glance/glance-api.conf'] {{(pid=99851) log_opt_values /opt/stack/data/venv/lib/python3.12/site-packages/oslo_config/cfg.py:3549}}
Aug 24 08:12:22.842640 np0000007952 devstack@g-api.service[99851]: DEBUG glance.common.config [None req-3b0b862a-6049-4b87-98e4-8d196270541d None None] config_source = [] {{(pid=99851) log_opt_values /opt/stack/data/venv/lib/python3.12/site-packages/oslo_config/cfg.py:3549}}
Aug 24 08:12:22.842732 np0000007952 devstack@g-api.service[99851]: DEBUG glance.common.config [None req-3b0b862a-6049-4b87-98e4-8d196270541d None None] control_exchange = glance {{(pid=99851) log_opt_values /opt/stack/data/venv/lib/python3.12/site-packages/oslo_config/cfg.py:3549}}
Aug 24 08:12:22.842803 np0000007952 devstack@g-api.service[99851]: DEBUG glance.common.config [None req-3b0b862a-6049-4b87-98e4-8d196270541d None None] debug = True {{(pid=99851) log_opt_values /opt/stack/data/venv/lib/python3.12/site-packages/oslo_config/cfg.py:3549}}
Aug 24 08:12:22.842959 np0000007952 devstack@g-api.service[99851]: DEBUG glance.common.config [None req-3b0b862a-6049-4b87-98e4-8d196270541d None None] default_log_levels = ['amqp=WARN', 'boto=WARN', 'sqlalchemy=WARN', 'suds=INFO', 'oslo.messaging=INFO', 'oslo_messaging=INFO', 'iso8601=WARN', 'requests.packages.urllib3.connectionpool=WARN', 'urllib3.connectionpool=WARN', 'websocket=WARN', 'requests.packages.urllib3.util.retry=WARN', 'urllib3.util.retry=WARN', 'keystonemiddleware=WARN', 'routes.middleware=WARN', 'stevedore=WARN', 'taskflow=WARN', 'keystoneauth=WARN', 'oslo.cache=INFO', 'oslo_policy=INFO', 'dogpile.core.dogpile=INFO'] {{(pid=99851) log_opt_values /opt/stack/data/venv/lib/python3.12/site-packages/oslo_config/cfg.py:3549}}
Aug 24 08:12:22.843057 np0000007952 devstack@g-api.service[99851]: DEBUG glance.common.config [None req-3b0b862a-6049-4b87-98e4-8d196270541d None None] default_publisher_id = image.localhost {{(pid=99851) log_opt_values /opt/stack/data/venv/lib/python3.12/site-packages/oslo_config/cfg.py:3549}}
Aug 24 08:12:22.843131 np0000007952 devstack@g-api.service[99851]: DEBUG glance.common.config [None req-3b0b862a-6049-4b87-98e4-8d196270541d None None] delayed_delete = False {{(pid=99851) log_opt_values /opt/stack/data/venv/lib/python3.12/site-packages/oslo_config/cfg.py:3549}}
Aug 24 08:12:22.843225 np0000007952 devstack@g-api.service[99851]: DEBUG glance.common.config [None req-3b0b862a-6049-4b87-98e4-8d196270541d None None] digest_algorithm = sha256 {{(pid=99851) log_opt_values /opt/stack/data/venv/lib/python3.12/site-packages/oslo_config/cfg.py:3549}}
Aug 24 08:12:22.843277 np0000007952 devstack@g-api.service[99852]: INFO glance.api.middleware.cache_manage [None req-c6de253e-f93c-400c-8598-2c91245ca43c None None] Initialized image cache management middleware
Aug 24 08:12:22.843319 np0000007952 devstack@g-api.service[99851]: DEBUG glance.common.config [None req-3b0b862a-6049-4b87-98e4-8d196270541d None None] disabled_notifications = [] {{(pid=99851) log_opt_values /opt/stack/data/venv/lib/python3.12/site-packages/oslo_config/cfg.py:3549}}
Aug 24 08:12:22.843396 np0000007952 devstack@g-api.service[99851]: DEBUG glance.common.config [None req-3b0b862a-6049-4b87-98e4-8d196270541d None None] do_secure_hash = True {{(pid=99851) log_opt_values /opt/stack/data/venv/lib/python3.12/site-packages/oslo_config/cfg.py:3549}}
Aug 24 08:12:22.843441 np0000007952 devstack@g-api.service[99852]: INFO glance.image_cache [None req-c6de253e-f93c-400c-8598-2c91245ca43c None None] Image cache loaded driver 'centralized_db'.
Aug 24 08:12:22.843514 np0000007952 devstack@g-api.service[99851]: DEBUG glance.common.config [None req-3b0b862a-6049-4b87-98e4-8d196270541d None None] enabled_backends = None {{(pid=99851) log_opt_values /opt/stack/data/venv/lib/python3.12/site-packages/oslo_config/cfg.py:3549}}
Aug 24 08:12:22.843623 np0000007952 devstack@g-api.service[99851]: DEBUG glance.common.config [None req-3b0b862a-6049-4b87-98e4-8d196270541d None None] enabled_import_methods = ['glance-direct', 'web-download', 'copy-image'] {{(pid=99851) log_opt_values /opt/stack/data/venv/lib/python3.12/site-packages/oslo_config/cfg.py:3549}}
Aug 24 08:12:22.847989 np0000007952 devstack@g-api.service[99851]: DEBUG glance.common.config [None req-3b0b862a-6049-4b87-98e4-8d196270541d None None] fatal_deprecations = False {{(pid=99851) log_opt_values /opt/stack/data/venv/lib/python3.12/site-packages/oslo_config/cfg.py:3549}}
Aug 24 08:12:22.847989 np0000007952 devstack@g-api.service[99851]: DEBUG glance.common.config [None req-3b0b862a-6049-4b87-98e4-8d196270541d None None] hashing_algorithm = sha512 {{(pid=99851) log_opt_values /opt/stack/data/venv/lib/python3.12/site-packages/oslo_config/cfg.py:3549}}
Aug 24 08:12:22.847989 np0000007952 devstack@g-api.service[99851]: DEBUG glance.common.config [None req-3b0b862a-6049-4b87-98e4-8d196270541d None None] http_retries = 3 {{(pid=99851) log_opt_values /opt/stack/data/venv/lib/python3.12/site-packages/oslo_config/cfg.py:3549}}
Aug 24 08:12:22.847989 np0000007952 devstack@g-api.service[99851]: DEBUG glance.common.config [None req-3b0b862a-6049-4b87-98e4-8d196270541d None None] image_cache_dir = /opt/stack/data/glance/cache/ {{(pid=99851) log_opt_values /opt/stack/data/venv/lib/python3.12/site-packages/oslo_config/cfg.py:3549}}
Aug 24 08:12:22.847989 np0000007952 devstack@g-api.service[99851]: DEBUG glance.common.config [None req-3b0b862a-6049-4b87-98e4-8d196270541d None None] image_cache_driver = centralized_db {{(pid=99851) log_opt_values /opt/stack/data/venv/lib/python3.12/site-packages/oslo_config/cfg.py:3549}}
Aug 24 08:12:22.847989 np0000007952 devstack@g-api.service[99851]: DEBUG glance.common.config [None req-3b0b862a-6049-4b87-98e4-8d196270541d None None] image_cache_max_size = 10737418240 {{(pid=99851) log_opt_values /opt/stack/data/venv/lib/python3.12/site-packages/oslo_config/cfg.py:3549}}
Aug 24 08:12:22.847989 np0000007952 devstack@g-api.service[99851]: DEBUG glance.common.config [None req-3b0b862a-6049-4b87-98e4-8d196270541d None None] image_cache_sqlite_db = cache.db {{(pid=99851) log_opt_values /opt/stack/data/venv/lib/python3.12/site-packages/oslo_config/cfg.py:3549}}
Aug 24 08:12:22.848666 np0000007952 devstack@g-api.service[99851]: DEBUG glance.common.config [None req-3b0b862a-6049-4b87-98e4-8d196270541d None None] image_cache_stall_time = 86400 {{(pid=99851) log_opt_values /opt/stack/data/venv/lib/python3.12/site-packages/oslo_config/cfg.py:3549}}
Aug 24 08:12:22.848666 np0000007952 devstack@g-api.service[99851]: DEBUG glance.common.config [None req-3b0b862a-6049-4b87-98e4-8d196270541d None None] image_location_quota = 10 {{(pid=99851) log_opt_values /opt/stack/data/venv/lib/python3.12/site-packages/oslo_config/cfg.py:3549}}
Aug 24 08:12:22.848666 np0000007952 devstack@g-api.service[99851]: DEBUG glance.common.config [None req-3b0b862a-6049-4b87-98e4-8d196270541d None None] image_member_quota = 128 {{(pid=99851) log_opt_values /opt/stack/data/venv/lib/python3.12/site-packages/oslo_config/cfg.py:3549}}
Aug 24 08:12:22.848666 np0000007952 devstack@g-api.service[99851]: DEBUG glance.common.config [None req-3b0b862a-6049-4b87-98e4-8d196270541d None None] image_property_quota = 128 {{(pid=99851) log_opt_values /opt/stack/data/venv/lib/python3.12/site-packages/oslo_config/cfg.py:3549}}
Aug 24 08:12:22.848666 np0000007952 devstack@g-api.service[99851]: DEBUG glance.common.config [None req-3b0b862a-6049-4b87-98e4-8d196270541d None None] image_size_cap = 1099511627776 {{(pid=99851) log_opt_values /opt/stack/data/venv/lib/python3.12/site-packages/oslo_config/cfg.py:3549}}
Aug 24 08:12:22.848666 np0000007952 devstack@g-api.service[99851]: DEBUG glance.common.config [None req-3b0b862a-6049-4b87-98e4-8d196270541d None None] image_tag_quota = 128 {{(pid=99851) log_opt_values /opt/stack/data/venv/lib/python3.12/site-packages/oslo_config/cfg.py:3549}}
Aug 24 08:12:22.848666 np0000007952 devstack@g-api.service[99851]: DEBUG glance.common.config [None req-3b0b862a-6049-4b87-98e4-8d196270541d None None] instance_format = [instance: %(uuid)s] {{(pid=99851) log_opt_values /opt/stack/data/venv/lib/python3.12/site-packages/oslo_config/cfg.py:3549}}
Aug 24 08:12:22.848849 np0000007952 devstack@g-api.service[99851]: DEBUG glance.common.config [None req-3b0b862a-6049-4b87-98e4-8d196270541d None None] instance_uuid_format = [instance: %(uuid)s] {{(pid=99851) log_opt_values /opt/stack/data/venv/lib/python3.12/site-packages/oslo_config/cfg.py:3549}}
Aug 24 08:12:22.848849 np0000007952 devstack@g-api.service[99851]: DEBUG glance.common.config [None req-3b0b862a-6049-4b87-98e4-8d196270541d None None] limit_param_default = 25 {{(pid=99851) log_opt_values /opt/stack/data/venv/lib/python3.12/site-packages/oslo_config/cfg.py:3549}}
Aug 24 08:12:22.848849 np0000007952 devstack@g-api.service[99851]: DEBUG glance.common.config [None req-3b0b862a-6049-4b87-98e4-8d196270541d None None] log_color = False {{(pid=99851) log_opt_values /opt/stack/data/venv/lib/python3.12/site-packages/oslo_config/cfg.py:3549}}
Aug 24 08:12:22.848849 np0000007952 devstack@g-api.service[99851]: DEBUG glance.common.config [None req-3b0b862a-6049-4b87-98e4-8d196270541d None None] log_config_append = None {{(pid=99851) log_opt_values /opt/stack/data/venv/lib/python3.12/site-packages/oslo_config/cfg.py:3549}}
Aug 24 08:12:22.848849 np0000007952 devstack@g-api.service[99851]: DEBUG glance.common.config [None req-3b0b862a-6049-4b87-98e4-8d196270541d None None] log_date_format = %Y-%m-%d %H:%M:%S {{(pid=99851) log_opt_values /opt/stack/data/venv/lib/python3.12/site-packages/oslo_config/cfg.py:3549}}
Aug 24 08:12:22.848849 np0000007952 devstack@g-api.service[99851]: DEBUG glance.common.config [None req-3b0b862a-6049-4b87-98e4-8d196270541d None None] log_dir = None {{(pid=99851) log_opt_values /opt/stack/data/venv/lib/python3.12/site-packages/oslo_config/cfg.py:3549}}
Aug 24 08:12:22.848849 np0000007952 devstack@g-api.service[99851]: DEBUG glance.common.config [None req-3b0b862a-6049-4b87-98e4-8d196270541d None None] log_file = None {{(pid=99851) log_opt_values /opt/stack/data/venv/lib/python3.12/site-packages/oslo_config/cfg.py:3549}}
Aug 24 08:12:22.849016 np0000007952 devstack@g-api.service[99851]: DEBUG glance.common.config [None req-3b0b862a-6049-4b87-98e4-8d196270541d None None] log_rotate_interval = 1 {{(pid=99851) log_opt_values /opt/stack/data/venv/lib/python3.12/site-packages/oslo_config/cfg.py:3549}}
Aug 24 08:12:22.849016 np0000007952 devstack@g-api.service[99851]: DEBUG glance.common.config [None req-3b0b862a-6049-4b87-98e4-8d196270541d None None] log_rotate_interval_type = days {{(pid=99851) log_opt_values /opt/stack/data/venv/lib/python3.12/site-packages/oslo_config/cfg.py:3549}}
Aug 24 08:12:22.849016 np0000007952 devstack@g-api.service[99851]: DEBUG glance.common.config [None req-3b0b862a-6049-4b87-98e4-8d196270541d None None] log_rotation_type = none {{(pid=99851) log_opt_values /opt/stack/data/venv/lib/python3.12/site-packages/oslo_config/cfg.py:3549}}
Aug 24 08:12:22.849016 np0000007952 devstack@g-api.service[99851]: DEBUG glance.common.config [None req-3b0b862a-6049-4b87-98e4-8d196270541d None None] logging_context_format_string = %(color)s%(levelname)s %(name)s [%(global_request_id)s %(request_id)s %(project_name)s %(user_name)s%(color)s] %(instance)s%(color)s%(message)s {{(pid=99851) log_opt_values /opt/stack/data/venv/lib/python3.12/site-packages/oslo_config/cfg.py:3549}}
Aug 24 08:12:22.849016 np0000007952 devstack@g-api.service[99851]: DEBUG glance.common.config [None req-3b0b862a-6049-4b87-98e4-8d196270541d None None] logging_debug_format_suffix = {{(pid=%(process)d) %(funcName)s %(pathname)s:%(lineno)d}} {{(pid=99851) log_opt_values /opt/stack/data/venv/lib/python3.12/site-packages/oslo_config/cfg.py:3549}}
Aug 24 08:12:22.849016 np0000007952 devstack@g-api.service[99851]: DEBUG glance.common.config [None req-3b0b862a-6049-4b87-98e4-8d196270541d None None] logging_default_format_string = %(color)s%(levelname)s %(name)s [-%(color)s] %(instance)s%(color)s%(message)s {{(pid=99851) log_opt_values /opt/stack/data/venv/lib/python3.12/site-packages/oslo_config/cfg.py:3549}}
Aug 24 08:12:22.849198 np0000007952 devstack@g-api.service[99851]: DEBUG glance.common.config [None req-3b0b862a-6049-4b87-98e4-8d196270541d None None] logging_exception_prefix = ERROR %(name)s %(instance)s {{(pid=99851) log_opt_values /opt/stack/data/venv/lib/python3.12/site-packages/oslo_config/cfg.py:3549}}
Aug 24 08:12:22.849198 np0000007952 devstack@g-api.service[99851]: DEBUG glance.common.config [None req-3b0b862a-6049-4b87-98e4-8d196270541d None None] logging_user_identity_format = %(user)s %(project)s %(domain)s %(system_scope)s %(user_domain)s %(project_domain)s {{(pid=99851) log_opt_values /opt/stack/data/venv/lib/python3.12/site-packages/oslo_config/cfg.py:3549}}
Aug 24 08:12:22.849198 np0000007952 devstack@g-api.service[99851]: DEBUG glance.common.config [None req-3b0b862a-6049-4b87-98e4-8d196270541d None None] max_logfile_count = 30 {{(pid=99851) log_opt_values /opt/stack/data/venv/lib/python3.12/site-packages/oslo_config/cfg.py:3549}}
Aug 24 08:12:22.849198 np0000007952 devstack@g-api.service[99851]: DEBUG glance.common.config [None req-3b0b862a-6049-4b87-98e4-8d196270541d None None] max_logfile_size_mb = 200 {{(pid=99851) log_opt_values /opt/stack/data/venv/lib/python3.12/site-packages/oslo_config/cfg.py:3549}}
Aug 24 08:12:22.849198 np0000007952 devstack@g-api.service[99851]: DEBUG glance.common.config [None req-3b0b862a-6049-4b87-98e4-8d196270541d None None] max_request_id_length = 64 {{(pid=99851) log_opt_values /opt/stack/data/venv/lib/python3.12/site-packages/oslo_config/cfg.py:3549}}
Aug 24 08:12:22.849198 np0000007952 devstack@g-api.service[99851]: DEBUG glance.common.config [None req-3b0b862a-6049-4b87-98e4-8d196270541d None None] metadata_encryption_key = **** {{(pid=99851) log_opt_values /opt/stack/data/venv/lib/python3.12/site-packages/oslo_config/cfg.py:3549}}
Aug 24 08:12:22.849198 np0000007952 devstack@g-api.service[99851]: DEBUG glance.common.config [None req-3b0b862a-6049-4b87-98e4-8d196270541d None None] node_staging_uri = file:///tmp/staging/ {{(pid=99851) log_opt_values /opt/stack/data/venv/lib/python3.12/site-packages/oslo_config/cfg.py:3549}}
Aug 24 08:12:22.849406 np0000007952 devstack@g-api.service[99851]: DEBUG glance.common.config [None req-3b0b862a-6049-4b87-98e4-8d196270541d None None] property_protection_file = None {{(pid=99851) log_opt_values /opt/stack/data/venv/lib/python3.12/site-packages/oslo_config/cfg.py:3549}}
Aug 24 08:12:22.849406 np0000007952 devstack@g-api.service[99851]: DEBUG glance.common.config [None req-3b0b862a-6049-4b87-98e4-8d196270541d None None] property_protection_rule_format = roles {{(pid=99851) log_opt_values /opt/stack/data/venv/lib/python3.12/site-packages/oslo_config/cfg.py:3549}}
Aug 24 08:12:22.849406 np0000007952 devstack@g-api.service[99851]: DEBUG glance.common.config [None req-3b0b862a-6049-4b87-98e4-8d196270541d None None] public_endpoint = https://10.4.3.51/image {{(pid=99851) log_opt_values /opt/stack/data/venv/lib/python3.12/site-packages/oslo_config/cfg.py:3549}}
Aug 24 08:12:22.849406 np0000007952 devstack@g-api.service[99851]: DEBUG glance.common.config [None req-3b0b862a-6049-4b87-98e4-8d196270541d None None] publish_errors = False {{(pid=99851) log_opt_values /opt/stack/data/venv/lib/python3.12/site-packages/oslo_config/cfg.py:3549}}
Aug 24 08:12:22.849406 np0000007952 devstack@g-api.service[99851]: DEBUG glance.common.config [None req-3b0b862a-6049-4b87-98e4-8d196270541d None None] pydev_worker_debug_host = None {{(pid=99851) log_opt_values /opt/stack/data/venv/lib/python3.12/site-packages/oslo_config/cfg.py:3549}}
Aug 24 08:12:22.849406 np0000007952 devstack@g-api.service[99851]: DEBUG glance.common.config [None req-3b0b862a-6049-4b87-98e4-8d196270541d None None] pydev_worker_debug_port = 5678 {{(pid=99851) log_opt_values /opt/stack/data/venv/lib/python3.12/site-packages/oslo_config/cfg.py:3549}}
Aug 24 08:12:22.849406 np0000007952 devstack@g-api.service[99851]: DEBUG glance.common.config [None req-3b0b862a-6049-4b87-98e4-8d196270541d None None] rate_limit_burst = 0 {{(pid=99851) log_opt_values /opt/stack/data/venv/lib/python3.12/site-packages/oslo_config/cfg.py:3549}}
Aug 24 08:12:22.849623 np0000007952 devstack@g-api.service[99851]: DEBUG glance.common.config [None req-3b0b862a-6049-4b87-98e4-8d196270541d None None] rate_limit_except_level = CRITICAL {{(pid=99851) log_opt_values /opt/stack/data/venv/lib/python3.12/site-packages/oslo_config/cfg.py:3549}}
Aug 24 08:12:22.849623 np0000007952 devstack@g-api.service[99851]: DEBUG glance.common.config [None req-3b0b862a-6049-4b87-98e4-8d196270541d None None] rate_limit_interval = 0 {{(pid=99851) log_opt_values /opt/stack/data/venv/lib/python3.12/site-packages/oslo_config/cfg.py:3549}}
Aug 24 08:12:22.849623 np0000007952 devstack@g-api.service[99851]: DEBUG glance.common.config [None req-3b0b862a-6049-4b87-98e4-8d196270541d None None] scrub_pool_size = 1 {{(pid=99851) log_opt_values /opt/stack/data/venv/lib/python3.12/site-packages/oslo_config/cfg.py:3549}}
Aug 24 08:12:22.849623 np0000007952 devstack@g-api.service[99851]: DEBUG glance.common.config [None req-3b0b862a-6049-4b87-98e4-8d196270541d None None] scrub_time = 0 {{(pid=99851) log_opt_values /opt/stack/data/venv/lib/python3.12/site-packages/oslo_config/cfg.py:3549}}
Aug 24 08:12:22.849623 np0000007952 devstack@g-api.service[99851]: DEBUG glance.common.config [None req-3b0b862a-6049-4b87-98e4-8d196270541d None None] shell_completion = None {{(pid=99851) log_opt_values /opt/stack/data/venv/lib/python3.12/site-packages/oslo_config/cfg.py:3549}}
Aug 24 08:12:22.849623 np0000007952 devstack@g-api.service[99851]: DEBUG glance.common.config [None req-3b0b862a-6049-4b87-98e4-8d196270541d None None] show_image_direct_url = False {{(pid=99851) log_opt_values /opt/stack/data/venv/lib/python3.12/site-packages/oslo_config/cfg.py:3549}}
Aug 24 08:12:22.849868 np0000007952 devstack@g-api.service[99851]: WARNING oslo_config.cfg [None req-3b0b862a-6049-4b87-98e4-8d196270541d None None] Deprecated: Option "show_multiple_locations" from group "DEFAULT" is deprecated for removal (Use of this option, deprecated since Newton, is a security risk and will be removed once we figure out a way to satisfy those use cases that currently require it. An earlier announcement that the same functionality can be achieved with greater granularity by using policies is incorrect. You cannot work around this option via policy configuration at the present time, though that is the direction we believe the fix will take. Please keep an eye on the Glance release notes to stay up to date on progress in addressing this issue.). Its value may be silently ignored in the future.
Aug 24 08:12:22.849868 np0000007952 devstack@g-api.service[99851]: DEBUG glance.common.config [None req-3b0b862a-6049-4b87-98e4-8d196270541d None None] show_multiple_locations = False {{(pid=99851) log_opt_values /opt/stack/data/venv/lib/python3.12/site-packages/oslo_config/cfg.py:3549}}
Aug 24 08:12:22.849868 np0000007952 devstack@g-api.service[99851]: DEBUG glance.common.config [None req-3b0b862a-6049-4b87-98e4-8d196270541d None None] syslog_log_facility = LOG_USER {{(pid=99851) log_opt_values /opt/stack/data/venv/lib/python3.12/site-packages/oslo_config/cfg.py:3549}}
Aug 24 08:12:22.849868 np0000007952 devstack@g-api.service[99851]: DEBUG glance.common.config [None req-3b0b862a-6049-4b87-98e4-8d196270541d None None] transport_url = **** {{(pid=99851) log_opt_values /opt/stack/data/venv/lib/python3.12/site-packages/oslo_config/cfg.py:3549}}
Aug 24 08:12:22.849868 np0000007952 devstack@g-api.service[99851]: DEBUG glance.common.config [None req-3b0b862a-6049-4b87-98e4-8d196270541d None None] use_journal = False {{(pid=99851) log_opt_values /opt/stack/data/venv/lib/python3.12/site-packages/oslo_config/cfg.py:3549}}
Aug 24 08:12:22.850084 np0000007952 devstack@g-api.service[99851]: DEBUG glance.common.config [None req-3b0b862a-6049-4b87-98e4-8d196270541d None None] use_json = False {{(pid=99851) log_opt_values /opt/stack/data/venv/lib/python3.12/site-packages/oslo_config/cfg.py:3549}}
Aug 24 08:12:22.850084 np0000007952 devstack@g-api.service[99851]: DEBUG glance.common.config [None req-3b0b862a-6049-4b87-98e4-8d196270541d None None] use_keystone_limits = True {{(pid=99851) log_opt_values /opt/stack/data/venv/lib/python3.12/site-packages/oslo_config/cfg.py:3549}}
Aug 24 08:12:22.850084 np0000007952 devstack@g-api.service[99851]: DEBUG glance.common.config [None req-3b0b862a-6049-4b87-98e4-8d196270541d None None] use_stderr = False {{(pid=99851) log_opt_values /opt/stack/data/venv/lib/python3.12/site-packages/oslo_config/cfg.py:3549}}
Aug 24 08:12:22.850084 np0000007952 devstack@g-api.service[99851]: DEBUG glance.common.config [None req-3b0b862a-6049-4b87-98e4-8d196270541d None None] use_syslog = False {{(pid=99851) log_opt_values /opt/stack/data/venv/lib/python3.12/site-packages/oslo_config/cfg.py:3549}}
Aug 24 08:12:22.850084 np0000007952 devstack@g-api.service[99851]: DEBUG glance.common.config [None req-3b0b862a-6049-4b87-98e4-8d196270541d None None] user_storage_quota = 0 {{(pid=99851) log_opt_values /opt/stack/data/venv/lib/python3.12/site-packages/oslo_config/cfg.py:3549}}
Aug 24 08:12:22.850084 np0000007952 devstack@g-api.service[99851]: DEBUG glance.common.config [None req-3b0b862a-6049-4b87-98e4-8d196270541d None None] worker_self_reference_url = http://127.0.0.1:60999 {{(pid=99851) log_opt_values /opt/stack/data/venv/lib/python3.12/site-packages/oslo_config/cfg.py:3549}}
Aug 24 08:12:22.850084 np0000007952 devstack@g-api.service[99851]: DEBUG glance.common.config [None req-3b0b862a-6049-4b87-98e4-8d196270541d None None] oslo_concurrency.disable_process_locking = False {{(pid=99851) log_opt_values /opt/stack/data/venv/lib/python3.12/site-packages/oslo_config/cfg.py:3560}}
Aug 24 08:12:22.850320 np0000007952 devstack@g-api.service[99851]: DEBUG glance.common.config [None req-3b0b862a-6049-4b87-98e4-8d196270541d None None] oslo_concurrency.lock_path = /opt/stack/data/glance/locks {{(pid=99851) log_opt_values /opt/stack/data/venv/lib/python3.12/site-packages/oslo_config/cfg.py:3560}}
Aug 24 08:12:22.850320 np0000007952 devstack@g-api.service[99851]: DEBUG glance.common.config [None req-3b0b862a-6049-4b87-98e4-8d196270541d None None] oslo_middleware.enable_proxy_headers_parsing = False {{(pid=99851) log_opt_values /opt/stack/data/venv/lib/python3.12/site-packages/oslo_config/cfg.py:3560}}
Aug 24 08:12:22.850320 np0000007952 devstack@g-api.service[99851]: DEBUG glance.common.config [None req-3b0b862a-6049-4b87-98e4-8d196270541d None None] oslo_middleware.http_basic_auth_user_file = /etc/htpasswd {{(pid=99851) log_opt_values /opt/stack/data/venv/lib/python3.12/site-packages/oslo_config/cfg.py:3560}}
Aug 24 08:12:22.850320 np0000007952 devstack@g-api.service[99851]: DEBUG glance.common.config [None req-3b0b862a-6049-4b87-98e4-8d196270541d None None] paste_deploy.config_file = None {{(pid=99851) log_opt_values /opt/stack/data/venv/lib/python3.12/site-packages/oslo_config/cfg.py:3560}}
Aug 24 08:12:22.850320 np0000007952 devstack@g-api.service[99851]: DEBUG glance.common.config [None req-3b0b862a-6049-4b87-98e4-8d196270541d None None] paste_deploy.flavor = keystone+cachemanagement {{(pid=99851) log_opt_values /opt/stack/data/venv/lib/python3.12/site-packages/oslo_config/cfg.py:3560}}
Aug 24 08:12:22.850320 np0000007952 devstack@g-api.service[99851]: DEBUG glance.common.config [None req-3b0b862a-6049-4b87-98e4-8d196270541d None None] image_format.container_formats = ['ami', 'ari', 'aki', 'bare', 'ovf', 'ova', 'docker', 'compressed'] {{(pid=99851) log_opt_values /opt/stack/data/venv/lib/python3.12/site-packages/oslo_config/cfg.py:3560}}
Aug 24 08:12:22.850493 np0000007952 devstack@g-api.service[99851]: DEBUG glance.common.config [None req-3b0b862a-6049-4b87-98e4-8d196270541d None None] image_format.disk_formats = ['ami', 'ari', 'aki', 'vhd', 'vhdx', 'vmdk', 'raw', 'qcow2', 'vdi', 'iso', 'ploop'] {{(pid=99851) log_opt_values /opt/stack/data/venv/lib/python3.12/site-packages/oslo_config/cfg.py:3560}}
Aug 24 08:12:22.850493 np0000007952 devstack@g-api.service[99851]: DEBUG glance.common.config [None req-3b0b862a-6049-4b87-98e4-8d196270541d None None] image_format.gpt_safety_checks_nonfatal = [] {{(pid=99851) log_opt_values /opt/stack/data/venv/lib/python3.12/site-packages/oslo_config/cfg.py:3560}}
Aug 24 08:12:22.850493 np0000007952 devstack@g-api.service[99851]: DEBUG glance.common.config [None req-3b0b862a-6049-4b87-98e4-8d196270541d None None] image_format.require_image_format_match = True {{(pid=99851) log_opt_values /opt/stack/data/venv/lib/python3.12/site-packages/oslo_config/cfg.py:3560}}
Aug 24 08:12:22.850493 np0000007952 devstack@g-api.service[99851]: DEBUG glance.common.config [None req-3b0b862a-6049-4b87-98e4-8d196270541d None None] image_format.vmdk_allowed_types = ['streamOptimized', 'monolithicSparse'] {{(pid=99851) log_opt_values /opt/stack/data/venv/lib/python3.12/site-packages/oslo_config/cfg.py:3560}}
Aug 24 08:12:22.850493 np0000007952 devstack@g-api.service[99851]: DEBUG glance.common.config [None req-3b0b862a-6049-4b87-98e4-8d196270541d None None] task.task_executor = taskflow {{(pid=99851) log_opt_values /opt/stack/data/venv/lib/python3.12/site-packages/oslo_config/cfg.py:3560}}
Aug 24 08:12:22.850493 np0000007952 devstack@g-api.service[99851]: DEBUG glance.common.config [None req-3b0b862a-6049-4b87-98e4-8d196270541d None None] task.task_time_to_live = 48 {{(pid=99851) log_opt_values /opt/stack/data/venv/lib/python3.12/site-packages/oslo_config/cfg.py:3560}}
Aug 24 08:12:22.850493 np0000007952 devstack@g-api.service[99851]: DEBUG glance.common.config [None req-3b0b862a-6049-4b87-98e4-8d196270541d None None] task.work_dir = None {{(pid=99851) log_opt_values /opt/stack/data/venv/lib/python3.12/site-packages/oslo_config/cfg.py:3560}}
Aug 24 08:12:22.850667 np0000007952 devstack@g-api.service[99853]: DEBUG glance.image_cache.drivers.centralized_db [None req-5c669233-f546-4e7b-8cee-65beba974659 None None] Node reference is already recorded, ignoring it {{(pid=99853) configure /opt/stack/glance/glance/image_cache/drivers/centralized_db.py:71}}
Aug 24 08:12:22.850698 np0000007952 devstack@g-api.service[99851]: DEBUG glance.common.config [None req-3b0b862a-6049-4b87-98e4-8d196270541d None None] wsgi.python_interpreter = /opt/stack/data/venv/bin/python3 {{(pid=99851) log_opt_values /opt/stack/data/venv/lib/python3.12/site-packages/oslo_config/cfg.py:3560}}
Aug 24 08:12:22.850698 np0000007952 devstack@g-api.service[99851]: DEBUG glance.common.config [None req-3b0b862a-6049-4b87-98e4-8d196270541d None None] wsgi.task_pool_threads = 16 {{(pid=99851) log_opt_values /opt/stack/data/venv/lib/python3.12/site-packages/oslo_config/cfg.py:3560}}
Aug 24 08:12:22.850808 np0000007952 devstack@g-api.service[99851]: DEBUG glance.common.config [None req-3b0b862a-6049-4b87-98e4-8d196270541d None None] import_filtering_opts.allowed_hosts = [] {{(pid=99851) log_opt_values /opt/stack/data/venv/lib/python3.12/site-packages/oslo_config/cfg.py:3560}}
Aug 24 08:12:22.850946 np0000007952 devstack@g-api.service[99851]: DEBUG glance.common.config [None req-3b0b862a-6049-4b87-98e4-8d196270541d None None] import_filtering_opts.allowed_ports = [80, 443] {{(pid=99851) log_opt_values /opt/stack/data/venv/lib/python3.12/site-packages/oslo_config/cfg.py:3560}}
Aug 24 08:12:22.851053 np0000007952 devstack@g-api.service[99851]: DEBUG glance.common.config [None req-3b0b862a-6049-4b87-98e4-8d196270541d None None] import_filtering_opts.allowed_schemes = ['http', 'https'] {{(pid=99851) log_opt_values /opt/stack/data/venv/lib/python3.12/site-packages/oslo_config/cfg.py:3560}}
Aug 24 08:12:22.851147 np0000007952 devstack@g-api.service[99851]: DEBUG glance.common.config [None req-3b0b862a-6049-4b87-98e4-8d196270541d None None] import_filtering_opts.disallowed_hosts = [] {{(pid=99851) log_opt_values /opt/stack/data/venv/lib/python3.12/site-packages/oslo_config/cfg.py:3560}}
Aug 24 08:12:22.851234 np0000007952 devstack@g-api.service[99851]: DEBUG glance.common.config [None req-3b0b862a-6049-4b87-98e4-8d196270541d None None] import_filtering_opts.disallowed_ports = [] {{(pid=99851) log_opt_values /opt/stack/data/venv/lib/python3.12/site-packages/oslo_config/cfg.py:3560}}
Aug 24 08:12:22.851323 np0000007952 devstack@g-api.service[99851]: DEBUG glance.common.config [None req-3b0b862a-6049-4b87-98e4-8d196270541d None None] import_filtering_opts.disallowed_schemes = [] {{(pid=99851) log_opt_values /opt/stack/data/venv/lib/python3.12/site-packages/oslo_config/cfg.py:3560}}
Aug 24 08:12:22.851451 np0000007952 devstack@g-api.service[99851]: DEBUG glance.common.config [None req-3b0b862a-6049-4b87-98e4-8d196270541d None None] oslo_messaging_metrics.metrics_buffer_size = 1000 {{(pid=99851) log_opt_values /opt/stack/data/venv/lib/python3.12/site-packages/oslo_config/cfg.py:3560}}
Aug 24 08:12:22.851541 np0000007952 devstack@g-api.service[99851]: DEBUG glance.common.config [None req-3b0b862a-6049-4b87-98e4-8d196270541d None None] oslo_messaging_metrics.metrics_enabled = False {{(pid=99851) log_opt_values /opt/stack/data/venv/lib/python3.12/site-packages/oslo_config/cfg.py:3560}}
