Aug 26 15:54:49.240765 np0000008171 nova-conductor[99096]: DEBUG cotyledon.oslo_config_glue [-] vnc.vencrypt_client_cert = None {{(pid=99096) log_opt_values /opt/stack/data/venv/lib/python3.12/site-packages/oslo_config/cfg.py:3560}}
Aug 26 15:54:49.240765 np0000008171 nova-conductor[99096]: DEBUG cotyledon.oslo_config_glue [-] vnc.vencrypt_client_key = None {{(pid=99096) log_opt_values /opt/stack/data/venv/lib/python3.12/site-packages/oslo_config/cfg.py:3560}}
Aug 26 15:54:49.240765 np0000008171 nova-conductor[99096]: DEBUG cotyledon.oslo_config_glue [-] workarounds.disable_compute_service_check_for_ffu = False {{(pid=99096) log_opt_values /opt/stack/data/venv/lib/python3.12/site-packages/oslo_config/cfg.py:3560}}
Aug 26 15:54:49.240765 np0000008171 nova-conductor[99096]: DEBUG cotyledon.oslo_config_glue [-] workarounds.disable_deep_image_inspection = False {{(pid=99096) log_opt_values /opt/stack/data/venv/lib/python3.12/site-packages/oslo_config/cfg.py:3560}}
Aug 26 15:54:49.240765 np0000008171 nova-conductor[99096]: DEBUG cotyledon.oslo_config_glue [-] workarounds.disable_fallback_pcpu_query = False {{(pid=99096) log_opt_values /opt/stack/data/venv/lib/python3.12/site-packages/oslo_config/cfg.py:3560}}
Aug 26 15:54:49.241102 np0000008171 nova-conductor[99096]: DEBUG cotyledon.oslo_config_glue [-] workarounds.disable_group_policy_check_upcall = False {{(pid=99096) log_opt_values /opt/stack/data/venv/lib/python3.12/site-packages/oslo_config/cfg.py:3560}}
Aug 26 15:54:49.241102 np0000008171 nova-conductor[99096]: DEBUG cotyledon.oslo_config_glue [-] workarounds.disable_libvirt_livesnapshot = False {{(pid=99096) log_opt_values /opt/stack/data/venv/lib/python3.12/site-packages/oslo_config/cfg.py:3560}}
Aug 26 15:54:49.241102 np0000008171 nova-conductor[99096]: DEBUG cotyledon.oslo_config_glue [-] workarounds.disable_rootwrap = False {{(pid=99096) log_opt_values /opt/stack/data/venv/lib/python3.12/site-packages/oslo_config/cfg.py:3560}}
Aug 26 15:54:49.241102 np0000008171 nova-conductor[99096]: DEBUG cotyledon.oslo_config_glue [-] workarounds.enable_numa_live_migration = False {{(pid=99096) log_opt_values /opt/stack/data/venv/lib/python3.12/site-packages/oslo_config/cfg.py:3560}}
Aug 26 15:54:49.241102 np0000008171 nova-conductor[99096]: DEBUG cotyledon.oslo_config_glue [-] workarounds.enable_qemu_monitor_announce_self = False {{(pid=99096) log_opt_values /opt/stack/data/venv/lib/python3.12/site-packages/oslo_config/cfg.py:3560}}
Aug 26 15:54:49.241102 np0000008171 nova-conductor[99096]: DEBUG cotyledon.oslo_config_glue [-] workarounds.ensure_libvirt_rbd_instance_dir_cleanup = False {{(pid=99096) log_opt_values /opt/stack/data/venv/lib/python3.12/site-packages/oslo_config/cfg.py:3560}}
Aug 26 15:54:49.241102 np0000008171 nova-conductor[99096]: DEBUG cotyledon.oslo_config_glue [-] workarounds.handle_virt_lifecycle_events = True {{(pid=99096) log_opt_values /opt/stack/data/venv/lib/python3.12/site-packages/oslo_config/cfg.py:3560}}
Aug 26 15:54:49.241102 np0000008171 nova-conductor[99096]: DEBUG cotyledon.oslo_config_glue [-] workarounds.libvirt_disable_apic = False {{(pid=99096) log_opt_values /opt/stack/data/venv/lib/python3.12/site-packages/oslo_config/cfg.py:3560}}
Aug 26 15:54:49.241102 np0000008171 nova-conductor[99096]: DEBUG cotyledon.oslo_config_glue [-] workarounds.never_download_image_if_on_rbd = False {{(pid=99096) log_opt_values /opt/stack/data/venv/lib/python3.12/site-packages/oslo_config/cfg.py:3560}}
Aug 26 15:54:49.241407 np0000008171 nova-conductor[99096]: DEBUG cotyledon.oslo_config_glue [-] workarounds.qemu_monitor_announce_self_count = 3 {{(pid=99096) log_opt_values /opt/stack/data/venv/lib/python3.12/site-packages/oslo_config/cfg.py:3560}}
Aug 26 15:54:49.241407 np0000008171 nova-conductor[99096]: DEBUG cotyledon.oslo_config_glue [-] workarounds.qemu_monitor_announce_self_interval = 1 {{(pid=99096) log_opt_values /opt/stack/data/venv/lib/python3.12/site-packages/oslo_config/cfg.py:3560}}
Aug 26 15:54:49.241407 np0000008171 nova-conductor[99096]: DEBUG cotyledon.oslo_config_glue [-] workarounds.reserve_disk_resource_for_image_cache = False {{(pid=99096) log_opt_values /opt/stack/data/venv/lib/python3.12/site-packages/oslo_config/cfg.py:3560}}
Aug 26 15:54:49.241407 np0000008171 nova-conductor[99096]: DEBUG cotyledon.oslo_config_glue [-] workarounds.skip_cpu_compare_at_startup = False {{(pid=99096) log_opt_values /opt/stack/data/venv/lib/python3.12/site-packages/oslo_config/cfg.py:3560}}
Aug 26 15:54:49.241407 np0000008171 nova-conductor[99096]: DEBUG cotyledon.oslo_config_glue [-] workarounds.skip_cpu_compare_on_dest = False {{(pid=99096) log_opt_values /opt/stack/data/venv/lib/python3.12/site-packages/oslo_config/cfg.py:3560}}
Aug 26 15:54:49.241407 np0000008171 nova-conductor[99096]: DEBUG cotyledon.oslo_config_glue [-] workarounds.skip_hypervisor_version_check_on_lm = False {{(pid=99096) log_opt_values /opt/stack/data/venv/lib/python3.12/site-packages/oslo_config/cfg.py:3560}}
Aug 26 15:54:49.241407 np0000008171 nova-conductor[99096]: DEBUG cotyledon.oslo_config_glue [-] workarounds.skip_reserve_in_use_ironic_nodes = False {{(pid=99096) log_opt_values /opt/stack/data/venv/lib/python3.12/site-packages/oslo_config/cfg.py:3560}}
Aug 26 15:54:49.241407 np0000008171 nova-conductor[99096]: DEBUG cotyledon.oslo_config_glue [-] workarounds.unified_limits_count_pcpu_as_vcpu = False {{(pid=99096) log_opt_values /opt/stack/data/venv/lib/python3.12/site-packages/oslo_config/cfg.py:3560}}
Aug 26 15:54:49.241637 np0000008171 nova-conductor[99096]: DEBUG cotyledon.oslo_config_glue [-] workarounds.wait_for_vif_plugged_event_during_hard_reboot = [] {{(pid=99096) log_opt_values /opt/stack/data/venv/lib/python3.12/site-packages/oslo_config/cfg.py:3560}}
Aug 26 15:54:49.241637 np0000008171 nova-conductor[99096]: DEBUG cotyledon.oslo_config_glue [-] wsgi.api_paste_config = /etc/nova/api-paste.ini {{(pid=99096) log_opt_values /opt/stack/data/venv/lib/python3.12/site-packages/oslo_config/cfg.py:3560}}
Aug 26 15:54:49.241637 np0000008171 nova-conductor[99096]: DEBUG cotyledon.oslo_config_glue [-] wsgi.secure_proxy_ssl_header = None {{(pid=99096) log_opt_values /opt/stack/data/venv/lib/python3.12/site-packages/oslo_config/cfg.py:3560}}
Aug 26 15:54:49.241637 np0000008171 nova-conductor[99096]: DEBUG cotyledon.oslo_config_glue [-] zvm.ca_file = None {{(pid=99096) log_opt_values /opt/stack/data/venv/lib/python3.12/site-packages/oslo_config/cfg.py:3560}}
Aug 26 15:54:49.241637 np0000008171 nova-conductor[99096]: DEBUG cotyledon.oslo_config_glue [-] zvm.cloud_connector_url = None {{(pid=99096) log_opt_values /opt/stack/data/venv/lib/python3.12/site-packages/oslo_config/cfg.py:3560}}
Aug 26 15:54:49.241637 np0000008171 nova-conductor[99096]: DEBUG cotyledon.oslo_config_glue [-] zvm.image_tmp_path = /opt/stack/data/nova/images {{(pid=99096) log_opt_values /opt/stack/data/venv/lib/python3.12/site-packages/oslo_config/cfg.py:3560}}
Aug 26 15:54:49.241637 np0000008171 nova-conductor[99096]: DEBUG cotyledon.oslo_config_glue [-] zvm.reachable_timeout = 300 {{(pid=99096) log_opt_values /opt/stack/data/venv/lib/python3.12/site-packages/oslo_config/cfg.py:3560}}
Aug 26 15:54:49.241637 np0000008171 nova-conductor[99096]: DEBUG cotyledon.oslo_config_glue [-] oslo_versionedobjects.fatal_exception_format_errors = False {{(pid=99096) log_opt_values /opt/stack/data/venv/lib/python3.12/site-packages/oslo_config/cfg.py:3560}}
Aug 26 15:54:49.241637 np0000008171 nova-conductor[99096]: DEBUG cotyledon.oslo_config_glue [-] oslo_middleware.http_basic_auth_user_file = /etc/htpasswd {{(pid=99096) log_opt_values /opt/stack/data/venv/lib/python3.12/site-packages/oslo_config/cfg.py:3560}}
Aug 26 15:54:49.241917 np0000008171 nova-conductor[99096]: DEBUG cotyledon.oslo_config_glue [-] profiler.connection_string = messaging:// {{(pid=99096) log_opt_values /opt/stack/data/venv/lib/python3.12/site-packages/oslo_config/cfg.py:3560}}
Aug 26 15:54:49.241917 np0000008171 nova-conductor[99096]: DEBUG cotyledon.oslo_config_glue [-] profiler.enabled = False {{(pid=99096) log_opt_values /opt/stack/data/venv/lib/python3.12/site-packages/oslo_config/cfg.py:3560}}
Aug 26 15:54:49.241917 np0000008171 nova-conductor[99096]: DEBUG cotyledon.oslo_config_glue [-] profiler.es_doc_type = notification {{(pid=99096) log_opt_values /opt/stack/data/venv/lib/python3.12/site-packages/oslo_config/cfg.py:3560}}
Aug 26 15:54:49.241917 np0000008171 nova-conductor[99096]: DEBUG cotyledon.oslo_config_glue [-] profiler.es_scroll_size = 10000 {{(pid=99096) log_opt_values /opt/stack/data/venv/lib/python3.12/site-packages/oslo_config/cfg.py:3560}}
Aug 26 15:54:49.241917 np0000008171 nova-conductor[99096]: DEBUG cotyledon.oslo_config_glue [-] profiler.es_scroll_time = 2m {{(pid=99096) log_opt_values /opt/stack/data/venv/lib/python3.12/site-packages/oslo_config/cfg.py:3560}}
Aug 26 15:54:49.241917 np0000008171 nova-conductor[99096]: DEBUG cotyledon.oslo_config_glue [-] profiler.filter_error_trace = False {{(pid=99096) log_opt_values /opt/stack/data/venv/lib/python3.12/site-packages/oslo_config/cfg.py:3560}}
Aug 26 15:54:49.241917 np0000008171 nova-conductor[99096]: DEBUG cotyledon.oslo_config_glue [-] profiler.hmac_keys = **** {{(pid=99096) log_opt_values /opt/stack/data/venv/lib/python3.12/site-packages/oslo_config/cfg.py:3560}}
Aug 26 15:54:49.241917 np0000008171 nova-conductor[99096]: DEBUG cotyledon.oslo_config_glue [-] profiler.sentinel_service_name = mymaster {{(pid=99096) log_opt_values /opt/stack/data/venv/lib/python3.12/site-packages/oslo_config/cfg.py:3560}}
Aug 26 15:54:49.241917 np0000008171 nova-conductor[99096]: DEBUG cotyledon.oslo_config_glue [-] profiler.socket_timeout = 0.1 {{(pid=99096) log_opt_values /opt/stack/data/venv/lib/python3.12/site-packages/oslo_config/cfg.py:3560}}
Aug 26 15:54:49.242214 np0000008171 nova-conductor[99096]: DEBUG cotyledon.oslo_config_glue [-] profiler.trace_requests = False {{(pid=99096) log_opt_values /opt/stack/data/venv/lib/python3.12/site-packages/oslo_config/cfg.py:3560}}
Aug 26 15:54:49.242214 np0000008171 nova-conductor[99096]: DEBUG cotyledon.oslo_config_glue [-] profiler.trace_sqlalchemy = False {{(pid=99096) log_opt_values /opt/stack/data/venv/lib/python3.12/site-packages/oslo_config/cfg.py:3560}}
Aug 26 15:54:49.242214 np0000008171 nova-conductor[99096]: DEBUG cotyledon.oslo_config_glue [-] profiler_jaeger.process_tags = {} {{(pid=99096) log_opt_values /opt/stack/data/venv/lib/python3.12/site-packages/oslo_config/cfg.py:3560}}
Aug 26 15:54:49.242214 np0000008171 nova-conductor[99096]: DEBUG cotyledon.oslo_config_glue [-] profiler_jaeger.service_name_prefix = None {{(pid=99096) log_opt_values /opt/stack/data/venv/lib/python3.12/site-packages/oslo_config/cfg.py:3560}}
Aug 26 15:54:49.242214 np0000008171 nova-conductor[99096]: DEBUG cotyledon.oslo_config_glue [-] profiler_otlp.service_name_prefix = None {{(pid=99096) log_opt_values /opt/stack/data/venv/lib/python3.12/site-packages/oslo_config/cfg.py:3560}}
Aug 26 15:54:49.242214 np0000008171 nova-conductor[99096]: DEBUG cotyledon.oslo_config_glue [-] oslo_messaging_rabbit.amqp_auto_delete = False {{(pid=99096) log_opt_values /opt/stack/data/venv/lib/python3.12/site-packages/oslo_config/cfg.py:3560}}
Aug 26 15:54:49.242214 np0000008171 nova-conductor[99096]: DEBUG cotyledon.oslo_config_glue [-] oslo_messaging_rabbit.amqp_durable_queues = False {{(pid=99096) log_opt_values /opt/stack/data/venv/lib/python3.12/site-packages/oslo_config/cfg.py:3560}}
Aug 26 15:54:49.242214 np0000008171 nova-conductor[99096]: DEBUG cotyledon.oslo_config_glue [-] oslo_messaging_rabbit.conn_pool_min_size = 2 {{(pid=99096) log_opt_values /opt/stack/data/venv/lib/python3.12/site-packages/oslo_config/cfg.py:3560}}
Aug 26 15:54:49.242214 np0000008171 nova-conductor[99096]: DEBUG cotyledon.oslo_config_glue [-] oslo_messaging_rabbit.conn_pool_ttl = 1200 {{(pid=99096) log_opt_values /opt/stack/data/venv/lib/python3.12/site-packages/oslo_config/cfg.py:3560}}
Aug 26 15:54:49.242515 np0000008171 nova-conductor[99096]: DEBUG cotyledon.oslo_config_glue [-] oslo_messaging_rabbit.direct_mandatory_flag = True {{(pid=99096) log_opt_values /opt/stack/data/venv/lib/python3.12/site-packages/oslo_config/cfg.py:3560}}
Aug 26 15:54:49.242515 np0000008171 nova-conductor[99096]: DEBUG cotyledon.oslo_config_glue [-] oslo_messaging_rabbit.enable_cancel_on_failover = False {{(pid=99096) log_opt_values /opt/stack/data/venv/lib/python3.12/site-packages/oslo_config/cfg.py:3560}}
Aug 26 15:54:49.242515 np0000008171 nova-conductor[99096]: DEBUG cotyledon.oslo_config_glue [-] oslo_messaging_rabbit.heartbeat_rate = 3 {{(pid=99096) log_opt_values /opt/stack/data/venv/lib/python3.12/site-packages/oslo_config/cfg.py:3560}}
Aug 26 15:54:49.242515 np0000008171 nova-conductor[99096]: DEBUG cotyledon.oslo_config_glue [-] oslo_messaging_rabbit.heartbeat_timeout_threshold = 60 {{(pid=99096) log_opt_values /opt/stack/data/venv/lib/python3.12/site-packages/oslo_config/cfg.py:3560}}
Aug 26 15:54:49.242515 np0000008171 nova-conductor[99096]: DEBUG cotyledon.oslo_config_glue [-] oslo_messaging_rabbit.hostname = np0000008171 {{(pid=99096) log_opt_values /opt/stack/data/venv/lib/python3.12/site-packages/oslo_config/cfg.py:3560}}
Aug 26 15:54:49.242515 np0000008171 nova-conductor[99096]: DEBUG cotyledon.oslo_config_glue [-] oslo_messaging_rabbit.kombu_compression = None {{(pid=99096) log_opt_values /opt/stack/data/venv/lib/python3.12/site-packages/oslo_config/cfg.py:3560}}
Aug 26 15:54:49.242515 np0000008171 nova-conductor[99096]: DEBUG cotyledon.oslo_config_glue [-] oslo_messaging_rabbit.kombu_failover_strategy = round-robin {{(pid=99096) log_opt_values /opt/stack/data/venv/lib/python3.12/site-packages/oslo_config/cfg.py:3560}}
Aug 26 15:54:49.242515 np0000008171 nova-conductor[99096]: DEBUG cotyledon.oslo_config_glue [-] oslo_messaging_rabbit.kombu_missing_consumer_retry_timeout = 60 {{(pid=99096) log_opt_values /opt/stack/data/venv/lib/python3.12/site-packages/oslo_config/cfg.py:3560}}
Aug 26 15:54:49.242515 np0000008171 nova-conductor[99096]: DEBUG cotyledon.oslo_config_glue [-] oslo_messaging_rabbit.kombu_reconnect_delay = 1.0 {{(pid=99096) log_opt_values /opt/stack/data/venv/lib/python3.12/site-packages/oslo_config/cfg.py:3560}}
Aug 26 15:54:49.242809 np0000008171 nova-conductor[99096]: DEBUG cotyledon.oslo_config_glue [-] oslo_messaging_rabbit.kombu_reconnect_splay = 0.0 {{(pid=99096) log_opt_values /opt/stack/data/venv/lib/python3.12/site-packages/oslo_config/cfg.py:3560}}
Aug 26 15:54:49.242809 np0000008171 nova-conductor[99096]: DEBUG cotyledon.oslo_config_glue [-] oslo_messaging_rabbit.processname = nova-conductor {{(pid=99096) log_opt_values /opt/stack/data/venv/lib/python3.12/site-packages/oslo_config/cfg.py:3560}}
Aug 26 15:54:49.242809 np0000008171 nova-conductor[99096]: DEBUG cotyledon.oslo_config_glue [-] oslo_messaging_rabbit.rabbit_ha_queues = False {{(pid=99096) log_opt_values /opt/stack/data/venv/lib/python3.12/site-packages/oslo_config/cfg.py:3560}}
Aug 26 15:54:49.242809 np0000008171 nova-conductor[99096]: DEBUG cotyledon.oslo_config_glue [-] oslo_messaging_rabbit.rabbit_interval_max = 30 {{(pid=99096) log_opt_values /opt/stack/data/venv/lib/python3.12/site-packages/oslo_config/cfg.py:3560}}
Aug 26 15:54:49.242809 np0000008171 nova-conductor[99096]: DEBUG cotyledon.oslo_config_glue [-] oslo_messaging_rabbit.rabbit_login_method = AMQPLAIN {{(pid=99096) log_opt_values /opt/stack/data/venv/lib/python3.12/site-packages/oslo_config/cfg.py:3560}}
Aug 26 15:54:49.242809 np0000008171 nova-conductor[99096]: DEBUG cotyledon.oslo_config_glue [-] oslo_messaging_rabbit.rabbit_qos_prefetch_count = 0 {{(pid=99096) log_opt_values /opt/stack/data/venv/lib/python3.12/site-packages/oslo_config/cfg.py:3560}}
Aug 26 15:54:49.242809 np0000008171 nova-conductor[99096]: DEBUG cotyledon.oslo_config_glue [-] oslo_messaging_rabbit.rabbit_quorum_delivery_limit = 0 {{(pid=99096) log_opt_values /opt/stack/data/venv/lib/python3.12/site-packages/oslo_config/cfg.py:3560}}
Aug 26 15:54:49.242809 np0000008171 nova-conductor[99096]: DEBUG cotyledon.oslo_config_glue [-] oslo_messaging_rabbit.rabbit_quorum_max_memory_bytes = 0 {{(pid=99096) log_opt_values /opt/stack/data/venv/lib/python3.12/site-packages/oslo_config/cfg.py:3560}}
Aug 26 15:54:49.242809 np0000008171 nova-conductor[99096]: DEBUG cotyledon.oslo_config_glue [-] oslo_messaging_rabbit.rabbit_quorum_max_memory_length = 0 {{(pid=99096) log_opt_values /opt/stack/data/venv/lib/python3.12/site-packages/oslo_config/cfg.py:3560}}
Aug 26 15:54:49.243096 np0000008171 nova-conductor[99096]: DEBUG cotyledon.oslo_config_glue [-] oslo_messaging_rabbit.rabbit_quorum_queue = False {{(pid=99096) log_opt_values /opt/stack/data/venv/lib/python3.12/site-packages/oslo_config/cfg.py:3560}}
Aug 26 15:54:49.243096 np0000008171 nova-conductor[99096]: DEBUG cotyledon.oslo_config_glue [-] oslo_messaging_rabbit.rabbit_retry_backoff = 2 {{(pid=99096) log_opt_values /opt/stack/data/venv/lib/python3.12/site-packages/oslo_config/cfg.py:3560}}
Aug 26 15:54:49.243096 np0000008171 nova-conductor[99096]: DEBUG cotyledon.oslo_config_glue [-] oslo_messaging_rabbit.rabbit_retry_interval = 1 {{(pid=99096) log_opt_values /opt/stack/data/venv/lib/python3.12/site-packages/oslo_config/cfg.py:3560}}
Aug 26 15:54:49.243096 np0000008171 nova-conductor[99096]: DEBUG cotyledon.oslo_config_glue [-] oslo_messaging_rabbit.rabbit_stream_fanout = False {{(pid=99096) log_opt_values /opt/stack/data/venv/lib/python3.12/site-packages/oslo_config/cfg.py:3560}}
Aug 26 15:54:49.243096 np0000008171 nova-conductor[99096]: DEBUG cotyledon.oslo_config_glue [-] oslo_messaging_rabbit.rabbit_transient_queues_ttl = 1800 {{(pid=99096) log_opt_values /opt/stack/data/venv/lib/python3.12/site-packages/oslo_config/cfg.py:3560}}
Aug 26 15:54:49.243096 np0000008171 nova-conductor[99096]: DEBUG cotyledon.oslo_config_glue [-] oslo_messaging_rabbit.rabbit_transient_quorum_queue = False {{(pid=99096) log_opt_values /opt/stack/data/venv/lib/python3.12/site-packages/oslo_config/cfg.py:3560}}
Aug 26 15:54:49.243096 np0000008171 nova-conductor[99096]: DEBUG cotyledon.oslo_config_glue [-] oslo_messaging_rabbit.rpc_conn_pool_size = 30 {{(pid=99096) log_opt_values /opt/stack/data/venv/lib/python3.12/site-packages/oslo_config/cfg.py:3560}}
Aug 26 15:54:49.243096 np0000008171 nova-conductor[99096]: DEBUG cotyledon.oslo_config_glue [-] oslo_messaging_rabbit.ssl = False {{(pid=99096) log_opt_values /opt/stack/data/venv/lib/python3.12/site-packages/oslo_config/cfg.py:3560}}
Aug 26 15:54:49.243096 np0000008171 nova-conductor[99096]: DEBUG cotyledon.oslo_config_glue [-] oslo_messaging_rabbit.ssl_ca_file = {{(pid=99096) log_opt_values /opt/stack/data/venv/lib/python3.12/site-packages/oslo_config/cfg.py:3560}}
Aug 26 15:54:49.243382 np0000008171 nova-conductor[99096]: DEBUG cotyledon.oslo_config_glue [-] oslo_messaging_rabbit.ssl_cert_file = {{(pid=99096) log_opt_values /opt/stack/data/venv/lib/python3.12/site-packages/oslo_config/cfg.py:3560}}
Aug 26 15:54:49.243382 np0000008171 nova-conductor[99096]: DEBUG cotyledon.oslo_config_glue [-] oslo_messaging_rabbit.ssl_enforce_fips_mode = False {{(pid=99096) log_opt_values /opt/stack/data/venv/lib/python3.12/site-packages/oslo_config/cfg.py:3560}}
Aug 26 15:54:49.243382 np0000008171 nova-conductor[99096]: DEBUG cotyledon.oslo_config_glue [-] oslo_messaging_rabbit.ssl_enforce_hostname_verification = True {{(pid=99096) log_opt_values /opt/stack/data/venv/lib/python3.12/site-packages/oslo_config/cfg.py:3560}}
Aug 26 15:54:49.243382 np0000008171 nova-conductor[99096]: DEBUG cotyledon.oslo_config_glue [-] oslo_messaging_rabbit.ssl_key_file = {{(pid=99096) log_opt_values /opt/stack/data/venv/lib/python3.12/site-packages/oslo_config/cfg.py:3560}}
Aug 26 15:54:49.243382 np0000008171 nova-conductor[99096]: DEBUG cotyledon.oslo_config_glue [-] oslo_messaging_rabbit.ssl_version = {{(pid=99096) log_opt_values /opt/stack/data/venv/lib/python3.12/site-packages/oslo_config/cfg.py:3560}}
Aug 26 15:54:49.243382 np0000008171 nova-conductor[99096]: DEBUG cotyledon.oslo_config_glue [-] oslo_messaging_rabbit.use_queue_manager = False {{(pid=99096) log_opt_values /opt/stack/data/venv/lib/python3.12/site-packages/oslo_config/cfg.py:3560}}
Aug 26 15:54:49.243382 np0000008171 nova-conductor[99096]: DEBUG cotyledon.oslo_config_glue [-] oslo_messaging_notifications.driver = ['messagingv2'] {{(pid=99096) log_opt_values /opt/stack/data/venv/lib/python3.12/site-packages/oslo_config/cfg.py:3560}}
Aug 26 15:54:49.243382 np0000008171 nova-conductor[99096]: DEBUG cotyledon.oslo_config_glue [-] oslo_messaging_notifications.retry = -1 {{(pid=99096) log_opt_values /opt/stack/data/venv/lib/python3.12/site-packages/oslo_config/cfg.py:3560}}
Aug 26 15:54:49.243382 np0000008171 nova-conductor[99096]: DEBUG cotyledon.oslo_config_glue [-] oslo_messaging_notifications.topics = ['notifications'] {{(pid=99096) log_opt_values /opt/stack/data/venv/lib/python3.12/site-packages/oslo_config/cfg.py:3560}}
Aug 26 15:54:49.243643 np0000008171 nova-conductor[99096]: DEBUG cotyledon.oslo_config_glue [-] oslo_messaging_notifications.transport_url = **** {{(pid=99096) log_opt_values /opt/stack/data/venv/lib/python3.12/site-packages/oslo_config/cfg.py:3560}}
Aug 26 15:54:49.243643 np0000008171 nova-conductor[99096]: DEBUG cotyledon.oslo_config_glue [-] oslo_limit.auth_section = None {{(pid=99096) log_opt_values /opt/stack/data/venv/lib/python3.12/site-packages/oslo_config/cfg.py:3560}}
Aug 26 15:54:49.243643 np0000008171 nova-conductor[99096]: DEBUG cotyledon.oslo_config_glue [-] oslo_limit.auth_type = None {{(pid=99096) log_opt_values /opt/stack/data/venv/lib/python3.12/site-packages/oslo_config/cfg.py:3560}}
Aug 26 15:54:49.243643 np0000008171 nova-conductor[99096]: DEBUG cotyledon.oslo_config_glue [-] oslo_limit.cafile = None {{(pid=99096) log_opt_values /opt/stack/data/venv/lib/python3.12/site-packages/oslo_config/cfg.py:3560}}
Aug 26 15:54:49.243643 np0000008171 nova-conductor[99096]: DEBUG cotyledon.oslo_config_glue [-] oslo_limit.certfile = None {{(pid=99096) log_opt_values /opt/stack/data/venv/lib/python3.12/site-packages/oslo_config/cfg.py:3560}}
Aug 26 15:54:49.243643 np0000008171 nova-conductor[99096]: DEBUG cotyledon.oslo_config_glue [-] oslo_limit.collect_timing = False {{(pid=99096) log_opt_values /opt/stack/data/venv/lib/python3.12/site-packages/oslo_config/cfg.py:3560}}
Aug 26 15:54:49.243643 np0000008171 nova-conductor[99096]: DEBUG cotyledon.oslo_config_glue [-] oslo_limit.connect_retries = None {{(pid=99096) log_opt_values /opt/stack/data/venv/lib/python3.12/site-packages/oslo_config/cfg.py:3560}}
Aug 26 15:54:49.243643 np0000008171 nova-conductor[99096]: DEBUG cotyledon.oslo_config_glue [-] oslo_limit.connect_retry_delay = None {{(pid=99096) log_opt_values /opt/stack/data/venv/lib/python3.12/site-packages/oslo_config/cfg.py:3560}}
Aug 26 15:54:49.243643 np0000008171 nova-conductor[99096]: DEBUG cotyledon.oslo_config_glue [-] oslo_limit.endpoint_id = None {{(pid=99096) log_opt_values /opt/stack/data/venv/lib/python3.12/site-packages/oslo_config/cfg.py:3560}}
Aug 26 15:54:49.243926 np0000008171 nova-conductor[99096]: DEBUG cotyledon.oslo_config_glue [-] oslo_limit.endpoint_interface = public {{(pid=99096) log_opt_values /opt/stack/data/venv/lib/python3.12/site-packages/oslo_config/cfg.py:3560}}
Aug 26 15:54:49.243926 np0000008171 nova-conductor[99096]: DEBUG cotyledon.oslo_config_glue [-] oslo_limit.endpoint_override = None {{(pid=99096) log_opt_values /opt/stack/data/venv/lib/python3.12/site-packages/oslo_config/cfg.py:3560}}
Aug 26 15:54:49.243926 np0000008171 nova-conductor[99096]: DEBUG cotyledon.oslo_config_glue [-] oslo_limit.endpoint_region_name = None {{(pid=99096) log_opt_values /opt/stack/data/venv/lib/python3.12/site-packages/oslo_config/cfg.py:3560}}
Aug 26 15:54:49.243926 np0000008171 nova-conductor[99096]: DEBUG cotyledon.oslo_config_glue [-] oslo_limit.endpoint_service_name = None {{(pid=99096) log_opt_values /opt/stack/data/venv/lib/python3.12/site-packages/oslo_config/cfg.py:3560}}
Aug 26 15:54:49.243926 np0000008171 nova-conductor[99096]: DEBUG cotyledon.oslo_config_glue [-] oslo_limit.endpoint_service_type = None {{(pid=99096) log_opt_values /opt/stack/data/venv/lib/python3.12/site-packages/oslo_config/cfg.py:3560}}
Aug 26 15:54:49.243926 np0000008171 nova-conductor[99096]: DEBUG cotyledon.oslo_config_glue [-] oslo_limit.insecure = False {{(pid=99096) log_opt_values /opt/stack/data/venv/lib/python3.12/site-packages/oslo_config/cfg.py:3560}}
Aug 26 15:54:49.243926 np0000008171 nova-conductor[99096]: DEBUG cotyledon.oslo_config_glue [-] oslo_limit.keyfile = None {{(pid=99096) log_opt_values /opt/stack/data/venv/lib/python3.12/site-packages/oslo_config/cfg.py:3560}}
Aug 26 15:54:49.243926 np0000008171 nova-conductor[99096]: DEBUG cotyledon.oslo_config_glue [-] oslo_limit.max_version = None {{(pid=99096) log_opt_values /opt/stack/data/venv/lib/python3.12/site-packages/oslo_config/cfg.py:3560}}
Aug 26 15:54:49.243926 np0000008171 nova-conductor[99096]: DEBUG cotyledon.oslo_config_glue [-] oslo_limit.min_version = None {{(pid=99096) log_opt_values /opt/stack/data/venv/lib/python3.12/site-packages/oslo_config/cfg.py:3560}}
Aug 26 15:54:49.244534 np0000008171 nova-conductor[99096]: DEBUG cotyledon.oslo_config_glue [-] oslo_limit.region_name = None {{(pid=99096) log_opt_values /opt/stack/data/venv/lib/python3.12/site-packages/oslo_config/cfg.py:3560}}
Aug 26 15:54:49.244574 np0000008171 nova-conductor[99092]: INFO dbcounter [None req-f89d44d2-e973-434e-b090-6aa1babf278c None None] Registered counter for database nova_cell0
Aug 26 15:54:49.244609 np0000008171 nova-conductor[99096]: DEBUG cotyledon.oslo_config_glue [-] oslo_limit.retriable_status_codes = None {{(pid=99096) log_opt_values /opt/stack/data/venv/lib/python3.12/site-packages/oslo_config/cfg.py:3560}}
Aug 26 15:54:49.244609 np0000008171 nova-conductor[99096]: DEBUG cotyledon.oslo_config_glue [-] oslo_limit.service_name = None {{(pid=99096) log_opt_values /opt/stack/data/venv/lib/python3.12/site-packages/oslo_config/cfg.py:3560}}
Aug 26 15:54:49.244609 np0000008171 nova-conductor[99096]: DEBUG cotyledon.oslo_config_glue [-] oslo_limit.service_type = None {{(pid=99096) log_opt_values /opt/stack/data/venv/lib/python3.12/site-packages/oslo_config/cfg.py:3560}}
Aug 26 15:54:49.244609 np0000008171 nova-conductor[99096]: DEBUG cotyledon.oslo_config_glue [-] oslo_limit.split_loggers = False {{(pid=99096) log_opt_values /opt/stack/data/venv/lib/python3.12/site-packages/oslo_config/cfg.py:3560}}
Aug 26 15:54:49.244609 np0000008171 nova-conductor[99096]: DEBUG cotyledon.oslo_config_glue [-] oslo_limit.status_code_retries = None {{(pid=99096) log_opt_values /opt/stack/data/venv/lib/python3.12/site-packages/oslo_config/cfg.py:3560}}
Aug 26 15:54:49.244609 np0000008171 nova-conductor[99096]: DEBUG cotyledon.oslo_config_glue [-] oslo_limit.status_code_retry_delay = None {{(pid=99096) log_opt_values /opt/stack/data/venv/lib/python3.12/site-packages/oslo_config/cfg.py:3560}}
Aug 26 15:54:49.244609 np0000008171 nova-conductor[99096]: DEBUG cotyledon.oslo_config_glue [-] oslo_limit.timeout = None {{(pid=99096) log_opt_values /opt/stack/data/venv/lib/python3.12/site-packages/oslo_config/cfg.py:3560}}
Aug 26 15:54:49.244609 np0000008171 nova-conductor[99096]: DEBUG cotyledon.oslo_config_glue [-] oslo_limit.valid_interfaces = None {{(pid=99096) log_opt_values /opt/stack/data/venv/lib/python3.12/site-packages/oslo_config/cfg.py:3560}}
Aug 26 15:54:49.244609 np0000008171 nova-conductor[99096]: DEBUG cotyledon.oslo_config_glue [-] oslo_limit.version = None {{(pid=99096) log_opt_values /opt/stack/data/venv/lib/python3.12/site-packages/oslo_config/cfg.py:3560}}
Aug 26 15:54:49.244869 np0000008171 nova-conductor[99096]: DEBUG cotyledon.oslo_config_glue [-] oslo_reports.file_event_handler = None {{(pid=99096) log_opt_values /opt/stack/data/venv/lib/python3.12/site-packages/oslo_config/cfg.py:3560}}
Aug 26 15:54:49.244869 np0000008171 nova-conductor[99096]: DEBUG cotyledon.oslo_config_glue [-] oslo_reports.file_event_handler_interval = 1 {{(pid=99096) log_opt_values /opt/stack/data/venv/lib/python3.12/site-packages/oslo_config/cfg.py:3560}}
Aug 26 15:54:49.244869 np0000008171 nova-conductor[99096]: DEBUG cotyledon.oslo_config_glue [-] oslo_reports.log_dir = None {{(pid=99096) log_opt_values /opt/stack/data/venv/lib/python3.12/site-packages/oslo_config/cfg.py:3560}}
Aug 26 15:54:49.244869 np0000008171 nova-conductor[99096]: DEBUG cotyledon.oslo_config_glue [-] ******************************************************************************** {{(pid=99096) log_opt_values /opt/stack/data/venv/lib/python3.12/site-packages/oslo_config/cfg.py:3567}}
Aug 26 15:54:49.244869 np0000008171 nova-conductor[99096]: DEBUG cotyledon._service_worker [-] Run service ServiceWrapper(3) [99096] {{(pid=99096) wait_forever /opt/stack/data/venv/lib/python3.12/site-packages/cotyledon/_service_worker.py:218}}
Aug 26 15:54:49.244869 np0000008171 nova-conductor[99096]: INFO nova.service [-] Starting conductor node (version 33.1.0)
Aug 26 15:54:49.244869 np0000008171 nova-conductor[99096]: INFO dbcounter [None req-d2cab18d-bde3-4035-a54c-8f5264a6656e None None] Registered counter for database nova_cell0
Aug 26 15:54:49.245055 np0000008171 nova-conductor[99080]: DEBUG oslo_db.sqlalchemy.engines [None req-f6803e69-a2c5-4785-9b58-e2d89b747d7f None None] MySQL server mode set to STRICT_TRANS_TABLES,STRICT_ALL_TABLES,NO_ZERO_IN_DATE,NO_ZERO_DATE,ERROR_FOR_DIVISION_BY_ZERO,TRADITIONAL,NO_ENGINE_SUBSTITUTION {{(pid=99080) _check_effective_sql_mode /opt/stack/data/venv/lib/python3.12/site-packages/oslo_db/sqlalchemy/engines.py:325}}
Aug 26 15:54:49.245097 np0000008171 nova-conductor[99085]: DEBUG oslo_db.sqlalchemy.engines [None req-6f1a8eea-fe8f-4407-80e1-1a81b77af8e0 None None] MySQL server mode set to STRICT_TRANS_TABLES,STRICT_ALL_TABLES,NO_ZERO_IN_DATE,NO_ZERO_DATE,ERROR_FOR_DIVISION_BY_ZERO,TRADITIONAL,NO_ENGINE_SUBSTITUTION {{(pid=99085) _check_effective_sql_mode /opt/stack/data/venv/lib/python3.12/site-packages/oslo_db/sqlalchemy/engines.py:325}}
Aug 26 15:54:49.245141 np0000008171 nova-conductor[99080]: DEBUG dbcounter [-] [99080] Writer thread running {{(pid=99080) stat_writer /opt/stack/data/venv/lib/python3.12/site-packages/dbcounter.py:102}}
Aug 26 15:54:49.257226 np0000008171 nova-conductor[99085]: DEBUG dbcounter [-] [99085] Writer thread running {{(pid=99085) stat_writer /opt/stack/data/venv/lib/python3.12/site-packages/dbcounter.py:102}}
Aug 26 15:54:49.268302 np0000008171 nova-conductor[99096]: DEBUG oslo_db.sqlalchemy.engines [None req-d2cab18d-bde3-4035-a54c-8f5264a6656e None None] MySQL server mode set to STRICT_TRANS_TABLES,STRICT_ALL_TABLES,NO_ZERO_IN_DATE,NO_ZERO_DATE,ERROR_FOR_DIVISION_BY_ZERO,TRADITIONAL,NO_ENGINE_SUBSTITUTION {{(pid=99096) _check_effective_sql_mode /opt/stack/data/venv/lib/python3.12/site-packages/oslo_db/sqlalchemy/engines.py:325}}
Aug 26 15:54:49.269910 np0000008171 nova-conductor[99080]: DEBUG nova.service [None req-f6803e69-a2c5-4785-9b58-e2d89b747d7f None None] Creating RPC server for service: nova-conductor on topic: conductor {{(pid=99080) start /opt/stack/nova/nova/service.py:262}}
Aug 26 15:54:49.276510 np0000008171 nova-conductor[99092]: DEBUG oslo_db.sqlalchemy.engines [None req-f89d44d2-e973-434e-b090-6aa1babf278c None None] MySQL server mode set to STRICT_TRANS_TABLES,STRICT_ALL_TABLES,NO_ZERO_IN_DATE,NO_ZERO_DATE,ERROR_FOR_DIVISION_BY_ZERO,TRADITIONAL,NO_ENGINE_SUBSTITUTION {{(pid=99092) _check_effective_sql_mode /opt/stack/data/venv/lib/python3.12/site-packages/oslo_db/sqlalchemy/engines.py:325}}
Aug 26 15:54:49.280686 np0000008171 nova-conductor[99085]: DEBUG nova.service [None req-6f1a8eea-fe8f-4407-80e1-1a81b77af8e0 None None] Creating RPC server for service: nova-conductor on topic: conductor {{(pid=99085) start /opt/stack/nova/nova/service.py:262}}
Aug 26 15:54:49.280878 np0000008171 nova-conductor[99096]: DEBUG dbcounter [-] [99096] Writer thread running {{(pid=99096) stat_writer /opt/stack/data/venv/lib/python3.12/site-packages/dbcounter.py:102}}
Aug 26 15:54:49.284028 np0000008171 nova-conductor[99096]: DEBUG nova.service [None req-d2cab18d-bde3-4035-a54c-8f5264a6656e None None] Creating RPC server for service: nova-conductor on topic: conductor {{(pid=99096) start /opt/stack/nova/nova/service.py:262}}
Aug 26 15:54:49.286846 np0000008171 nova-conductor[99092]: DEBUG dbcounter [-] [99092] Writer thread running {{(pid=99092) stat_writer /opt/stack/data/venv/lib/python3.12/site-packages/dbcounter.py:102}}
Aug 26 15:54:49.290566 np0000008171 nova-conductor[99092]: DEBUG nova.service [None req-f89d44d2-e973-434e-b090-6aa1babf278c None None] Creating RPC server for service: nova-conductor on topic: conductor {{(pid=99092) start /opt/stack/nova/nova/service.py:262}}
Aug 26 15:54:49.324809 np0000008171 nova-conductor[99092]: DEBUG nova.service [None req-f89d44d2-e973-434e-b090-6aa1babf278c None None] Join ServiceGroup membership for this service conductor {{(pid=99092) start /opt/stack/nova/nova/service.py:288}}
Aug 26 15:54:49.325185 np0000008171 nova-conductor[99092]: DEBUG nova.servicegroup.drivers.db [None req-f89d44d2-e973-434e-b090-6aa1babf278c None None] DB_Driver: join new ServiceGroup member np0000008171 to the conductor group, service = {{(pid=99092) join /opt/stack/nova/nova/servicegroup/drivers/db.py:44}}
Aug 26 15:54:49.326299 np0000008171 nova-conductor[99085]: DEBUG nova.service [None req-6f1a8eea-fe8f-4407-80e1-1a81b77af8e0 None None] Join ServiceGroup membership for this service conductor {{(pid=99085) start /opt/stack/nova/nova/service.py:288}}
Aug 26 15:54:49.326589 np0000008171 nova-conductor[99085]: DEBUG nova.servicegroup.drivers.db [None req-6f1a8eea-fe8f-4407-80e1-1a81b77af8e0 None None] DB_Driver: join new ServiceGroup member np0000008171 to the conductor group, service = {{(pid=99085) join /opt/stack/nova/nova/servicegroup/drivers/db.py:44}}
Aug 26 15:54:49.327418 np0000008171 nova-conductor[99080]: DEBUG nova.service [None req-f6803e69-a2c5-4785-9b58-e2d89b747d7f None None] Join ServiceGroup membership for this service conductor {{(pid=99080) start /opt/stack/nova/nova/service.py:288}}
Aug 26 15:54:49.327418 np0000008171 nova-conductor[99080]: DEBUG nova.servicegroup.drivers.db [None req-f6803e69-a2c5-4785-9b58-e2d89b747d7f None None] DB_Driver: join new ServiceGroup member np0000008171 to the conductor group, service = {{(pid=99080) join /opt/stack/nova/nova/servicegroup/drivers/db.py:44}}
Aug 26 15:54:49.333428 np0000008171 nova-conductor[99096]: DEBUG nova.service [None req-d2cab18d-bde3-4035-a54c-8f5264a6656e None None] Join ServiceGroup membership for this service conductor {{(pid=99096) start /opt/stack/nova/nova/service.py:288}}
Aug 26 15:54:49.333781 np0000008171 nova-conductor[99096]: DEBUG nova.servicegroup.drivers.db [None req-d2cab18d-bde3-4035-a54c-8f5264a6656e None None] DB_Driver: join new ServiceGroup member np0000008171 to the conductor group, service = {{(pid=99096) join /opt/stack/nova/nova/servicegroup/drivers/db.py:44}}
Aug 26 15:54:54.331464 np0000008171 nova-conductor[99080]: DEBUG oslo.service.backend._threading.loopingcall [None req-d4e2df44-5cb2-48d4-aff3-fe733a48c836 None None] Dynamic interval looping call 'nova.service.Service.periodic_tasks' sleeping for 60.00 seconds {{(pid=99080) _run_loop /opt/stack/data/venv/lib/python3.12/site-packages/oslo_service/backend/_threading/loopingcall.py:125}}
Aug 26 15:54:54.341552 np0000008171 nova-conductor[99085]: DEBUG oslo.service.backend._threading.loopingcall [-] Fixed interval looping call 'nova.servicegroup.drivers.db.DbDriver._report_state' sleeping for 119.99 seconds {{(pid=99085) _run_loop /opt/stack/data/venv/lib/python3.12/site-packages/oslo_service/backend/_threading/loopingcall.py:125}}
Aug 26 15:54:54.342946 np0000008171 nova-conductor[99092]: DEBUG oslo.service.backend._threading.loopingcall [-] Fixed interval looping call 'nova.servicegroup.drivers.db.DbDriver._report_state' sleeping for 119.98 seconds {{(pid=99092) _run_loop /opt/stack/data/venv/lib/python3.12/site-packages/oslo_service/backend/_threading/loopingcall.py:125}}
Aug 26 15:54:54.343288 np0000008171 nova-conductor[99080]: DEBUG oslo.service.backend._threading.loopingcall [-] Fixed interval looping call 'nova.servicegroup.drivers.db.DbDriver._report_state' sleeping for 119.99 seconds {{(pid=99080) _run_loop /opt/stack/data/venv/lib/python3.12/site-packages/oslo_service/backend/_threading/loopingcall.py:125}}
Aug 26 15:54:54.347184 np0000008171 nova-conductor[99096]: DEBUG oslo.service.backend._threading.loopingcall [-] Fixed interval looping call 'nova.servicegroup.drivers.db.DbDriver._report_state' sleeping for 119.99 seconds {{(pid=99096) _run_loop /opt/stack/data/venv/lib/python3.12/site-packages/oslo_service/backend/_threading/loopingcall.py:125}}
Aug 26 15:54:57.830366 np0000008171 nova-conductor[97514]: DEBUG dbcounter [-] [97514] Writing DB stats nova_api:SELECT=1 {{(pid=97514) stat_writer /opt/stack/data/venv/lib/python3.12/site-packages/dbcounter.py:115}}
Aug 26 15:54:57.978541 np0000008171 nova-conductor[97514]: DEBUG dbcounter [-] [97514] Writing DB stats nova_cell0:SELECT=1 {{(pid=97514) stat_writer /opt/stack/data/venv/lib/python3.12/site-packages/dbcounter.py:115}}
Aug 26 15:54:57.983825 np0000008171 nova-conductor[97514]: DEBUG dbcounter [-] [97514] Writing DB stats nova_cell1:SELECT=1 {{(pid=97514) stat_writer /opt/stack/data/venv/lib/python3.12/site-packages/dbcounter.py:115}}
Aug 26 15:55:04.337015 np0000008171 nova-conductor[99085]: DEBUG dbcounter [-] [99085] Writing DB stats nova_cell0:SELECT=5,nova_cell0:INSERT=1,nova_cell0:UPDATE=1 {{(pid=99085) stat_writer /opt/stack/data/venv/lib/python3.12/site-packages/dbcounter.py:115}}
Aug 26 15:55:04.339341 np0000008171 nova-conductor[99092]: DEBUG dbcounter [-] [99092] Writing DB stats nova_cell0:SELECT=3,nova_cell0:UPDATE=1 {{(pid=99092) stat_writer /opt/stack/data/venv/lib/python3.12/site-packages/dbcounter.py:115}}
Aug 26 15:55:04.341423 np0000008171 nova-conductor[99080]: DEBUG dbcounter [-] [99080] Writing DB stats nova_cell0:SELECT=4,nova_cell0:INSERT=1,nova_cell0:UPDATE=1 {{(pid=99080) stat_writer /opt/stack/data/venv/lib/python3.12/site-packages/dbcounter.py:115}}
Aug 26 15:55:04.347133 np0000008171 nova-conductor[99096]: DEBUG dbcounter [-] [99096] Writing DB stats nova_cell0:SELECT=3 {{(pid=99096) stat_writer /opt/stack/data/venv/lib/python3.12/site-packages/dbcounter.py:115}}
Aug 26 15:55:15.328788 np0000008171 nova-conductor[99085]: DEBUG oslo.service.backend._threading.loopingcall [None req-b76a8561-ca14-4026-9c6c-411aea0c5080 None None] Dynamic interval looping call 'nova.service.Service.periodic_tasks' sleeping for 60.00 seconds {{(pid=99085) _run_loop /opt/stack/data/venv/lib/python3.12/site-packages/oslo_service/backend/_threading/loopingcall.py:125}}
Aug 26 15:55:20.327452 np0000008171 nova-conductor[99092]: DEBUG oslo.service.backend._threading.loopingcall [None req-29e2b4ed-8dee-45ef-aad9-7990fa4753b8 None None] Dynamic interval looping call 'nova.service.Service.periodic_tasks' sleeping for 60.00 seconds {{(pid=99092) _run_loop /opt/stack/data/venv/lib/python3.12/site-packages/oslo_service/backend/_threading/loopingcall.py:125}}
Aug 26 15:55:27.336445 np0000008171 nova-conductor[99096]: DEBUG oslo.service.backend._threading.loopingcall [None req-7db6b6c0-2827-44fc-b63d-460db06085a7 None None] Dynamic interval looping call 'nova.service.Service.periodic_tasks' sleeping for 60.00 seconds {{(pid=99096) _run_loop /opt/stack/data/venv/lib/python3.12/site-packages/oslo_service/backend/_threading/loopingcall.py:125}}
Aug 26 15:55:54.332950 np0000008171 nova-conductor[99080]: DEBUG oslo.service.backend._threading.loopingcall [None req-d4e2df44-5cb2-48d4-aff3-fe733a48c836 None None] Dynamic interval looping call 'nova.service.Service.periodic_tasks' sleeping for 60.00 seconds {{(pid=99080) _run_loop /opt/stack/data/venv/lib/python3.12/site-packages/oslo_service/backend/_threading/loopingcall.py:125}}
Aug 26 15:56:15.329359 np0000008171 nova-conductor[99085]: DEBUG oslo.service.backend._threading.loopingcall [None req-b76a8561-ca14-4026-9c6c-411aea0c5080 None None] Dynamic interval looping call 'nova.service.Service.periodic_tasks' sleeping for 60.00 seconds {{(pid=99085) _run_loop /opt/stack/data/venv/lib/python3.12/site-packages/oslo_service/backend/_threading/loopingcall.py:125}}
Aug 26 15:56:20.327926 np0000008171 nova-conductor[99092]: DEBUG oslo.service.backend._threading.loopingcall [None req-29e2b4ed-8dee-45ef-aad9-7990fa4753b8 None None] Dynamic interval looping call 'nova.service.Service.periodic_tasks' sleeping for 60.00 seconds {{(pid=99092) _run_loop /opt/stack/data/venv/lib/python3.12/site-packages/oslo_service/backend/_threading/loopingcall.py:125}}
Aug 26 15:56:27.336881 np0000008171 nova-conductor[99096]: DEBUG oslo.service.backend._threading.loopingcall [None req-7db6b6c0-2827-44fc-b63d-460db06085a7 None None] Dynamic interval looping call 'nova.service.Service.periodic_tasks' sleeping for 60.00 seconds {{(pid=99096) _run_loop /opt/stack/data/venv/lib/python3.12/site-packages/oslo_service/backend/_threading/loopingcall.py:125}}
Aug 26 15:56:54.329875 np0000008171 nova-conductor[99092]: DEBUG oslo.service.backend._threading.loopingcall [-] Fixed interval looping call 'nova.servicegroup.drivers.db.DbDriver._report_state' sleeping for 119.99 seconds {{(pid=99092) _run_loop /opt/stack/data/venv/lib/python3.12/site-packages/oslo_service/backend/_threading/loopingcall.py:125}}
Aug 26 15:56:54.333398 np0000008171 nova-conductor[99080]: DEBUG oslo.service.backend._threading.loopingcall [None req-d4e2df44-5cb2-48d4-aff3-fe733a48c836 None None] Dynamic interval looping call 'nova.service.Service.periodic_tasks' sleeping for 60.00 seconds {{(pid=99080) _run_loop /opt/stack/data/venv/lib/python3.12/site-packages/oslo_service/backend/_threading/loopingcall.py:125}}
Aug 26 15:56:54.335236 np0000008171 nova-conductor[99085]: DEBUG oslo.service.backend._threading.loopingcall [-] Fixed interval looping call 'nova.servicegroup.drivers.db.DbDriver._report_state' sleeping for 120.00 seconds {{(pid=99085) _run_loop /opt/stack/data/venv/lib/python3.12/site-packages/oslo_service/backend/_threading/loopingcall.py:125}}
Aug 26 15:56:54.336550 np0000008171 nova-conductor[99080]: DEBUG oslo.service.backend._threading.loopingcall [-] Fixed interval looping call 'nova.servicegroup.drivers.db.DbDriver._report_state' sleeping for 120.00 seconds {{(pid=99080) _run_loop /opt/stack/data/venv/lib/python3.12/site-packages/oslo_service/backend/_threading/loopingcall.py:125}}
Aug 26 15:56:54.341387 np0000008171 nova-conductor[99096]: DEBUG oslo.service.backend._threading.loopingcall [-] Fixed interval looping call 'nova.servicegroup.drivers.db.DbDriver._report_state' sleeping for 120.00 seconds {{(pid=99096) _run_loop /opt/stack/data/venv/lib/python3.12/site-packages/oslo_service/backend/_threading/loopingcall.py:125}}
Aug 26 15:57:04.327029 np0000008171 nova-conductor[99092]: DEBUG dbcounter [-] [99092] Writing DB stats nova_cell0:SELECT=1,nova_cell0:UPDATE=1 {{(pid=99092) stat_writer /opt/stack/data/venv/lib/python3.12/site-packages/dbcounter.py:115}}
Aug 26 15:57:04.333484 np0000008171 nova-conductor[99085]: DEBUG dbcounter [-] [99085] Writing DB stats nova_cell0:SELECT=1 {{(pid=99085) stat_writer /opt/stack/data/venv/lib/python3.12/site-packages/dbcounter.py:115}}
Aug 26 15:57:04.335365 np0000008171 nova-conductor[99080]: DEBUG dbcounter [-] [99080] Writing DB stats nova_cell0:SELECT=1 {{(pid=99080) stat_writer /opt/stack/data/venv/lib/python3.12/site-packages/dbcounter.py:115}}
Aug 26 15:57:04.340479 np0000008171 nova-conductor[99096]: DEBUG dbcounter [-] [99096] Writing DB stats nova_cell0:SELECT=1 {{(pid=99096) stat_writer /opt/stack/data/venv/lib/python3.12/site-packages/dbcounter.py:115}}
Aug 26 15:57:15.329920 np0000008171 nova-conductor[99085]: DEBUG oslo.service.backend._threading.loopingcall [None req-b76a8561-ca14-4026-9c6c-411aea0c5080 None None] Dynamic interval looping call 'nova.service.Service.periodic_tasks' sleeping for 60.00 seconds {{(pid=99085) _run_loop /opt/stack/data/venv/lib/python3.12/site-packages/oslo_service/backend/_threading/loopingcall.py:125}}
Aug 26 15:57:18.378646 np0000008171 nova-conductor[99092]: DEBUG oslo_db.sqlalchemy.engines [None req-e6c3ef79-ab9f-4299-b9e1-a074a4b63cf0 tempest-DeleteServersTestJSON-189615640 tempest-DeleteServersTestJSON-189615640-project-member] Parent process 97514 forked (99092) with an open database connection, which is being discarded and recreated. {{(pid=99092) checkout /opt/stack/data/venv/lib/python3.12/site-packages/oslo_db/sqlalchemy/engines.py:402}}
Aug 26 15:57:18.437007 np0000008171 nova-conductor[99092]: DEBUG dbcounter [-] [99092] Writer thread running {{(pid=99092) stat_writer /opt/stack/data/venv/lib/python3.12/site-packages/dbcounter.py:102}}
Aug 26 15:57:19.484563 np0000008171 nova-conductor[99092]: DEBUG nova.conductor.manager [None req-e6c3ef79-ab9f-4299-b9e1-a074a4b63cf0 tempest-DeleteServersTestJSON-189615640 tempest-DeleteServersTestJSON-189615640-project-member] Took 1.04 seconds to select destinations for 1 instance(s). {{(pid=99092) _schedule_instances /opt/stack/nova/nova/conductor/manager.py:957}}
Aug 26 15:57:19.520710 np0000008171 nova-conductor[99092]: DEBUG oslo_concurrency.lockutils [None req-e6c3ef79-ab9f-4299-b9e1-a074a4b63cf0 tempest-DeleteServersTestJSON-189615640 tempest-DeleteServersTestJSON-189615640-project-member] Acquiring lock "bd8d32be-0b0f-425e-8839-4089c4d42c63" by "nova.context.set_target_cell..get_or_set_cached_cell_and_set_connections" {{(pid=99092) inner /opt/stack/data/venv/lib/python3.12/site-packages/oslo_concurrency/lockutils.py:512}}
Aug 26 15:57:19.520919 np0000008171 nova-conductor[99092]: DEBUG oslo_concurrency.lockutils [None req-e6c3ef79-ab9f-4299-b9e1-a074a4b63cf0 tempest-DeleteServersTestJSON-189615640 tempest-DeleteServersTestJSON-189615640-project-member] Lock "bd8d32be-0b0f-425e-8839-4089c4d42c63" acquired by "nova.context.set_target_cell..get_or_set_cached_cell_and_set_connections" :: waited 0.000s {{(pid=99092) inner /opt/stack/data/venv/lib/python3.12/site-packages/oslo_concurrency/lockutils.py:525}}
Aug 26 15:57:19.522690 np0000008171 nova-conductor[99092]: DEBUG oslo_concurrency.lockutils [None req-e6c3ef79-ab9f-4299-b9e1-a074a4b63cf0 tempest-DeleteServersTestJSON-189615640 tempest-DeleteServersTestJSON-189615640-project-member] Lock "bd8d32be-0b0f-425e-8839-4089c4d42c63" "released" by "nova.context.set_target_cell..get_or_set_cached_cell_and_set_connections" :: held 0.002s {{(pid=99092) inner /opt/stack/data/venv/lib/python3.12/site-packages/oslo_concurrency/lockutils.py:544}}
Aug 26 15:57:19.525128 np0000008171 nova-conductor[99092]: INFO dbcounter [None req-e6c3ef79-ab9f-4299-b9e1-a074a4b63cf0 tempest-DeleteServersTestJSON-189615640 tempest-DeleteServersTestJSON-189615640-project-member] Registered counter for database nova_cell1
Aug 26 15:57:19.576418 np0000008171 nova-conductor[99092]: DEBUG oslo_db.sqlalchemy.engines [None req-e6c3ef79-ab9f-4299-b9e1-a074a4b63cf0 tempest-DeleteServersTestJSON-189615640 tempest-DeleteServersTestJSON-189615640-project-member] MySQL server mode set to STRICT_TRANS_TABLES,STRICT_ALL_TABLES,NO_ZERO_IN_DATE,NO_ZERO_DATE,ERROR_FOR_DIVISION_BY_ZERO,TRADITIONAL,NO_ENGINE_SUBSTITUTION {{(pid=99092) _check_effective_sql_mode /opt/stack/data/venv/lib/python3.12/site-packages/oslo_db/sqlalchemy/engines.py:325}}
Aug 26 15:57:19.584921 np0000008171 nova-conductor[99092]: DEBUG dbcounter [-] [99092] Writer thread running {{(pid=99092) stat_writer /opt/stack/data/venv/lib/python3.12/site-packages/dbcounter.py:102}}
Aug 26 15:57:19.669617 np0000008171 nova-conductor[99092]: DEBUG oslo_concurrency.lockutils [None req-e6c3ef79-ab9f-4299-b9e1-a074a4b63cf0 tempest-DeleteServersTestJSON-189615640 tempest-DeleteServersTestJSON-189615640-project-member] Acquiring lock "00000000-0000-0000-0000-000000000000" by "nova.context.set_target_cell..get_or_set_cached_cell_and_set_connections" {{(pid=99092) inner /opt/stack/data/venv/lib/python3.12/site-packages/oslo_concurrency/lockutils.py:512}}
Aug 26 15:57:19.669817 np0000008171 nova-conductor[99092]: DEBUG oslo_concurrency.lockutils [None req-e6c3ef79-ab9f-4299-b9e1-a074a4b63cf0 tempest-DeleteServersTestJSON-189615640 tempest-DeleteServersTestJSON-189615640-project-member] Lock "00000000-0000-0000-0000-000000000000" acquired by "nova.context.set_target_cell..get_or_set_cached_cell_and_set_connections" :: waited 0.000s {{(pid=99092) inner /opt/stack/data/venv/lib/python3.12/site-packages/oslo_concurrency/lockutils.py:525}}
Aug 26 15:57:19.670285 np0000008171 nova-conductor[99092]: DEBUG oslo_concurrency.lockutils [None req-e6c3ef79-ab9f-4299-b9e1-a074a4b63cf0 tempest-DeleteServersTestJSON-189615640 tempest-DeleteServersTestJSON-189615640-project-member] Lock "00000000-0000-0000-0000-000000000000" "released" by "nova.context.set_target_cell..get_or_set_cached_cell_and_set_connections" :: held 0.000s {{(pid=99092) inner /opt/stack/data/venv/lib/python3.12/site-packages/oslo_concurrency/lockutils.py:544}}
Aug 26 15:57:19.670598 np0000008171 nova-conductor[99092]: INFO nova.thread_pool_factory [None req-e6c3ef79-ab9f-4299-b9e1-a074a4b63cf0 tempest-DeleteServersTestJSON-189615640 tempest-DeleteServersTestJSON-189615640-project-member] The cell_worker thread pool ForkProcess-3.cell_worker is initialized
