May 28 11:43:35.168458 np0000001622 nova-scheduler[95691]: DEBUG cotyledon.oslo_config_glue [-] oslo_limit.endpoint_id = None {{(pid=95691) log_opt_values /opt/stack/data/venv/lib/python3.12/site-packages/oslo_config/cfg.py:3256}}
May 28 11:43:35.168458 np0000001622 nova-scheduler[95691]: DEBUG cotyledon.oslo_config_glue [-] oslo_limit.endpoint_interface = public {{(pid=95691) log_opt_values /opt/stack/data/venv/lib/python3.12/site-packages/oslo_config/cfg.py:3256}}
May 28 11:43:35.168458 np0000001622 nova-scheduler[95691]: DEBUG cotyledon.oslo_config_glue [-] oslo_limit.endpoint_override = None {{(pid=95691) log_opt_values /opt/stack/data/venv/lib/python3.12/site-packages/oslo_config/cfg.py:3256}}
May 28 11:43:35.168458 np0000001622 nova-scheduler[95691]: DEBUG cotyledon.oslo_config_glue [-] oslo_limit.endpoint_region_name = None {{(pid=95691) log_opt_values /opt/stack/data/venv/lib/python3.12/site-packages/oslo_config/cfg.py:3256}}
May 28 11:43:35.168647 np0000001622 nova-scheduler[95691]: DEBUG cotyledon.oslo_config_glue [-] oslo_limit.endpoint_service_name = None {{(pid=95691) log_opt_values /opt/stack/data/venv/lib/python3.12/site-packages/oslo_config/cfg.py:3256}}
May 28 11:43:35.168647 np0000001622 nova-scheduler[95691]: DEBUG cotyledon.oslo_config_glue [-] oslo_limit.endpoint_service_type = None {{(pid=95691) log_opt_values /opt/stack/data/venv/lib/python3.12/site-packages/oslo_config/cfg.py:3256}}
May 28 11:43:35.168647 np0000001622 nova-scheduler[95691]: DEBUG cotyledon.oslo_config_glue [-] oslo_limit.insecure = False {{(pid=95691) log_opt_values /opt/stack/data/venv/lib/python3.12/site-packages/oslo_config/cfg.py:3256}}
May 28 11:43:35.168647 np0000001622 nova-scheduler[95691]: DEBUG cotyledon.oslo_config_glue [-] oslo_limit.keyfile = None {{(pid=95691) log_opt_values /opt/stack/data/venv/lib/python3.12/site-packages/oslo_config/cfg.py:3256}}
May 28 11:43:35.168647 np0000001622 nova-scheduler[95691]: DEBUG cotyledon.oslo_config_glue [-] oslo_limit.max_version = None {{(pid=95691) log_opt_values /opt/stack/data/venv/lib/python3.12/site-packages/oslo_config/cfg.py:3256}}
May 28 11:43:35.168647 np0000001622 nova-scheduler[95691]: DEBUG cotyledon.oslo_config_glue [-] oslo_limit.min_version = None {{(pid=95691) log_opt_values /opt/stack/data/venv/lib/python3.12/site-packages/oslo_config/cfg.py:3256}}
May 28 11:43:35.168647 np0000001622 nova-scheduler[95691]: DEBUG cotyledon.oslo_config_glue [-] oslo_limit.region_name = None {{(pid=95691) log_opt_values /opt/stack/data/venv/lib/python3.12/site-packages/oslo_config/cfg.py:3256}}
May 28 11:43:35.168647 np0000001622 nova-scheduler[95691]: DEBUG cotyledon.oslo_config_glue [-] oslo_limit.retriable_status_codes = None {{(pid=95691) log_opt_values /opt/stack/data/venv/lib/python3.12/site-packages/oslo_config/cfg.py:3256}}
May 28 11:43:35.168647 np0000001622 nova-scheduler[95691]: DEBUG cotyledon.oslo_config_glue [-] oslo_limit.service_name = None {{(pid=95691) log_opt_values /opt/stack/data/venv/lib/python3.12/site-packages/oslo_config/cfg.py:3256}}
May 28 11:43:35.168832 np0000001622 nova-scheduler[95691]: DEBUG cotyledon.oslo_config_glue [-] oslo_limit.service_type = None {{(pid=95691) log_opt_values /opt/stack/data/venv/lib/python3.12/site-packages/oslo_config/cfg.py:3256}}
May 28 11:43:35.168832 np0000001622 nova-scheduler[95691]: DEBUG cotyledon.oslo_config_glue [-] oslo_limit.split_loggers = False {{(pid=95691) log_opt_values /opt/stack/data/venv/lib/python3.12/site-packages/oslo_config/cfg.py:3256}}
May 28 11:43:35.168832 np0000001622 nova-scheduler[95691]: DEBUG cotyledon.oslo_config_glue [-] oslo_limit.status_code_retries = None {{(pid=95691) log_opt_values /opt/stack/data/venv/lib/python3.12/site-packages/oslo_config/cfg.py:3256}}
May 28 11:43:35.168832 np0000001622 nova-scheduler[95691]: DEBUG cotyledon.oslo_config_glue [-] oslo_limit.status_code_retry_delay = None {{(pid=95691) log_opt_values /opt/stack/data/venv/lib/python3.12/site-packages/oslo_config/cfg.py:3256}}
May 28 11:43:35.168832 np0000001622 nova-scheduler[95691]: DEBUG cotyledon.oslo_config_glue [-] oslo_limit.timeout = None {{(pid=95691) log_opt_values /opt/stack/data/venv/lib/python3.12/site-packages/oslo_config/cfg.py:3256}}
May 28 11:43:35.168832 np0000001622 nova-scheduler[95691]: DEBUG cotyledon.oslo_config_glue [-] oslo_limit.valid_interfaces = None {{(pid=95691) log_opt_values /opt/stack/data/venv/lib/python3.12/site-packages/oslo_config/cfg.py:3256}}
May 28 11:43:35.168832 np0000001622 nova-scheduler[95691]: DEBUG cotyledon.oslo_config_glue [-] oslo_limit.version = None {{(pid=95691) log_opt_values /opt/stack/data/venv/lib/python3.12/site-packages/oslo_config/cfg.py:3256}}
May 28 11:43:35.168832 np0000001622 nova-scheduler[95691]: DEBUG cotyledon.oslo_config_glue [-] oslo_reports.file_event_handler = None {{(pid=95691) log_opt_values /opt/stack/data/venv/lib/python3.12/site-packages/oslo_config/cfg.py:3256}}
May 28 11:43:35.168832 np0000001622 nova-scheduler[95691]: DEBUG cotyledon.oslo_config_glue [-] oslo_reports.file_event_handler_interval = 1 {{(pid=95691) log_opt_values /opt/stack/data/venv/lib/python3.12/site-packages/oslo_config/cfg.py:3256}}
May 28 11:43:35.169010 np0000001622 nova-scheduler[95691]: DEBUG cotyledon.oslo_config_glue [-] oslo_reports.log_dir = None {{(pid=95691) log_opt_values /opt/stack/data/venv/lib/python3.12/site-packages/oslo_config/cfg.py:3256}}
May 28 11:43:35.169010 np0000001622 nova-scheduler[95691]: DEBUG cotyledon.oslo_config_glue [-] ******************************************************************************** {{(pid=95691) log_opt_values /opt/stack/data/venv/lib/python3.12/site-packages/oslo_config/cfg.py:3263}}
May 28 11:43:35.169010 np0000001622 nova-scheduler[95691]: DEBUG cotyledon._service_worker [-] Run service ServiceWrapper(2) [95691] {{(pid=95691) wait_forever /opt/stack/data/venv/lib/python3.12/site-packages/cotyledon/_service_worker.py:218}}
May 28 11:43:35.169010 np0000001622 nova-scheduler[95691]: INFO nova.service [-] Starting scheduler node (version 33.1.0)
May 28 11:43:35.169010 np0000001622 nova-scheduler[95691]: INFO dbcounter [None req-3b5c723e-4240-49da-99e2-1fdc4f4acf0d None None] Registered counter for database nova_cell0
May 28 11:43:35.169134 np0000001622 nova-scheduler[95687]: DEBUG oslo_db.sqlalchemy.engines [None req-f06ece6a-ba60-496d-9292-483969f2dc89 None None] MySQL server mode set to STRICT_TRANS_TABLES,STRICT_ALL_TABLES,NO_ZERO_IN_DATE,NO_ZERO_DATE,ERROR_FOR_DIVISION_BY_ZERO,TRADITIONAL,NO_ENGINE_SUBSTITUTION {{(pid=95687) _check_effective_sql_mode /opt/stack/data/venv/lib/python3.12/site-packages/oslo_db/sqlalchemy/engines.py:325}}
May 28 11:43:35.169134 np0000001622 nova-scheduler[95687]: DEBUG dbcounter [-] [95687] Writer thread running {{(pid=95687) stat_writer /opt/stack/data/venv/lib/python3.12/site-packages/dbcounter.py:102}}
May 28 11:43:35.169191 np0000001622 nova-scheduler[95689]: DEBUG oslo_db.sqlalchemy.engines [None req-afcc489a-fdc5-488c-ac0e-43354b2645e5 None None] MySQL server mode set to STRICT_TRANS_TABLES,STRICT_ALL_TABLES,NO_ZERO_IN_DATE,NO_ZERO_DATE,ERROR_FOR_DIVISION_BY_ZERO,TRADITIONAL,NO_ENGINE_SUBSTITUTION {{(pid=95689) _check_effective_sql_mode /opt/stack/data/venv/lib/python3.12/site-packages/oslo_db/sqlalchemy/engines.py:325}}
May 28 11:43:35.176337 np0000001622 nova-scheduler[95691]: DEBUG oslo_db.sqlalchemy.engines [None req-3b5c723e-4240-49da-99e2-1fdc4f4acf0d None None] MySQL server mode set to STRICT_TRANS_TABLES,STRICT_ALL_TABLES,NO_ZERO_IN_DATE,NO_ZERO_DATE,ERROR_FOR_DIVISION_BY_ZERO,TRADITIONAL,NO_ENGINE_SUBSTITUTION {{(pid=95691) _check_effective_sql_mode /opt/stack/data/venv/lib/python3.12/site-packages/oslo_db/sqlalchemy/engines.py:325}}
May 28 11:43:35.177377 np0000001622 nova-scheduler[95689]: DEBUG dbcounter [-] [95689] Writer thread running {{(pid=95689) stat_writer /opt/stack/data/venv/lib/python3.12/site-packages/dbcounter.py:102}}
May 28 11:43:35.177833 np0000001622 nova-scheduler[95687]: DEBUG nova.service [None req-f06ece6a-ba60-496d-9292-483969f2dc89 None None] Creating RPC server for service: nova-scheduler on topic: scheduler {{(pid=95687) start /opt/stack/nova/nova/service.py:195}}
May 28 11:43:35.180579 np0000001622 nova-scheduler[95689]: DEBUG nova.service [None req-afcc489a-fdc5-488c-ac0e-43354b2645e5 None None] Creating RPC server for service: nova-scheduler on topic: scheduler {{(pid=95689) start /opt/stack/nova/nova/service.py:195}}
May 28 11:43:35.185874 np0000001622 nova-scheduler[95691]: DEBUG dbcounter [-] [95691] Writer thread running {{(pid=95691) stat_writer /opt/stack/data/venv/lib/python3.12/site-packages/dbcounter.py:102}}
May 28 11:43:35.188465 np0000001622 nova-scheduler[95691]: DEBUG nova.service [None req-3b5c723e-4240-49da-99e2-1fdc4f4acf0d None None] Creating RPC server for service: nova-scheduler on topic: scheduler {{(pid=95691) start /opt/stack/nova/nova/service.py:195}}
May 28 11:43:35.208692 np0000001622 nova-scheduler[95687]: DEBUG nova.service [None req-f06ece6a-ba60-496d-9292-483969f2dc89 None None] Join ServiceGroup membership for this service scheduler {{(pid=95687) start /opt/stack/nova/nova/service.py:221}}
May 28 11:43:35.208960 np0000001622 nova-scheduler[95687]: DEBUG nova.servicegroup.drivers.db [None req-f06ece6a-ba60-496d-9292-483969f2dc89 None None] DB_Driver: join new ServiceGroup member np0000001622 to the scheduler group, service = {{(pid=95687) join /opt/stack/nova/nova/servicegroup/drivers/db.py:44}}
May 28 11:43:35.213221 np0000001622 nova-scheduler[95689]: DEBUG nova.service [None req-afcc489a-fdc5-488c-ac0e-43354b2645e5 None None] Join ServiceGroup membership for this service scheduler {{(pid=95689) start /opt/stack/nova/nova/service.py:221}}
May 28 11:43:35.213221 np0000001622 nova-scheduler[95689]: DEBUG nova.servicegroup.drivers.db [None req-afcc489a-fdc5-488c-ac0e-43354b2645e5 None None] DB_Driver: join new ServiceGroup member np0000001622 to the scheduler group, service = {{(pid=95689) join /opt/stack/nova/nova/servicegroup/drivers/db.py:44}}
May 28 11:43:35.217793 np0000001622 nova-scheduler[95691]: DEBUG nova.service [None req-3b5c723e-4240-49da-99e2-1fdc4f4acf0d None None] Join ServiceGroup membership for this service scheduler {{(pid=95691) start /opt/stack/nova/nova/service.py:221}}
May 28 11:43:35.217948 np0000001622 nova-scheduler[95691]: DEBUG nova.servicegroup.drivers.db [None req-3b5c723e-4240-49da-99e2-1fdc4f4acf0d None None] DB_Driver: join new ServiceGroup member np0000001622 to the scheduler group, service = {{(pid=95691) join /opt/stack/nova/nova/servicegroup/drivers/db.py:44}}
May 28 11:43:40.221784 np0000001622 nova-scheduler[95687]: DEBUG oslo.service.backend._threading.loopingcall [-] Fixed interval looping call 'nova.servicegroup.drivers.db.DbDriver._report_state' sleeping for 119.99 seconds {{(pid=95687) _run_loop /opt/stack/data/venv/lib/python3.12/site-packages/oslo_service/backend/_threading/loopingcall.py:125}}
May 28 11:43:40.224459 np0000001622 nova-scheduler[95689]: DEBUG oslo.service.backend._threading.loopingcall [-] Fixed interval looping call 'nova.servicegroup.drivers.db.DbDriver._report_state' sleeping for 119.99 seconds {{(pid=95689) _run_loop /opt/stack/data/venv/lib/python3.12/site-packages/oslo_service/backend/_threading/loopingcall.py:125}}
May 28 11:43:40.235447 np0000001622 nova-scheduler[95691]: DEBUG oslo.service.backend._threading.loopingcall [-] Fixed interval looping call 'nova.servicegroup.drivers.db.DbDriver._report_state' sleeping for 119.98 seconds {{(pid=95691) _run_loop /opt/stack/data/venv/lib/python3.12/site-packages/oslo_service/backend/_threading/loopingcall.py:125}}
May 28 11:43:43.773610 np0000001622 nova-scheduler[94412]: DEBUG dbcounter [-] [94412] Writing DB stats nova_api:SELECT=3 {{(pid=94412) stat_writer /opt/stack/data/venv/lib/python3.12/site-packages/dbcounter.py:115}}
May 28 11:43:43.910977 np0000001622 nova-scheduler[94412]: DEBUG dbcounter [-] [94412] Writing DB stats nova_cell0:SELECT=1 {{(pid=94412) stat_writer /opt/stack/data/venv/lib/python3.12/site-packages/dbcounter.py:115}}
May 28 11:43:43.915364 np0000001622 nova-scheduler[94412]: DEBUG dbcounter [-] [94412] Writing DB stats nova_cell1:SELECT=1 {{(pid=94412) stat_writer /opt/stack/data/venv/lib/python3.12/site-packages/dbcounter.py:115}}
May 28 11:43:50.218650 np0000001622 nova-scheduler[95687]: DEBUG dbcounter [-] [95687] Writing DB stats nova_cell0:SELECT=4,nova_cell0:INSERT=1,nova_cell0:UPDATE=1 {{(pid=95687) stat_writer /opt/stack/data/venv/lib/python3.12/site-packages/dbcounter.py:115}}
May 28 11:43:50.223320 np0000001622 nova-scheduler[95689]: DEBUG dbcounter [-] [95689] Writing DB stats nova_cell0:SELECT=3,nova_cell0:UPDATE=1 {{(pid=95689) stat_writer /opt/stack/data/venv/lib/python3.12/site-packages/dbcounter.py:115}}
May 28 11:43:50.233247 np0000001622 nova-scheduler[95691]: DEBUG dbcounter [-] [95691] Writing DB stats nova_cell0:SELECT=3 {{(pid=95691) stat_writer /opt/stack/data/venv/lib/python3.12/site-packages/dbcounter.py:115}}
May 28 11:44:03.219874 np0000001622 nova-scheduler[95691]: DEBUG oslo.service.backend._threading.loopingcall [None req-4ce1c99a-4f93-493c-85a2-ddd05d1eeb9b None None] Dynamic interval looping call 'nova.service.Service.periodic_tasks' sleeping for 60.00 seconds {{(pid=95691) _run_loop /opt/stack/data/venv/lib/python3.12/site-packages/oslo_service/backend/_threading/loopingcall.py:125}}
May 28 11:44:19.214888 np0000001622 nova-scheduler[95689]: DEBUG oslo.service.backend._threading.loopingcall [None req-7afde968-a34d-4412-b19a-4a4334c3dc25 None None] Dynamic interval looping call 'nova.service.Service.periodic_tasks' sleeping for 60.00 seconds {{(pid=95689) _run_loop /opt/stack/data/venv/lib/python3.12/site-packages/oslo_service/backend/_threading/loopingcall.py:125}}
May 28 11:44:22.211036 np0000001622 nova-scheduler[95687]: DEBUG oslo.service.backend._threading.loopingcall [None req-224bb32c-4b04-4015-92e2-e5005d30c109 None None] Dynamic interval looping call 'nova.service.Service.periodic_tasks' sleeping for 60.00 seconds {{(pid=95687) _run_loop /opt/stack/data/venv/lib/python3.12/site-packages/oslo_service/backend/_threading/loopingcall.py:125}}
May 28 11:45:03.220432 np0000001622 nova-scheduler[95691]: DEBUG oslo.service.backend._threading.loopingcall [None req-4ce1c99a-4f93-493c-85a2-ddd05d1eeb9b None None] Dynamic interval looping call 'nova.service.Service.periodic_tasks' sleeping for 60.00 seconds {{(pid=95691) _run_loop /opt/stack/data/venv/lib/python3.12/site-packages/oslo_service/backend/_threading/loopingcall.py:125}}
May 28 11:45:19.215402 np0000001622 nova-scheduler[95689]: DEBUG oslo.service.backend._threading.loopingcall [None req-7afde968-a34d-4412-b19a-4a4334c3dc25 None None] Dynamic interval looping call 'nova.service.Service.periodic_tasks' sleeping for 60.00 seconds {{(pid=95689) _run_loop /opt/stack/data/venv/lib/python3.12/site-packages/oslo_service/backend/_threading/loopingcall.py:125}}
May 28 11:45:22.211485 np0000001622 nova-scheduler[95687]: DEBUG oslo.service.backend._threading.loopingcall [None req-224bb32c-4b04-4015-92e2-e5005d30c109 None None] Dynamic interval looping call 'nova.service.Service.periodic_tasks' sleeping for 60.00 seconds {{(pid=95687) _run_loop /opt/stack/data/venv/lib/python3.12/site-packages/oslo_service/backend/_threading/loopingcall.py:125}}
May 28 11:45:40.219558 np0000001622 nova-scheduler[95687]: DEBUG oslo.service.backend._threading.loopingcall [-] Fixed interval looping call 'nova.servicegroup.drivers.db.DbDriver._report_state' sleeping for 119.99 seconds {{(pid=95687) _run_loop /opt/stack/data/venv/lib/python3.12/site-packages/oslo_service/backend/_threading/loopingcall.py:125}}
May 28 11:45:40.221688 np0000001622 nova-scheduler[95689]: DEBUG oslo.service.backend._threading.loopingcall [-] Fixed interval looping call 'nova.servicegroup.drivers.db.DbDriver._report_state' sleeping for 119.99 seconds {{(pid=95689) _run_loop /opt/stack/data/venv/lib/python3.12/site-packages/oslo_service/backend/_threading/loopingcall.py:125}}
May 28 11:45:40.223378 np0000001622 nova-scheduler[95691]: DEBUG oslo.service.backend._threading.loopingcall [-] Fixed interval looping call 'nova.servicegroup.drivers.db.DbDriver._report_state' sleeping for 119.99 seconds {{(pid=95691) _run_loop /opt/stack/data/venv/lib/python3.12/site-packages/oslo_service/backend/_threading/loopingcall.py:125}}
May 28 11:45:50.215149 np0000001622 nova-scheduler[95687]: DEBUG dbcounter [-] [95687] Writing DB stats nova_cell0:SELECT=1,nova_cell0:UPDATE=1 {{(pid=95687) stat_writer /opt/stack/data/venv/lib/python3.12/site-packages/dbcounter.py:115}}
May 28 11:45:50.219041 np0000001622 nova-scheduler[95689]: DEBUG dbcounter [-] [95689] Writing DB stats nova_cell0:SELECT=1,nova_cell0:UPDATE=1 {{(pid=95689) stat_writer /opt/stack/data/venv/lib/python3.12/site-packages/dbcounter.py:115}}
May 28 11:45:50.219797 np0000001622 nova-scheduler[95691]: DEBUG dbcounter [-] [95691] Writing DB stats nova_cell0:SELECT=1,nova_cell0:UPDATE=1 {{(pid=95691) stat_writer /opt/stack/data/venv/lib/python3.12/site-packages/dbcounter.py:115}}
May 28 11:46:03.221264 np0000001622 nova-scheduler[95691]: DEBUG oslo.service.backend._threading.loopingcall [None req-4ce1c99a-4f93-493c-85a2-ddd05d1eeb9b None None] Dynamic interval looping call 'nova.service.Service.periodic_tasks' sleeping for 60.00 seconds {{(pid=95691) _run_loop /opt/stack/data/venv/lib/python3.12/site-packages/oslo_service/backend/_threading/loopingcall.py:125}}
May 28 11:46:14.696421 np0000001622 nova-scheduler[95687]: DEBUG nova.scheduler.manager [None req-28525778-a39b-4e92-8ace-9c215655c369 tempest-ServersNegativeTestJSON-1340342411 tempest-ServersNegativeTestJSON-1340342411-project-member] Starting to schedule for instances: ['67eee769-bd5e-4140-9791-9dd7a24052c5'] {{(pid=95687) select_destinations /opt/stack/nova/nova/scheduler/manager.py:210}}
May 28 11:46:14.697911 np0000001622 nova-scheduler[95687]: DEBUG nova.scheduler.request_filter [None req-28525778-a39b-4e92-8ace-9c215655c369 tempest-ServersNegativeTestJSON-1340342411 tempest-ServersNegativeTestJSON-1340342411-project-member] compute_status_filter request filter added forbidden trait COMPUTE_STATUS_DISABLED {{(pid=95687) compute_status_filter /opt/stack/nova/nova/scheduler/request_filter.py:253}}
May 28 11:46:14.698293 np0000001622 nova-scheduler[95687]: DEBUG nova.scheduler.request_filter [None req-28525778-a39b-4e92-8ace-9c215655c369 tempest-ServersNegativeTestJSON-1340342411 tempest-ServersNegativeTestJSON-1340342411-project-member] Request filter 'compute_status_filter' took 0.0 seconds {{(pid=95687) wrapper /opt/stack/nova/nova/scheduler/request_filter.py:46}}
May 28 11:46:14.698804 np0000001622 nova-scheduler[95687]: DEBUG nova.scheduler.request_filter [None req-28525778-a39b-4e92-8ace-9c215655c369 tempest-ServersNegativeTestJSON-1340342411 tempest-ServersNegativeTestJSON-1340342411-project-member] Request filter 'accelerators_filter' took 0.0 seconds {{(pid=95687) wrapper /opt/stack/nova/nova/scheduler/request_filter.py:46}}
May 28 11:46:14.699131 np0000001622 nova-scheduler[95687]: DEBUG nova.scheduler.request_filter [None req-28525778-a39b-4e92-8ace-9c215655c369 tempest-ServersNegativeTestJSON-1340342411 tempest-ServersNegativeTestJSON-1340342411-project-member] Request filter 'packed_virtqueue_filter' took 0.0 seconds {{(pid=95687) wrapper /opt/stack/nova/nova/scheduler/request_filter.py:46}}
May 28 11:46:14.699895 np0000001622 nova-scheduler[95687]: DEBUG nova.scheduler.request_filter [None req-28525778-a39b-4e92-8ace-9c215655c369 tempest-ServersNegativeTestJSON-1340342411 tempest-ServersNegativeTestJSON-1340342411-project-member] Request filter 'remote_managed_ports_filter' took 0.0 seconds {{(pid=95687) wrapper /opt/stack/nova/nova/scheduler/request_filter.py:46}}
May 28 11:46:14.700146 np0000001622 nova-scheduler[95687]: DEBUG nova.scheduler.request_filter [None req-28525778-a39b-4e92-8ace-9c215655c369 tempest-ServersNegativeTestJSON-1340342411 tempest-ServersNegativeTestJSON-1340342411-project-member] ephemeral_encryption_filter skipped {{(pid=95687) ephemeral_encryption_filter /opt/stack/nova/nova/scheduler/request_filter.py:426}}
May 28 11:46:14.700391 np0000001622 nova-scheduler[95687]: DEBUG nova.scheduler.request_filter [None req-28525778-a39b-4e92-8ace-9c215655c369 tempest-ServersNegativeTestJSON-1340342411 tempest-ServersNegativeTestJSON-1340342411-project-member] virtio_sound_filter skipped {{(pid=95687) virtio_sound_filter /opt/stack/nova/nova/scheduler/request_filter.py:460}}
May 28 11:46:14.700580 np0000001622 nova-scheduler[95687]: DEBUG nova.scheduler.request_filter [None req-28525778-a39b-4e92-8ace-9c215655c369 tempest-ServersNegativeTestJSON-1340342411 tempest-ServersNegativeTestJSON-1340342411-project-member] tpm_secret_security_filter skipped {{(pid=95687) tpm_secret_security_filter /opt/stack/nova/nova/scheduler/request_filter.py:477}}
May 28 11:46:15.263812 np0000001622 nova-scheduler[95687]: INFO nova.utils [None req-28525778-a39b-4e92-8ace-9c215655c369 tempest-ServersNegativeTestJSON-1340342411 tempest-ServersNegativeTestJSON-1340342411-project-member] The cell worker thread pool ForkProcess-1.cell_worker is initialized
May 28 11:46:15.264135 np0000001622 nova-scheduler[95687]: DEBUG oslo_concurrency.lockutils [None req-28525778-a39b-4e92-8ace-9c215655c369 tempest-ServersNegativeTestJSON-1340342411 tempest-ServersNegativeTestJSON-1340342411-project-member] Acquiring lock "7720d801-92b9-4fb8-adff-254c50a9e1d9" by "nova.context.set_target_cell..get_or_set_cached_cell_and_set_connections" {{(pid=95687) inner /opt/stack/data/venv/lib/python3.12/site-packages/oslo_concurrency/lockutils.py:511}}
May 28 11:46:15.264339 np0000001622 nova-scheduler[95687]: DEBUG oslo_concurrency.lockutils [None req-28525778-a39b-4e92-8ace-9c215655c369 tempest-ServersNegativeTestJSON-1340342411 tempest-ServersNegativeTestJSON-1340342411-project-member] Lock "7720d801-92b9-4fb8-adff-254c50a9e1d9" acquired by "nova.context.set_target_cell..get_or_set_cached_cell_and_set_connections" :: waited 0.000s {{(pid=95687) inner /opt/stack/data/venv/lib/python3.12/site-packages/oslo_concurrency/lockutils.py:524}}
May 28 11:46:15.265607 np0000001622 nova-scheduler[95687]: DEBUG oslo_concurrency.lockutils [None req-28525778-a39b-4e92-8ace-9c215655c369 tempest-ServersNegativeTestJSON-1340342411 tempest-ServersNegativeTestJSON-1340342411-project-member] Lock "7720d801-92b9-4fb8-adff-254c50a9e1d9" "released" by "nova.context.set_target_cell..get_or_set_cached_cell_and_set_connections" :: held 0.001s {{(pid=95687) inner /opt/stack/data/venv/lib/python3.12/site-packages/oslo_concurrency/lockutils.py:543}}
May 28 11:46:15.267588 np0000001622 nova-scheduler[95687]: INFO dbcounter [None req-28525778-a39b-4e92-8ace-9c215655c369 tempest-ServersNegativeTestJSON-1340342411 tempest-ServersNegativeTestJSON-1340342411-project-member] Registered counter for database nova_cell1
May 28 11:46:15.304409 np0000001622 nova-scheduler[95687]: DEBUG oslo_db.sqlalchemy.engines [None req-28525778-a39b-4e92-8ace-9c215655c369 tempest-ServersNegativeTestJSON-1340342411 tempest-ServersNegativeTestJSON-1340342411-project-member] MySQL server mode set to STRICT_TRANS_TABLES,STRICT_ALL_TABLES,NO_ZERO_IN_DATE,NO_ZERO_DATE,ERROR_FOR_DIVISION_BY_ZERO,TRADITIONAL,NO_ENGINE_SUBSTITUTION {{(pid=95687) _check_effective_sql_mode /opt/stack/data/venv/lib/python3.12/site-packages/oslo_db/sqlalchemy/engines.py:325}}
May 28 11:46:15.309154 np0000001622 nova-scheduler[95687]: DEBUG dbcounter [-] [95687] Writer thread running {{(pid=95687) stat_writer /opt/stack/data/venv/lib/python3.12/site-packages/dbcounter.py:102}}
May 28 11:46:15.319259 np0000001622 nova-scheduler[95687]: DEBUG oslo_db.sqlalchemy.engines [None req-28525778-a39b-4e92-8ace-9c215655c369 tempest-ServersNegativeTestJSON-1340342411 tempest-ServersNegativeTestJSON-1340342411-project-member] Parent process 94412 forked (95687) with an open database connection, which is being discarded and recreated. {{(pid=95687) checkout /opt/stack/data/venv/lib/python3.12/site-packages/oslo_db/sqlalchemy/engines.py:402}}
May 28 11:46:15.360027 np0000001622 nova-scheduler[95687]: DEBUG dbcounter [-] [95687] Writer thread running {{(pid=95687) stat_writer /opt/stack/data/venv/lib/python3.12/site-packages/dbcounter.py:102}}
May 28 11:46:15.363400 np0000001622 nova-scheduler[95687]: DEBUG oslo_concurrency.lockutils [None req-28525778-a39b-4e92-8ace-9c215655c369 tempest-ServersNegativeTestJSON-1340342411 tempest-ServersNegativeTestJSON-1340342411-project-member] Acquiring lock "7720d801-92b9-4fb8-adff-254c50a9e1d9" by "nova.context.set_target_cell..get_or_set_cached_cell_and_set_connections" {{(pid=95687) inner /opt/stack/data/venv/lib/python3.12/site-packages/oslo_concurrency/lockutils.py:511}}
May 28 11:46:15.363542 np0000001622 nova-scheduler[95687]: DEBUG oslo_concurrency.lockutils [None req-28525778-a39b-4e92-8ace-9c215655c369 tempest-ServersNegativeTestJSON-1340342411 tempest-ServersNegativeTestJSON-1340342411-project-member] Lock "7720d801-92b9-4fb8-adff-254c50a9e1d9" acquired by "nova.context.set_target_cell..get_or_set_cached_cell_and_set_connections" :: waited 0.000s {{(pid=95687) inner /opt/stack/data/venv/lib/python3.12/site-packages/oslo_concurrency/lockutils.py:524}}
May 28 11:46:15.363643 np0000001622 nova-scheduler[95687]: DEBUG oslo_concurrency.lockutils [None req-28525778-a39b-4e92-8ace-9c215655c369 tempest-ServersNegativeTestJSON-1340342411 tempest-ServersNegativeTestJSON-1340342411-project-member] Lock "7720d801-92b9-4fb8-adff-254c50a9e1d9" "released" by "nova.context.set_target_cell..get_or_set_cached_cell_and_set_connections" :: held 0.000s {{(pid=95687) inner /opt/stack/data/venv/lib/python3.12/site-packages/oslo_concurrency/lockutils.py:543}}
May 28 11:46:15.366359 np0000001622 nova-scheduler[95687]: DEBUG oslo_concurrency.lockutils [None req-28525778-a39b-4e92-8ace-9c215655c369 tempest-ServersNegativeTestJSON-1340342411 tempest-ServersNegativeTestJSON-1340342411-project-member] Acquiring lock "('np0000001622', 'np0000001622')" by "nova.scheduler.host_manager.HostState.update.._locked_update" {{(pid=95687) inner /opt/stack/data/venv/lib/python3.12/site-packages/oslo_concurrency/lockutils.py:511}}
May 28 11:46:15.366515 np0000001622 nova-scheduler[95687]: DEBUG oslo_concurrency.lockutils [None req-28525778-a39b-4e92-8ace-9c215655c369 tempest-ServersNegativeTestJSON-1340342411 tempest-ServersNegativeTestJSON-1340342411-project-member] Lock "('np0000001622', 'np0000001622')" acquired by "nova.scheduler.host_manager.HostState.update.._locked_update" :: waited 0.000s {{(pid=95687) inner /opt/stack/data/venv/lib/python3.12/site-packages/oslo_concurrency/lockutils.py:524}}
May 28 11:46:15.367513 np0000001622 nova-scheduler[95687]: DEBUG nova.scheduler.host_manager [None req-28525778-a39b-4e92-8ace-9c215655c369 tempest-ServersNegativeTestJSON-1340342411 tempest-ServersNegativeTestJSON-1340342411-project-member] Update host state from compute node: ComputeNode(cpu_allocation_ratio=4.0,cpu_info='{"arch": "x86_64", "model": "EPYC-Milan", "vendor": "AMD", "topology": {"cells": 1, "sockets": 12, "cores": 1, "threads": 1}, "maxphysaddr": {"mode": "emulate", "bits": 40}, "features": ["nx", "syscall", "amd-stibp", "ibrs", "pcid", "svme-addr-chk", "ibpb", "rdctl-no", "cx16", "v-vmsave-vmload", "popcnt", "amd-ssbd", "f16c", "clzero", "smap", "mce", "erms", "skip-l1dfl-vmentry", "ssse3", "lm", "invpcid", "arat", "vpclmulqdq", "tsc-deadline", "cx8", "vme", "cr8legacy", "vgif", "hypervisor", "topoext", "tsc-scale", "mmx", "pae", "abm", "pse", "stibp", "npt", "pfthreshold", "clwb", "msr", "amd-psfd", "bmi2", "svm", "mca", "smep", "adx", "xsavec", "gds-no", "virt-ssbd", "cmov", "misalignsse", "xsave", "flushbyasid", "vaes", "pni", "lahf_lm", "sse4.1", "apic", "avx", "avx2", "lfence-always-serializing", "null-sel-clr-base", "x2apic", "cmp_legacy", "de", "osvw", "pdpe1gb", "perfctr_core", "sha-ni", "pku", "xsaveerptr", "rdrand", "tsc", "nrip-save", "fxsr", "clflush", "vmcb-clean", "xgetbv1", "3dnowprefetch", "pge", "stibp-always-on", "xsaves", "clflushopt", "ssbd", "xsaveopt", "movbe", "sse4a", "bmi1", "pause-filter", "spec-ctrl", "pschange-mc-no", "fpu", "sep", "rdseed", "tsc_adjust", "sse4.2", "fxsr_opt", "no-nested-data-bp", "pat", "rdpid", "pse36", "lbrv", "fsgsbase", "sse2", "umip", "fsrm", "wbnoinvd", "sse", "aes", "rdtscp", "mds-no", "fma", "pclmuldq", "mtrr", "arch-capabilities", "mmxext"]}',created_at=2026-05-28T11:43:59Z,current_workload=0,deleted=False,deleted_at=None,disk_allocation_ratio=1.0,disk_available_least=74,free_disk_gb=95,free_ram_mb=23518,host='np0000001622',host_ip=10.4.3.233,hypervisor_hostname='np0000001622',hypervisor_type='QEMU',hypervisor_version=8002002,id=1,local_gb=95,local_gb_used=0,mapped=1,memory_mb=24030,memory_mb_used=512,metrics='[]',numa_topology='{"nova_object.name": "NUMATopology", "nova_object.namespace": "nova", "nova_object.version": "1.2", "nova_object.data": {"cells": [{"nova_object.name": "NUMACell", "nova_object.namespace": "nova", "nova_object.version": "1.5", "nova_object.data": {"id": 0, "cpuset": [0, 1, 2, 3, 4, 5, 6, 7, 8, 9, 10, 11], "pcpuset": [0, 1, 2, 3, 4, 5, 6, 7, 8, 9, 10, 11], "memory": 24030, "cpu_usage": 0, "memory_usage": 0, "pinned_cpus": [], "siblings": [[6], [2], [5], [11], [8], [4], [1], [7], [10], [0], [3], [9]], "mempages": [{"nova_object.name": "NUMAPagesTopology", "nova_object.namespace": "nova", "nova_object.version": "1.1", "nova_object.data": {"size_kb": 4, "total": 6151795, "used": 0, "reserved": 0}, "nova_object.changes": ["total", "reserved", "size_kb", "used"]}, {"nova_object.name": "NUMAPagesTopology", "nova_object.namespace": "nova", "nova_object.version": "1.1", "nova_object.data": {"size_kb": 2048, "total": 0, "used": 0, "reserved": 0}, "nova_object.changes": ["total", "reserved", "size_kb", "used"]}, {"nova_object.name": "NUMAPagesTopology", "nova_object.namespace": "nova", "nova_object.version": "1.1", "nova_object.data": {"size_kb": 1048576, "total": 0, "used": 0, "reserved": 0}, "nova_object.changes": ["total", "reserved", "size_kb", "used"]}], "network_metadata": {"nova_object.name": "NetworkMetadata", "nova_object.namespace": "nova", "nova_object.version": "1.0", "nova_object.data": {"physnets": [], "tunneled": false}, "nova_object.changes": ["physnets", "tunneled"]}, "socket": null}, "nova_object.changes": ["cpu_usage", "pinned_cpus", "mempages", "socket", "pcpuset", "id", "memory", "cpuset", "memory_usage", "siblings", "network_metadata"]}]}, "nova_object.changes": ["cells"]}',pci_device_pools=PciDevicePoolList,ram_allocation_ratio=1.0,running_vms=0,service_id=2,stats={failed_builds='0',uptime=' 11:45:45 up 26 min, 2 users, load average: 1.10, 1.27, 0.76
May 28 11:46:15.367513 np0000001622 nova-scheduler[95687]: '},supported_hv_specs=[HVSpec,HVSpec,HVSpec,HVSpec,HVSpec,HVSpec,HVSpec,HVSpec,HVSpec,HVSpec,HVSpec,HVSpec,HVSpec,HVSpec,HVSpec,HVSpec,HVSpec,HVSpec,HVSpec,HVSpec,HVSpec,HVSpec,HVSpec,HVSpec,HVSpec],updated_at=2026-05-28T11:45:47Z,uuid=3d052c26-f5d3-4b54-98e1-dcbf9a409a92,vcpus=12,vcpus_used=0) {{(pid=95687) _locked_update /opt/stack/nova/nova/scheduler/host_manager.py:168}}
May 28 11:46:15.368151 np0000001622 nova-scheduler[95687]: DEBUG nova.scheduler.host_manager [None req-28525778-a39b-4e92-8ace-9c215655c369 tempest-ServersNegativeTestJSON-1340342411 tempest-ServersNegativeTestJSON-1340342411-project-member] Update host state with aggregates: [] {{(pid=95687) _locked_update /opt/stack/nova/nova/scheduler/host_manager.py:171}}
May 28 11:46:15.368271 np0000001622 nova-scheduler[95687]: DEBUG nova.scheduler.host_manager [None req-28525778-a39b-4e92-8ace-9c215655c369 tempest-ServersNegativeTestJSON-1340342411 tempest-ServersNegativeTestJSON-1340342411-project-member] Update host state with service dict: {'id': 2, 'uuid': 'f613660f-2555-4f12-be0a-5b0a1117acca', 'host': 'np0000001622', 'binary': 'nova-compute', 'topic': 'compute', 'report_count': 2, 'disabled': False, 'disabled_reason': None, 'last_seen_up': datetime.datetime(2026, 5, 28, 11, 46, 8, tzinfo=datetime.timezone.utc), 'forced_down': False, 'version': 72, 'created_at': datetime.datetime(2026, 5, 28, 11, 43, 58, tzinfo=datetime.timezone.utc), 'updated_at': datetime.datetime(2026, 5, 28, 11, 46, 8, tzinfo=datetime.timezone.utc), 'deleted_at': None, 'deleted': False} {{(pid=95687) _locked_update /opt/stack/nova/nova/scheduler/host_manager.py:174}}
May 28 11:46:15.368402 np0000001622 nova-scheduler[95687]: DEBUG nova.scheduler.host_manager [None req-28525778-a39b-4e92-8ace-9c215655c369 tempest-ServersNegativeTestJSON-1340342411 tempest-ServersNegativeTestJSON-1340342411-project-member] Update host state with instances: [] {{(pid=95687) _locked_update /opt/stack/nova/nova/scheduler/host_manager.py:177}}
May 28 11:46:15.368526 np0000001622 nova-scheduler[95687]: DEBUG oslo_concurrency.lockutils [None req-28525778-a39b-4e92-8ace-9c215655c369 tempest-ServersNegativeTestJSON-1340342411 tempest-ServersNegativeTestJSON-1340342411-project-member] Lock "('np0000001622', 'np0000001622')" "released" by "nova.scheduler.host_manager.HostState.update.._locked_update" :: held 0.002s {{(pid=95687) inner /opt/stack/data/venv/lib/python3.12/site-packages/oslo_concurrency/lockutils.py:543}}
May 28 11:46:15.368868 np0000001622 nova-scheduler[95687]: DEBUG nova.filters [None req-28525778-a39b-4e92-8ace-9c215655c369 tempest-ServersNegativeTestJSON-1340342411 tempest-ServersNegativeTestJSON-1340342411-project-member] Starting with 1 host(s) {{(pid=95687) get_filtered_objects /opt/stack/nova/nova/filters.py:70}}
May 28 11:46:15.369027 np0000001622 nova-scheduler[95687]: DEBUG nova.filters [None req-28525778-a39b-4e92-8ace-9c215655c369 tempest-ServersNegativeTestJSON-1340342411 tempest-ServersNegativeTestJSON-1340342411-project-member] Filter ComputeFilter returned 1 host(s) {{(pid=95687) get_filtered_objects /opt/stack/nova/nova/filters.py:102}}
May 28 11:46:15.369148 np0000001622 nova-scheduler[95687]: DEBUG nova.filters [None req-28525778-a39b-4e92-8ace-9c215655c369 tempest-ServersNegativeTestJSON-1340342411 tempest-ServersNegativeTestJSON-1340342411-project-member] Filter ComputeCapabilitiesFilter returned 1 host(s) {{(pid=95687) get_filtered_objects /opt/stack/nova/nova/filters.py:102}}
May 28 11:46:15.369343 np0000001622 nova-scheduler[95687]: DEBUG nova.filters [None req-28525778-a39b-4e92-8ace-9c215655c369 tempest-ServersNegativeTestJSON-1340342411 tempest-ServersNegativeTestJSON-1340342411-project-member] Filter ImagePropertiesFilter returned 1 host(s) {{(pid=95687) get_filtered_objects /opt/stack/nova/nova/filters.py:102}}
May 28 11:46:15.369452 np0000001622 nova-scheduler[95687]: DEBUG nova.filters [None req-28525778-a39b-4e92-8ace-9c215655c369 tempest-ServersNegativeTestJSON-1340342411 tempest-ServersNegativeTestJSON-1340342411-project-member] Filter ServerGroupAntiAffinityFilter returned 1 host(s) {{(pid=95687) get_filtered_objects /opt/stack/nova/nova/filters.py:102}}
May 28 11:46:15.369565 np0000001622 nova-scheduler[95687]: DEBUG nova.filters [None req-28525778-a39b-4e92-8ace-9c215655c369 tempest-ServersNegativeTestJSON-1340342411 tempest-ServersNegativeTestJSON-1340342411-project-member] Filter ServerGroupAffinityFilter returned 1 host(s) {{(pid=95687) get_filtered_objects /opt/stack/nova/nova/filters.py:102}}
May 28 11:46:15.369673 np0000001622 nova-scheduler[95687]: DEBUG nova.filters [None req-28525778-a39b-4e92-8ace-9c215655c369 tempest-ServersNegativeTestJSON-1340342411 tempest-ServersNegativeTestJSON-1340342411-project-member] Filter SameHostFilter returned 1 host(s) {{(pid=95687) get_filtered_objects /opt/stack/nova/nova/filters.py:102}}
May 28 11:46:15.369773 np0000001622 nova-scheduler[95687]: DEBUG nova.filters [None req-28525778-a39b-4e92-8ace-9c215655c369 tempest-ServersNegativeTestJSON-1340342411 tempest-ServersNegativeTestJSON-1340342411-project-member] Filter DifferentHostFilter returned 1 host(s) {{(pid=95687) get_filtered_objects /opt/stack/nova/nova/filters.py:102}}
May 28 11:46:15.369924 np0000001622 nova-scheduler[95687]: DEBUG nova.scheduler.manager [None req-28525778-a39b-4e92-8ace-9c215655c369 tempest-ServersNegativeTestJSON-1340342411 tempest-ServersNegativeTestJSON-1340342411-project-member] Filtered [(np0000001622, np0000001622) ram: 23518MB disk: 75776MB io_ops: 0 instances: 0, allocation_candidates: 1] {{(pid=95687) _get_sorted_hosts /opt/stack/nova/nova/scheduler/manager.py:743}}
May 28 11:46:15.370084 np0000001622 nova-scheduler[95687]: DEBUG nova.scheduler.manager [None req-28525778-a39b-4e92-8ace-9c215655c369 tempest-ServersNegativeTestJSON-1340342411 tempest-ServersNegativeTestJSON-1340342411-project-member] Weighed [WeighedHost [host: (np0000001622, np0000001622) ram: 23518MB disk: 75776MB io_ops: 0 instances: 0, allocation_candidates: 1, weight: 0.0]] {{(pid=95687) _get_sorted_hosts /opt/stack/nova/nova/scheduler/manager.py:765}}
May 28 11:46:15.370245 np0000001622 nova-scheduler[95687]: DEBUG nova.scheduler.utils [None req-28525778-a39b-4e92-8ace-9c215655c369 tempest-ServersNegativeTestJSON-1340342411 tempest-ServersNegativeTestJSON-1340342411-project-member] Attempting to claim resources in the placement API for instance 67eee769-bd5e-4140-9791-9dd7a24052c5 {{(pid=95687) claim_resources /opt/stack/nova/nova/scheduler/utils.py:1304}}
May 28 11:46:15.505197 np0000001622 nova-scheduler[95687]: DEBUG nova.scheduler.manager [None req-28525778-a39b-4e92-8ace-9c215655c369 tempest-ServersNegativeTestJSON-1340342411 tempest-ServersNegativeTestJSON-1340342411-project-member] [instance: 67eee769-bd5e-4140-9791-9dd7a24052c5] Selected host: (np0000001622, np0000001622) ram: 23518MB disk: 75776MB io_ops: 0 instances: 0, allocation_candidates: 1 {{(pid=95687) _consume_selected_host /opt/stack/nova/nova/scheduler/manager.py:625}}
May 28 11:46:15.505447 np0000001622 nova-scheduler[95687]: DEBUG oslo_concurrency.lockutils [None req-28525778-a39b-4e92-8ace-9c215655c369 tempest-ServersNegativeTestJSON-1340342411 tempest-ServersNegativeTestJSON-1340342411-project-member] Acquiring lock "('np0000001622', 'np0000001622')" by "nova.scheduler.host_manager.HostState.consume_from_request.._locked" {{(pid=95687) inner /opt/stack/data/venv/lib/python3.12/site-packages/oslo_concurrency/lockutils.py:511}}
May 28 11:46:15.505656 np0000001622 nova-scheduler[95687]: DEBUG oslo_concurrency.lockutils [None req-28525778-a39b-4e92-8ace-9c215655c369 tempest-ServersNegativeTestJSON-1340342411 tempest-ServersNegativeTestJSON-1340342411-project-member] Lock "('np0000001622', 'np0000001622')" acquired by "nova.scheduler.host_manager.HostState.consume_from_request.._locked" :: waited 0.000s {{(pid=95687) inner /opt/stack/data/venv/lib/python3.12/site-packages/oslo_concurrency/lockutils.py:524}}
May 28 11:46:15.505918 np0000001622 nova-scheduler[95687]: DEBUG oslo_concurrency.lockutils [None req-28525778-a39b-4e92-8ace-9c215655c369 tempest-ServersNegativeTestJSON-1340342411 tempest-ServersNegativeTestJSON-1340342411-project-member] Lock "('np0000001622', 'np0000001622')" "released" by "nova.scheduler.host_manager.HostState.consume_from_request.._locked" :: held 0.000s {{(pid=95687) inner /opt/stack/data/venv/lib/python3.12/site-packages/oslo_concurrency/lockutils.py:543}}
May 28 11:46:19.216024 np0000001622 nova-scheduler[95689]: DEBUG oslo.service.backend._threading.loopingcall [None req-7afde968-a34d-4412-b19a-4a4334c3dc25 None None] Dynamic interval looping call 'nova.service.Service.periodic_tasks' sleeping for 60.00 seconds {{(pid=95689) _run_loop /opt/stack/data/venv/lib/python3.12/site-packages/oslo_service/backend/_threading/loopingcall.py:125}}
May 28 11:46:20.346646 np0000001622 nova-scheduler[95689]: DEBUG nova.scheduler.manager [None req-d646e45c-26d7-4ea6-8559-1eb54baf4ffd tempest-AttachVolumeShelveTestJSON-619105448 tempest-AttachVolumeShelveTestJSON-619105448-project-member] Starting to schedule for instances: ['257b1fa5-e386-4f69-882d-1679c79ba7b6'] {{(pid=95689) select_destinations /opt/stack/nova/nova/scheduler/manager.py:210}}
May 28 11:46:20.347409 np0000001622 nova-scheduler[95689]: DEBUG nova.scheduler.request_filter [None req-d646e45c-26d7-4ea6-8559-1eb54baf4ffd tempest-AttachVolumeShelveTestJSON-619105448 tempest-AttachVolumeShelveTestJSON-619105448-project-member] compute_status_filter request filter added forbidden trait COMPUTE_STATUS_DISABLED {{(pid=95689) compute_status_filter /opt/stack/nova/nova/scheduler/request_filter.py:253}}
May 28 11:46:20.347526 np0000001622 nova-scheduler[95689]: DEBUG nova.scheduler.request_filter [None req-d646e45c-26d7-4ea6-8559-1eb54baf4ffd tempest-AttachVolumeShelveTestJSON-619105448 tempest-AttachVolumeShelveTestJSON-619105448-project-member] Request filter 'compute_status_filter' took 0.0 seconds {{(pid=95689) wrapper /opt/stack/nova/nova/scheduler/request_filter.py:46}}
May 28 11:46:20.347816 np0000001622 nova-scheduler[95689]: DEBUG nova.scheduler.request_filter [None req-d646e45c-26d7-4ea6-8559-1eb54baf4ffd tempest-AttachVolumeShelveTestJSON-619105448 tempest-AttachVolumeShelveTestJSON-619105448-project-member] Request filter 'accelerators_filter' took 0.0 seconds {{(pid=95689) wrapper /opt/stack/nova/nova/scheduler/request_filter.py:46}}
May 28 11:46:20.348028 np0000001622 nova-scheduler[95689]: DEBUG nova.scheduler.request_filter [None req-d646e45c-26d7-4ea6-8559-1eb54baf4ffd tempest-AttachVolumeShelveTestJSON-619105448 tempest-AttachVolumeShelveTestJSON-619105448-project-member] Request filter 'packed_virtqueue_filter' took 0.0 seconds {{(pid=95689) wrapper /opt/stack/nova/nova/scheduler/request_filter.py:46}}
May 28 11:46:20.348365 np0000001622 nova-scheduler[95689]: DEBUG nova.scheduler.request_filter [None req-d646e45c-26d7-4ea6-8559-1eb54baf4ffd tempest-AttachVolumeShelveTestJSON-619105448 tempest-AttachVolumeShelveTestJSON-619105448-project-member] Request filter 'remote_managed_ports_filter' took 0.0 seconds {{(pid=95689) wrapper /opt/stack/nova/nova/scheduler/request_filter.py:46}}
May 28 11:46:20.348531 np0000001622 nova-scheduler[95689]: DEBUG nova.scheduler.request_filter [None req-d646e45c-26d7-4ea6-8559-1eb54baf4ffd tempest-AttachVolumeShelveTestJSON-619105448 tempest-AttachVolumeShelveTestJSON-619105448-project-member] ephemeral_encryption_filter skipped {{(pid=95689) ephemeral_encryption_filter /opt/stack/nova/nova/scheduler/request_filter.py:426}}
May 28 11:46:20.348704 np0000001622 nova-scheduler[95689]: DEBUG nova.scheduler.request_filter [None req-d646e45c-26d7-4ea6-8559-1eb54baf4ffd tempest-AttachVolumeShelveTestJSON-619105448 tempest-AttachVolumeShelveTestJSON-619105448-project-member] virtio_sound_filter skipped {{(pid=95689) virtio_sound_filter /opt/stack/nova/nova/scheduler/request_filter.py:460}}
May 28 11:46:20.348893 np0000001622 nova-scheduler[95689]: DEBUG nova.scheduler.request_filter [None req-d646e45c-26d7-4ea6-8559-1eb54baf4ffd tempest-AttachVolumeShelveTestJSON-619105448 tempest-AttachVolumeShelveTestJSON-619105448-project-member] tpm_secret_security_filter skipped {{(pid=95689) tpm_secret_security_filter /opt/stack/nova/nova/scheduler/request_filter.py:477}}
May 28 11:46:20.445423 np0000001622 nova-scheduler[95689]: INFO nova.utils [None req-d646e45c-26d7-4ea6-8559-1eb54baf4ffd tempest-AttachVolumeShelveTestJSON-619105448 tempest-AttachVolumeShelveTestJSON-619105448-project-member] The cell worker thread pool ForkProcess-2.cell_worker is initialized
May 28 11:46:20.445656 np0000001622 nova-scheduler[95689]: DEBUG oslo_concurrency.lockutils [None req-d646e45c-26d7-4ea6-8559-1eb54baf4ffd tempest-AttachVolumeShelveTestJSON-619105448 tempest-AttachVolumeShelveTestJSON-619105448-project-member] Acquiring lock "7720d801-92b9-4fb8-adff-254c50a9e1d9" by "nova.context.set_target_cell..get_or_set_cached_cell_and_set_connections" {{(pid=95689) inner /opt/stack/data/venv/lib/python3.12/site-packages/oslo_concurrency/lockutils.py:511}}
May 28 11:46:20.445886 np0000001622 nova-scheduler[95689]: DEBUG oslo_concurrency.lockutils [None req-d646e45c-26d7-4ea6-8559-1eb54baf4ffd tempest-AttachVolumeShelveTestJSON-619105448 tempest-AttachVolumeShelveTestJSON-619105448-project-member] Lock "7720d801-92b9-4fb8-adff-254c50a9e1d9" acquired by "nova.context.set_target_cell..get_or_set_cached_cell_and_set_connections" :: waited 0.000s {{(pid=95689) inner /opt/stack/data/venv/lib/python3.12/site-packages/oslo_concurrency/lockutils.py:524}}
May 28 11:46:20.447201 np0000001622 nova-scheduler[95689]: DEBUG oslo_concurrency.lockutils [None req-d646e45c-26d7-4ea6-8559-1eb54baf4ffd tempest-AttachVolumeShelveTestJSON-619105448 tempest-AttachVolumeShelveTestJSON-619105448-project-member] Lock "7720d801-92b9-4fb8-adff-254c50a9e1d9" "released" by "nova.context.set_target_cell..get_or_set_cached_cell_and_set_connections" :: held 0.001s {{(pid=95689) inner /opt/stack/data/venv/lib/python3.12/site-packages/oslo_concurrency/lockutils.py:543}}
May 28 11:46:20.449470 np0000001622 nova-scheduler[95689]: INFO dbcounter [None req-d646e45c-26d7-4ea6-8559-1eb54baf4ffd tempest-AttachVolumeShelveTestJSON-619105448 tempest-AttachVolumeShelveTestJSON-619105448-project-member] Registered counter for database nova_cell1
May 28 11:46:20.504054 np0000001622 nova-scheduler[95689]: DEBUG oslo_db.sqlalchemy.engines [None req-d646e45c-26d7-4ea6-8559-1eb54baf4ffd tempest-AttachVolumeShelveTestJSON-619105448 tempest-AttachVolumeShelveTestJSON-619105448-project-member] MySQL server mode set to STRICT_TRANS_TABLES,STRICT_ALL_TABLES,NO_ZERO_IN_DATE,NO_ZERO_DATE,ERROR_FOR_DIVISION_BY_ZERO,TRADITIONAL,NO_ENGINE_SUBSTITUTION {{(pid=95689) _check_effective_sql_mode /opt/stack/data/venv/lib/python3.12/site-packages/oslo_db/sqlalchemy/engines.py:325}}
May 28 11:46:20.509816 np0000001622 nova-scheduler[95689]: DEBUG dbcounter [-] [95689] Writer thread running {{(pid=95689) stat_writer /opt/stack/data/venv/lib/python3.12/site-packages/dbcounter.py:102}}
May 28 11:46:20.574615 np0000001622 nova-scheduler[95689]: DEBUG dbcounter [-] [95689] Writer thread running {{(pid=95689) stat_writer /opt/stack/data/venv/lib/python3.12/site-packages/dbcounter.py:102}}
May 28 11:46:20.579945 np0000001622 nova-scheduler[95689]: DEBUG oslo_concurrency.lockutils [None req-d646e45c-26d7-4ea6-8559-1eb54baf4ffd tempest-AttachVolumeShelveTestJSON-619105448 tempest-AttachVolumeShelveTestJSON-619105448-project-member] Acquiring lock "7720d801-92b9-4fb8-adff-254c50a9e1d9" by "nova.context.set_target_cell..get_or_set_cached_cell_and_set_connections" {{(pid=95689) inner /opt/stack/data/venv/lib/python3.12/site-packages/oslo_concurrency/lockutils.py:511}}
May 28 11:46:20.580050 np0000001622 nova-scheduler[95689]: DEBUG oslo_concurrency.lockutils [None req-d646e45c-26d7-4ea6-8559-1eb54baf4ffd tempest-AttachVolumeShelveTestJSON-619105448 tempest-AttachVolumeShelveTestJSON-619105448-project-member] Lock "7720d801-92b9-4fb8-adff-254c50a9e1d9" acquired by "nova.context.set_target_cell..get_or_set_cached_cell_and_set_connections" :: waited 0.000s {{(pid=95689) inner /opt/stack/data/venv/lib/python3.12/site-packages/oslo_concurrency/lockutils.py:524}}
May 28 11:46:20.580171 np0000001622 nova-scheduler[95689]: DEBUG oslo_concurrency.lockutils [None req-d646e45c-26d7-4ea6-8559-1eb54baf4ffd tempest-AttachVolumeShelveTestJSON-619105448 tempest-AttachVolumeShelveTestJSON-619105448-project-member] Lock "7720d801-92b9-4fb8-adff-254c50a9e1d9" "released" by "nova.context.set_target_cell..get_or_set_cached_cell_and_set_connections" :: held 0.000s {{(pid=95689) inner /opt/stack/data/venv/lib/python3.12/site-packages/oslo_concurrency/lockutils.py:543}}
May 28 11:46:20.583107 np0000001622 nova-scheduler[95689]: DEBUG oslo_concurrency.lockutils [None req-d646e45c-26d7-4ea6-8559-1eb54baf4ffd tempest-AttachVolumeShelveTestJSON-619105448 tempest-AttachVolumeShelveTestJSON-619105448-project-member] Acquiring lock "('np0000001622', 'np0000001622')" by "nova.scheduler.host_manager.HostState.update.._locked_update" {{(pid=95689) inner /opt/stack/data/venv/lib/python3.12/site-packages/oslo_concurrency/lockutils.py:511}}
May 28 11:46:20.583107 np0000001622 nova-scheduler[95689]: DEBUG oslo_concurrency.lockutils [None req-d646e45c-26d7-4ea6-8559-1eb54baf4ffd tempest-AttachVolumeShelveTestJSON-619105448 tempest-AttachVolumeShelveTestJSON-619105448-project-member] Lock "('np0000001622', 'np0000001622')" acquired by "nova.scheduler.host_manager.HostState.update.._locked_update" :: waited 0.000s {{(pid=95689) inner /opt/stack/data/venv/lib/python3.12/site-packages/oslo_concurrency/lockutils.py:524}}
