May 28 11:43:11.349917 np0000001622 neutron-periodic-workers[91954]: DEBUG cotyledon.oslo_config_glue [-] database.connection_parameters = {{(pid=91954) log_opt_values /opt/stack/data/venv/lib/python3.12/site-packages/oslo_config/cfg.py:3256}}
May 28 11:43:11.349917 np0000001622 neutron-periodic-workers[91954]: DEBUG cotyledon.oslo_config_glue [-] database.connection_recycle_time = 3600 {{(pid=91954) log_opt_values /opt/stack/data/venv/lib/python3.12/site-packages/oslo_config/cfg.py:3256}}
May 28 11:43:11.349917 np0000001622 neutron-periodic-workers[91954]: DEBUG cotyledon.oslo_config_glue [-] database.connection_trace = False {{(pid=91954) log_opt_values /opt/stack/data/venv/lib/python3.12/site-packages/oslo_config/cfg.py:3256}}
May 28 11:43:11.349917 np0000001622 neutron-periodic-workers[91954]: DEBUG cotyledon.oslo_config_glue [-] database.db_inc_retry_interval = True {{(pid=91954) log_opt_values /opt/stack/data/venv/lib/python3.12/site-packages/oslo_config/cfg.py:3256}}
May 28 11:43:11.349917 np0000001622 neutron-periodic-workers[91954]: DEBUG cotyledon.oslo_config_glue [-] database.db_max_retries = 20 {{(pid=91954) log_opt_values /opt/stack/data/venv/lib/python3.12/site-packages/oslo_config/cfg.py:3256}}
May 28 11:43:11.349917 np0000001622 neutron-periodic-workers[91954]: DEBUG cotyledon.oslo_config_glue [-] database.db_max_retry_interval = 10 {{(pid=91954) log_opt_values /opt/stack/data/venv/lib/python3.12/site-packages/oslo_config/cfg.py:3256}}
May 28 11:43:11.350340 np0000001622 neutron-periodic-workers[91954]: DEBUG cotyledon.oslo_config_glue [-] database.db_retry_interval = 1 {{(pid=91954) log_opt_values /opt/stack/data/venv/lib/python3.12/site-packages/oslo_config/cfg.py:3256}}
May 28 11:43:11.350340 np0000001622 neutron-periodic-workers[91954]: DEBUG cotyledon.oslo_config_glue [-] database.max_overflow = 50 {{(pid=91954) log_opt_values /opt/stack/data/venv/lib/python3.12/site-packages/oslo_config/cfg.py:3256}}
May 28 11:43:11.350340 np0000001622 neutron-periodic-workers[91954]: DEBUG cotyledon.oslo_config_glue [-] database.max_pool_size = 5 {{(pid=91954) log_opt_values /opt/stack/data/venv/lib/python3.12/site-packages/oslo_config/cfg.py:3256}}
May 28 11:43:11.350340 np0000001622 neutron-periodic-workers[91954]: DEBUG cotyledon.oslo_config_glue [-] database.max_retries = 10 {{(pid=91954) log_opt_values /opt/stack/data/venv/lib/python3.12/site-packages/oslo_config/cfg.py:3256}}
May 28 11:43:11.350340 np0000001622 neutron-periodic-workers[91954]: DEBUG cotyledon.oslo_config_glue [-] database.mysql_sql_mode = TRADITIONAL {{(pid=91954) log_opt_values /opt/stack/data/venv/lib/python3.12/site-packages/oslo_config/cfg.py:3256}}
May 28 11:43:11.350340 np0000001622 neutron-periodic-workers[91954]: DEBUG cotyledon.oslo_config_glue [-] database.mysql_wsrep_sync_wait = None {{(pid=91954) log_opt_values /opt/stack/data/venv/lib/python3.12/site-packages/oslo_config/cfg.py:3256}}
May 28 11:43:11.350340 np0000001622 neutron-periodic-workers[91954]: DEBUG cotyledon.oslo_config_glue [-] database.pool_timeout = None {{(pid=91954) log_opt_values /opt/stack/data/venv/lib/python3.12/site-packages/oslo_config/cfg.py:3256}}
May 28 11:43:11.350340 np0000001622 neutron-periodic-workers[91954]: DEBUG cotyledon.oslo_config_glue [-] database.retry_interval = 10 {{(pid=91954) log_opt_values /opt/stack/data/venv/lib/python3.12/site-packages/oslo_config/cfg.py:3256}}
May 28 11:43:11.350340 np0000001622 neutron-periodic-workers[91954]: DEBUG cotyledon.oslo_config_glue [-] database.slave_connection = **** {{(pid=91954) log_opt_values /opt/stack/data/venv/lib/python3.12/site-packages/oslo_config/cfg.py:3256}}
May 28 11:43:11.350713 np0000001622 neutron-periodic-workers[91954]: DEBUG cotyledon.oslo_config_glue [-] database.sqlite_synchronous = True {{(pid=91954) log_opt_values /opt/stack/data/venv/lib/python3.12/site-packages/oslo_config/cfg.py:3256}}
May 28 11:43:11.350713 np0000001622 neutron-periodic-workers[91954]: DEBUG cotyledon.oslo_config_glue [-] database.synchronous_reader = True {{(pid=91954) log_opt_values /opt/stack/data/venv/lib/python3.12/site-packages/oslo_config/cfg.py:3256}}
May 28 11:43:11.350713 np0000001622 neutron-periodic-workers[91954]: DEBUG cotyledon.oslo_config_glue [-] database.use_db_reconnect = False {{(pid=91954) log_opt_values /opt/stack/data/venv/lib/python3.12/site-packages/oslo_config/cfg.py:3256}}
May 28 11:43:11.350713 np0000001622 neutron-periodic-workers[91954]: DEBUG cotyledon.oslo_config_glue [-] ovn.bfd_min_rx = 1000 {{(pid=91954) log_opt_values /opt/stack/data/venv/lib/python3.12/site-packages/oslo_config/cfg.py:3256}}
May 28 11:43:11.350713 np0000001622 neutron-periodic-workers[91954]: DEBUG cotyledon.oslo_config_glue [-] ovn.bfd_min_tx = 100 {{(pid=91954) log_opt_values /opt/stack/data/venv/lib/python3.12/site-packages/oslo_config/cfg.py:3256}}
May 28 11:43:11.350713 np0000001622 neutron-periodic-workers[91954]: DEBUG cotyledon.oslo_config_glue [-] ovn.bfd_mult = 3 {{(pid=91954) log_opt_values /opt/stack/data/venv/lib/python3.12/site-packages/oslo_config/cfg.py:3256}}
May 28 11:43:11.350713 np0000001622 neutron-periodic-workers[91954]: DEBUG cotyledon.oslo_config_glue [-] ovn.broadcast_arps_to_all_routers = True {{(pid=91954) log_opt_values /opt/stack/data/venv/lib/python3.12/site-packages/oslo_config/cfg.py:3256}}
May 28 11:43:11.350713 np0000001622 neutron-periodic-workers[91954]: DEBUG cotyledon.oslo_config_glue [-] ovn.dhcp_default_lease_time = 43200 {{(pid=91954) log_opt_values /opt/stack/data/venv/lib/python3.12/site-packages/oslo_config/cfg.py:3256}}
May 28 11:43:11.350713 np0000001622 neutron-periodic-workers[91954]: DEBUG cotyledon.oslo_config_glue [-] ovn.disable_ovn_dhcp_for_baremetal_ports = False {{(pid=91954) log_opt_values /opt/stack/data/venv/lib/python3.12/site-packages/oslo_config/cfg.py:3256}}
May 28 11:43:11.350986 np0000001622 neutron-periodic-workers[91954]: DEBUG cotyledon.oslo_config_glue [-] ovn.dns_records_ovn_owned = False {{(pid=91954) log_opt_values /opt/stack/data/venv/lib/python3.12/site-packages/oslo_config/cfg.py:3256}}
May 28 11:43:11.350986 np0000001622 neutron-periodic-workers[91954]: DEBUG cotyledon.oslo_config_glue [-] ovn.dns_servers = [] {{(pid=91954) log_opt_values /opt/stack/data/venv/lib/python3.12/site-packages/oslo_config/cfg.py:3256}}
May 28 11:43:11.350986 np0000001622 neutron-periodic-workers[91954]: DEBUG cotyledon.oslo_config_glue [-] ovn.enable_distributed_floating_ip = False {{(pid=91954) log_opt_values /opt/stack/data/venv/lib/python3.12/site-packages/oslo_config/cfg.py:3256}}
May 28 11:43:11.350986 np0000001622 neutron-periodic-workers[91954]: DEBUG cotyledon.oslo_config_glue [-] ovn.fdb_age_threshold = 300 {{(pid=91954) log_opt_values /opt/stack/data/venv/lib/python3.12/site-packages/oslo_config/cfg.py:3256}}
May 28 11:43:11.350986 np0000001622 neutron-periodic-workers[91954]: DEBUG cotyledon.oslo_config_glue [-] ovn.ha_failover_strategy = normal {{(pid=91954) log_opt_values /opt/stack/data/venv/lib/python3.12/site-packages/oslo_config/cfg.py:3256}}
May 28 11:43:11.350986 np0000001622 neutron-periodic-workers[91954]: DEBUG cotyledon.oslo_config_glue [-] ovn.live_migration_activation_strategy = rarp {{(pid=91954) log_opt_values /opt/stack/data/venv/lib/python3.12/site-packages/oslo_config/cfg.py:3256}}
May 28 11:43:11.350986 np0000001622 neutron-periodic-workers[91954]: DEBUG cotyledon.oslo_config_glue [-] ovn.localnet_learn_fdb = False {{(pid=91954) log_opt_values /opt/stack/data/venv/lib/python3.12/site-packages/oslo_config/cfg.py:3256}}
May 28 11:43:11.350986 np0000001622 neutron-periodic-workers[91954]: DEBUG cotyledon.oslo_config_glue [-] ovn.mac_binding_age_threshold = 300 {{(pid=91954) log_opt_values /opt/stack/data/venv/lib/python3.12/site-packages/oslo_config/cfg.py:3256}}
May 28 11:43:11.350986 np0000001622 neutron-periodic-workers[91954]: DEBUG cotyledon.oslo_config_glue [-] ovn.neutron_sync_mode = log {{(pid=91954) log_opt_values /opt/stack/data/venv/lib/python3.12/site-packages/oslo_config/cfg.py:3256}}
May 28 11:43:11.351301 np0000001622 neutron-periodic-workers[91954]: DEBUG cotyledon.oslo_config_glue [-] ovn.ovn_dhcp4_global_options = {} {{(pid=91954) log_opt_values /opt/stack/data/venv/lib/python3.12/site-packages/oslo_config/cfg.py:3256}}
May 28 11:43:11.351301 np0000001622 neutron-periodic-workers[91954]: DEBUG cotyledon.oslo_config_glue [-] ovn.ovn_dhcp6_global_options = {} {{(pid=91954) log_opt_values /opt/stack/data/venv/lib/python3.12/site-packages/oslo_config/cfg.py:3256}}
May 28 11:43:11.351301 np0000001622 neutron-periodic-workers[91954]: DEBUG cotyledon.oslo_config_glue [-] ovn.ovn_l3_scheduler = leastloaded {{(pid=91954) log_opt_values /opt/stack/data/venv/lib/python3.12/site-packages/oslo_config/cfg.py:3256}}
May 28 11:43:11.351301 np0000001622 neutron-periodic-workers[91954]: DEBUG cotyledon.oslo_config_glue [-] ovn.ovn_metadata_enabled = True {{(pid=91954) log_opt_values /opt/stack/data/venv/lib/python3.12/site-packages/oslo_config/cfg.py:3256}}
May 28 11:43:11.351301 np0000001622 neutron-periodic-workers[91954]: DEBUG cotyledon.oslo_config_glue [-] ovn.ovn_nb_ca_cert = /opt/stack/data/CA/int-ca/ca-chain.pem {{(pid=91954) log_opt_values /opt/stack/data/venv/lib/python3.12/site-packages/oslo_config/cfg.py:3256}}
May 28 11:43:11.351301 np0000001622 neutron-periodic-workers[91954]: DEBUG cotyledon.oslo_config_glue [-] ovn.ovn_nb_certificate = /opt/stack/data/CA/int-ca/devstack-cert.crt {{(pid=91954) log_opt_values /opt/stack/data/venv/lib/python3.12/site-packages/oslo_config/cfg.py:3256}}
May 28 11:43:11.351301 np0000001622 neutron-periodic-workers[91954]: DEBUG cotyledon.oslo_config_glue [-] ovn.ovn_nb_connection = ['ssl:10.4.3.233:6641'] {{(pid=91954) log_opt_values /opt/stack/data/venv/lib/python3.12/site-packages/oslo_config/cfg.py:3256}}
May 28 11:43:11.351301 np0000001622 neutron-periodic-workers[91954]: DEBUG cotyledon.oslo_config_glue [-] ovn.ovn_nb_private_key = /opt/stack/data/CA/int-ca/private/devstack-cert.key {{(pid=91954) log_opt_values /opt/stack/data/venv/lib/python3.12/site-packages/oslo_config/cfg.py:3256}}
May 28 11:43:11.351640 np0000001622 neutron-periodic-workers[91954]: DEBUG cotyledon.oslo_config_glue [-] ovn.ovn_router_indirect_snat = False {{(pid=91954) log_opt_values /opt/stack/data/venv/lib/python3.12/site-packages/oslo_config/cfg.py:3256}}
May 28 11:43:11.351640 np0000001622 neutron-periodic-workers[91954]: DEBUG cotyledon.oslo_config_glue [-] ovn.ovn_sb_ca_cert = /opt/stack/data/CA/int-ca/ca-chain.pem {{(pid=91954) log_opt_values /opt/stack/data/venv/lib/python3.12/site-packages/oslo_config/cfg.py:3256}}
May 28 11:43:11.351640 np0000001622 neutron-periodic-workers[91954]: DEBUG cotyledon.oslo_config_glue [-] ovn.ovn_sb_certificate = /opt/stack/data/CA/int-ca/devstack-cert.crt {{(pid=91954) log_opt_values /opt/stack/data/venv/lib/python3.12/site-packages/oslo_config/cfg.py:3256}}
May 28 11:43:11.351640 np0000001622 neutron-periodic-workers[91954]: DEBUG cotyledon.oslo_config_glue [-] ovn.ovn_sb_connection = ['ssl:10.4.3.233:6642'] {{(pid=91954) log_opt_values /opt/stack/data/venv/lib/python3.12/site-packages/oslo_config/cfg.py:3256}}
May 28 11:43:11.351640 np0000001622 neutron-periodic-workers[91954]: DEBUG cotyledon.oslo_config_glue [-] ovn.ovn_sb_private_key = /opt/stack/data/CA/int-ca/private/devstack-cert.key {{(pid=91954) log_opt_values /opt/stack/data/venv/lib/python3.12/site-packages/oslo_config/cfg.py:3256}}
May 28 11:43:11.351640 np0000001622 neutron-periodic-workers[91954]: DEBUG cotyledon.oslo_config_glue [-] ovn.ovs_create_tap = False {{(pid=91954) log_opt_values /opt/stack/data/venv/lib/python3.12/site-packages/oslo_config/cfg.py:3256}}
May 28 11:43:11.351640 np0000001622 neutron-periodic-workers[91954]: DEBUG cotyledon.oslo_config_glue [-] ovn.ovsdb_connection_timeout = 180 {{(pid=91954) log_opt_values /opt/stack/data/venv/lib/python3.12/site-packages/oslo_config/cfg.py:3256}}
May 28 11:43:11.351640 np0000001622 neutron-periodic-workers[91954]: DEBUG cotyledon.oslo_config_glue [-] ovn.ovsdb_log_level = INFO {{(pid=91954) log_opt_values /opt/stack/data/venv/lib/python3.12/site-packages/oslo_config/cfg.py:3256}}
May 28 11:43:11.351935 np0000001622 neutron-periodic-workers[91954]: DEBUG cotyledon.oslo_config_glue [-] ovn.ovsdb_probe_interval = 60000 {{(pid=91954) log_opt_values /opt/stack/data/venv/lib/python3.12/site-packages/oslo_config/cfg.py:3256}}
May 28 11:43:11.351935 np0000001622 neutron-periodic-workers[91954]: DEBUG cotyledon.oslo_config_glue [-] ovn.ovsdb_retry_max_interval = 180 {{(pid=91954) log_opt_values /opt/stack/data/venv/lib/python3.12/site-packages/oslo_config/cfg.py:3256}}
May 28 11:43:11.351935 np0000001622 neutron-periodic-workers[91954]: DEBUG cotyledon.oslo_config_glue [-] ovn.stateless_nat_enabled = False {{(pid=91954) log_opt_values /opt/stack/data/venv/lib/python3.12/site-packages/oslo_config/cfg.py:3256}}
May 28 11:43:11.351935 np0000001622 neutron-periodic-workers[91954]: DEBUG cotyledon.oslo_config_glue [-] ovn.vhost_sock_dir = /var/run/openvswitch {{(pid=91954) log_opt_values /opt/stack/data/venv/lib/python3.12/site-packages/oslo_config/cfg.py:3256}}
May 28 11:43:11.351935 np0000001622 neutron-periodic-workers[91954]: DEBUG cotyledon.oslo_config_glue [-] OVS.bridge_mac_table_size = 50000 {{(pid=91954) log_opt_values /opt/stack/data/venv/lib/python3.12/site-packages/oslo_config/cfg.py:3256}}
May 28 11:43:11.351935 np0000001622 neutron-periodic-workers[91954]: DEBUG cotyledon.oslo_config_glue [-] OVS.igmp_flood = False {{(pid=91954) log_opt_values /opt/stack/data/venv/lib/python3.12/site-packages/oslo_config/cfg.py:3256}}
May 28 11:43:11.351935 np0000001622 neutron-periodic-workers[91954]: DEBUG cotyledon.oslo_config_glue [-] OVS.igmp_flood_reports = True {{(pid=91954) log_opt_values /opt/stack/data/venv/lib/python3.12/site-packages/oslo_config/cfg.py:3256}}
May 28 11:43:11.351935 np0000001622 neutron-periodic-workers[91954]: DEBUG cotyledon.oslo_config_glue [-] OVS.igmp_flood_unregistered = False {{(pid=91954) log_opt_values /opt/stack/data/venv/lib/python3.12/site-packages/oslo_config/cfg.py:3256}}
May 28 11:43:11.351935 np0000001622 neutron-periodic-workers[91954]: DEBUG cotyledon.oslo_config_glue [-] OVS.igmp_snooping_enable = False {{(pid=91954) log_opt_values /opt/stack/data/venv/lib/python3.12/site-packages/oslo_config/cfg.py:3256}}
May 28 11:43:11.352286 np0000001622 neutron-periodic-workers[91954]: DEBUG cotyledon.oslo_config_glue [-] OVS.ovsdb_timeout = 10 {{(pid=91954) log_opt_values /opt/stack/data/venv/lib/python3.12/site-packages/oslo_config/cfg.py:3256}}
May 28 11:43:11.352286 np0000001622 neutron-periodic-workers[91954]: DEBUG cotyledon.oslo_config_glue [-] ovn_nb_global.fdb_removal_limit = 0 {{(pid=91954) log_opt_values /opt/stack/data/venv/lib/python3.12/site-packages/oslo_config/cfg.py:3256}}
May 28 11:43:11.352286 np0000001622 neutron-periodic-workers[91954]: DEBUG cotyledon.oslo_config_glue [-] ovn_nb_global.ignore_lsp_down = False {{(pid=91954) log_opt_values /opt/stack/data/venv/lib/python3.12/site-packages/oslo_config/cfg.py:3256}}
May 28 11:43:11.352286 np0000001622 neutron-periodic-workers[91954]: DEBUG cotyledon.oslo_config_glue [-] ovn_nb_global.mac_binding_removal_limit = 0 {{(pid=91954) log_opt_values /opt/stack/data/venv/lib/python3.12/site-packages/oslo_config/cfg.py:3256}}
May 28 11:43:11.352286 np0000001622 neutron-periodic-workers[91954]: DEBUG cotyledon.oslo_config_glue [-] ******************************************************************************** {{(pid=91954) log_opt_values /opt/stack/data/venv/lib/python3.12/site-packages/oslo_config/cfg.py:3263}}
May 28 11:43:11.352286 np0000001622 neutron-periodic-workers[91954]: DEBUG cotyledon._service_worker [-] Run service ServiceWrapper(0) [91954] {{(pid=91954) wait_forever /opt/stack/data/venv/lib/python3.12/site-packages/cotyledon/_service_worker.py:218}}
May 28 11:43:11.352286 np0000001622 neutron-periodic-workers[91954]: DEBUG neutron.worker [-] PeriodicWorker start called, description: Periodic worker for "L3_NAT_dbonly_mixin" {{(pid=91954) wrapper /opt/stack/neutron/neutron/common/utils.py:197}}
May 28 11:43:11.352286 np0000001622 neutron-periodic-workers[91954]: DEBUG neutron.worker [-] PeriodicWorker start finished, description: Periodic worker for "L3_NAT_dbonly_mixin" {{(pid=91954) wrapper /opt/stack/neutron/neutron/common/utils.py:200}}
May 28 11:43:11.352286 np0000001622 neutron-periodic-workers[91954]: DEBUG neutron.worker [-] PeriodicWorker wait called, description: Periodic worker for "L3_NAT_dbonly_mixin" {{(pid=91954) wrapper /opt/stack/neutron/neutron/common/utils.py:197}}
May 28 11:43:20.984872 np0000001622 neutron-periodic-workers[90946]: DEBUG dbcounter [-] [90946] Writing DB stats neutron:SELECT=4 {{(pid=90946) stat_writer /opt/stack/data/venv/lib/python3.12/site-packages/dbcounter.py:115}}
May 28 11:44:02.325008 np0000001622 neutron-periodic-workers[91925]: DEBUG oslo_db.sqlalchemy.engines [None req-e7cc2b2f-9a56-4823-b243-f73a9911a93f None None] Parent process 90946 forked (91925) with an open database connection, which is being discarded and recreated. {{(pid=91925) checkout /opt/stack/data/venv/lib/python3.12/site-packages/oslo_db/sqlalchemy/engines.py:402}}
May 28 11:44:02.365025 np0000001622 neutron-periodic-workers[91925]: DEBUG dbcounter [-] [91925] Writer thread running {{(pid=91925) stat_writer /opt/stack/data/venv/lib/python3.12/site-packages/dbcounter.py:102}}
May 28 11:44:02.368061 np0000001622 neutron-periodic-workers[91925]: DEBUG neutron.db.agents_db [None req-e7cc2b2f-9a56-4823-b243-f73a9911a93f None None] Agent healthcheck: found 0 active agents {{(pid=91925) agent_health_check /opt/stack/neutron/neutron/db/agents_db.py:322}}
May 28 11:44:02.368246 np0000001622 neutron-periodic-workers[91925]: DEBUG oslo.service.backend._threading.loopingcall [None req-e7cc2b2f-9a56-4823-b243-f73a9911a93f None None] Fixed interval looping call 'neutron.plugins.ml2.plugin.AgentDbMixin.agent_health_check' sleeping for 36.95 seconds {{(pid=91925) _run_loop /opt/stack/data/venv/lib/python3.12/site-packages/oslo_service/backend/_threading/loopingcall.py:125}}
May 28 11:44:12.365436 np0000001622 neutron-periodic-workers[91925]: DEBUG dbcounter [-] [91925] Writing DB stats neutron:SELECT=1 {{(pid=91925) stat_writer /opt/stack/data/venv/lib/python3.12/site-packages/dbcounter.py:115}}
May 28 11:44:16.359770 np0000001622 neutron-periodic-workers[91920]: DEBUG dbcounter [-] [91920] Writer thread running {{(pid=91920) stat_writer /opt/stack/data/venv/lib/python3.12/site-packages/dbcounter.py:102}}
May 28 11:44:16.368325 np0000001622 neutron-periodic-workers[91920]: DEBUG oslo.service.backend._threading.loopingcall [None req-45865a21-b9a3-4848-9a79-b276a58d6d4f None None] Fixed interval looping call 'neutron.plugins.ml2.plugin.DhcpAgentSchedulerDbMixin.remove_networks_from_down_agents' sleeping for 36.94 seconds {{(pid=91920) _run_loop /opt/stack/data/venv/lib/python3.12/site-packages/oslo_service/backend/_threading/loopingcall.py:125}}
May 28 11:44:26.366940 np0000001622 neutron-periodic-workers[91920]: DEBUG dbcounter [-] [91920] Writing DB stats neutron:SELECT=3 {{(pid=91920) stat_writer /opt/stack/data/venv/lib/python3.12/site-packages/dbcounter.py:115}}
May 28 11:44:39.321893 np0000001622 neutron-periodic-workers[91925]: DEBUG neutron.db.agents_db [None req-e7cc2b2f-9a56-4823-b243-f73a9911a93f None None] Agent healthcheck: found 0 active agents {{(pid=91925) agent_health_check /opt/stack/neutron/neutron/db/agents_db.py:322}}
May 28 11:44:39.322344 np0000001622 neutron-periodic-workers[91925]: DEBUG oslo.service.backend._threading.loopingcall [None req-e7cc2b2f-9a56-4823-b243-f73a9911a93f None None] Fixed interval looping call 'neutron.plugins.ml2.plugin.AgentDbMixin.agent_health_check' sleeping for 37.00 seconds {{(pid=91925) _run_loop /opt/stack/data/venv/lib/python3.12/site-packages/oslo_service/backend/_threading/loopingcall.py:125}}
May 28 11:44:49.320805 np0000001622 neutron-periodic-workers[91925]: DEBUG dbcounter [-] [91925] Writing DB stats neutron:SELECT=1 {{(pid=91925) stat_writer /opt/stack/data/venv/lib/python3.12/site-packages/dbcounter.py:115}}
May 28 11:44:53.315530 np0000001622 neutron-periodic-workers[91920]: DEBUG oslo.service.backend._threading.loopingcall [None req-45865a21-b9a3-4848-9a79-b276a58d6d4f None None] Fixed interval looping call 'neutron.plugins.ml2.plugin.DhcpAgentSchedulerDbMixin.remove_networks_from_down_agents' sleeping for 36.99 seconds {{(pid=91920) _run_loop /opt/stack/data/venv/lib/python3.12/site-packages/oslo_service/backend/_threading/loopingcall.py:125}}
May 28 11:45:03.314387 np0000001622 neutron-periodic-workers[91920]: DEBUG dbcounter [-] [91920] Writing DB stats neutron:SELECT=3 {{(pid=91920) stat_writer /opt/stack/data/venv/lib/python3.12/site-packages/dbcounter.py:115}}
May 28 11:45:05.399592 np0000001622 neutron-periodic-workers[91954]: DEBUG dbcounter [-] [91954] Writer thread running {{(pid=91954) stat_writer /opt/stack/data/venv/lib/python3.12/site-packages/dbcounter.py:102}}
May 28 11:45:05.407606 np0000001622 neutron-periodic-workers[91954]: DEBUG oslo.service.backend._threading.loopingcall [None req-d0012fa2-2968-44ac-bb3a-89835a3ef4ce None None] Fixed interval looping call 'neutron.services.ovn_l3.plugin.L3_NAT_dbonly_mixin._clean_garbage' sleeping for 299.93 seconds {{(pid=91954) _run_loop /opt/stack/data/venv/lib/python3.12/site-packages/oslo_service/backend/_threading/loopingcall.py:125}}
May 28 11:45:11.378839 np0000001622 neutron-periodic-workers[91942]: DEBUG dbcounter [-] [91942] Writer thread running {{(pid=91942) stat_writer /opt/stack/data/venv/lib/python3.12/site-packages/dbcounter.py:102}}
May 28 11:45:11.380671 np0000001622 neutron-periodic-workers[91942]: DEBUG oslo.service.backend._threading.loopingcall [None req-9aa14ed4-37a4-4d74-9497-07a14d2ec8b5 None None] Fixed interval looping call 'neutron.db.quota.driver_nolock.DbQuotaNoLockDriver._remove_expired_reservations' sleeping for 119.95 seconds {{(pid=91942) _run_loop /opt/stack/data/venv/lib/python3.12/site-packages/oslo_service/backend/_threading/loopingcall.py:125}}
May 28 11:45:15.400160 np0000001622 neutron-periodic-workers[91954]: DEBUG dbcounter [-] [91954] Writing DB stats neutron:SELECT=1 {{(pid=91954) stat_writer /opt/stack/data/venv/lib/python3.12/site-packages/dbcounter.py:115}}
May 28 11:45:16.326016 np0000001622 neutron-periodic-workers[91925]: DEBUG neutron.db.agents_db [None req-e7cc2b2f-9a56-4823-b243-f73a9911a93f None None] Agent healthcheck: found 0 active agents {{(pid=91925) agent_health_check /opt/stack/neutron/neutron/db/agents_db.py:322}}
May 28 11:45:16.326441 np0000001622 neutron-periodic-workers[91925]: DEBUG oslo.service.backend._threading.loopingcall [None req-e7cc2b2f-9a56-4823-b243-f73a9911a93f None None] Fixed interval looping call 'neutron.plugins.ml2.plugin.AgentDbMixin.agent_health_check' sleeping for 37.00 seconds {{(pid=91925) _run_loop /opt/stack/data/venv/lib/python3.12/site-packages/oslo_service/backend/_threading/loopingcall.py:125}}
May 28 11:45:21.379349 np0000001622 neutron-periodic-workers[91942]: DEBUG dbcounter [-] [91942] Writing DB stats neutron:DELETE=1 {{(pid=91942) stat_writer /opt/stack/data/venv/lib/python3.12/site-packages/dbcounter.py:115}}
May 28 11:45:26.324697 np0000001622 neutron-periodic-workers[91925]: DEBUG dbcounter [-] [91925] Writing DB stats neutron:SELECT=1 {{(pid=91925) stat_writer /opt/stack/data/venv/lib/python3.12/site-packages/dbcounter.py:115}}
May 28 11:45:30.315220 np0000001622 neutron-periodic-workers[91920]: DEBUG oslo.service.backend._threading.loopingcall [None req-45865a21-b9a3-4848-9a79-b276a58d6d4f None None] Fixed interval looping call 'neutron.plugins.ml2.plugin.DhcpAgentSchedulerDbMixin.remove_networks_from_down_agents' sleeping for 36.99 seconds {{(pid=91920) _run_loop /opt/stack/data/venv/lib/python3.12/site-packages/oslo_service/backend/_threading/loopingcall.py:125}}
May 28 11:45:40.311530 np0000001622 neutron-periodic-workers[91920]: DEBUG dbcounter [-] [91920] Writing DB stats neutron:SELECT=3 {{(pid=91920) stat_writer /opt/stack/data/venv/lib/python3.12/site-packages/dbcounter.py:115}}
May 28 11:45:53.330492 np0000001622 neutron-periodic-workers[91925]: DEBUG neutron.db.agents_db [None req-e7cc2b2f-9a56-4823-b243-f73a9911a93f None None] Agent healthcheck: found 0 active agents {{(pid=91925) agent_health_check /opt/stack/neutron/neutron/db/agents_db.py:322}}
May 28 11:45:53.330862 np0000001622 neutron-periodic-workers[91925]: DEBUG oslo.service.backend._threading.loopingcall [None req-e7cc2b2f-9a56-4823-b243-f73a9911a93f None None] Fixed interval looping call 'neutron.plugins.ml2.plugin.AgentDbMixin.agent_health_check' sleeping for 37.00 seconds {{(pid=91925) _run_loop /opt/stack/data/venv/lib/python3.12/site-packages/oslo_service/backend/_threading/loopingcall.py:125}}
May 28 11:46:03.329169 np0000001622 neutron-periodic-workers[91925]: DEBUG dbcounter [-] [91925] Writing DB stats neutron:SELECT=1 {{(pid=91925) stat_writer /opt/stack/data/venv/lib/python3.12/site-packages/dbcounter.py:115}}
May 28 11:46:07.314555 np0000001622 neutron-periodic-workers[91920]: DEBUG oslo.service.backend._threading.loopingcall [None req-45865a21-b9a3-4848-9a79-b276a58d6d4f None None] Fixed interval looping call 'neutron.plugins.ml2.plugin.DhcpAgentSchedulerDbMixin.remove_networks_from_down_agents' sleeping for 36.99 seconds {{(pid=91920) _run_loop /opt/stack/data/venv/lib/python3.12/site-packages/oslo_service/backend/_threading/loopingcall.py:125}}
May 28 11:46:17.312348 np0000001622 neutron-periodic-workers[91920]: DEBUG dbcounter [-] [91920] Writing DB stats neutron:SELECT=3 {{(pid=91920) stat_writer /opt/stack/data/venv/lib/python3.12/site-packages/dbcounter.py:115}}
May 28 11:46:30.334112 np0000001622 neutron-periodic-workers[91925]: DEBUG neutron.db.agents_db [None req-e7cc2b2f-9a56-4823-b243-f73a9911a93f None None] Agent healthcheck: found 0 active agents {{(pid=91925) agent_health_check /opt/stack/neutron/neutron/db/agents_db.py:322}}
May 28 11:46:30.334112 np0000001622 neutron-periodic-workers[91925]: DEBUG oslo.service.backend._threading.loopingcall [None req-e7cc2b2f-9a56-4823-b243-f73a9911a93f None None] Fixed interval looping call 'neutron.plugins.ml2.plugin.AgentDbMixin.agent_health_check' sleeping for 37.00 seconds {{(pid=91925) _run_loop /opt/stack/data/venv/lib/python3.12/site-packages/oslo_service/backend/_threading/loopingcall.py:125}}
May 28 11:46:40.332852 np0000001622 neutron-periodic-workers[91925]: DEBUG dbcounter [-] [91925] Writing DB stats neutron:SELECT=1 {{(pid=91925) stat_writer /opt/stack/data/venv/lib/python3.12/site-packages/dbcounter.py:115}}
May 28 11:46:44.312445 np0000001622 neutron-periodic-workers[91920]: DEBUG oslo.service.backend._threading.loopingcall [None req-45865a21-b9a3-4848-9a79-b276a58d6d4f None None] Fixed interval looping call 'neutron.plugins.ml2.plugin.DhcpAgentSchedulerDbMixin.remove_networks_from_down_agents' sleeping for 36.99 seconds {{(pid=91920) _run_loop /opt/stack/data/venv/lib/python3.12/site-packages/oslo_service/backend/_threading/loopingcall.py:125}}
May 28 11:46:54.311271 np0000001622 neutron-periodic-workers[91920]: DEBUG dbcounter [-] [91920] Writing DB stats neutron:SELECT=3 {{(pid=91920) stat_writer /opt/stack/data/venv/lib/python3.12/site-packages/dbcounter.py:115}}
May 28 11:47:07.339180 np0000001622 neutron-periodic-workers[91925]: DEBUG neutron.db.agents_db [None req-e7cc2b2f-9a56-4823-b243-f73a9911a93f None None] Agent healthcheck: found 0 active agents {{(pid=91925) agent_health_check /opt/stack/neutron/neutron/db/agents_db.py:322}}
May 28 11:47:07.339180 np0000001622 neutron-periodic-workers[91925]: DEBUG oslo.service.backend._threading.loopingcall [None req-e7cc2b2f-9a56-4823-b243-f73a9911a93f None None] Fixed interval looping call 'neutron.plugins.ml2.plugin.AgentDbMixin.agent_health_check' sleeping for 37.00 seconds {{(pid=91925) _run_loop /opt/stack/data/venv/lib/python3.12/site-packages/oslo_service/backend/_threading/loopingcall.py:125}}
May 28 11:47:11.341799 np0000001622 neutron-periodic-workers[91942]: DEBUG oslo.service.backend._threading.loopingcall [None req-9aa14ed4-37a4-4d74-9497-07a14d2ec8b5 None None] Fixed interval looping call 'neutron.db.quota.driver_nolock.DbQuotaNoLockDriver._remove_expired_reservations' sleeping for 119.99 seconds {{(pid=91942) _run_loop /opt/stack/data/venv/lib/python3.12/site-packages/oslo_service/backend/_threading/loopingcall.py:125}}
May 28 11:47:17.338689 np0000001622 neutron-periodic-workers[91925]: DEBUG dbcounter [-] [91925] Writing DB stats neutron:SELECT=1 {{(pid=91925) stat_writer /opt/stack/data/venv/lib/python3.12/site-packages/dbcounter.py:115}}
May 28 11:47:21.309808 np0000001622 neutron-periodic-workers[91920]: DEBUG oslo.service.backend._threading.loopingcall [None req-45865a21-b9a3-4848-9a79-b276a58d6d4f None None] Fixed interval looping call 'neutron.plugins.ml2.plugin.DhcpAgentSchedulerDbMixin.remove_networks_from_down_agents' sleeping for 36.99 seconds {{(pid=91920) _run_loop /opt/stack/data/venv/lib/python3.12/site-packages/oslo_service/backend/_threading/loopingcall.py:125}}
May 28 11:47:21.341024 np0000001622 neutron-periodic-workers[91942]: DEBUG dbcounter [-] [91942] Writing DB stats neutron:DELETE=1 {{(pid=91942) stat_writer /opt/stack/data/venv/lib/python3.12/site-packages/dbcounter.py:115}}
May 28 11:47:31.309968 np0000001622 neutron-periodic-workers[91920]: DEBUG dbcounter [-] [91920] Writing DB stats neutron:SELECT=3 {{(pid=91920) stat_writer /opt/stack/data/venv/lib/python3.12/site-packages/dbcounter.py:115}}
May 28 11:47:44.342524 np0000001622 neutron-periodic-workers[91925]: DEBUG neutron.db.agents_db [None req-e7cc2b2f-9a56-4823-b243-f73a9911a93f None None] Agent healthcheck: found 0 active agents {{(pid=91925) agent_health_check /opt/stack/neutron/neutron/db/agents_db.py:322}}
May 28 11:47:44.342838 np0000001622 neutron-periodic-workers[91925]: DEBUG oslo.service.backend._threading.loopingcall [None req-e7cc2b2f-9a56-4823-b243-f73a9911a93f None None] Fixed interval looping call 'neutron.plugins.ml2.plugin.AgentDbMixin.agent_health_check' sleeping for 37.00 seconds {{(pid=91925) _run_loop /opt/stack/data/venv/lib/python3.12/site-packages/oslo_service/backend/_threading/loopingcall.py:125}}
May 28 11:47:54.341585 np0000001622 neutron-periodic-workers[91925]: DEBUG dbcounter [-] [91925] Writing DB stats neutron:SELECT=1 {{(pid=91925) stat_writer /opt/stack/data/venv/lib/python3.12/site-packages/dbcounter.py:115}}
May 28 11:47:58.307310 np0000001622 neutron-periodic-workers[91920]: DEBUG oslo.service.backend._threading.loopingcall [None req-45865a21-b9a3-4848-9a79-b276a58d6d4f None None] Fixed interval looping call 'neutron.plugins.ml2.plugin.DhcpAgentSchedulerDbMixin.remove_networks_from_down_agents' sleeping for 36.99 seconds {{(pid=91920) _run_loop /opt/stack/data/venv/lib/python3.12/site-packages/oslo_service/backend/_threading/loopingcall.py:125}}
May 28 11:48:08.306568 np0000001622 neutron-periodic-workers[91920]: DEBUG dbcounter [-] [91920] Writing DB stats neutron:SELECT=3 {{(pid=91920) stat_writer /opt/stack/data/venv/lib/python3.12/site-packages/dbcounter.py:115}}
May 28 11:48:21.349057 np0000001622 neutron-periodic-workers[91925]: DEBUG neutron.db.agents_db [None req-e7cc2b2f-9a56-4823-b243-f73a9911a93f None None] Agent healthcheck: found 0 active agents {{(pid=91925) agent_health_check /opt/stack/neutron/neutron/db/agents_db.py:322}}
May 28 11:48:21.351533 np0000001622 neutron-periodic-workers[91925]: DEBUG oslo.service.backend._threading.loopingcall [None req-e7cc2b2f-9a56-4823-b243-f73a9911a93f None None] Fixed interval looping call 'neutron.plugins.ml2.plugin.AgentDbMixin.agent_health_check' sleeping for 36.99 seconds {{(pid=91925) _run_loop /opt/stack/data/venv/lib/python3.12/site-packages/oslo_service/backend/_threading/loopingcall.py:125}}
May 28 11:48:31.349179 np0000001622 neutron-periodic-workers[91925]: DEBUG dbcounter [-] [91925] Writing DB stats neutron:SELECT=1 {{(pid=91925) stat_writer /opt/stack/data/venv/lib/python3.12/site-packages/dbcounter.py:115}}
May 28 11:48:35.304712 np0000001622 neutron-periodic-workers[91920]: DEBUG oslo.service.backend._threading.loopingcall [None req-45865a21-b9a3-4848-9a79-b276a58d6d4f None None] Fixed interval looping call 'neutron.plugins.ml2.plugin.DhcpAgentSchedulerDbMixin.remove_networks_from_down_agents' sleeping for 36.99 seconds {{(pid=91920) _run_loop /opt/stack/data/venv/lib/python3.12/site-packages/oslo_service/backend/_threading/loopingcall.py:125}}
May 28 11:48:45.302704 np0000001622 neutron-periodic-workers[91920]: DEBUG dbcounter [-] [91920] Writing DB stats neutron:SELECT=3 {{(pid=91920) stat_writer /opt/stack/data/venv/lib/python3.12/site-packages/dbcounter.py:115}}
May 28 11:48:58.345017 np0000001622 neutron-periodic-workers[91925]: DEBUG neutron.db.agents_db [None req-e7cc2b2f-9a56-4823-b243-f73a9911a93f None None] Agent healthcheck: found 0 active agents {{(pid=91925) agent_health_check /opt/stack/neutron/neutron/db/agents_db.py:322}}
May 28 11:48:58.345530 np0000001622 neutron-periodic-workers[91925]: DEBUG oslo.service.backend._threading.loopingcall [None req-e7cc2b2f-9a56-4823-b243-f73a9911a93f None None] Fixed interval looping call 'neutron.plugins.ml2.plugin.AgentDbMixin.agent_health_check' sleeping for 37.00 seconds {{(pid=91925) _run_loop /opt/stack/data/venv/lib/python3.12/site-packages/oslo_service/backend/_threading/loopingcall.py:125}}
May 28 11:49:08.344599 np0000001622 neutron-periodic-workers[91925]: DEBUG dbcounter [-] [91925] Writing DB stats neutron:SELECT=1 {{(pid=91925) stat_writer /opt/stack/data/venv/lib/python3.12/site-packages/dbcounter.py:115}}
May 28 11:49:11.335020 np0000001622 neutron-periodic-workers[91942]: DEBUG oslo.service.backend._threading.loopingcall [None req-9aa14ed4-37a4-4d74-9497-07a14d2ec8b5 None None] Fixed interval looping call 'neutron.db.quota.driver_nolock.DbQuotaNoLockDriver._remove_expired_reservations' sleeping for 120.00 seconds {{(pid=91942) _run_loop /opt/stack/data/venv/lib/python3.12/site-packages/oslo_service/backend/_threading/loopingcall.py:125}}
May 28 11:49:12.304681 np0000001622 neutron-periodic-workers[91920]: DEBUG oslo.service.backend._threading.loopingcall [None req-45865a21-b9a3-4848-9a79-b276a58d6d4f None None] Fixed interval looping call 'neutron.plugins.ml2.plugin.DhcpAgentSchedulerDbMixin.remove_networks_from_down_agents' sleeping for 36.99 seconds {{(pid=91920) _run_loop /opt/stack/data/venv/lib/python3.12/site-packages/oslo_service/backend/_threading/loopingcall.py:125}}
May 28 11:49:21.334586 np0000001622 neutron-periodic-workers[91942]: DEBUG dbcounter [-] [91942] Writing DB stats neutron:DELETE=1 {{(pid=91942) stat_writer /opt/stack/data/venv/lib/python3.12/site-packages/dbcounter.py:115}}
May 28 11:49:22.303673 np0000001622 neutron-periodic-workers[91920]: DEBUG dbcounter [-] [91920] Writing DB stats neutron:SELECT=3 {{(pid=91920) stat_writer /opt/stack/data/venv/lib/python3.12/site-packages/dbcounter.py:115}}
May 28 11:49:35.350447 np0000001622 neutron-periodic-workers[91925]: DEBUG neutron.db.agents_db [None req-e7cc2b2f-9a56-4823-b243-f73a9911a93f None None] Agent healthcheck: found 0 active agents {{(pid=91925) agent_health_check /opt/stack/neutron/neutron/db/agents_db.py:322}}
May 28 11:49:35.350973 np0000001622 neutron-periodic-workers[91925]: DEBUG oslo.service.backend._threading.loopingcall [None req-e7cc2b2f-9a56-4823-b243-f73a9911a93f None None] Fixed interval looping call 'neutron.plugins.ml2.plugin.AgentDbMixin.agent_health_check' sleeping for 37.00 seconds {{(pid=91925) _run_loop /opt/stack/data/venv/lib/python3.12/site-packages/oslo_service/backend/_threading/loopingcall.py:125}}
May 28 11:49:45.349552 np0000001622 neutron-periodic-workers[91925]: DEBUG dbcounter [-] [91925] Writing DB stats neutron:SELECT=1 {{(pid=91925) stat_writer /opt/stack/data/venv/lib/python3.12/site-packages/dbcounter.py:115}}
May 28 11:49:49.306257 np0000001622 neutron-periodic-workers[91920]: DEBUG oslo.service.backend._threading.loopingcall [None req-45865a21-b9a3-4848-9a79-b276a58d6d4f None None] Fixed interval looping call 'neutron.plugins.ml2.plugin.DhcpAgentSchedulerDbMixin.remove_networks_from_down_agents' sleeping for 36.99 seconds {{(pid=91920) _run_loop /opt/stack/data/venv/lib/python3.12/site-packages/oslo_service/backend/_threading/loopingcall.py:125}}
May 28 11:49:59.304707 np0000001622 neutron-periodic-workers[91920]: DEBUG dbcounter [-] [91920] Writing DB stats neutron:SELECT=3 {{(pid=91920) stat_writer /opt/stack/data/venv/lib/python3.12/site-packages/dbcounter.py:115}}
May 28 11:50:05.347499 np0000001622 neutron-periodic-workers[91954]: DEBUG oslo.service.backend._threading.loopingcall [None req-d0012fa2-2968-44ac-bb3a-89835a3ef4ce None None] Fixed interval looping call 'neutron.services.ovn_l3.plugin.L3_NAT_dbonly_mixin._clean_garbage' sleeping for 299.99 seconds {{(pid=91954) _run_loop /opt/stack/data/venv/lib/python3.12/site-packages/oslo_service/backend/_threading/loopingcall.py:125}}
May 28 11:50:12.357870 np0000001622 neutron-periodic-workers[91925]: DEBUG neutron.db.agents_db [None req-e7cc2b2f-9a56-4823-b243-f73a9911a93f None None] Agent healthcheck: found 0 active agents {{(pid=91925) agent_health_check /opt/stack/neutron/neutron/db/agents_db.py:322}}
May 28 11:50:12.358442 np0000001622 neutron-periodic-workers[91925]: DEBUG oslo.service.backend._threading.loopingcall [None req-e7cc2b2f-9a56-4823-b243-f73a9911a93f None None] Fixed interval looping call 'neutron.plugins.ml2.plugin.AgentDbMixin.agent_health_check' sleeping for 36.99 seconds {{(pid=91925) _run_loop /opt/stack/data/venv/lib/python3.12/site-packages/oslo_service/backend/_threading/loopingcall.py:125}}
May 28 11:50:15.340950 np0000001622 neutron-periodic-workers[91954]: DEBUG dbcounter [-] [91954] Writing DB stats neutron:SELECT=1 {{(pid=91954) stat_writer /opt/stack/data/venv/lib/python3.12/site-packages/dbcounter.py:115}}
May 28 11:50:22.354594 np0000001622 neutron-periodic-workers[91925]: DEBUG dbcounter [-] [91925] Writing DB stats neutron:SELECT=1 {{(pid=91925) stat_writer /opt/stack/data/venv/lib/python3.12/site-packages/dbcounter.py:115}}
May 28 11:50:26.303036 np0000001622 neutron-periodic-workers[91920]: DEBUG oslo.service.backend._threading.loopingcall [None req-45865a21-b9a3-4848-9a79-b276a58d6d4f None None] Fixed interval looping call 'neutron.plugins.ml2.plugin.DhcpAgentSchedulerDbMixin.remove_networks_from_down_agents' sleeping for 36.99 seconds {{(pid=91920) _run_loop /opt/stack/data/venv/lib/python3.12/site-packages/oslo_service/backend/_threading/loopingcall.py:125}}
May 28 11:50:36.304851 np0000001622 neutron-periodic-workers[91920]: DEBUG dbcounter [-] [91920] Writing DB stats neutron:SELECT=3 {{(pid=91920) stat_writer /opt/stack/data/venv/lib/python3.12/site-packages/dbcounter.py:115}}
May 28 11:50:49.352423 np0000001622 neutron-periodic-workers[91925]: DEBUG neutron.db.agents_db [None req-e7cc2b2f-9a56-4823-b243-f73a9911a93f None None] Agent healthcheck: found 0 active agents {{(pid=91925) agent_health_check /opt/stack/neutron/neutron/db/agents_db.py:322}}
May 28 11:50:49.353171 np0000001622 neutron-periodic-workers[91925]: DEBUG oslo.service.backend._threading.loopingcall [None req-e7cc2b2f-9a56-4823-b243-f73a9911a93f None None] Fixed interval looping call 'neutron.plugins.ml2.plugin.AgentDbMixin.agent_health_check' sleeping for 37.00 seconds {{(pid=91925) _run_loop /opt/stack/data/venv/lib/python3.12/site-packages/oslo_service/backend/_threading/loopingcall.py:125}}
May 28 11:50:59.351768 np0000001622 neutron-periodic-workers[91925]: DEBUG dbcounter [-] [91925] Writing DB stats neutron:SELECT=1 {{(pid=91925) stat_writer /opt/stack/data/venv/lib/python3.12/site-packages/dbcounter.py:115}}
May 28 11:51:03.304213 np0000001622 neutron-periodic-workers[91920]: DEBUG oslo.service.backend._threading.loopingcall [None req-45865a21-b9a3-4848-9a79-b276a58d6d4f None None] Fixed interval looping call 'neutron.plugins.ml2.plugin.DhcpAgentSchedulerDbMixin.remove_networks_from_down_agents' sleeping for 36.99 seconds {{(pid=91920) _run_loop /opt/stack/data/venv/lib/python3.12/site-packages/oslo_service/backend/_threading/loopingcall.py:125}}
May 28 11:51:11.338568 np0000001622 neutron-periodic-workers[91942]: DEBUG oslo.service.backend._threading.loopingcall [None req-9aa14ed4-37a4-4d74-9497-07a14d2ec8b5 None None] Fixed interval looping call 'neutron.db.quota.driver_nolock.DbQuotaNoLockDriver._remove_expired_reservations' sleeping for 120.00 seconds {{(pid=91942) _run_loop /opt/stack/data/venv/lib/python3.12/site-packages/oslo_service/backend/_threading/loopingcall.py:125}}
May 28 11:51:13.302121 np0000001622 neutron-periodic-workers[91920]: DEBUG dbcounter [-] [91920] Writing DB stats neutron:SELECT=3 {{(pid=91920) stat_writer /opt/stack/data/venv/lib/python3.12/site-packages/dbcounter.py:115}}
May 28 11:51:21.338619 np0000001622 neutron-periodic-workers[91942]: DEBUG dbcounter [-] [91942] Writing DB stats neutron:DELETE=1 {{(pid=91942) stat_writer /opt/stack/data/venv/lib/python3.12/site-packages/dbcounter.py:115}}
May 28 11:51:26.364054 np0000001622 neutron-periodic-workers[91925]: DEBUG neutron.db.agents_db [None req-e7cc2b2f-9a56-4823-b243-f73a9911a93f None None] Agent healthcheck: found 0 active agents {{(pid=91925) agent_health_check /opt/stack/neutron/neutron/db/agents_db.py:322}}
May 28 11:51:26.364385 np0000001622 neutron-periodic-workers[91925]: DEBUG oslo.service.backend._threading.loopingcall [None req-e7cc2b2f-9a56-4823-b243-f73a9911a93f None None] Fixed interval looping call 'neutron.plugins.ml2.plugin.AgentDbMixin.agent_health_check' sleeping for 36.99 seconds {{(pid=91925) _run_loop /opt/stack/data/venv/lib/python3.12/site-packages/oslo_service/backend/_threading/loopingcall.py:125}}
May 28 11:51:36.362030 np0000001622 neutron-periodic-workers[91925]: DEBUG dbcounter [-] [91925] Writing DB stats neutron:SELECT=1 {{(pid=91925) stat_writer /opt/stack/data/venv/lib/python3.12/site-packages/dbcounter.py:115}}
May 28 11:51:40.308748 np0000001622 neutron-periodic-workers[91920]: DEBUG oslo.service.backend._threading.loopingcall [None req-45865a21-b9a3-4848-9a79-b276a58d6d4f None None] Fixed interval looping call 'neutron.plugins.ml2.plugin.DhcpAgentSchedulerDbMixin.remove_networks_from_down_agents' sleeping for 36.99 seconds {{(pid=91920) _run_loop /opt/stack/data/venv/lib/python3.12/site-packages/oslo_service/backend/_threading/loopingcall.py:125}}
May 28 11:51:50.307059 np0000001622 neutron-periodic-workers[91920]: DEBUG dbcounter [-] [91920] Writing DB stats neutron:SELECT=3 {{(pid=91920) stat_writer /opt/stack/data/venv/lib/python3.12/site-packages/dbcounter.py:115}}
May 28 11:52:03.358508 np0000001622 neutron-periodic-workers[91925]: DEBUG neutron.db.agents_db [None req-e7cc2b2f-9a56-4823-b243-f73a9911a93f None None] Agent healthcheck: found 0 active agents {{(pid=91925) agent_health_check /opt/stack/neutron/neutron/db/agents_db.py:322}}
May 28 11:52:03.358971 np0000001622 neutron-periodic-workers[91925]: DEBUG oslo.service.backend._threading.loopingcall [None req-e7cc2b2f-9a56-4823-b243-f73a9911a93f None None] Fixed interval looping call 'neutron.plugins.ml2.plugin.AgentDbMixin.agent_health_check' sleeping for 37.00 seconds {{(pid=91925) _run_loop /opt/stack/data/venv/lib/python3.12/site-packages/oslo_service/backend/_threading/loopingcall.py:125}}
May 28 11:52:13.359906 np0000001622 neutron-periodic-workers[91925]: DEBUG dbcounter [-] [91925] Writing DB stats neutron:SELECT=1 {{(pid=91925) stat_writer /opt/stack/data/venv/lib/python3.12/site-packages/dbcounter.py:115}}
May 28 11:52:17.306348 np0000001622 neutron-periodic-workers[91920]: DEBUG oslo.service.backend._threading.loopingcall [None req-45865a21-b9a3-4848-9a79-b276a58d6d4f None None] Fixed interval looping call 'neutron.plugins.ml2.plugin.DhcpAgentSchedulerDbMixin.remove_networks_from_down_agents' sleeping for 36.99 seconds {{(pid=91920) _run_loop /opt/stack/data/venv/lib/python3.12/site-packages/oslo_service/backend/_threading/loopingcall.py:125}}
May 28 11:52:27.304072 np0000001622 neutron-periodic-workers[91920]: DEBUG dbcounter [-] [91920] Writing DB stats neutron:SELECT=3 {{(pid=91920) stat_writer /opt/stack/data/venv/lib/python3.12/site-packages/dbcounter.py:115}}
May 28 11:52:40.365090 np0000001622 neutron-periodic-workers[91925]: DEBUG neutron.db.agents_db [None req-e7cc2b2f-9a56-4823-b243-f73a9911a93f None None] Agent healthcheck: found 0 active agents {{(pid=91925) agent_health_check /opt/stack/neutron/neutron/db/agents_db.py:322}}
May 28 11:52:40.365487 np0000001622 neutron-periodic-workers[91925]: DEBUG oslo.service.backend._threading.loopingcall [None req-e7cc2b2f-9a56-4823-b243-f73a9911a93f None None] Fixed interval looping call 'neutron.plugins.ml2.plugin.AgentDbMixin.agent_health_check' sleeping for 36.99 seconds {{(pid=91925) _run_loop /opt/stack/data/venv/lib/python3.12/site-packages/oslo_service/backend/_threading/loopingcall.py:125}}
May 28 11:52:50.362477 np0000001622 neutron-periodic-workers[91925]: DEBUG dbcounter [-] [91925] Writing DB stats neutron:SELECT=1 {{(pid=91925) stat_writer /opt/stack/data/venv/lib/python3.12/site-packages/dbcounter.py:115}}
May 28 11:52:54.306738 np0000001622 neutron-periodic-workers[91920]: DEBUG oslo.service.backend._threading.loopingcall [None req-45865a21-b9a3-4848-9a79-b276a58d6d4f None None] Fixed interval looping call 'neutron.plugins.ml2.plugin.DhcpAgentSchedulerDbMixin.remove_networks_from_down_agents' sleeping for 36.99 seconds {{(pid=91920) _run_loop /opt/stack/data/venv/lib/python3.12/site-packages/oslo_service/backend/_threading/loopingcall.py:125}}
May 28 11:53:04.304035 np0000001622 neutron-periodic-workers[91920]: DEBUG dbcounter [-] [91920] Writing DB stats neutron:SELECT=3 {{(pid=91920) stat_writer /opt/stack/data/venv/lib/python3.12/site-packages/dbcounter.py:115}}
May 28 11:53:11.347285 np0000001622 neutron-periodic-workers[91942]: DEBUG oslo.service.backend._threading.loopingcall [None req-9aa14ed4-37a4-4d74-9497-07a14d2ec8b5 None None] Fixed interval looping call 'neutron.db.quota.driver_nolock.DbQuotaNoLockDriver._remove_expired_reservations' sleeping for 119.99 seconds {{(pid=91942) _run_loop /opt/stack/data/venv/lib/python3.12/site-packages/oslo_service/backend/_threading/loopingcall.py:125}}
May 28 11:53:17.369809 np0000001622 neutron-periodic-workers[91925]: DEBUG neutron.db.agents_db [None req-e7cc2b2f-9a56-4823-b243-f73a9911a93f None None] Agent healthcheck: found 0 active agents {{(pid=91925) agent_health_check /opt/stack/neutron/neutron/db/agents_db.py:322}}
May 28 11:53:17.370267 np0000001622 neutron-periodic-workers[91925]: DEBUG oslo.service.backend._threading.loopingcall [None req-e7cc2b2f-9a56-4823-b243-f73a9911a93f None None] Fixed interval looping call 'neutron.plugins.ml2.plugin.AgentDbMixin.agent_health_check' sleeping for 36.99 seconds {{(pid=91925) _run_loop /opt/stack/data/venv/lib/python3.12/site-packages/oslo_service/backend/_threading/loopingcall.py:125}}
May 28 11:53:21.344085 np0000001622 neutron-periodic-workers[91942]: DEBUG dbcounter [-] [91942] Writing DB stats neutron:DELETE=1 {{(pid=91942) stat_writer /opt/stack/data/venv/lib/python3.12/site-packages/dbcounter.py:115}}
May 28 11:53:27.362940 np0000001622 neutron-periodic-workers[91925]: DEBUG dbcounter [-] [91925] Writing DB stats neutron:SELECT=1 {{(pid=91925) stat_writer /opt/stack/data/venv/lib/python3.12/site-packages/dbcounter.py:115}}
May 28 11:53:31.312281 np0000001622 neutron-periodic-workers[91920]: DEBUG oslo.service.backend._threading.loopingcall [None req-45865a21-b9a3-4848-9a79-b276a58d6d4f None None] Fixed interval looping call 'neutron.plugins.ml2.plugin.DhcpAgentSchedulerDbMixin.remove_networks_from_down_agents' sleeping for 36.98 seconds {{(pid=91920) _run_loop /opt/stack/data/venv/lib/python3.12/site-packages/oslo_service/backend/_threading/loopingcall.py:125}}
May 28 11:53:41.308454 np0000001622 neutron-periodic-workers[91920]: DEBUG dbcounter [-] [91920] Writing DB stats neutron:SELECT=3 {{(pid=91920) stat_writer /opt/stack/data/venv/lib/python3.12/site-packages/dbcounter.py:115}}
May 28 11:53:54.365079 np0000001622 neutron-periodic-workers[91925]: DEBUG neutron.db.agents_db [None req-e7cc2b2f-9a56-4823-b243-f73a9911a93f None None] Agent healthcheck: found 0 active agents {{(pid=91925) agent_health_check /opt/stack/neutron/neutron/db/agents_db.py:322}}
May 28 11:53:54.365079 np0000001622 neutron-periodic-workers[91925]: DEBUG oslo.service.backend._threading.loopingcall [None req-e7cc2b2f-9a56-4823-b243-f73a9911a93f None None] Fixed interval looping call 'neutron.plugins.ml2.plugin.AgentDbMixin.agent_health_check' sleeping for 37.00 seconds {{(pid=91925) _run_loop /opt/stack/data/venv/lib/python3.12/site-packages/oslo_service/backend/_threading/loopingcall.py:125}}
May 28 11:54:04.362805 np0000001622 neutron-periodic-workers[91925]: DEBUG dbcounter [-] [91925] Writing DB stats neutron:SELECT=1 {{(pid=91925) stat_writer /opt/stack/data/venv/lib/python3.12/site-packages/dbcounter.py:115}}
May 28 11:54:08.306831 np0000001622 neutron-periodic-workers[91920]: DEBUG oslo.service.backend._threading.loopingcall [None req-45865a21-b9a3-4848-9a79-b276a58d6d4f None None] Fixed interval looping call 'neutron.plugins.ml2.plugin.DhcpAgentSchedulerDbMixin.remove_networks_from_down_agents' sleeping for 36.99 seconds {{(pid=91920) _run_loop /opt/stack/data/venv/lib/python3.12/site-packages/oslo_service/backend/_threading/loopingcall.py:125}}
May 28 11:54:18.306034 np0000001622 neutron-periodic-workers[91920]: DEBUG dbcounter [-] [91920] Writing DB stats neutron:SELECT=3 {{(pid=91920) stat_writer /opt/stack/data/venv/lib/python3.12/site-packages/dbcounter.py:115}}
