Aug 12 10:21:08.034461 np0000007034 nova-scheduler[93479]: DEBUG cotyledon.oslo_config_glue [-] oslo_messaging_rabbit.rabbit_quorum_max_memory_bytes = 0 {{(pid=93479) log_opt_values /opt/stack/data/venv/lib/python3.12/site-packages/oslo_config/cfg.py:3545}}
Aug 12 10:21:08.034461 np0000007034 nova-scheduler[93479]: DEBUG cotyledon.oslo_config_glue [-] oslo_messaging_rabbit.rabbit_quorum_max_memory_length = 0 {{(pid=93479) log_opt_values /opt/stack/data/venv/lib/python3.12/site-packages/oslo_config/cfg.py:3545}}
Aug 12 10:21:08.034461 np0000007034 nova-scheduler[93479]: DEBUG cotyledon.oslo_config_glue [-] oslo_messaging_rabbit.rabbit_quorum_queue = False {{(pid=93479) log_opt_values /opt/stack/data/venv/lib/python3.12/site-packages/oslo_config/cfg.py:3545}}
Aug 12 10:21:08.034461 np0000007034 nova-scheduler[93479]: DEBUG cotyledon.oslo_config_glue [-] oslo_messaging_rabbit.rabbit_retry_backoff = 2 {{(pid=93479) log_opt_values /opt/stack/data/venv/lib/python3.12/site-packages/oslo_config/cfg.py:3545}}
Aug 12 10:21:08.034461 np0000007034 nova-scheduler[93479]: DEBUG cotyledon.oslo_config_glue [-] oslo_messaging_rabbit.rabbit_retry_interval = 1 {{(pid=93479) log_opt_values /opt/stack/data/venv/lib/python3.12/site-packages/oslo_config/cfg.py:3545}}
Aug 12 10:21:08.034461 np0000007034 nova-scheduler[93479]: DEBUG cotyledon.oslo_config_glue [-] oslo_messaging_rabbit.rabbit_stream_fanout = False {{(pid=93479) log_opt_values /opt/stack/data/venv/lib/python3.12/site-packages/oslo_config/cfg.py:3545}}
Aug 12 10:21:08.034461 np0000007034 nova-scheduler[93479]: DEBUG cotyledon.oslo_config_glue [-] oslo_messaging_rabbit.rabbit_transient_queues_ttl = 1800 {{(pid=93479) log_opt_values /opt/stack/data/venv/lib/python3.12/site-packages/oslo_config/cfg.py:3545}}
Aug 12 10:21:08.034461 np0000007034 nova-scheduler[93479]: DEBUG cotyledon.oslo_config_glue [-] oslo_messaging_rabbit.rabbit_transient_quorum_queue = False {{(pid=93479) log_opt_values /opt/stack/data/venv/lib/python3.12/site-packages/oslo_config/cfg.py:3545}}
Aug 12 10:21:08.034719 np0000007034 nova-scheduler[93479]: DEBUG cotyledon.oslo_config_glue [-] oslo_messaging_rabbit.rpc_conn_pool_size = 30 {{(pid=93479) log_opt_values /opt/stack/data/venv/lib/python3.12/site-packages/oslo_config/cfg.py:3545}}
Aug 12 10:21:08.034719 np0000007034 nova-scheduler[93479]: DEBUG cotyledon.oslo_config_glue [-] oslo_messaging_rabbit.ssl = False {{(pid=93479) log_opt_values /opt/stack/data/venv/lib/python3.12/site-packages/oslo_config/cfg.py:3545}}
Aug 12 10:21:08.034719 np0000007034 nova-scheduler[93479]: DEBUG cotyledon.oslo_config_glue [-] oslo_messaging_rabbit.ssl_ca_file = {{(pid=93479) log_opt_values /opt/stack/data/venv/lib/python3.12/site-packages/oslo_config/cfg.py:3545}}
Aug 12 10:21:08.034719 np0000007034 nova-scheduler[93479]: DEBUG cotyledon.oslo_config_glue [-] oslo_messaging_rabbit.ssl_cert_file = {{(pid=93479) log_opt_values /opt/stack/data/venv/lib/python3.12/site-packages/oslo_config/cfg.py:3545}}
Aug 12 10:21:08.034719 np0000007034 nova-scheduler[93479]: DEBUG cotyledon.oslo_config_glue [-] oslo_messaging_rabbit.ssl_enforce_fips_mode = False {{(pid=93479) log_opt_values /opt/stack/data/venv/lib/python3.12/site-packages/oslo_config/cfg.py:3545}}
Aug 12 10:21:08.034719 np0000007034 nova-scheduler[93479]: DEBUG cotyledon.oslo_config_glue [-] oslo_messaging_rabbit.ssl_enforce_hostname_verification = True {{(pid=93479) log_opt_values /opt/stack/data/venv/lib/python3.12/site-packages/oslo_config/cfg.py:3545}}
Aug 12 10:21:08.034719 np0000007034 nova-scheduler[93479]: DEBUG cotyledon.oslo_config_glue [-] oslo_messaging_rabbit.ssl_key_file = {{(pid=93479) log_opt_values /opt/stack/data/venv/lib/python3.12/site-packages/oslo_config/cfg.py:3545}}
Aug 12 10:21:08.034719 np0000007034 nova-scheduler[93479]: DEBUG cotyledon.oslo_config_glue [-] oslo_messaging_rabbit.ssl_version = {{(pid=93479) log_opt_values /opt/stack/data/venv/lib/python3.12/site-packages/oslo_config/cfg.py:3545}}
Aug 12 10:21:08.034719 np0000007034 nova-scheduler[93479]: DEBUG cotyledon.oslo_config_glue [-] oslo_messaging_rabbit.use_queue_manager = False {{(pid=93479) log_opt_values /opt/stack/data/venv/lib/python3.12/site-packages/oslo_config/cfg.py:3545}}
Aug 12 10:21:08.035065 np0000007034 nova-scheduler[93479]: DEBUG cotyledon.oslo_config_glue [-] oslo_messaging_notifications.driver = ['messagingv2'] {{(pid=93479) log_opt_values /opt/stack/data/venv/lib/python3.12/site-packages/oslo_config/cfg.py:3545}}
Aug 12 10:21:08.035065 np0000007034 nova-scheduler[93479]: DEBUG cotyledon.oslo_config_glue [-] oslo_messaging_notifications.retry = -1 {{(pid=93479) log_opt_values /opt/stack/data/venv/lib/python3.12/site-packages/oslo_config/cfg.py:3545}}
Aug 12 10:21:08.035065 np0000007034 nova-scheduler[93479]: DEBUG cotyledon.oslo_config_glue [-] oslo_messaging_notifications.topics = ['notifications'] {{(pid=93479) log_opt_values /opt/stack/data/venv/lib/python3.12/site-packages/oslo_config/cfg.py:3545}}
Aug 12 10:21:08.035065 np0000007034 nova-scheduler[93479]: DEBUG cotyledon.oslo_config_glue [-] oslo_messaging_notifications.transport_url = **** {{(pid=93479) log_opt_values /opt/stack/data/venv/lib/python3.12/site-packages/oslo_config/cfg.py:3545}}
Aug 12 10:21:08.035065 np0000007034 nova-scheduler[93479]: DEBUG cotyledon.oslo_config_glue [-] oslo_limit.auth_section = None {{(pid=93479) log_opt_values /opt/stack/data/venv/lib/python3.12/site-packages/oslo_config/cfg.py:3545}}
Aug 12 10:21:08.035065 np0000007034 nova-scheduler[93479]: DEBUG cotyledon.oslo_config_glue [-] oslo_limit.auth_type = None {{(pid=93479) log_opt_values /opt/stack/data/venv/lib/python3.12/site-packages/oslo_config/cfg.py:3545}}
Aug 12 10:21:08.035065 np0000007034 nova-scheduler[93479]: DEBUG cotyledon.oslo_config_glue [-] oslo_limit.cafile = None {{(pid=93479) log_opt_values /opt/stack/data/venv/lib/python3.12/site-packages/oslo_config/cfg.py:3545}}
Aug 12 10:21:08.035065 np0000007034 nova-scheduler[93479]: DEBUG cotyledon.oslo_config_glue [-] oslo_limit.certfile = None {{(pid=93479) log_opt_values /opt/stack/data/venv/lib/python3.12/site-packages/oslo_config/cfg.py:3545}}
Aug 12 10:21:08.035065 np0000007034 nova-scheduler[93479]: DEBUG cotyledon.oslo_config_glue [-] oslo_limit.collect_timing = False {{(pid=93479) log_opt_values /opt/stack/data/venv/lib/python3.12/site-packages/oslo_config/cfg.py:3545}}
Aug 12 10:21:08.035386 np0000007034 nova-scheduler[93479]: DEBUG cotyledon.oslo_config_glue [-] oslo_limit.connect_retries = None {{(pid=93479) log_opt_values /opt/stack/data/venv/lib/python3.12/site-packages/oslo_config/cfg.py:3545}}
Aug 12 10:21:08.035386 np0000007034 nova-scheduler[93479]: DEBUG cotyledon.oslo_config_glue [-] oslo_limit.connect_retry_delay = None {{(pid=93479) log_opt_values /opt/stack/data/venv/lib/python3.12/site-packages/oslo_config/cfg.py:3545}}
Aug 12 10:21:08.035386 np0000007034 nova-scheduler[93479]: DEBUG cotyledon.oslo_config_glue [-] oslo_limit.endpoint_id = None {{(pid=93479) log_opt_values /opt/stack/data/venv/lib/python3.12/site-packages/oslo_config/cfg.py:3545}}
Aug 12 10:21:08.035386 np0000007034 nova-scheduler[93479]: DEBUG cotyledon.oslo_config_glue [-] oslo_limit.endpoint_interface = public {{(pid=93479) log_opt_values /opt/stack/data/venv/lib/python3.12/site-packages/oslo_config/cfg.py:3545}}
Aug 12 10:21:08.035386 np0000007034 nova-scheduler[93479]: DEBUG cotyledon.oslo_config_glue [-] oslo_limit.endpoint_override = None {{(pid=93479) log_opt_values /opt/stack/data/venv/lib/python3.12/site-packages/oslo_config/cfg.py:3545}}
Aug 12 10:21:08.035386 np0000007034 nova-scheduler[93479]: DEBUG cotyledon.oslo_config_glue [-] oslo_limit.endpoint_region_name = None {{(pid=93479) log_opt_values /opt/stack/data/venv/lib/python3.12/site-packages/oslo_config/cfg.py:3545}}
Aug 12 10:21:08.035386 np0000007034 nova-scheduler[93479]: DEBUG cotyledon.oslo_config_glue [-] oslo_limit.endpoint_service_name = None {{(pid=93479) log_opt_values /opt/stack/data/venv/lib/python3.12/site-packages/oslo_config/cfg.py:3545}}
Aug 12 10:21:08.035386 np0000007034 nova-scheduler[93479]: DEBUG cotyledon.oslo_config_glue [-] oslo_limit.endpoint_service_type = None {{(pid=93479) log_opt_values /opt/stack/data/venv/lib/python3.12/site-packages/oslo_config/cfg.py:3545}}
Aug 12 10:21:08.035386 np0000007034 nova-scheduler[93479]: DEBUG cotyledon.oslo_config_glue [-] oslo_limit.insecure = False {{(pid=93479) log_opt_values /opt/stack/data/venv/lib/python3.12/site-packages/oslo_config/cfg.py:3545}}
Aug 12 10:21:08.035699 np0000007034 nova-scheduler[93479]: DEBUG cotyledon.oslo_config_glue [-] oslo_limit.keyfile = None {{(pid=93479) log_opt_values /opt/stack/data/venv/lib/python3.12/site-packages/oslo_config/cfg.py:3545}}
Aug 12 10:21:08.035699 np0000007034 nova-scheduler[93479]: DEBUG cotyledon.oslo_config_glue [-] oslo_limit.max_version = None {{(pid=93479) log_opt_values /opt/stack/data/venv/lib/python3.12/site-packages/oslo_config/cfg.py:3545}}
Aug 12 10:21:08.035699 np0000007034 nova-scheduler[93479]: DEBUG cotyledon.oslo_config_glue [-] oslo_limit.min_version = None {{(pid=93479) log_opt_values /opt/stack/data/venv/lib/python3.12/site-packages/oslo_config/cfg.py:3545}}
Aug 12 10:21:08.035699 np0000007034 nova-scheduler[93479]: DEBUG cotyledon.oslo_config_glue [-] oslo_limit.region_name = None {{(pid=93479) log_opt_values /opt/stack/data/venv/lib/python3.12/site-packages/oslo_config/cfg.py:3545}}
Aug 12 10:21:08.035699 np0000007034 nova-scheduler[93479]: DEBUG cotyledon.oslo_config_glue [-] oslo_limit.retriable_status_codes = None {{(pid=93479) log_opt_values /opt/stack/data/venv/lib/python3.12/site-packages/oslo_config/cfg.py:3545}}
Aug 12 10:21:08.035699 np0000007034 nova-scheduler[93479]: DEBUG cotyledon.oslo_config_glue [-] oslo_limit.service_name = None {{(pid=93479) log_opt_values /opt/stack/data/venv/lib/python3.12/site-packages/oslo_config/cfg.py:3545}}
Aug 12 10:21:08.035699 np0000007034 nova-scheduler[93479]: DEBUG cotyledon.oslo_config_glue [-] oslo_limit.service_type = None {{(pid=93479) log_opt_values /opt/stack/data/venv/lib/python3.12/site-packages/oslo_config/cfg.py:3545}}
Aug 12 10:21:08.035699 np0000007034 nova-scheduler[93479]: DEBUG cotyledon.oslo_config_glue [-] oslo_limit.split_loggers = False {{(pid=93479) log_opt_values /opt/stack/data/venv/lib/python3.12/site-packages/oslo_config/cfg.py:3545}}
Aug 12 10:21:08.035699 np0000007034 nova-scheduler[93479]: DEBUG cotyledon.oslo_config_glue [-] oslo_limit.status_code_retries = None {{(pid=93479) log_opt_values /opt/stack/data/venv/lib/python3.12/site-packages/oslo_config/cfg.py:3545}}
Aug 12 10:21:08.036032 np0000007034 nova-scheduler[93479]: DEBUG cotyledon.oslo_config_glue [-] oslo_limit.status_code_retry_delay = None {{(pid=93479) log_opt_values /opt/stack/data/venv/lib/python3.12/site-packages/oslo_config/cfg.py:3545}}
Aug 12 10:21:08.036032 np0000007034 nova-scheduler[93479]: DEBUG cotyledon.oslo_config_glue [-] oslo_limit.timeout = None {{(pid=93479) log_opt_values /opt/stack/data/venv/lib/python3.12/site-packages/oslo_config/cfg.py:3545}}
Aug 12 10:21:08.036032 np0000007034 nova-scheduler[93479]: DEBUG cotyledon.oslo_config_glue [-] oslo_limit.valid_interfaces = None {{(pid=93479) log_opt_values /opt/stack/data/venv/lib/python3.12/site-packages/oslo_config/cfg.py:3545}}
Aug 12 10:21:08.036157 np0000007034 nova-scheduler[93448]: INFO dbcounter [None req-50d3204c-b4ab-4a3d-8bda-f28ca5c60b88 None None] Registered counter for database nova_cell0
Aug 12 10:21:08.036205 np0000007034 nova-scheduler[93479]: DEBUG cotyledon.oslo_config_glue [-] oslo_limit.version = None {{(pid=93479) log_opt_values /opt/stack/data/venv/lib/python3.12/site-packages/oslo_config/cfg.py:3545}}
Aug 12 10:21:08.036205 np0000007034 nova-scheduler[93479]: DEBUG cotyledon.oslo_config_glue [-] oslo_reports.file_event_handler = None {{(pid=93479) log_opt_values /opt/stack/data/venv/lib/python3.12/site-packages/oslo_config/cfg.py:3545}}
Aug 12 10:21:08.036205 np0000007034 nova-scheduler[93479]: DEBUG cotyledon.oslo_config_glue [-] oslo_reports.file_event_handler_interval = 1 {{(pid=93479) log_opt_values /opt/stack/data/venv/lib/python3.12/site-packages/oslo_config/cfg.py:3545}}
Aug 12 10:21:08.036205 np0000007034 nova-scheduler[93479]: DEBUG cotyledon.oslo_config_glue [-] oslo_reports.log_dir = None {{(pid=93479) log_opt_values /opt/stack/data/venv/lib/python3.12/site-packages/oslo_config/cfg.py:3545}}
Aug 12 10:21:08.036205 np0000007034 nova-scheduler[93479]: DEBUG cotyledon.oslo_config_glue [-] ******************************************************************************** {{(pid=93479) log_opt_values /opt/stack/data/venv/lib/python3.12/site-packages/oslo_config/cfg.py:3552}}
Aug 12 10:21:08.036205 np0000007034 nova-scheduler[93479]: DEBUG cotyledon._service_worker [-] Run service ServiceWrapper(2) [93479] {{(pid=93479) wait_forever /opt/stack/data/venv/lib/python3.12/site-packages/cotyledon/_service_worker.py:218}}
Aug 12 10:21:08.036205 np0000007034 nova-scheduler[93479]: INFO nova.service [-] Starting scheduler node (version 33.1.0)
Aug 12 10:21:08.036205 np0000007034 nova-scheduler[93479]: INFO dbcounter [None req-257979ef-73ed-433d-8907-37a6b3404a83 None None] Registered counter for database nova_cell0
Aug 12 10:21:08.036476 np0000007034 nova-scheduler[93434]: DEBUG oslo_db.sqlalchemy.engines [None req-8c676e5c-1345-4c66-b11b-868d6bb483a5 None None] MySQL server mode set to STRICT_TRANS_TABLES,STRICT_ALL_TABLES,NO_ZERO_IN_DATE,NO_ZERO_DATE,ERROR_FOR_DIVISION_BY_ZERO,TRADITIONAL,NO_ENGINE_SUBSTITUTION {{(pid=93434) _check_effective_sql_mode /opt/stack/data/venv/lib/python3.12/site-packages/oslo_db/sqlalchemy/engines.py:325}}
Aug 12 10:21:08.036523 np0000007034 nova-scheduler[93448]: DEBUG oslo_db.sqlalchemy.engines [None req-50d3204c-b4ab-4a3d-8bda-f28ca5c60b88 None None] MySQL server mode set to STRICT_TRANS_TABLES,STRICT_ALL_TABLES,NO_ZERO_IN_DATE,NO_ZERO_DATE,ERROR_FOR_DIVISION_BY_ZERO,TRADITIONAL,NO_ENGINE_SUBSTITUTION {{(pid=93448) _check_effective_sql_mode /opt/stack/data/venv/lib/python3.12/site-packages/oslo_db/sqlalchemy/engines.py:325}}
Aug 12 10:21:08.036570 np0000007034 nova-scheduler[93434]: DEBUG dbcounter [-] [93434] Writer thread running {{(pid=93434) stat_writer /opt/stack/data/venv/lib/python3.12/site-packages/dbcounter.py:102}}
Aug 12 10:21:08.036620 np0000007034 nova-scheduler[93448]: DEBUG dbcounter [-] [93448] Writer thread running {{(pid=93448) stat_writer /opt/stack/data/venv/lib/python3.12/site-packages/dbcounter.py:102}}
Aug 12 10:21:08.043935 np0000007034 nova-scheduler[93479]: DEBUG oslo_db.sqlalchemy.engines [None req-257979ef-73ed-433d-8907-37a6b3404a83 None None] MySQL server mode set to STRICT_TRANS_TABLES,STRICT_ALL_TABLES,NO_ZERO_IN_DATE,NO_ZERO_DATE,ERROR_FOR_DIVISION_BY_ZERO,TRADITIONAL,NO_ENGINE_SUBSTITUTION {{(pid=93479) _check_effective_sql_mode /opt/stack/data/venv/lib/python3.12/site-packages/oslo_db/sqlalchemy/engines.py:325}}
Aug 12 10:21:08.046566 np0000007034 nova-scheduler[93434]: DEBUG nova.service [None req-8c676e5c-1345-4c66-b11b-868d6bb483a5 None None] Creating RPC server for service: nova-scheduler on topic: scheduler {{(pid=93434) start /opt/stack/nova/nova/service.py:196}}
Aug 12 10:21:08.052643 np0000007034 nova-scheduler[93448]: DEBUG nova.service [None req-50d3204c-b4ab-4a3d-8bda-f28ca5c60b88 None None] Creating RPC server for service: nova-scheduler on topic: scheduler {{(pid=93448) start /opt/stack/nova/nova/service.py:196}}
Aug 12 10:21:08.054098 np0000007034 nova-scheduler[93479]: DEBUG dbcounter [-] [93479] Writer thread running {{(pid=93479) stat_writer /opt/stack/data/venv/lib/python3.12/site-packages/dbcounter.py:102}}
Aug 12 10:21:08.057311 np0000007034 nova-scheduler[93479]: DEBUG nova.service [None req-257979ef-73ed-433d-8907-37a6b3404a83 None None] Creating RPC server for service: nova-scheduler on topic: scheduler {{(pid=93479) start /opt/stack/nova/nova/service.py:196}}
Aug 12 10:21:08.074571 np0000007034 nova-scheduler[93434]: DEBUG nova.service [None req-8c676e5c-1345-4c66-b11b-868d6bb483a5 None None] Join ServiceGroup membership for this service scheduler {{(pid=93434) start /opt/stack/nova/nova/service.py:222}}
Aug 12 10:21:08.074746 np0000007034 nova-scheduler[93434]: DEBUG nova.servicegroup.drivers.db [None req-8c676e5c-1345-4c66-b11b-868d6bb483a5 None None] DB_Driver: join new ServiceGroup member np0000007034 to the scheduler group, service = {{(pid=93434) join /opt/stack/nova/nova/servicegroup/drivers/db.py:44}}
Aug 12 10:21:08.075097 np0000007034 nova-scheduler[93479]: DEBUG nova.service [None req-257979ef-73ed-433d-8907-37a6b3404a83 None None] Join ServiceGroup membership for this service scheduler {{(pid=93479) start /opt/stack/nova/nova/service.py:222}}
Aug 12 10:21:08.075394 np0000007034 nova-scheduler[93479]: DEBUG nova.servicegroup.drivers.db [None req-257979ef-73ed-433d-8907-37a6b3404a83 None None] DB_Driver: join new ServiceGroup member np0000007034 to the scheduler group, service = {{(pid=93479) join /opt/stack/nova/nova/servicegroup/drivers/db.py:44}}
Aug 12 10:21:08.077304 np0000007034 nova-scheduler[93448]: DEBUG nova.service [None req-50d3204c-b4ab-4a3d-8bda-f28ca5c60b88 None None] Join ServiceGroup membership for this service scheduler {{(pid=93448) start /opt/stack/nova/nova/service.py:222}}
Aug 12 10:21:08.077489 np0000007034 nova-scheduler[93448]: DEBUG nova.servicegroup.drivers.db [None req-50d3204c-b4ab-4a3d-8bda-f28ca5c60b88 None None] DB_Driver: join new ServiceGroup member np0000007034 to the scheduler group, service = {{(pid=93448) join /opt/stack/nova/nova/servicegroup/drivers/db.py:44}}
Aug 12 10:21:08.077551 np0000007034 nova-scheduler[93479]: DEBUG oslo.service.backend._threading.loopingcall [None req-b4802d5d-4ba9-490d-84b7-e8f95bb10f75 None None] Dynamic interval looping call 'nova.service.Service.periodic_tasks' sleeping for 60.00 seconds {{(pid=93479) _run_loop /opt/stack/data/venv/lib/python3.12/site-packages/oslo_service/backend/_threading/loopingcall.py:125}}
Aug 12 10:21:13.078268 np0000007034 nova-scheduler[93434]: DEBUG oslo.service.backend._threading.loopingcall [None req-ccdfe2bf-722f-4cf7-862d-48923a0a57be None None] Dynamic interval looping call 'nova.service.Service.periodic_tasks' sleeping for 60.00 seconds {{(pid=93434) _run_loop /opt/stack/data/venv/lib/python3.12/site-packages/oslo_service/backend/_threading/loopingcall.py:125}}
Aug 12 10:21:13.094007 np0000007034 nova-scheduler[93434]: DEBUG oslo.service.backend._threading.loopingcall [-] Fixed interval looping call 'nova.servicegroup.drivers.db.DbDriver._report_state' sleeping for 119.98 seconds {{(pid=93434) _run_loop /opt/stack/data/venv/lib/python3.12/site-packages/oslo_service/backend/_threading/loopingcall.py:125}}
Aug 12 10:21:13.095075 np0000007034 nova-scheduler[93479]: DEBUG oslo.service.backend._threading.loopingcall [-] Fixed interval looping call 'nova.servicegroup.drivers.db.DbDriver._report_state' sleeping for 119.98 seconds {{(pid=93479) _run_loop /opt/stack/data/venv/lib/python3.12/site-packages/oslo_service/backend/_threading/loopingcall.py:125}}
Aug 12 10:21:13.096248 np0000007034 nova-scheduler[93448]: DEBUG oslo.service.backend._threading.loopingcall [-] Fixed interval looping call 'nova.servicegroup.drivers.db.DbDriver._report_state' sleeping for 119.98 seconds {{(pid=93448) _run_loop /opt/stack/data/venv/lib/python3.12/site-packages/oslo_service/backend/_threading/loopingcall.py:125}}
Aug 12 10:21:16.633021 np0000007034 nova-scheduler[92214]: DEBUG dbcounter [-] [92214] Writing DB stats nova_api:SELECT=3 {{(pid=92214) stat_writer /opt/stack/data/venv/lib/python3.12/site-packages/dbcounter.py:115}}
Aug 12 10:21:16.749044 np0000007034 nova-scheduler[92214]: DEBUG dbcounter [-] [92214] Writing DB stats nova_cell0:SELECT=1 {{(pid=92214) stat_writer /opt/stack/data/venv/lib/python3.12/site-packages/dbcounter.py:115}}
Aug 12 10:21:16.755002 np0000007034 nova-scheduler[92214]: DEBUG dbcounter [-] [92214] Writing DB stats nova_cell1:SELECT=1 {{(pid=92214) stat_writer /opt/stack/data/venv/lib/python3.12/site-packages/dbcounter.py:115}}
Aug 12 10:21:23.088656 np0000007034 nova-scheduler[93434]: DEBUG dbcounter [-] [93434] Writing DB stats nova_cell0:SELECT=4,nova_cell0:INSERT=1,nova_cell0:UPDATE=1 {{(pid=93434) stat_writer /opt/stack/data/venv/lib/python3.12/site-packages/dbcounter.py:115}}
Aug 12 10:21:23.089687 np0000007034 nova-scheduler[93479]: DEBUG dbcounter [-] [93479] Writing DB stats nova_cell0:SELECT=3,nova_cell0:UPDATE=1 {{(pid=93479) stat_writer /opt/stack/data/venv/lib/python3.12/site-packages/dbcounter.py:115}}
Aug 12 10:21:23.091013 np0000007034 nova-scheduler[93448]: DEBUG dbcounter [-] [93448] Writing DB stats nova_cell0:SELECT=5,nova_cell0:INSERT=1,nova_cell0:UPDATE=1 {{(pid=93448) stat_writer /opt/stack/data/venv/lib/python3.12/site-packages/dbcounter.py:115}}
Aug 12 10:21:39.079443 np0000007034 nova-scheduler[93448]: DEBUG oslo.service.backend._threading.loopingcall [None req-3c6dbc86-1dba-42b8-9f9e-eac89e39e843 None None] Dynamic interval looping call 'nova.service.Service.periodic_tasks' sleeping for 60.00 seconds {{(pid=93448) _run_loop /opt/stack/data/venv/lib/python3.12/site-packages/oslo_service/backend/_threading/loopingcall.py:125}}
Aug 12 10:22:08.078377 np0000007034 nova-scheduler[93479]: DEBUG oslo.service.backend._threading.loopingcall [None req-b4802d5d-4ba9-490d-84b7-e8f95bb10f75 None None] Dynamic interval looping call 'nova.service.Service.periodic_tasks' sleeping for 60.00 seconds {{(pid=93479) _run_loop /opt/stack/data/venv/lib/python3.12/site-packages/oslo_service/backend/_threading/loopingcall.py:125}}
Aug 12 10:22:13.079674 np0000007034 nova-scheduler[93434]: DEBUG oslo.service.backend._threading.loopingcall [None req-ccdfe2bf-722f-4cf7-862d-48923a0a57be None None] Dynamic interval looping call 'nova.service.Service.periodic_tasks' sleeping for 60.00 seconds {{(pid=93434) _run_loop /opt/stack/data/venv/lib/python3.12/site-packages/oslo_service/backend/_threading/loopingcall.py:125}}
Aug 12 10:22:39.079946 np0000007034 nova-scheduler[93448]: DEBUG oslo.service.backend._threading.loopingcall [None req-3c6dbc86-1dba-42b8-9f9e-eac89e39e843 None None] Dynamic interval looping call 'nova.service.Service.periodic_tasks' sleeping for 60.00 seconds {{(pid=93448) _run_loop /opt/stack/data/venv/lib/python3.12/site-packages/oslo_service/backend/_threading/loopingcall.py:125}}
Aug 12 10:23:08.078899 np0000007034 nova-scheduler[93479]: DEBUG oslo.service.backend._threading.loopingcall [None req-b4802d5d-4ba9-490d-84b7-e8f95bb10f75 None None] Dynamic interval looping call 'nova.service.Service.periodic_tasks' sleeping for 60.00 seconds {{(pid=93479) _run_loop /opt/stack/data/venv/lib/python3.12/site-packages/oslo_service/backend/_threading/loopingcall.py:125}}
Aug 12 10:23:13.080144 np0000007034 nova-scheduler[93434]: DEBUG oslo.service.backend._threading.loopingcall [None req-ccdfe2bf-722f-4cf7-862d-48923a0a57be None None] Dynamic interval looping call 'nova.service.Service.periodic_tasks' sleeping for 60.00 seconds {{(pid=93434) _run_loop /opt/stack/data/venv/lib/python3.12/site-packages/oslo_service/backend/_threading/loopingcall.py:125}}
Aug 12 10:23:13.081782 np0000007034 nova-scheduler[93434]: DEBUG oslo.service.backend._threading.loopingcall [-] Fixed interval looping call 'nova.servicegroup.drivers.db.DbDriver._report_state' sleeping for 119.99 seconds {{(pid=93434) _run_loop /opt/stack/data/venv/lib/python3.12/site-packages/oslo_service/backend/_threading/loopingcall.py:125}}
Aug 12 10:23:13.081945 np0000007034 nova-scheduler[93479]: DEBUG oslo.service.backend._threading.loopingcall [-] Fixed interval looping call 'nova.servicegroup.drivers.db.DbDriver._report_state' sleeping for 119.99 seconds {{(pid=93479) _run_loop /opt/stack/data/venv/lib/python3.12/site-packages/oslo_service/backend/_threading/loopingcall.py:125}}
Aug 12 10:23:13.082345 np0000007034 nova-scheduler[93448]: DEBUG oslo.service.backend._threading.loopingcall [-] Fixed interval looping call 'nova.servicegroup.drivers.db.DbDriver._report_state' sleeping for 120.00 seconds {{(pid=93448) _run_loop /opt/stack/data/venv/lib/python3.12/site-packages/oslo_service/backend/_threading/loopingcall.py:125}}
Aug 12 10:23:23.077859 np0000007034 nova-scheduler[93434]: DEBUG dbcounter [-] [93434] Writing DB stats nova_cell0:SELECT=1,nova_cell0:UPDATE=1 {{(pid=93434) stat_writer /opt/stack/data/venv/lib/python3.12/site-packages/dbcounter.py:115}}
Aug 12 10:23:23.081300 np0000007034 nova-scheduler[93479]: DEBUG dbcounter [-] [93479] Writing DB stats nova_cell0:SELECT=1,nova_cell0:UPDATE=1 {{(pid=93479) stat_writer /opt/stack/data/venv/lib/python3.12/site-packages/dbcounter.py:115}}
Aug 12 10:23:23.081887 np0000007034 nova-scheduler[93448]: DEBUG dbcounter [-] [93448] Writing DB stats nova_cell0:SELECT=1,nova_cell0:UPDATE=1 {{(pid=93448) stat_writer /opt/stack/data/venv/lib/python3.12/site-packages/dbcounter.py:115}}
Aug 12 10:23:36.642607 np0000007034 nova-scheduler[93434]: DEBUG nova.scheduler.manager [None req-49368504-7280-40e9-82f7-22b484621575 tempest-ServerBootFromVolumeStableRescueTest-1455004680 tempest-ServerBootFromVolumeStableRescueTest-1455004680-project-member] Starting to schedule for instances: ['606f825b-0010-4de9-b7c8-865e858c77a1'] {{(pid=93434) select_destinations /opt/stack/nova/nova/scheduler/manager.py:209}}
Aug 12 10:23:36.643401 np0000007034 nova-scheduler[93434]: DEBUG nova.scheduler.request_filter [None req-49368504-7280-40e9-82f7-22b484621575 tempest-ServerBootFromVolumeStableRescueTest-1455004680 tempest-ServerBootFromVolumeStableRescueTest-1455004680-project-member] compute_status_filter request filter added forbidden trait COMPUTE_STATUS_DISABLED {{(pid=93434) compute_status_filter /opt/stack/nova/nova/scheduler/request_filter.py:253}}
Aug 12 10:23:36.643401 np0000007034 nova-scheduler[93434]: DEBUG nova.scheduler.request_filter [None req-49368504-7280-40e9-82f7-22b484621575 tempest-ServerBootFromVolumeStableRescueTest-1455004680 tempest-ServerBootFromVolumeStableRescueTest-1455004680-project-member] Request filter 'compute_status_filter' took 0.0 seconds {{(pid=93434) wrapper /opt/stack/nova/nova/scheduler/request_filter.py:46}}
Aug 12 10:23:36.643401 np0000007034 nova-scheduler[93434]: DEBUG nova.scheduler.request_filter [None req-49368504-7280-40e9-82f7-22b484621575 tempest-ServerBootFromVolumeStableRescueTest-1455004680 tempest-ServerBootFromVolumeStableRescueTest-1455004680-project-member] Request filter 'accelerators_filter' took 0.0 seconds {{(pid=93434) wrapper /opt/stack/nova/nova/scheduler/request_filter.py:46}}
Aug 12 10:23:36.643863 np0000007034 nova-scheduler[93434]: DEBUG nova.scheduler.request_filter [None req-49368504-7280-40e9-82f7-22b484621575 tempest-ServerBootFromVolumeStableRescueTest-1455004680 tempest-ServerBootFromVolumeStableRescueTest-1455004680-project-member] Request filter 'packed_virtqueue_filter' took 0.0 seconds {{(pid=93434) wrapper /opt/stack/nova/nova/scheduler/request_filter.py:46}}
Aug 12 10:23:36.643863 np0000007034 nova-scheduler[93434]: DEBUG nova.scheduler.request_filter [None req-49368504-7280-40e9-82f7-22b484621575 tempest-ServerBootFromVolumeStableRescueTest-1455004680 tempest-ServerBootFromVolumeStableRescueTest-1455004680-project-member] Request filter 'remote_managed_ports_filter' took 0.0 seconds {{(pid=93434) wrapper /opt/stack/nova/nova/scheduler/request_filter.py:46}}
Aug 12 10:23:36.644018 np0000007034 nova-scheduler[93434]: DEBUG nova.scheduler.request_filter [None req-49368504-7280-40e9-82f7-22b484621575 tempest-ServerBootFromVolumeStableRescueTest-1455004680 tempest-ServerBootFromVolumeStableRescueTest-1455004680-project-member] ephemeral_encryption_filter skipped {{(pid=93434) ephemeral_encryption_filter /opt/stack/nova/nova/scheduler/request_filter.py:426}}
Aug 12 10:23:36.644159 np0000007034 nova-scheduler[93434]: DEBUG nova.scheduler.request_filter [None req-49368504-7280-40e9-82f7-22b484621575 tempest-ServerBootFromVolumeStableRescueTest-1455004680 tempest-ServerBootFromVolumeStableRescueTest-1455004680-project-member] virtio_sound_filter skipped {{(pid=93434) virtio_sound_filter /opt/stack/nova/nova/scheduler/request_filter.py:460}}
Aug 12 10:23:36.644629 np0000007034 nova-scheduler[93434]: DEBUG nova.scheduler.request_filter [None req-49368504-7280-40e9-82f7-22b484621575 tempest-ServerBootFromVolumeStableRescueTest-1455004680 tempest-ServerBootFromVolumeStableRescueTest-1455004680-project-member] tpm_secret_security_filter skipped {{(pid=93434) tpm_secret_security_filter /opt/stack/nova/nova/scheduler/request_filter.py:477}}
Aug 12 10:23:37.263347 np0000007034 nova-scheduler[93434]: INFO nova.utils [None req-49368504-7280-40e9-82f7-22b484621575 tempest-ServerBootFromVolumeStableRescueTest-1455004680 tempest-ServerBootFromVolumeStableRescueTest-1455004680-project-member] The cell worker thread pool ForkProcess-1.cell_worker is initialized
Aug 12 10:23:37.264170 np0000007034 nova-scheduler[93434]: DEBUG oslo_concurrency.lockutils [None req-49368504-7280-40e9-82f7-22b484621575 tempest-ServerBootFromVolumeStableRescueTest-1455004680 tempest-ServerBootFromVolumeStableRescueTest-1455004680-project-member] Acquiring lock "630c4dd2-1221-4254-ad96-04bcd277ad06" by "nova.context.set_target_cell..get_or_set_cached_cell_and_set_connections" {{(pid=93434) inner /opt/stack/data/venv/lib/python3.12/site-packages/oslo_concurrency/lockutils.py:512}}
Aug 12 10:23:37.264646 np0000007034 nova-scheduler[93434]: DEBUG oslo_concurrency.lockutils [None req-49368504-7280-40e9-82f7-22b484621575 tempest-ServerBootFromVolumeStableRescueTest-1455004680 tempest-ServerBootFromVolumeStableRescueTest-1455004680-project-member] Lock "630c4dd2-1221-4254-ad96-04bcd277ad06" acquired by "nova.context.set_target_cell..get_or_set_cached_cell_and_set_connections" :: waited 0.001s {{(pid=93434) inner /opt/stack/data/venv/lib/python3.12/site-packages/oslo_concurrency/lockutils.py:525}}
Aug 12 10:23:37.267142 np0000007034 nova-scheduler[93434]: DEBUG oslo_concurrency.lockutils [None req-49368504-7280-40e9-82f7-22b484621575 tempest-ServerBootFromVolumeStableRescueTest-1455004680 tempest-ServerBootFromVolumeStableRescueTest-1455004680-project-member] Lock "630c4dd2-1221-4254-ad96-04bcd277ad06" "released" by "nova.context.set_target_cell..get_or_set_cached_cell_and_set_connections" :: held 0.002s {{(pid=93434) inner /opt/stack/data/venv/lib/python3.12/site-packages/oslo_concurrency/lockutils.py:544}}
Aug 12 10:23:37.270126 np0000007034 nova-scheduler[93434]: INFO dbcounter [None req-49368504-7280-40e9-82f7-22b484621575 tempest-ServerBootFromVolumeStableRescueTest-1455004680 tempest-ServerBootFromVolumeStableRescueTest-1455004680-project-member] Registered counter for database nova_cell1
Aug 12 10:23:37.312863 np0000007034 nova-scheduler[93434]: DEBUG oslo_db.sqlalchemy.engines [None req-49368504-7280-40e9-82f7-22b484621575 tempest-ServerBootFromVolumeStableRescueTest-1455004680 tempest-ServerBootFromVolumeStableRescueTest-1455004680-project-member] MySQL server mode set to STRICT_TRANS_TABLES,STRICT_ALL_TABLES,NO_ZERO_IN_DATE,NO_ZERO_DATE,ERROR_FOR_DIVISION_BY_ZERO,TRADITIONAL,NO_ENGINE_SUBSTITUTION {{(pid=93434) _check_effective_sql_mode /opt/stack/data/venv/lib/python3.12/site-packages/oslo_db/sqlalchemy/engines.py:325}}
Aug 12 10:23:37.318142 np0000007034 nova-scheduler[93434]: DEBUG dbcounter [-] [93434] Writer thread running {{(pid=93434) stat_writer /opt/stack/data/venv/lib/python3.12/site-packages/dbcounter.py:102}}
Aug 12 10:23:37.332085 np0000007034 nova-scheduler[93434]: DEBUG oslo_db.sqlalchemy.engines [None req-49368504-7280-40e9-82f7-22b484621575 tempest-ServerBootFromVolumeStableRescueTest-1455004680 tempest-ServerBootFromVolumeStableRescueTest-1455004680-project-member] Parent process 92214 forked (93434) with an open database connection, which is being discarded and recreated. {{(pid=93434) checkout /opt/stack/data/venv/lib/python3.12/site-packages/oslo_db/sqlalchemy/engines.py:402}}
Aug 12 10:23:37.365808 np0000007034 nova-scheduler[93434]: DEBUG dbcounter [-] [93434] Writer thread running {{(pid=93434) stat_writer /opt/stack/data/venv/lib/python3.12/site-packages/dbcounter.py:102}}
Aug 12 10:23:37.368431 np0000007034 nova-scheduler[93434]: DEBUG oslo_concurrency.lockutils [None req-49368504-7280-40e9-82f7-22b484621575 tempest-ServerBootFromVolumeStableRescueTest-1455004680 tempest-ServerBootFromVolumeStableRescueTest-1455004680-project-member] Acquiring lock "630c4dd2-1221-4254-ad96-04bcd277ad06" by "nova.context.set_target_cell..get_or_set_cached_cell_and_set_connections" {{(pid=93434) inner /opt/stack/data/venv/lib/python3.12/site-packages/oslo_concurrency/lockutils.py:512}}
Aug 12 10:23:37.368690 np0000007034 nova-scheduler[93434]: DEBUG oslo_concurrency.lockutils [None req-49368504-7280-40e9-82f7-22b484621575 tempest-ServerBootFromVolumeStableRescueTest-1455004680 tempest-ServerBootFromVolumeStableRescueTest-1455004680-project-member] Lock "630c4dd2-1221-4254-ad96-04bcd277ad06" acquired by "nova.context.set_target_cell..get_or_set_cached_cell_and_set_connections" :: waited 0.000s {{(pid=93434) inner /opt/stack/data/venv/lib/python3.12/site-packages/oslo_concurrency/lockutils.py:525}}
Aug 12 10:23:37.368844 np0000007034 nova-scheduler[93434]: DEBUG oslo_concurrency.lockutils [None req-49368504-7280-40e9-82f7-22b484621575 tempest-ServerBootFromVolumeStableRescueTest-1455004680 tempest-ServerBootFromVolumeStableRescueTest-1455004680-project-member] Lock "630c4dd2-1221-4254-ad96-04bcd277ad06" "released" by "nova.context.set_target_cell..get_or_set_cached_cell_and_set_connections" :: held 0.000s {{(pid=93434) inner /opt/stack/data/venv/lib/python3.12/site-packages/oslo_concurrency/lockutils.py:544}}
Aug 12 10:23:37.371798 np0000007034 nova-scheduler[93434]: DEBUG oslo_concurrency.lockutils [None req-49368504-7280-40e9-82f7-22b484621575 tempest-ServerBootFromVolumeStableRescueTest-1455004680 tempest-ServerBootFromVolumeStableRescueTest-1455004680-project-member] Acquiring lock "np0000007034-np0000007034" by "nova.scheduler.host_manager.HostState.update.._locked_update" {{(pid=93434) inner /opt/stack/data/venv/lib/python3.12/site-packages/oslo_concurrency/lockutils.py:512}}
Aug 12 10:23:37.371985 np0000007034 nova-scheduler[93434]: DEBUG oslo_concurrency.lockutils [None req-49368504-7280-40e9-82f7-22b484621575 tempest-ServerBootFromVolumeStableRescueTest-1455004680 tempest-ServerBootFromVolumeStableRescueTest-1455004680-project-member] Lock "np0000007034-np0000007034" acquired by "nova.scheduler.host_manager.HostState.update.._locked_update" :: waited 0.000s {{(pid=93434) inner /opt/stack/data/venv/lib/python3.12/site-packages/oslo_concurrency/lockutils.py:525}}
Aug 12 10:23:37.372838 np0000007034 nova-scheduler[93434]: DEBUG nova.scheduler.host_manager [None req-49368504-7280-40e9-82f7-22b484621575 tempest-ServerBootFromVolumeStableRescueTest-1455004680 tempest-ServerBootFromVolumeStableRescueTest-1455004680-project-member] Update host state from compute node: ComputeNode(cpu_allocation_ratio=4.0,cpu_info='{"arch": "x86_64", "model": "EPYC-Milan", "vendor": "AMD", "topology": {"cells": 1, "sockets": 16, "cores": 1, "threads": 1}, "maxphysaddr": {"mode": "emulate", "bits": 40}, "features": ["svm", "bmi2", "aes", "avx", "xgetbv1", "stibp", "sse4.1", "pku", "xsaves", "pge", "fsrm", "no-nested-data-bp", "rdctl-no", "sep", "pae", "tsc", "mtrr", "mca", "vaes", "umip", "arch-capabilities", "3dnowprefetch", "fxsr", "erms", "rdtscp", "mce", "rdseed", "xsavec", "clwb", "tsc-deadline", "vpclmulqdq", "ssbd", "gds-no", "pat", "v-vmsave-vmload", "smap", "perfctr_core", "pni", "nrip-save", "clflush", "mds-no", "ssse3", "osvw", "avx2", "vme", "smep", "sse", "wbnoinvd", "de", "fpu", "virt-ssbd", "xsaveerptr", "lm", "sse2", "npt", "lahf_lm", "xsaveopt", "svme-addr-chk", "abm", "pfthreshold", "cx8", "cr8legacy", "bmi1", "pclmuldq", "amd-ssbd", "cmp_legacy", "f16c", "xsave", "pcid", "hypervisor", "sse4a", "skip-l1dfl-vmentry", "pause-filter", "amd-psfd", "sha-ni", "vgif", "amd-stibp", "nx", "ibpb", "syscall", "null-sel-clr-base", "pdpe1gb", "adx", "clzero", "cmov", "apic", "clflushopt", "arat", "pschange-mc-no", "stibp-always-on", "topoext", "msr", "pse", "fsgsbase", "rdrand", "mmxext", "spec-ctrl", "tsc_adjust", "fma", "tsc-scale", "cx16", "misalignsse", "sse4.2", "ibrs", "lfence-always-serializing", "popcnt", "rdpid", "flushbyasid", "x2apic", "vmcb-clean", "fxsr_opt", "movbe", "mmx", "invpcid", "pse36", "lbrv"]}',created_at=2026-08-12T10:21:29Z,current_workload=0,deleted=False,deleted_at=None,disk_allocation_ratio=1.0,disk_available_least=73,free_disk_gb=95,free_ram_mb=62765,host='np0000007034',host_ip=10.4.3.82,hypervisor_hostname='np0000007034',hypervisor_type='QEMU',hypervisor_version=8002002,id=1,local_gb=95,local_gb_used=0,mapped=1,memory_mb=63277,memory_mb_used=512,metrics='[]',numa_topology='{"nova_object.name": "NUMATopology", "nova_object.namespace": "nova", "nova_object.version": "1.2", "nova_object.data": {"cells": [{"nova_object.name": "NUMACell", "nova_object.namespace": "nova", "nova_object.version": "1.5", "nova_object.data": {"id": 0, "cpuset": [0, 1, 2, 3, 4, 5, 6, 7, 8, 9, 10, 11, 12, 13, 14, 15], "pcpuset": [0, 1, 2, 3, 4, 5, 6, 7, 8, 9, 10, 11, 12, 13, 14, 15], "memory": 63277, "cpu_usage": 0, "memory_usage": 0, "pinned_cpus": [], "siblings": [[6], [12], [2], [15], [5], [11], [8], [14], [4], [1], [7], [10], [0], [13], [3], [9]], "mempages": [{"nova_object.name": "NUMAPagesTopology", "nova_object.namespace": "nova", "nova_object.version": "1.1", "nova_object.data": {"size_kb": 4, "total": 16177928, "used": 0, "reserved": 0}, "nova_object.changes": ["size_kb", "reserved", "used", "total"]}, {"nova_object.name": "NUMAPagesTopology", "nova_object.namespace": "nova", "nova_object.version": "1.1", "nova_object.data": {"size_kb": 2048, "total": 41, "used": 0, "reserved": 0}, "nova_object.changes": ["size_kb", "reserved", "used", "total"]}, {"nova_object.name": "NUMAPagesTopology", "nova_object.namespace": "nova", "nova_object.version": "1.1", "nova_object.data": {"size_kb": 1048576, "total": 0, "used": 0, "reserved": 0}, "nova_object.changes": ["size_kb", "reserved", "used", "total"]}], "network_metadata": {"nova_object.name": "NetworkMetadata", "nova_object.namespace": "nova", "nova_object.version": "1.0", "nova_object.data": {"physnets": [], "tunneled": false}, "nova_object.changes": ["physnets", "tunneled"]}, "socket": null}, "nova_object.changes": ["network_metadata", "socket", "pinned_cpus", "memory_usage", "siblings", "memory", "cpu_usage", "pcpuset", "mempages", "cpuset", "id"]}]}, "nova_object.changes": ["cells"]}',pci_device_pools=PciDevicePoolList,ram_allocation_ratio=1.0,running_vms=0,service_id=3,stats={failed_builds='0',uptime=' 10:23:17 up 14 min, 2 users, load average: 1.97, 1.44, 0.78
Aug 12 10:23:37.372838 np0000007034 nova-scheduler[93434]: '},supported_hv_specs=[HVSpec,HVSpec,HVSpec,HVSpec,HVSpec,HVSpec,HVSpec,HVSpec,HVSpec,HVSpec,HVSpec,HVSpec,HVSpec,HVSpec,HVSpec,HVSpec,HVSpec,HVSpec,HVSpec,HVSpec,HVSpec,HVSpec,HVSpec,HVSpec,HVSpec],updated_at=2026-08-12T10:23:18Z,uuid=f52e33a1-72e9-48f8-aad0-9feba104e671,vcpus=16,vcpus_used=0) {{(pid=93434) _locked_update /opt/stack/nova/nova/scheduler/host_manager.py:168}}
Aug 12 10:23:37.373573 np0000007034 nova-scheduler[93434]: DEBUG nova.scheduler.host_manager [None req-49368504-7280-40e9-82f7-22b484621575 tempest-ServerBootFromVolumeStableRescueTest-1455004680 tempest-ServerBootFromVolumeStableRescueTest-1455004680-project-member] Update host state with aggregates: [] {{(pid=93434) _locked_update /opt/stack/nova/nova/scheduler/host_manager.py:171}}
Aug 12 10:23:37.373678 np0000007034 nova-scheduler[93434]: DEBUG nova.scheduler.host_manager [None req-49368504-7280-40e9-82f7-22b484621575 tempest-ServerBootFromVolumeStableRescueTest-1455004680 tempest-ServerBootFromVolumeStableRescueTest-1455004680-project-member] Update host state with service dict: {'id': 3, 'uuid': '7c03df8f-80a5-4940-846e-2879e1248dbc', 'host': 'np0000007034', 'binary': 'nova-compute', 'topic': 'compute', 'report_count': 2, 'disabled': False, 'disabled_reason': None, 'last_seen_up': datetime.datetime(2026, 8, 12, 10, 23, 35, tzinfo=datetime.timezone.utc), 'forced_down': False, 'version': 72, 'created_at': datetime.datetime(2026, 8, 12, 10, 21, 28, tzinfo=datetime.timezone.utc), 'updated_at': datetime.datetime(2026, 8, 12, 10, 23, 35, tzinfo=datetime.timezone.utc), 'deleted_at': None, 'deleted': False} {{(pid=93434) _locked_update /opt/stack/nova/nova/scheduler/host_manager.py:174}}
Aug 12 10:23:37.373810 np0000007034 nova-scheduler[93434]: DEBUG nova.scheduler.host_manager [None req-49368504-7280-40e9-82f7-22b484621575 tempest-ServerBootFromVolumeStableRescueTest-1455004680 tempest-ServerBootFromVolumeStableRescueTest-1455004680-project-member] Update host state with instances: [] {{(pid=93434) _locked_update /opt/stack/nova/nova/scheduler/host_manager.py:177}}
Aug 12 10:23:37.373950 np0000007034 nova-scheduler[93434]: DEBUG oslo_concurrency.lockutils [None req-49368504-7280-40e9-82f7-22b484621575 tempest-ServerBootFromVolumeStableRescueTest-1455004680 tempest-ServerBootFromVolumeStableRescueTest-1455004680-project-member] Lock "np0000007034-np0000007034" "released" by "nova.scheduler.host_manager.HostState.update.._locked_update" :: held 0.002s {{(pid=93434) inner /opt/stack/data/venv/lib/python3.12/site-packages/oslo_concurrency/lockutils.py:544}}
Aug 12 10:23:37.374367 np0000007034 nova-scheduler[93434]: DEBUG nova.filters [None req-49368504-7280-40e9-82f7-22b484621575 tempest-ServerBootFromVolumeStableRescueTest-1455004680 tempest-ServerBootFromVolumeStableRescueTest-1455004680-project-member] Starting with 1 host(s) {{(pid=93434) get_filtered_objects /opt/stack/nova/nova/filters.py:70}}
Aug 12 10:23:37.374599 np0000007034 nova-scheduler[93434]: DEBUG nova.filters [None req-49368504-7280-40e9-82f7-22b484621575 tempest-ServerBootFromVolumeStableRescueTest-1455004680 tempest-ServerBootFromVolumeStableRescueTest-1455004680-project-member] Filter ComputeFilter returned 1 host(s) {{(pid=93434) get_filtered_objects /opt/stack/nova/nova/filters.py:102}}
Aug 12 10:23:37.374810 np0000007034 nova-scheduler[93434]: DEBUG nova.filters [None req-49368504-7280-40e9-82f7-22b484621575 tempest-ServerBootFromVolumeStableRescueTest-1455004680 tempest-ServerBootFromVolumeStableRescueTest-1455004680-project-member] Filter ComputeCapabilitiesFilter returned 1 host(s) {{(pid=93434) get_filtered_objects /opt/stack/nova/nova/filters.py:102}}
Aug 12 10:23:37.375186 np0000007034 nova-scheduler[93434]: DEBUG nova.filters [None req-49368504-7280-40e9-82f7-22b484621575 tempest-ServerBootFromVolumeStableRescueTest-1455004680 tempest-ServerBootFromVolumeStableRescueTest-1455004680-project-member] Filter ImagePropertiesFilter returned 1 host(s) {{(pid=93434) get_filtered_objects /opt/stack/nova/nova/filters.py:102}}
Aug 12 10:23:37.375418 np0000007034 nova-scheduler[93434]: DEBUG nova.filters [None req-49368504-7280-40e9-82f7-22b484621575 tempest-ServerBootFromVolumeStableRescueTest-1455004680 tempest-ServerBootFromVolumeStableRescueTest-1455004680-project-member] Filter ServerGroupAntiAffinityFilter returned 1 host(s) {{(pid=93434) get_filtered_objects /opt/stack/nova/nova/filters.py:102}}
Aug 12 10:23:37.375569 np0000007034 nova-scheduler[93434]: DEBUG nova.filters [None req-49368504-7280-40e9-82f7-22b484621575 tempest-ServerBootFromVolumeStableRescueTest-1455004680 tempest-ServerBootFromVolumeStableRescueTest-1455004680-project-member] Filter ServerGroupAffinityFilter returned 1 host(s) {{(pid=93434) get_filtered_objects /opt/stack/nova/nova/filters.py:102}}
Aug 12 10:23:37.375622 np0000007034 nova-scheduler[93434]: DEBUG nova.filters [None req-49368504-7280-40e9-82f7-22b484621575 tempest-ServerBootFromVolumeStableRescueTest-1455004680 tempest-ServerBootFromVolumeStableRescueTest-1455004680-project-member] Filter SameHostFilter returned 1 host(s) {{(pid=93434) get_filtered_objects /opt/stack/nova/nova/filters.py:102}}
Aug 12 10:23:37.375747 np0000007034 nova-scheduler[93434]: DEBUG nova.filters [None req-49368504-7280-40e9-82f7-22b484621575 tempest-ServerBootFromVolumeStableRescueTest-1455004680 tempest-ServerBootFromVolumeStableRescueTest-1455004680-project-member] Filter DifferentHostFilter returned 1 host(s) {{(pid=93434) get_filtered_objects /opt/stack/nova/nova/filters.py:102}}
Aug 12 10:23:37.375923 np0000007034 nova-scheduler[93434]: DEBUG nova.scheduler.manager [None req-49368504-7280-40e9-82f7-22b484621575 tempest-ServerBootFromVolumeStableRescueTest-1455004680 tempest-ServerBootFromVolumeStableRescueTest-1455004680-project-member] Filtered [(np0000007034, np0000007034) ram: 62765MB disk: 74752MB io_ops: 0 instances: 0, allocation_candidates: 1] {{(pid=93434) _get_sorted_hosts /opt/stack/nova/nova/scheduler/manager.py:742}}
Aug 12 10:23:37.376103 np0000007034 nova-scheduler[93434]: DEBUG nova.scheduler.manager [None req-49368504-7280-40e9-82f7-22b484621575 tempest-ServerBootFromVolumeStableRescueTest-1455004680 tempest-ServerBootFromVolumeStableRescueTest-1455004680-project-member] Weighed [WeighedHost [host: (np0000007034, np0000007034) ram: 62765MB disk: 74752MB io_ops: 0 instances: 0, allocation_candidates: 1, weight: 0.0]] {{(pid=93434) _get_sorted_hosts /opt/stack/nova/nova/scheduler/manager.py:764}}
Aug 12 10:23:37.376249 np0000007034 nova-scheduler[93434]: DEBUG nova.scheduler.utils [None req-49368504-7280-40e9-82f7-22b484621575 tempest-ServerBootFromVolumeStableRescueTest-1455004680 tempest-ServerBootFromVolumeStableRescueTest-1455004680-project-member] Attempting to claim resources in the placement API for instance 606f825b-0010-4de9-b7c8-865e858c77a1 {{(pid=93434) claim_resources /opt/stack/nova/nova/scheduler/utils.py:1345}}
Aug 12 10:23:37.514802 np0000007034 nova-scheduler[93434]: DEBUG nova.scheduler.manager [None req-49368504-7280-40e9-82f7-22b484621575 tempest-ServerBootFromVolumeStableRescueTest-1455004680 tempest-ServerBootFromVolumeStableRescueTest-1455004680-project-member] [instance: 606f825b-0010-4de9-b7c8-865e858c77a1] Selected host: (np0000007034, np0000007034) ram: 62765MB disk: 74752MB io_ops: 0 instances: 0, allocation_candidates: 1 {{(pid=93434) _consume_selected_host /opt/stack/nova/nova/scheduler/manager.py:624}}
Aug 12 10:23:37.515622 np0000007034 nova-scheduler[93434]: DEBUG oslo_concurrency.lockutils [None req-49368504-7280-40e9-82f7-22b484621575 tempest-ServerBootFromVolumeStableRescueTest-1455004680 tempest-ServerBootFromVolumeStableRescueTest-1455004680-project-member] Acquiring lock "np0000007034-np0000007034" by "nova.scheduler.host_manager.HostState.consume_from_request.._locked" {{(pid=93434) inner /opt/stack/data/venv/lib/python3.12/site-packages/oslo_concurrency/lockutils.py:512}}
Aug 12 10:23:37.515813 np0000007034 nova-scheduler[93434]: DEBUG oslo_concurrency.lockutils [None req-49368504-7280-40e9-82f7-22b484621575 tempest-ServerBootFromVolumeStableRescueTest-1455004680 tempest-ServerBootFromVolumeStableRescueTest-1455004680-project-member] Lock "np0000007034-np0000007034" acquired by "nova.scheduler.host_manager.HostState.consume_from_request.._locked" :: waited 0.000s {{(pid=93434) inner /opt/stack/data/venv/lib/python3.12/site-packages/oslo_concurrency/lockutils.py:525}}
Aug 12 10:23:37.515956 np0000007034 nova-scheduler[93434]: DEBUG oslo_concurrency.lockutils [None req-49368504-7280-40e9-82f7-22b484621575 tempest-ServerBootFromVolumeStableRescueTest-1455004680 tempest-ServerBootFromVolumeStableRescueTest-1455004680-project-member] Lock "np0000007034-np0000007034" "released" by "nova.scheduler.host_manager.HostState.consume_from_request.._locked" :: held 0.000s {{(pid=93434) inner /opt/stack/data/venv/lib/python3.12/site-packages/oslo_concurrency/lockutils.py:544}}
Aug 12 10:23:37.823011 np0000007034 nova-scheduler[93479]: DEBUG nova.scheduler.manager [None req-90ad3e00-5aca-4e33-b81b-28116ea92f41 tempest-ServerActionsTestOtherA-2012220687 tempest-ServerActionsTestOtherA-2012220687-project-member] Starting to schedule for instances: ['eeb28ca3-07b4-4929-a968-43a4c4ccbc49'] {{(pid=93479) select_destinations /opt/stack/nova/nova/scheduler/manager.py:209}}
Aug 12 10:23:37.823522 np0000007034 nova-scheduler[93479]: DEBUG nova.scheduler.request_filter [None req-90ad3e00-5aca-4e33-b81b-28116ea92f41 tempest-ServerActionsTestOtherA-2012220687 tempest-ServerActionsTestOtherA-2012220687-project-member] compute_status_filter request filter added forbidden trait COMPUTE_STATUS_DISABLED {{(pid=93479) compute_status_filter /opt/stack/nova/nova/scheduler/request_filter.py:253}}
Aug 12 10:23:37.823522 np0000007034 nova-scheduler[93479]: DEBUG nova.scheduler.request_filter [None req-90ad3e00-5aca-4e33-b81b-28116ea92f41 tempest-ServerActionsTestOtherA-2012220687 tempest-ServerActionsTestOtherA-2012220687-project-member] Request filter 'compute_status_filter' took 0.0 seconds {{(pid=93479) wrapper /opt/stack/nova/nova/scheduler/request_filter.py:46}}
Aug 12 10:23:37.823522 np0000007034 nova-scheduler[93479]: DEBUG nova.scheduler.request_filter [None req-90ad3e00-5aca-4e33-b81b-28116ea92f41 tempest-ServerActionsTestOtherA-2012220687 tempest-ServerActionsTestOtherA-2012220687-project-member] Request filter 'accelerators_filter' took 0.0 seconds {{(pid=93479) wrapper /opt/stack/nova/nova/scheduler/request_filter.py:46}}
Aug 12 10:23:37.823613 np0000007034 nova-scheduler[93479]: DEBUG nova.scheduler.request_filter [None req-90ad3e00-5aca-4e33-b81b-28116ea92f41 tempest-ServerActionsTestOtherA-2012220687 tempest-ServerActionsTestOtherA-2012220687-project-member] Request filter 'packed_virtqueue_filter' took 0.0 seconds {{(pid=93479) wrapper /opt/stack/nova/nova/scheduler/request_filter.py:46}}
