Jun 25 17:48:20.421445 np0000003629 devstack@c-api.service[99900]: INFO cinder.api.openstack.wsgi [None req-c104ea75-f4ff-4e73-bf66-ebfa0147cad2 tempest-AttachVolumeMultiAttachTest-1773321162 tempest-AttachVolumeMultiAttachTest-1773321162-project-member] https://10.4.3.142/volume/v3/volumes/bc8a2e65-330c-468f-a25f-9fc90f738be9 returned with HTTP 200
Jun 25 17:48:20.422006 np0000003629 devstack@c-api.service[99900]: [pid: 99900|app: 0|req: 87/348] 10.4.3.142 () {66 vars in 1348 bytes} [Thu Jun 25 17:48:20 2026] GET /volume/v3/volumes/bc8a2e65-330c-468f-a25f-9fc90f738be9 => generated 1145 bytes in 25 msecs (HTTP/1.1 200) 7 headers in 286 bytes (1 switches on core 0)
Jun 25 17:48:20.430378 np0000003629 devstack@c-api.service[99902]: /opt/stack/data/venv/lib/python3.12/site-packages/oslo_context/context.py:102: DeprecationWarning: Policy enforcement is depending on the value of is_admin. This key is deprecated. Please update your policy file to use the standard policy values.
Jun 25 17:48:20.430378 np0000003629 devstack@c-api.service[99902]: warnings.warn(
Jun 25 17:48:20.433730 np0000003629 devstack@c-api.service[99902]: INFO cinder.volume.api [None req-222c7217-052f-4425-8661-32f281e060e6 tempest-TestMultiAttachVolumeSwap-1528108678 tempest-TestMultiAttachVolumeSwap-1528108678-project-reader] Volume info retrieved successfully.
Jun 25 17:48:20.437669 np0000003629 devstack@c-api.service[99902]: INFO cinder.api.openstack.wsgi [None req-222c7217-052f-4425-8661-32f281e060e6 tempest-TestMultiAttachVolumeSwap-1528108678 tempest-TestMultiAttachVolumeSwap-1528108678-project-reader] https://10.4.3.142/volume/v3/volumes/ca1fe8d0-d3f1-4615-8a8b-cf78d2744132 returned with HTTP 200
Jun 25 17:48:20.438040 np0000003629 devstack@c-api.service[99902]: [pid: 99902|app: 0|req: 87/349] 10.4.3.142 () {66 vars in 1348 bytes} [Thu Jun 25 17:48:20 2026] GET /volume/v3/volumes/ca1fe8d0-d3f1-4615-8a8b-cf78d2744132 => generated 1457 bytes in 21 msecs (HTTP/1.1 200) 7 headers in 286 bytes (1 switches on core 0)
Jun 25 17:48:20.452904 np0000003629 devstack@c-api.service[99901]: DEBUG cinder.api.middleware.request_id [None req-8be981cf-c44c-4939-af32-76c52c3130ae None None] RequestId filter calling following filter/app {{(pid=99901) _context_setter /opt/stack/cinder/cinder/api/middleware/request_id.py:62}}
Jun 25 17:48:20.455143 np0000003629 devstack@c-api.service[99901]: INFO cinder.api.openstack.wsgi [None req-8be981cf-c44c-4939-af32-76c52c3130ae tempest-TestMultiAttachVolumeSwap-1528108678 tempest-TestMultiAttachVolumeSwap-1528108678-project-reader] GET https://10.4.3.142/volume/v3/volumes/3b0150c2-80ba-4b7c-99a1-2e8f4810e87b
Jun 25 17:48:20.455914 np0000003629 devstack@c-api.service[99901]: DEBUG cinder.api.openstack.wsgi [None req-8be981cf-c44c-4939-af32-76c52c3130ae tempest-TestMultiAttachVolumeSwap-1528108678 tempest-TestMultiAttachVolumeSwap-1528108678-project-reader] Empty body provided in request {{(pid=99901) get_body /opt/stack/cinder/cinder/api/openstack/wsgi.py:725}}
Jun 25 17:48:20.455914 np0000003629 devstack@c-api.service[99901]: DEBUG cinder.api.openstack.wsgi [None req-8be981cf-c44c-4939-af32-76c52c3130ae tempest-TestMultiAttachVolumeSwap-1528108678 tempest-TestMultiAttachVolumeSwap-1528108678-project-reader] Calling method 'show' {{(pid=99901) _process_stack /opt/stack/cinder/cinder/api/openstack/wsgi.py:878}}
Jun 25 17:48:20.464934 np0000003629 devstack@c-api.service[99901]: /opt/stack/data/venv/lib/python3.12/site-packages/oslo_context/context.py:102: DeprecationWarning: Policy enforcement is depending on the value of is_admin. This key is deprecated. Please update your policy file to use the standard policy values.
Jun 25 17:48:20.464934 np0000003629 devstack@c-api.service[99901]: warnings.warn(
Jun 25 17:48:20.470198 np0000003629 devstack@c-api.service[99901]: INFO cinder.volume.api [None req-8be981cf-c44c-4939-af32-76c52c3130ae tempest-TestMultiAttachVolumeSwap-1528108678 tempest-TestMultiAttachVolumeSwap-1528108678-project-reader] Volume info retrieved successfully.
Jun 25 17:48:20.474459 np0000003629 devstack@c-api.service[99899]: DEBUG cinder.api.middleware.request_id [None req-f3d7e534-8855-48c6-bc53-23394784fbcc None None] RequestId filter calling following filter/app {{(pid=99899) _context_setter /opt/stack/cinder/cinder/api/middleware/request_id.py:62}}
Jun 25 17:48:20.476240 np0000003629 devstack@c-api.service[99899]: INFO cinder.api.openstack.wsgi [None req-f3d7e534-8855-48c6-bc53-23394784fbcc tempest-AttachVolumeMultiAttachTest-1773321162 tempest-AttachVolumeMultiAttachTest-1773321162-project-reader] GET https://10.4.3.142/volume/v3/volumes/bc8a2e65-330c-468f-a25f-9fc90f738be9
Jun 25 17:48:20.476440 np0000003629 devstack@c-api.service[99899]: DEBUG cinder.api.openstack.wsgi [None req-f3d7e534-8855-48c6-bc53-23394784fbcc tempest-AttachVolumeMultiAttachTest-1773321162 tempest-AttachVolumeMultiAttachTest-1773321162-project-reader] Empty body provided in request {{(pid=99899) get_body /opt/stack/cinder/cinder/api/openstack/wsgi.py:725}}
Jun 25 17:48:20.476506 np0000003629 devstack@c-api.service[99901]: INFO cinder.api.openstack.wsgi [None req-8be981cf-c44c-4939-af32-76c52c3130ae tempest-TestMultiAttachVolumeSwap-1528108678 tempest-TestMultiAttachVolumeSwap-1528108678-project-reader] https://10.4.3.142/volume/v3/volumes/3b0150c2-80ba-4b7c-99a1-2e8f4810e87b returned with HTTP 200
Jun 25 17:48:20.476609 np0000003629 devstack@c-api.service[99899]: DEBUG cinder.api.openstack.wsgi [None req-f3d7e534-8855-48c6-bc53-23394784fbcc tempest-AttachVolumeMultiAttachTest-1773321162 tempest-AttachVolumeMultiAttachTest-1773321162-project-reader] Calling method 'show' {{(pid=99899) _process_stack /opt/stack/cinder/cinder/api/openstack/wsgi.py:878}}
Jun 25 17:48:20.477027 np0000003629 devstack@c-api.service[99901]: [pid: 99901|app: 0|req: 85/350] 10.4.3.142 () {66 vars in 1348 bytes} [Thu Jun 25 17:48:20 2026] GET /volume/v3/volumes/3b0150c2-80ba-4b7c-99a1-2e8f4810e87b => generated 851 bytes in 25 msecs (HTTP/1.1 200) 7 headers in 285 bytes (1 switches on core 0)
Jun 25 17:48:20.492931 np0000003629 devstack@c-api.service[99899]: /opt/stack/data/venv/lib/python3.12/site-packages/oslo_context/context.py:102: DeprecationWarning: Policy enforcement is depending on the value of is_admin. This key is deprecated. Please update your policy file to use the standard policy values.
Jun 25 17:48:20.492931 np0000003629 devstack@c-api.service[99899]: warnings.warn(
Jun 25 17:48:20.497595 np0000003629 devstack@c-api.service[99899]: INFO cinder.volume.api [None req-f3d7e534-8855-48c6-bc53-23394784fbcc tempest-AttachVolumeMultiAttachTest-1773321162 tempest-AttachVolumeMultiAttachTest-1773321162-project-reader] Volume info retrieved successfully.
Jun 25 17:48:20.505944 np0000003629 devstack@c-api.service[99899]: INFO cinder.api.openstack.wsgi [None req-f3d7e534-8855-48c6-bc53-23394784fbcc tempest-AttachVolumeMultiAttachTest-1773321162 tempest-AttachVolumeMultiAttachTest-1773321162-project-reader] https://10.4.3.142/volume/v3/volumes/bc8a2e65-330c-468f-a25f-9fc90f738be9 returned with HTTP 200
Jun 25 17:48:20.506631 np0000003629 devstack@c-api.service[99899]: [pid: 99899|app: 0|req: 92/351] 10.4.3.142 () {66 vars in 1348 bytes} [Thu Jun 25 17:48:20 2026] GET /volume/v3/volumes/bc8a2e65-330c-468f-a25f-9fc90f738be9 => generated 1145 bytes in 33 msecs (HTTP/1.1 200) 7 headers in 286 bytes (1 switches on core 0)
Jun 25 17:48:20.585781 np0000003629 devstack@c-api.service[99900]: DEBUG cinder.api.middleware.request_id [req-26af3d66-d4ac-49cd-b5eb-4e0205da7e23 req-f64a216b-8d82-4530-bbd0-28758839c2e9 None None] RequestId filter calling following filter/app {{(pid=99900) _context_setter /opt/stack/cinder/cinder/api/middleware/request_id.py:62}}
Jun 25 17:48:20.589065 np0000003629 devstack@c-api.service[99900]: INFO cinder.api.openstack.wsgi [req-26af3d66-d4ac-49cd-b5eb-4e0205da7e23 req-f64a216b-8d82-4530-bbd0-28758839c2e9 tempest-AttachVolumeMultiAttachTest-1773321162 tempest-AttachVolumeMultiAttachTest-1773321162-project-member] GET https://10.4.3.142/volume/v3/volumes/bc8a2e65-330c-468f-a25f-9fc90f738be9
Jun 25 17:48:20.589542 np0000003629 devstack@c-api.service[99900]: DEBUG cinder.api.openstack.wsgi [req-26af3d66-d4ac-49cd-b5eb-4e0205da7e23 req-f64a216b-8d82-4530-bbd0-28758839c2e9 tempest-AttachVolumeMultiAttachTest-1773321162 tempest-AttachVolumeMultiAttachTest-1773321162-project-member] Empty body provided in request {{(pid=99900) get_body /opt/stack/cinder/cinder/api/openstack/wsgi.py:725}}
Jun 25 17:48:20.589638 np0000003629 devstack@c-api.service[99900]: DEBUG cinder.api.openstack.wsgi [req-26af3d66-d4ac-49cd-b5eb-4e0205da7e23 req-f64a216b-8d82-4530-bbd0-28758839c2e9 tempest-AttachVolumeMultiAttachTest-1773321162 tempest-AttachVolumeMultiAttachTest-1773321162-project-member] Calling method 'show' {{(pid=99900) _process_stack /opt/stack/cinder/cinder/api/openstack/wsgi.py:878}}
Jun 25 17:48:20.590999 np0000003629 devstack@c-api.service[99902]: DEBUG cinder.api.middleware.request_id [None req-dfdfc39d-571e-45c0-afd5-3ad82d62ccb8 None None] RequestId filter calling following filter/app {{(pid=99902) _context_setter /opt/stack/cinder/cinder/api/middleware/request_id.py:62}}
Jun 25 17:48:20.593196 np0000003629 devstack@c-api.service[99902]: INFO cinder.api.openstack.wsgi [None req-dfdfc39d-571e-45c0-afd5-3ad82d62ccb8 tempest-TestMultiAttachVolumeSwap-1528108678 tempest-TestMultiAttachVolumeSwap-1528108678-project-member] GET https://10.4.3.142/volume/v3/volumes/ca1fe8d0-d3f1-4615-8a8b-cf78d2744132
Jun 25 17:48:20.593427 np0000003629 devstack@c-api.service[99900]: DEBUG dbcounter [-] [99900] Writing DB stats cinder:SELECT=309,cinder:UPDATE=26,cinder:INSERT=10 {{(pid=99900) stat_writer /opt/stack/data/venv/lib/python3.12/site-packages/dbcounter.py:115}}
Jun 25 17:48:20.593505 np0000003629 devstack@c-api.service[99902]: DEBUG cinder.api.openstack.wsgi [None req-dfdfc39d-571e-45c0-afd5-3ad82d62ccb8 tempest-TestMultiAttachVolumeSwap-1528108678 tempest-TestMultiAttachVolumeSwap-1528108678-project-member] Empty body provided in request {{(pid=99902) get_body /opt/stack/cinder/cinder/api/openstack/wsgi.py:725}}
Jun 25 17:48:20.593624 np0000003629 devstack@c-api.service[99902]: DEBUG cinder.api.openstack.wsgi [None req-dfdfc39d-571e-45c0-afd5-3ad82d62ccb8 tempest-TestMultiAttachVolumeSwap-1528108678 tempest-TestMultiAttachVolumeSwap-1528108678-project-member] Calling method 'show' {{(pid=99902) _process_stack /opt/stack/cinder/cinder/api/openstack/wsgi.py:878}}
Jun 25 17:48:20.607261 np0000003629 devstack@c-api.service[99900]: /opt/stack/data/venv/lib/python3.12/site-packages/oslo_context/context.py:102: DeprecationWarning: Policy enforcement is depending on the value of is_admin. This key is deprecated. Please update your policy file to use the standard policy values.
Jun 25 17:48:20.607261 np0000003629 devstack@c-api.service[99900]: warnings.warn(
Jun 25 17:48:20.609587 np0000003629 devstack@c-api.service[99902]: /opt/stack/data/venv/lib/python3.12/site-packages/oslo_context/context.py:102: DeprecationWarning: Policy enforcement is depending on the value of is_admin. This key is deprecated. Please update your policy file to use the standard policy values.
Jun 25 17:48:20.609587 np0000003629 devstack@c-api.service[99902]: warnings.warn(
Jun 25 17:48:20.614316 np0000003629 devstack@c-api.service[99900]: INFO cinder.volume.api [req-26af3d66-d4ac-49cd-b5eb-4e0205da7e23 req-f64a216b-8d82-4530-bbd0-28758839c2e9 tempest-AttachVolumeMultiAttachTest-1773321162 tempest-AttachVolumeMultiAttachTest-1773321162-project-member] Volume info retrieved successfully.
Jun 25 17:48:20.615136 np0000003629 devstack@c-api.service[99902]: INFO cinder.volume.api [None req-dfdfc39d-571e-45c0-afd5-3ad82d62ccb8 tempest-TestMultiAttachVolumeSwap-1528108678 tempest-TestMultiAttachVolumeSwap-1528108678-project-member] Volume info retrieved successfully.
Jun 25 17:48:20.620969 np0000003629 devstack@c-api.service[99900]: INFO cinder.api.openstack.wsgi [req-26af3d66-d4ac-49cd-b5eb-4e0205da7e23 req-f64a216b-8d82-4530-bbd0-28758839c2e9 tempest-AttachVolumeMultiAttachTest-1773321162 tempest-AttachVolumeMultiAttachTest-1773321162-project-member] https://10.4.3.142/volume/v3/volumes/bc8a2e65-330c-468f-a25f-9fc90f738be9 returned with HTTP 200
Jun 25 17:48:20.621609 np0000003629 devstack@c-api.service[99900]: [pid: 99900|app: 0|req: 88/352] 10.4.3.142 () {68 vars in 1598 bytes} [Thu Jun 25 17:48:20 2026] GET /volume/v3/volumes/bc8a2e65-330c-468f-a25f-9fc90f738be9 => generated 1145 bytes in 36 msecs (HTTP/1.1 200) 7 headers in 286 bytes (1 switches on core 0)
Jun 25 17:48:20.621798 np0000003629 devstack@c-api.service[99902]: INFO cinder.api.openstack.wsgi [None req-dfdfc39d-571e-45c0-afd5-3ad82d62ccb8 tempest-TestMultiAttachVolumeSwap-1528108678 tempest-TestMultiAttachVolumeSwap-1528108678-project-member] https://10.4.3.142/volume/v3/volumes/ca1fe8d0-d3f1-4615-8a8b-cf78d2744132 returned with HTTP 200
Jun 25 17:48:20.622420 np0000003629 devstack@c-api.service[99902]: [pid: 99902|app: 0|req: 88/353] 10.4.3.142 () {66 vars in 1348 bytes} [Thu Jun 25 17:48:20 2026] GET /volume/v3/volumes/ca1fe8d0-d3f1-4615-8a8b-cf78d2744132 => generated 1457 bytes in 32 msecs (HTTP/1.1 200) 7 headers in 286 bytes (1 switches on core 0)
Jun 25 17:48:20.670004 np0000003629 devstack@c-api.service[99901]: DEBUG cinder.api.middleware.request_id [req-26af3d66-d4ac-49cd-b5eb-4e0205da7e23 req-56341d18-c9b5-4b87-9e5e-544194a7c122 None None] RequestId filter calling following filter/app {{(pid=99901) _context_setter /opt/stack/cinder/cinder/api/middleware/request_id.py:62}}
Jun 25 17:48:20.672027 np0000003629 devstack@c-api.service[99901]: INFO cinder.api.openstack.wsgi [req-26af3d66-d4ac-49cd-b5eb-4e0205da7e23 req-56341d18-c9b5-4b87-9e5e-544194a7c122 tempest-AttachVolumeMultiAttachTest-1773321162 tempest-AttachVolumeMultiAttachTest-1773321162-project-member] POST https://10.4.3.142/volume/v3/volumes/bc8a2e65-330c-468f-a25f-9fc90f738be9/action
Jun 25 17:48:20.672426 np0000003629 devstack@c-api.service[99901]: DEBUG cinder.api.openstack.wsgi [req-26af3d66-d4ac-49cd-b5eb-4e0205da7e23 req-56341d18-c9b5-4b87-9e5e-544194a7c122 tempest-AttachVolumeMultiAttachTest-1773321162 tempest-AttachVolumeMultiAttachTest-1773321162-project-member] Action body: b'{"os-begin_detaching": null}' {{(pid=99901) get_method /opt/stack/cinder/cinder/api/openstack/wsgi.py:993}}
Jun 25 17:48:20.672563 np0000003629 devstack@c-api.service[99901]: DEBUG cinder.api.openstack.wsgi [req-26af3d66-d4ac-49cd-b5eb-4e0205da7e23 req-56341d18-c9b5-4b87-9e5e-544194a7c122 tempest-AttachVolumeMultiAttachTest-1773321162 tempest-AttachVolumeMultiAttachTest-1773321162-project-member] Action: 'action', calling method: _begin_detaching, body: {"os-begin_detaching": null} {{(pid=99901) _process_stack /opt/stack/cinder/cinder/api/openstack/wsgi.py:876}}
Jun 25 17:48:20.687045 np0000003629 devstack@c-api.service[99901]: /opt/stack/data/venv/lib/python3.12/site-packages/oslo_context/context.py:102: DeprecationWarning: Policy enforcement is depending on the value of is_admin. This key is deprecated. Please update your policy file to use the standard policy values.
Jun 25 17:48:20.687045 np0000003629 devstack@c-api.service[99901]: warnings.warn(
Jun 25 17:48:20.687552 np0000003629 devstack@c-api.service[99901]: INFO cinder.volume.api [req-26af3d66-d4ac-49cd-b5eb-4e0205da7e23 req-56341d18-c9b5-4b87-9e5e-544194a7c122 tempest-AttachVolumeMultiAttachTest-1773321162 tempest-AttachVolumeMultiAttachTest-1773321162-project-member] Volume info retrieved successfully.
Jun 25 17:48:20.693706 np0000003629 devstack@c-api.service[99899]: DEBUG cinder.api.middleware.request_id [req-fc1c207d-5432-4060-89a3-5d214e64ca9a req-25e310e2-cc10-4bfc-8b2b-d4d19da8956a None None] RequestId filter calling following filter/app {{(pid=99899) _context_setter /opt/stack/cinder/cinder/api/middleware/request_id.py:62}}
Jun 25 17:48:20.696482 np0000003629 devstack@c-api.service[99899]: INFO cinder.api.openstack.wsgi [req-fc1c207d-5432-4060-89a3-5d214e64ca9a req-25e310e2-cc10-4bfc-8b2b-d4d19da8956a tempest-TestMultiAttachVolumeSwap-1528108678 tempest-TestMultiAttachVolumeSwap-1528108678-project-member] GET https://10.4.3.142/volume/v3/volumes/ca1fe8d0-d3f1-4615-8a8b-cf78d2744132
Jun 25 17:48:20.696638 np0000003629 devstack@c-api.service[99901]: INFO cinder.volume.api [req-26af3d66-d4ac-49cd-b5eb-4e0205da7e23 req-56341d18-c9b5-4b87-9e5e-544194a7c122 tempest-AttachVolumeMultiAttachTest-1773321162 tempest-AttachVolumeMultiAttachTest-1773321162-project-member] Begin detaching volume completed successfully.
Jun 25 17:48:20.696872 np0000003629 devstack@c-api.service[99901]: INFO cinder.api.openstack.wsgi [req-26af3d66-d4ac-49cd-b5eb-4e0205da7e23 req-56341d18-c9b5-4b87-9e5e-544194a7c122 tempest-AttachVolumeMultiAttachTest-1773321162 tempest-AttachVolumeMultiAttachTest-1773321162-project-member] https://10.4.3.142/volume/v3/volumes/bc8a2e65-330c-468f-a25f-9fc90f738be9/action returned with HTTP 202
Jun 25 17:48:20.696930 np0000003629 devstack@c-api.service[99899]: DEBUG cinder.api.openstack.wsgi [req-fc1c207d-5432-4060-89a3-5d214e64ca9a req-25e310e2-cc10-4bfc-8b2b-d4d19da8956a tempest-TestMultiAttachVolumeSwap-1528108678 tempest-TestMultiAttachVolumeSwap-1528108678-project-member] Empty body provided in request {{(pid=99899) get_body /opt/stack/cinder/cinder/api/openstack/wsgi.py:725}}
Jun 25 17:48:20.697116 np0000003629 devstack@c-api.service[99899]: DEBUG cinder.api.openstack.wsgi [req-fc1c207d-5432-4060-89a3-5d214e64ca9a req-25e310e2-cc10-4bfc-8b2b-d4d19da8956a tempest-TestMultiAttachVolumeSwap-1528108678 tempest-TestMultiAttachVolumeSwap-1528108678-project-member] Calling method 'show' {{(pid=99899) _process_stack /opt/stack/cinder/cinder/api/openstack/wsgi.py:878}}
Jun 25 17:48:20.697293 np0000003629 devstack@c-api.service[99901]: [pid: 99901|app: 0|req: 86/354] 10.4.3.142 () {72 vars in 1672 bytes} [Thu Jun 25 17:48:20 2026] POST /volume/v3/volumes/bc8a2e65-330c-468f-a25f-9fc90f738be9/action => generated 0 bytes in 28 msecs (HTTP/1.1 202) 7 headers in 289 bytes (1 switches on core 0)
Jun 25 17:48:20.716098 np0000003629 devstack@c-api.service[99899]: /opt/stack/data/venv/lib/python3.12/site-packages/oslo_context/context.py:102: DeprecationWarning: Policy enforcement is depending on the value of is_admin. This key is deprecated. Please update your policy file to use the standard policy values.
Jun 25 17:48:20.716098 np0000003629 devstack@c-api.service[99899]: warnings.warn(
Jun 25 17:48:20.720862 np0000003629 devstack@c-api.service[99900]: DEBUG cinder.api.middleware.request_id [None req-796b9f5e-9ff3-4c6b-8f1d-32dc6798a97e None None] RequestId filter calling following filter/app {{(pid=99900) _context_setter /opt/stack/cinder/cinder/api/middleware/request_id.py:62}}
Jun 25 17:48:20.722860 np0000003629 devstack@c-api.service[99899]: INFO cinder.volume.api [req-fc1c207d-5432-4060-89a3-5d214e64ca9a req-25e310e2-cc10-4bfc-8b2b-d4d19da8956a tempest-TestMultiAttachVolumeSwap-1528108678 tempest-TestMultiAttachVolumeSwap-1528108678-project-member] Volume info retrieved successfully.
Jun 25 17:48:20.723050 np0000003629 devstack@c-api.service[99900]: INFO cinder.api.openstack.wsgi [None req-796b9f5e-9ff3-4c6b-8f1d-32dc6798a97e tempest-AttachVolumeMultiAttachTest-1773321162 tempest-AttachVolumeMultiAttachTest-1773321162-project-member] GET https://10.4.3.142/volume/v3/volumes/bc8a2e65-330c-468f-a25f-9fc90f738be9
Jun 25 17:48:20.723588 np0000003629 devstack@c-api.service[99900]: DEBUG cinder.api.openstack.wsgi [None req-796b9f5e-9ff3-4c6b-8f1d-32dc6798a97e tempest-AttachVolumeMultiAttachTest-1773321162 tempest-AttachVolumeMultiAttachTest-1773321162-project-member] Empty body provided in request {{(pid=99900) get_body /opt/stack/cinder/cinder/api/openstack/wsgi.py:725}}
Jun 25 17:48:20.724160 np0000003629 devstack@c-api.service[99900]: DEBUG cinder.api.openstack.wsgi [None req-796b9f5e-9ff3-4c6b-8f1d-32dc6798a97e tempest-AttachVolumeMultiAttachTest-1773321162 tempest-AttachVolumeMultiAttachTest-1773321162-project-member] Calling method 'show' {{(pid=99900) _process_stack /opt/stack/cinder/cinder/api/openstack/wsgi.py:878}}
Jun 25 17:48:20.732452 np0000003629 devstack@c-api.service[99899]: INFO cinder.api.openstack.wsgi [req-fc1c207d-5432-4060-89a3-5d214e64ca9a req-25e310e2-cc10-4bfc-8b2b-d4d19da8956a tempest-TestMultiAttachVolumeSwap-1528108678 tempest-TestMultiAttachVolumeSwap-1528108678-project-member] https://10.4.3.142/volume/v3/volumes/ca1fe8d0-d3f1-4615-8a8b-cf78d2744132 returned with HTTP 200
Jun 25 17:48:20.733082 np0000003629 devstack@c-api.service[99899]: [pid: 99899|app: 0|req: 93/355] 10.4.3.142 () {68 vars in 1598 bytes} [Thu Jun 25 17:48:20 2026] GET /volume/v3/volumes/ca1fe8d0-d3f1-4615-8a8b-cf78d2744132 => generated 1457 bytes in 40 msecs (HTTP/1.1 200) 7 headers in 286 bytes (1 switches on core 0)
Jun 25 17:48:20.735407 np0000003629 devstack@c-api.service[99900]: /opt/stack/data/venv/lib/python3.12/site-packages/oslo_context/context.py:102: DeprecationWarning: Policy enforcement is depending on the value of is_admin. This key is deprecated. Please update your policy file to use the standard policy values.
Jun 25 17:48:20.735407 np0000003629 devstack@c-api.service[99900]: warnings.warn(
Jun 25 17:48:20.740117 np0000003629 devstack@c-api.service[99900]: INFO cinder.volume.api [None req-796b9f5e-9ff3-4c6b-8f1d-32dc6798a97e tempest-AttachVolumeMultiAttachTest-1773321162 tempest-AttachVolumeMultiAttachTest-1773321162-project-member] Volume info retrieved successfully.
Jun 25 17:48:20.746699 np0000003629 devstack@c-api.service[99900]: INFO cinder.api.openstack.wsgi [None req-796b9f5e-9ff3-4c6b-8f1d-32dc6798a97e tempest-AttachVolumeMultiAttachTest-1773321162 tempest-AttachVolumeMultiAttachTest-1773321162-project-member] https://10.4.3.142/volume/v3/volumes/bc8a2e65-330c-468f-a25f-9fc90f738be9 returned with HTTP 200
Jun 25 17:48:20.747396 np0000003629 devstack@c-api.service[99900]: [pid: 99900|app: 0|req: 89/356] 10.4.3.142 () {66 vars in 1348 bytes} [Thu Jun 25 17:48:20 2026] GET /volume/v3/volumes/bc8a2e65-330c-468f-a25f-9fc90f738be9 => generated 1148 bytes in 27 msecs (HTTP/1.1 200) 7 headers in 286 bytes (2 switches on core 0)
Jun 25 17:48:20.930139 np0000003629 devstack@c-api.service[99902]: DEBUG cinder.api.middleware.request_id [None req-dc98cf4b-0988-4620-9d6d-398b4a779ab8 None None] RequestId filter calling following filter/app {{(pid=99902) _context_setter /opt/stack/cinder/cinder/api/middleware/request_id.py:62}}
Jun 25 17:48:20.931984 np0000003629 devstack@c-api.service[99902]: INFO cinder.api.openstack.wsgi [None req-dc98cf4b-0988-4620-9d6d-398b4a779ab8 tempest-GroupSnapshotsTest-1371448104 tempest-GroupSnapshotsTest-1371448104-project-member] GET https://10.4.3.142/volume/v3/volumes/50a2f0ec-4ea7-4b94-bde9-57fb4c6a1598
Jun 25 17:48:20.932209 np0000003629 devstack@c-api.service[99902]: DEBUG cinder.api.openstack.wsgi [None req-dc98cf4b-0988-4620-9d6d-398b4a779ab8 tempest-GroupSnapshotsTest-1371448104 tempest-GroupSnapshotsTest-1371448104-project-member] Empty body provided in request {{(pid=99902) get_body /opt/stack/cinder/cinder/api/openstack/wsgi.py:725}}
Jun 25 17:48:20.932579 np0000003629 devstack@c-api.service[99902]: DEBUG cinder.api.openstack.wsgi [None req-dc98cf4b-0988-4620-9d6d-398b4a779ab8 tempest-GroupSnapshotsTest-1371448104 tempest-GroupSnapshotsTest-1371448104-project-member] Calling method 'show' {{(pid=99902) _process_stack /opt/stack/cinder/cinder/api/openstack/wsgi.py:878}}
Jun 25 17:48:20.938122 np0000003629 devstack@c-api.service[99902]: INFO cinder.api.openstack.wsgi [None req-dc98cf4b-0988-4620-9d6d-398b4a779ab8 tempest-GroupSnapshotsTest-1371448104 tempest-GroupSnapshotsTest-1371448104-project-member] https://10.4.3.142/volume/v3/volumes/50a2f0ec-4ea7-4b94-bde9-57fb4c6a1598 returned with HTTP 404
Jun 25 17:48:20.938655 np0000003629 devstack@c-api.service[99902]: [pid: 99902|app: 0|req: 89/357] 10.4.3.142 () {68 vars in 1389 bytes} [Thu Jun 25 17:48:20 2026] GET /volume/v3/volumes/50a2f0ec-4ea7-4b94-bde9-57fb4c6a1598 => generated 109 bytes in 9 msecs (HTTP/1.1 404) 7 headers in 293 bytes (1 switches on core 0)
Jun 25 17:48:20.946935 np0000003629 devstack@c-api.service[99901]: DEBUG cinder.api.middleware.request_id [None req-6e999032-d0ad-4819-8382-f8b02b5a88d4 None None] RequestId filter calling following filter/app {{(pid=99901) _context_setter /opt/stack/cinder/cinder/api/middleware/request_id.py:62}}
Jun 25 17:48:20.949522 np0000003629 devstack@c-api.service[99901]: INFO cinder.api.openstack.wsgi [None req-6e999032-d0ad-4819-8382-f8b02b5a88d4 tempest-GroupSnapshotsTest-1371448104 tempest-GroupSnapshotsTest-1371448104-project-member] GET https://10.4.3.142/volume/v3/groups/26167347-74e7-4b67-84eb-9b428204966d
Jun 25 17:48:20.949834 np0000003629 devstack@c-api.service[99901]: DEBUG cinder.api.openstack.wsgi [None req-6e999032-d0ad-4819-8382-f8b02b5a88d4 tempest-GroupSnapshotsTest-1371448104 tempest-GroupSnapshotsTest-1371448104-project-member] Empty body provided in request {{(pid=99901) get_body /opt/stack/cinder/cinder/api/openstack/wsgi.py:725}}
Jun 25 17:48:20.950129 np0000003629 devstack@c-api.service[99901]: DEBUG cinder.api.openstack.wsgi [None req-6e999032-d0ad-4819-8382-f8b02b5a88d4 tempest-GroupSnapshotsTest-1371448104 tempest-GroupSnapshotsTest-1371448104-project-member] Calling method 'version_select' {{(pid=99901) _process_stack /opt/stack/cinder/cinder/api/openstack/wsgi.py:878}}
Jun 25 17:48:20.950351 np0000003629 devstack@c-api.service[99901]: DEBUG cinder.api.v3.groups [None req-6e999032-d0ad-4819-8382-f8b02b5a88d4 tempest-GroupSnapshotsTest-1371448104 tempest-GroupSnapshotsTest-1371448104-project-member] show called for member 26167347-74e7-4b67-84eb-9b428204966d {{(pid=99901) show /opt/stack/cinder/cinder/api/v3/groups.py:58}}
Jun 25 17:48:20.954477 np0000003629 devstack@c-api.service[99901]: INFO cinder.api.openstack.wsgi [None req-6e999032-d0ad-4819-8382-f8b02b5a88d4 tempest-GroupSnapshotsTest-1371448104 tempest-GroupSnapshotsTest-1371448104-project-member] https://10.4.3.142/volume/v3/groups/26167347-74e7-4b67-84eb-9b428204966d returned with HTTP 404
Jun 25 17:48:20.955376 np0000003629 devstack@c-api.service[99901]: [pid: 99901|app: 0|req: 87/358] 10.4.3.142 () {68 vars in 1386 bytes} [Thu Jun 25 17:48:20 2026] GET /volume/v3/groups/26167347-74e7-4b67-84eb-9b428204966d => generated 108 bytes in 9 msecs (HTTP/1.1 404) 7 headers in 293 bytes (1 switches on core 0)
Jun 25 17:48:20.962545 np0000003629 devstack@c-api.service[99899]: DEBUG cinder.api.middleware.request_id [None req-b9732021-5c18-4ea1-af82-1122d3588624 None None] RequestId filter calling following filter/app {{(pid=99899) _context_setter /opt/stack/cinder/cinder/api/middleware/request_id.py:62}}
Jun 25 17:48:20.964656 np0000003629 devstack@c-api.service[99899]: INFO cinder.api.openstack.wsgi [None req-b9732021-5c18-4ea1-af82-1122d3588624 tempest-GroupSnapshotsTest-41394107 tempest-GroupSnapshotsTest-41394107-project-admin] DELETE https://10.4.3.142/volume/v3/group_types/e54062d0-30ae-40a6-a26b-b1b65e4aabeb
Jun 25 17:48:20.964656 np0000003629 devstack@c-api.service[99899]: DEBUG cinder.api.openstack.wsgi [None req-b9732021-5c18-4ea1-af82-1122d3588624 tempest-GroupSnapshotsTest-41394107 tempest-GroupSnapshotsTest-41394107-project-admin] Empty body provided in request {{(pid=99899) get_body /opt/stack/cinder/cinder/api/openstack/wsgi.py:725}}
Jun 25 17:48:20.964656 np0000003629 devstack@c-api.service[99899]: DEBUG cinder.api.openstack.wsgi [None req-b9732021-5c18-4ea1-af82-1122d3588624 tempest-GroupSnapshotsTest-41394107 tempest-GroupSnapshotsTest-41394107-project-admin] Calling method 'version_select' {{(pid=99899) _process_stack /opt/stack/cinder/cinder/api/openstack/wsgi.py:878}}
Jun 25 17:48:20.978872 np0000003629 devstack@c-api.service[99900]: DEBUG cinder.api.middleware.request_id [req-fc1c207d-5432-4060-89a3-5d214e64ca9a req-24670f86-5bd8-4f06-a52a-29aac7b1f2e5 None None] RequestId filter calling following filter/app {{(pid=99900) _context_setter /opt/stack/cinder/cinder/api/middleware/request_id.py:62}}
Jun 25 17:48:20.981358 np0000003629 devstack@c-api.service[99900]: INFO cinder.api.openstack.wsgi [req-fc1c207d-5432-4060-89a3-5d214e64ca9a req-24670f86-5bd8-4f06-a52a-29aac7b1f2e5 tempest-TestMultiAttachVolumeSwap-1528108678 tempest-TestMultiAttachVolumeSwap-1528108678-project-member] POST https://10.4.3.142/volume/v3/volumes/ca1fe8d0-d3f1-4615-8a8b-cf78d2744132/action
Jun 25 17:48:20.981813 np0000003629 devstack@c-api.service[99900]: DEBUG cinder.api.openstack.wsgi [req-fc1c207d-5432-4060-89a3-5d214e64ca9a req-24670f86-5bd8-4f06-a52a-29aac7b1f2e5 tempest-TestMultiAttachVolumeSwap-1528108678 tempest-TestMultiAttachVolumeSwap-1528108678-project-member] Action body: b'{"os-begin_detaching": null}' {{(pid=99900) get_method /opt/stack/cinder/cinder/api/openstack/wsgi.py:993}}
Jun 25 17:48:20.982004 np0000003629 devstack@c-api.service[99900]: DEBUG cinder.api.openstack.wsgi [req-fc1c207d-5432-4060-89a3-5d214e64ca9a req-24670f86-5bd8-4f06-a52a-29aac7b1f2e5 tempest-TestMultiAttachVolumeSwap-1528108678 tempest-TestMultiAttachVolumeSwap-1528108678-project-member] Action: 'action', calling method: _begin_detaching, body: {"os-begin_detaching": null} {{(pid=99900) _process_stack /opt/stack/cinder/cinder/api/openstack/wsgi.py:876}}
Jun 25 17:48:20.990287 np0000003629 devstack@c-api.service[99899]: INFO cinder.api.openstack.wsgi [None req-b9732021-5c18-4ea1-af82-1122d3588624 tempest-GroupSnapshotsTest-41394107 tempest-GroupSnapshotsTest-41394107-project-admin] https://10.4.3.142/volume/v3/group_types/e54062d0-30ae-40a6-a26b-b1b65e4aabeb returned with HTTP 202
Jun 25 17:48:20.990770 np0000003629 devstack@c-api.service[99899]: [pid: 99899|app: 0|req: 94/359] 10.4.3.142 () {68 vars in 1404 bytes} [Thu Jun 25 17:48:20 2026] DELETE /volume/v3/group_types/e54062d0-30ae-40a6-a26b-b1b65e4aabeb => generated 0 bytes in 29 msecs (HTTP/1.1 202) 6 headers in 234 bytes (1 switches on core 0)
Jun 25 17:48:20.996365 np0000003629 devstack@c-api.service[99900]: /opt/stack/data/venv/lib/python3.12/site-packages/oslo_context/context.py:102: DeprecationWarning: Policy enforcement is depending on the value of is_admin. This key is deprecated. Please update your policy file to use the standard policy values.
Jun 25 17:48:20.996365 np0000003629 devstack@c-api.service[99900]: warnings.warn(
Jun 25 17:48:20.997038 np0000003629 devstack@c-api.service[99900]: INFO cinder.volume.api [req-fc1c207d-5432-4060-89a3-5d214e64ca9a req-24670f86-5bd8-4f06-a52a-29aac7b1f2e5 tempest-TestMultiAttachVolumeSwap-1528108678 tempest-TestMultiAttachVolumeSwap-1528108678-project-member] Volume info retrieved successfully.
Jun 25 17:48:20.998615 np0000003629 devstack@c-api.service[99902]: DEBUG cinder.api.middleware.request_id [None req-1abf713a-5037-4083-a598-8648866010c2 None None] RequestId filter calling following filter/app {{(pid=99902) _context_setter /opt/stack/cinder/cinder/api/middleware/request_id.py:62}}
Jun 25 17:48:21.000633 np0000003629 devstack@c-api.service[99902]: INFO cinder.api.openstack.wsgi [None req-1abf713a-5037-4083-a598-8648866010c2 tempest-GroupSnapshotsTest-41394107 tempest-GroupSnapshotsTest-41394107-project-admin] DELETE https://10.4.3.142/volume/v3/types/9f7bff1b-66f3-44f6-acc9-4d28645a715d
Jun 25 17:48:21.000876 np0000003629 devstack@c-api.service[99902]: DEBUG cinder.api.openstack.wsgi [None req-1abf713a-5037-4083-a598-8648866010c2 tempest-GroupSnapshotsTest-41394107 tempest-GroupSnapshotsTest-41394107-project-admin] Empty body provided in request {{(pid=99902) get_body /opt/stack/cinder/cinder/api/openstack/wsgi.py:725}}
Jun 25 17:48:21.001057 np0000003629 devstack@c-api.service[99902]: DEBUG cinder.api.openstack.wsgi [None req-1abf713a-5037-4083-a598-8648866010c2 tempest-GroupSnapshotsTest-41394107 tempest-GroupSnapshotsTest-41394107-project-admin] Calling method '_delete' {{(pid=99902) _process_stack /opt/stack/cinder/cinder/api/openstack/wsgi.py:878}}
Jun 25 17:48:21.006425 np0000003629 devstack@c-api.service[99900]: INFO cinder.volume.api [req-fc1c207d-5432-4060-89a3-5d214e64ca9a req-24670f86-5bd8-4f06-a52a-29aac7b1f2e5 tempest-TestMultiAttachVolumeSwap-1528108678 tempest-TestMultiAttachVolumeSwap-1528108678-project-member] Begin detaching volume completed successfully.
Jun 25 17:48:21.006708 np0000003629 devstack@c-api.service[99900]: INFO cinder.api.openstack.wsgi [req-fc1c207d-5432-4060-89a3-5d214e64ca9a req-24670f86-5bd8-4f06-a52a-29aac7b1f2e5 tempest-TestMultiAttachVolumeSwap-1528108678 tempest-TestMultiAttachVolumeSwap-1528108678-project-member] https://10.4.3.142/volume/v3/volumes/ca1fe8d0-d3f1-4615-8a8b-cf78d2744132/action returned with HTTP 202
Jun 25 17:48:21.007330 np0000003629 devstack@c-api.service[99900]: [pid: 99900|app: 0|req: 90/360] 10.4.3.142 () {72 vars in 1672 bytes} [Thu Jun 25 17:48:20 2026] POST /volume/v3/volumes/ca1fe8d0-d3f1-4615-8a8b-cf78d2744132/action => generated 0 bytes in 29 msecs (HTTP/1.1 202) 7 headers in 289 bytes (1 switches on core 0)
Jun 25 17:48:21.048235 np0000003629 devstack@c-api.service[99902]: INFO cinder.api.openstack.wsgi [None req-1abf713a-5037-4083-a598-8648866010c2 tempest-GroupSnapshotsTest-41394107 tempest-GroupSnapshotsTest-41394107-project-admin] https://10.4.3.142/volume/v3/types/9f7bff1b-66f3-44f6-acc9-4d28645a715d returned with HTTP 202
Jun 25 17:48:21.048694 np0000003629 devstack@c-api.service[99902]: [pid: 99902|app: 0|req: 90/361] 10.4.3.142 () {66 vars in 1345 bytes} [Thu Jun 25 17:48:20 2026] DELETE /volume/v3/types/9f7bff1b-66f3-44f6-acc9-4d28645a715d => generated 0 bytes in 50 msecs (HTTP/1.1 202) 6 headers in 233 bytes (1 switches on core 0)
Jun 25 17:48:21.057857 np0000003629 devstack@c-api.service[99901]: DEBUG cinder.api.middleware.request_id [None req-13089dda-8ab5-4f64-ba82-15f3330ab0ea None None] RequestId filter calling following filter/app {{(pid=99901) _context_setter /opt/stack/cinder/cinder/api/middleware/request_id.py:62}}
Jun 25 17:48:21.059792 np0000003629 devstack@c-api.service[99901]: INFO cinder.api.openstack.wsgi [None req-13089dda-8ab5-4f64-ba82-15f3330ab0ea tempest-GroupSnapshotsTest-41394107 tempest-GroupSnapshotsTest-41394107-project-admin] GET https://10.4.3.142/volume/v3/types/9f7bff1b-66f3-44f6-acc9-4d28645a715d
Jun 25 17:48:21.060002 np0000003629 devstack@c-api.service[99901]: DEBUG cinder.api.openstack.wsgi [None req-13089dda-8ab5-4f64-ba82-15f3330ab0ea tempest-GroupSnapshotsTest-41394107 tempest-GroupSnapshotsTest-41394107-project-admin] Empty body provided in request {{(pid=99901) get_body /opt/stack/cinder/cinder/api/openstack/wsgi.py:725}}
Jun 25 17:48:21.060333 np0000003629 devstack@c-api.service[99901]: DEBUG cinder.api.openstack.wsgi [None req-13089dda-8ab5-4f64-ba82-15f3330ab0ea tempest-GroupSnapshotsTest-41394107 tempest-GroupSnapshotsTest-41394107-project-admin] Calling method 'show' {{(pid=99901) _process_stack /opt/stack/cinder/cinder/api/openstack/wsgi.py:878}}
Jun 25 17:48:21.063491 np0000003629 devstack@c-api.service[99901]: INFO cinder.api.openstack.wsgi [None req-13089dda-8ab5-4f64-ba82-15f3330ab0ea tempest-GroupSnapshotsTest-41394107 tempest-GroupSnapshotsTest-41394107-project-admin] https://10.4.3.142/volume/v3/types/9f7bff1b-66f3-44f6-acc9-4d28645a715d returned with HTTP 404
Jun 25 17:48:21.063966 np0000003629 devstack@c-api.service[99901]: [pid: 99901|app: 0|req: 88/362] 10.4.3.142 () {66 vars in 1342 bytes} [Thu Jun 25 17:48:21 2026] GET /volume/v3/types/9f7bff1b-66f3-44f6-acc9-4d28645a715d => generated 114 bytes in 6 msecs (HTTP/1.1 404) 7 headers in 292 bytes (1 switches on core 0)
Jun 25 17:48:21.071909 np0000003629 devstack@c-api.service[99899]: DEBUG cinder.api.middleware.request_id [None req-db4591cf-2757-440e-ad47-77b5eb5cf7ed None None] RequestId filter calling following filter/app {{(pid=99899) _context_setter /opt/stack/cinder/cinder/api/middleware/request_id.py:62}}
Jun 25 17:48:21.073579 np0000003629 devstack@c-api.service[99899]: INFO cinder.api.openstack.wsgi [None req-db4591cf-2757-440e-ad47-77b5eb5cf7ed tempest-GroupSnapshotsTest-41394107 tempest-GroupSnapshotsTest-41394107-project-admin] POST https://10.4.3.142/volume/v3/types
Jun 25 17:48:21.073937 np0000003629 devstack@c-api.service[99899]: DEBUG cinder.api.openstack.wsgi [None req-db4591cf-2757-440e-ad47-77b5eb5cf7ed tempest-GroupSnapshotsTest-41394107 tempest-GroupSnapshotsTest-41394107-project-admin] Action: 'create', calling method: _create, body: {"volume_type": {"name": "tempest-GroupSnapshotsTest-volume-type-60396441"}} {{(pid=99899) _process_stack /opt/stack/cinder/cinder/api/openstack/wsgi.py:876}}
Jun 25 17:48:21.088073 np0000003629 devstack@c-api.service[99899]: INFO cinder.api.openstack.wsgi [None req-db4591cf-2757-440e-ad47-77b5eb5cf7ed tempest-GroupSnapshotsTest-41394107 tempest-GroupSnapshotsTest-41394107-project-admin] https://10.4.3.142/volume/v3/types returned with HTTP 200
Jun 25 17:48:21.088457 np0000003629 devstack@c-api.service[99899]: [pid: 99899|app: 0|req: 95/363] 10.4.3.142 () {68 vars in 1252 bytes} [Thu Jun 25 17:48:21 2026] POST /volume/v3/types => generated 222 bytes in 17 msecs (HTTP/1.1 200) 7 headers in 285 bytes (1 switches on core 0)
Jun 25 17:48:21.098843 np0000003629 devstack@c-api.service[99900]: DEBUG cinder.api.middleware.request_id [None req-ffa9b9ee-36bb-4961-8af2-9c5fea2934d0 None None] RequestId filter calling following filter/app {{(pid=99900) _context_setter /opt/stack/cinder/cinder/api/middleware/request_id.py:62}}
Jun 25 17:48:21.101234 np0000003629 devstack@c-api.service[99900]: INFO cinder.api.openstack.wsgi [None req-ffa9b9ee-36bb-4961-8af2-9c5fea2934d0 tempest-GroupSnapshotsTest-41394107 tempest-GroupSnapshotsTest-41394107-project-admin] POST https://10.4.3.142/volume/v3/group_types
Jun 25 17:48:21.101916 np0000003629 devstack@c-api.service[99900]: DEBUG cinder.api.openstack.wsgi [None req-ffa9b9ee-36bb-4961-8af2-9c5fea2934d0 tempest-GroupSnapshotsTest-41394107 tempest-GroupSnapshotsTest-41394107-project-admin] Action: 'create', calling method: version_select, body: {"group_type": {"name": "tempest-GroupSnapshotsTest-group-type-586011384"}} {{(pid=99900) _process_stack /opt/stack/cinder/cinder/api/openstack/wsgi.py:876}}
Jun 25 17:48:21.115399 np0000003629 devstack@c-api.service[99900]: INFO cinder.api.openstack.wsgi [None req-ffa9b9ee-36bb-4961-8af2-9c5fea2934d0 tempest-GroupSnapshotsTest-41394107 tempest-GroupSnapshotsTest-41394107-project-admin] https://10.4.3.142/volume/v3/group_types returned with HTTP 202
Jun 25 17:48:21.115877 np0000003629 devstack@c-api.service[99900]: [pid: 99900|app: 0|req: 91/364] 10.4.3.142 () {70 vars in 1311 bytes} [Thu Jun 25 17:48:21 2026] POST /volume/v3/group_types => generated 180 bytes in 18 msecs (HTTP/1.1 202) 7 headers in 292 bytes (1 switches on core 0)
Jun 25 17:48:21.124550 np0000003629 devstack@c-api.service[99902]: DEBUG cinder.api.middleware.request_id [None req-041a0f53-1da3-4ef1-a674-7598fab4cc49 None None] RequestId filter calling following filter/app {{(pid=99902) _context_setter /opt/stack/cinder/cinder/api/middleware/request_id.py:62}}
Jun 25 17:48:21.126384 np0000003629 devstack@c-api.service[99902]: INFO cinder.api.openstack.wsgi [None req-041a0f53-1da3-4ef1-a674-7598fab4cc49 tempest-GroupSnapshotsTest-1371448104 tempest-GroupSnapshotsTest-1371448104-project-member] POST https://10.4.3.142/volume/v3/groups
Jun 25 17:48:21.126848 np0000003629 devstack@c-api.service[99902]: DEBUG cinder.api.openstack.wsgi [None req-041a0f53-1da3-4ef1-a674-7598fab4cc49 tempest-GroupSnapshotsTest-1371448104 tempest-GroupSnapshotsTest-1371448104-project-member] Action: 'create', calling method: version_select, body: {"group": {"group_type": "05edc0d9-317e-4f18-9ee1-bb92c248f48b", "volume_types": ["a30cedec-2b85-4254-9921-3bf379997635"], "name": "tempest-GroupSnapshotsTest-Group-2136522156"}} {{(pid=99902) _process_stack /opt/stack/cinder/cinder/api/openstack/wsgi.py:876}}
Jun 25 17:48:21.128424 np0000003629 devstack@c-api.service[99902]: DEBUG cinder.api.v3.groups [None req-041a0f53-1da3-4ef1-a674-7598fab4cc49 tempest-GroupSnapshotsTest-1371448104 tempest-GroupSnapshotsTest-1371448104-project-member] Creating new group {'group': {'group_type': '05edc0d9-317e-4f18-9ee1-bb92c248f48b', 'volume_types': ['a30cedec-2b85-4254-9921-3bf379997635'], 'name': 'tempest-GroupSnapshotsTest-Group-2136522156'}} {{(pid=99902) create /opt/stack/cinder/cinder/api/v3/groups.py:190}}
Jun 25 17:48:21.133133 np0000003629 devstack@c-api.service[99902]: INFO cinder.api.v3.groups [None req-041a0f53-1da3-4ef1-a674-7598fab4cc49 tempest-GroupSnapshotsTest-1371448104 tempest-GroupSnapshotsTest-1371448104-project-member] Creating group tempest-GroupSnapshotsTest-Group-2136522156.
Jun 25 17:48:21.140402 np0000003629 devstack@c-api.service[99902]: INFO cinder.volume.api [None req-041a0f53-1da3-4ef1-a674-7598fab4cc49 tempest-GroupSnapshotsTest-1371448104 tempest-GroupSnapshotsTest-1371448104-project-member] Availability Zones retrieved successfully.
Jun 25 17:48:21.150926 np0000003629 devstack@c-api.service[99902]: DEBUG cinder.quota [None req-041a0f53-1da3-4ef1-a674-7598fab4cc49 tempest-GroupSnapshotsTest-1371448104 tempest-GroupSnapshotsTest-1371448104-project-member] Created reservations ['ca592bc0-984f-4803-bc92-930bfdf1a0ea'] {{(pid=99902) reserve /opt/stack/cinder/cinder/quota.py:752}}
Jun 25 17:48:21.170643 np0000003629 devstack@c-api.service[99902]: INFO cinder.api.openstack.wsgi [None req-041a0f53-1da3-4ef1-a674-7598fab4cc49 tempest-GroupSnapshotsTest-1371448104 tempest-GroupSnapshotsTest-1371448104-project-member] https://10.4.3.142/volume/v3/groups returned with HTTP 202
Jun 25 17:48:21.171118 np0000003629 devstack@c-api.service[99902]: [pid: 99902|app: 0|req: 91/365] 10.4.3.142 () {70 vars in 1297 bytes} [Thu Jun 25 17:48:21 2026] POST /volume/v3/groups => generated 112 bytes in 47 msecs (HTTP/1.1 202) 7 headers in 292 bytes (1 switches on core 0)
Jun 25 17:48:21.179547 np0000003629 devstack@c-api.service[99901]: DEBUG cinder.api.middleware.request_id [None req-a0d9b5d5-bee1-41aa-83d9-f389e5a92c4f None None] RequestId filter calling following filter/app {{(pid=99901) _context_setter /opt/stack/cinder/cinder/api/middleware/request_id.py:62}}
Jun 25 17:48:21.184201 np0000003629 devstack@c-api.service[99901]: INFO cinder.api.openstack.wsgi [None req-a0d9b5d5-bee1-41aa-83d9-f389e5a92c4f tempest-GroupSnapshotsTest-1371448104 tempest-GroupSnapshotsTest-1371448104-project-member] GET https://10.4.3.142/volume/v3/groups/7d2b9573-f228-4ecf-a30e-18d42b92501c
Jun 25 17:48:21.184411 np0000003629 devstack@c-api.service[99901]: DEBUG cinder.api.openstack.wsgi [None req-a0d9b5d5-bee1-41aa-83d9-f389e5a92c4f tempest-GroupSnapshotsTest-1371448104 tempest-GroupSnapshotsTest-1371448104-project-member] Empty body provided in request {{(pid=99901) get_body /opt/stack/cinder/cinder/api/openstack/wsgi.py:725}}
Jun 25 17:48:21.185041 np0000003629 devstack@c-api.service[99901]: DEBUG cinder.api.openstack.wsgi [None req-a0d9b5d5-bee1-41aa-83d9-f389e5a92c4f tempest-GroupSnapshotsTest-1371448104 tempest-GroupSnapshotsTest-1371448104-project-member] Calling method 'version_select' {{(pid=99901) _process_stack /opt/stack/cinder/cinder/api/openstack/wsgi.py:878}}
Jun 25 17:48:21.185299 np0000003629 devstack@c-api.service[99901]: DEBUG cinder.api.v3.groups [None req-a0d9b5d5-bee1-41aa-83d9-f389e5a92c4f tempest-GroupSnapshotsTest-1371448104 tempest-GroupSnapshotsTest-1371448104-project-member] show called for member 7d2b9573-f228-4ecf-a30e-18d42b92501c {{(pid=99901) show /opt/stack/cinder/cinder/api/v3/groups.py:58}}
Jun 25 17:48:21.186690 np0000003629 devstack@c-api.service[99901]: DEBUG dbcounter [-] [99901] Writing DB stats cinder:SELECT=393,cinder:INSERT=40,cinder:UPDATE=65 {{(pid=99901) stat_writer /opt/stack/data/venv/lib/python3.12/site-packages/dbcounter.py:115}}
Jun 25 17:48:21.189739 np0000003629 devstack@c-api.service[99901]: /opt/stack/data/venv/lib/python3.12/site-packages/oslo_context/context.py:102: DeprecationWarning: Policy enforcement is depending on the value of is_admin. This key is deprecated. Please update your policy file to use the standard policy values.
Jun 25 17:48:21.189739 np0000003629 devstack@c-api.service[99901]: warnings.warn(
Jun 25 17:48:21.199087 np0000003629 devstack@c-api.service[99901]: INFO cinder.api.openstack.wsgi [None req-a0d9b5d5-bee1-41aa-83d9-f389e5a92c4f tempest-GroupSnapshotsTest-1371448104 tempest-GroupSnapshotsTest-1371448104-project-member] https://10.4.3.142/volume/v3/groups/7d2b9573-f228-4ecf-a30e-18d42b92501c returned with HTTP 200
Jun 25 17:48:21.199087 np0000003629 devstack@c-api.service[99901]: [pid: 99901|app: 0|req: 89/366] 10.4.3.142 () {68 vars in 1386 bytes} [Thu Jun 25 17:48:21 2026] GET /volume/v3/groups/7d2b9573-f228-4ecf-a30e-18d42b92501c => generated 392 bytes in 20 msecs (HTTP/1.1 200) 7 headers in 286 bytes (1 switches on core 0)
Jun 25 17:48:21.732619 np0000003629 devstack@c-api.service[99899]: DEBUG cinder.api.middleware.request_id [None req-cea52a34-24c0-4b93-be6d-180a72ea2c88 None None] RequestId filter calling following filter/app {{(pid=99899) _context_setter /opt/stack/cinder/cinder/api/middleware/request_id.py:62}}
Jun 25 17:48:21.733033 np0000003629 devstack@c-api.service[99899]: INFO cinder.api.openstack.wsgi [None req-cea52a34-24c0-4b93-be6d-180a72ea2c88 None None] GET https://10.4.3.142/volume//
Jun 25 17:48:21.733080 np0000003629 devstack@c-api.service[99899]: DEBUG cinder.api.openstack.wsgi [None req-cea52a34-24c0-4b93-be6d-180a72ea2c88 None None] Empty body provided in request {{(pid=99899) get_body /opt/stack/cinder/cinder/api/openstack/wsgi.py:725}}
Jun 25 17:48:21.733276 np0000003629 devstack@c-api.service[99899]: DEBUG cinder.api.openstack.wsgi [None req-cea52a34-24c0-4b93-be6d-180a72ea2c88 None None] Calling method 'all' {{(pid=99899) _process_stack /opt/stack/cinder/cinder/api/openstack/wsgi.py:878}}
Jun 25 17:48:21.733577 np0000003629 devstack@c-api.service[99899]: INFO cinder.api.openstack.wsgi [None req-cea52a34-24c0-4b93-be6d-180a72ea2c88 None None] https://10.4.3.142/volume// returned with HTTP 300
Jun 25 17:48:21.733842 np0000003629 devstack@c-api.service[99899]: [pid: 99899|app: 0|req: 96/367] 10.4.3.142 () {66 vars in 1426 bytes} [Thu Jun 25 17:48:21 2026] GET /volume/ => generated 386 bytes in 2 msecs (HTTP/1.1 300) 7 headers in 299 bytes (1 switches on core 0)
Jun 25 17:48:21.741522 np0000003629 devstack@c-api.service[99900]: DEBUG cinder.api.middleware.request_id [req-26af3d66-d4ac-49cd-b5eb-4e0205da7e23 req-19e1df92-2cef-45f7-8017-f3d44d2643ac None None] RequestId filter calling following filter/app {{(pid=99900) _context_setter /opt/stack/cinder/cinder/api/middleware/request_id.py:62}}
Jun 25 17:48:21.744451 np0000003629 devstack@c-api.service[99900]: INFO cinder.api.openstack.wsgi [req-26af3d66-d4ac-49cd-b5eb-4e0205da7e23 req-19e1df92-2cef-45f7-8017-f3d44d2643ac tempest-AttachVolumeMultiAttachTest-1773321162 tempest-AttachVolumeMultiAttachTest-1773321162-project-member] GET https://10.4.3.142/volume/v3/volumes/bc8a2e65-330c-468f-a25f-9fc90f738be9
Jun 25 17:48:21.744676 np0000003629 devstack@c-api.service[99900]: DEBUG cinder.api.openstack.wsgi [req-26af3d66-d4ac-49cd-b5eb-4e0205da7e23 req-19e1df92-2cef-45f7-8017-f3d44d2643ac tempest-AttachVolumeMultiAttachTest-1773321162 tempest-AttachVolumeMultiAttachTest-1773321162-project-member] Empty body provided in request {{(pid=99900) get_body /opt/stack/cinder/cinder/api/openstack/wsgi.py:725}}
Jun 25 17:48:21.744902 np0000003629 devstack@c-api.service[99900]: DEBUG cinder.api.openstack.wsgi [req-26af3d66-d4ac-49cd-b5eb-4e0205da7e23 req-19e1df92-2cef-45f7-8017-f3d44d2643ac tempest-AttachVolumeMultiAttachTest-1773321162 tempest-AttachVolumeMultiAttachTest-1773321162-project-member] Calling method 'show' {{(pid=99900) _process_stack /opt/stack/cinder/cinder/api/openstack/wsgi.py:878}}
Jun 25 17:48:21.757394 np0000003629 devstack@c-api.service[99900]: /opt/stack/data/venv/lib/python3.12/site-packages/oslo_context/context.py:102: DeprecationWarning: Policy enforcement is depending on the value of is_admin. This key is deprecated. Please update your policy file to use the standard policy values.
Jun 25 17:48:21.757394 np0000003629 devstack@c-api.service[99900]: warnings.warn(
Jun 25 17:48:21.758888 np0000003629 devstack@c-api.service[99902]: DEBUG cinder.api.middleware.request_id [None req-716bd4dd-5013-4a06-8739-cac7802cc38f None None] RequestId filter calling following filter/app {{(pid=99902) _context_setter /opt/stack/cinder/cinder/api/middleware/request_id.py:62}}
Jun 25 17:48:21.761455 np0000003629 devstack@c-api.service[99902]: INFO cinder.api.openstack.wsgi [None req-716bd4dd-5013-4a06-8739-cac7802cc38f tempest-AttachVolumeMultiAttachTest-1773321162 tempest-AttachVolumeMultiAttachTest-1773321162-project-member] GET https://10.4.3.142/volume/v3/volumes/bc8a2e65-330c-468f-a25f-9fc90f738be9
Jun 25 17:48:21.761455 np0000003629 devstack@c-api.service[99902]: DEBUG cinder.api.openstack.wsgi [None req-716bd4dd-5013-4a06-8739-cac7802cc38f tempest-AttachVolumeMultiAttachTest-1773321162 tempest-AttachVolumeMultiAttachTest-1773321162-project-member] Empty body provided in request {{(pid=99902) get_body /opt/stack/cinder/cinder/api/openstack/wsgi.py:725}}
Jun 25 17:48:21.761691 np0000003629 devstack@c-api.service[99902]: DEBUG cinder.api.openstack.wsgi [None req-716bd4dd-5013-4a06-8739-cac7802cc38f tempest-AttachVolumeMultiAttachTest-1773321162 tempest-AttachVolumeMultiAttachTest-1773321162-project-member] Calling method 'show' {{(pid=99902) _process_stack /opt/stack/cinder/cinder/api/openstack/wsgi.py:878}}
