Jun 25 17:53:29.790483 np0000003629 devstack@g-api.service[102731]: DEBUG glance.api.middleware.version_negotiation [None req-118e6c60-575a-420e-bed9-9d8bf902f7af tempest-VolumesImageMetadata-1956505089 tempest-VolumesImageMetadata-1956505089-project-member] Using url versioning {{(pid=102731) process_request /opt/stack/glance/glance/api/middleware/version_negotiation.py:57}}
Jun 25 17:53:29.790483 np0000003629 devstack@g-api.service[102731]: DEBUG glance.api.middleware.version_negotiation [None req-118e6c60-575a-420e-bed9-9d8bf902f7af tempest-VolumesImageMetadata-1956505089 tempest-VolumesImageMetadata-1956505089-project-member] Matched version: v2 {{(pid=102731) process_request /opt/stack/glance/glance/api/middleware/version_negotiation.py:69}}
Jun 25 17:53:29.790483 np0000003629 devstack@g-api.service[102731]: DEBUG glance.api.middleware.version_negotiation [None req-118e6c60-575a-420e-bed9-9d8bf902f7af tempest-VolumesImageMetadata-1956505089 tempest-VolumesImageMetadata-1956505089-project-member] new path /v2/schemas/image {{(pid=102731) process_request /opt/stack/glance/glance/api/middleware/version_negotiation.py:70}}
Jun 25 17:53:29.793124 np0000003629 devstack@g-api.service[102731]: [pid: 102731|app: 0|req: 92/362] 127.0.0.1 () {44 vars in 1055 bytes} [Thu Jun 25 17:53:29 2026] GET /v2/schemas/image => generated 6083 bytes in 4 msecs (HTTP/1.1 200) 4 headers in 158 bytes (1 switches on core 0)
Jun 25 17:53:29.804715 np0000003629 devstack@g-api.service[102729]: DEBUG glance.api.middleware.version_negotiation [None req-118e6c60-575a-420e-bed9-9d8bf902f7af service glance] Determining version of request: GET /v2/schemas/image Accept: */* {{(pid=102729) process_request /opt/stack/glance/glance/api/middleware/version_negotiation.py:44}}
Jun 25 17:53:29.804892 np0000003629 devstack@g-api.service[102729]: DEBUG glance.api.middleware.version_negotiation [None req-118e6c60-575a-420e-bed9-9d8bf902f7af service glance] Using url versioning {{(pid=102729) process_request /opt/stack/glance/glance/api/middleware/version_negotiation.py:57}}
Jun 25 17:53:29.805013 np0000003629 devstack@g-api.service[102729]: DEBUG glance.api.middleware.version_negotiation [None req-118e6c60-575a-420e-bed9-9d8bf902f7af service glance] Matched version: v2 {{(pid=102729) process_request /opt/stack/glance/glance/api/middleware/version_negotiation.py:69}}
Jun 25 17:53:29.805143 np0000003629 devstack@g-api.service[102729]: DEBUG glance.api.middleware.version_negotiation [None req-118e6c60-575a-420e-bed9-9d8bf902f7af service glance] new path /v2/schemas/image {{(pid=102729) process_request /opt/stack/glance/glance/api/middleware/version_negotiation.py:70}}
Jun 25 17:53:29.807421 np0000003629 devstack@g-api.service[102729]: [pid: 102729|app: 0|req: 92/363] 127.0.0.1 () {44 vars in 1055 bytes} [Thu Jun 25 17:53:29 2026] GET /v2/schemas/image => generated 6083 bytes in 3 msecs (HTTP/1.1 200) 4 headers in 158 bytes (1 switches on core 0)
Jun 25 17:53:30.317275 np0000003629 devstack@g-api.service[102732]: DEBUG glance.api.middleware.version_negotiation [None req-118e6c60-575a-420e-bed9-9d8bf902f7af tempest-VolumesImageMetadata-1956505089 tempest-VolumesImageMetadata-1956505089-project-member] Determining version of request: GET /v2/images/b8dfbb2a-8b81-4539-805a-6cc3946463fa Accept: application/json {{(pid=102732) process_request /opt/stack/glance/glance/api/middleware/version_negotiation.py:44}}
Jun 25 17:53:30.317627 np0000003629 devstack@g-api.service[102732]: DEBUG glance.api.middleware.version_negotiation [None req-118e6c60-575a-420e-bed9-9d8bf902f7af tempest-VolumesImageMetadata-1956505089 tempest-VolumesImageMetadata-1956505089-project-member] Using url versioning {{(pid=102732) process_request /opt/stack/glance/glance/api/middleware/version_negotiation.py:57}}
Jun 25 17:53:30.317627 np0000003629 devstack@g-api.service[102732]: DEBUG glance.api.middleware.version_negotiation [None req-118e6c60-575a-420e-bed9-9d8bf902f7af tempest-VolumesImageMetadata-1956505089 tempest-VolumesImageMetadata-1956505089-project-member] Matched version: v2 {{(pid=102732) process_request /opt/stack/glance/glance/api/middleware/version_negotiation.py:69}}
Jun 25 17:53:30.317627 np0000003629 devstack@g-api.service[102732]: DEBUG glance.api.middleware.version_negotiation [None req-118e6c60-575a-420e-bed9-9d8bf902f7af tempest-VolumesImageMetadata-1956505089 tempest-VolumesImageMetadata-1956505089-project-member] new path /v2/images/b8dfbb2a-8b81-4539-805a-6cc3946463fa {{(pid=102732) process_request /opt/stack/glance/glance/api/middleware/version_negotiation.py:70}}
Jun 25 17:53:30.327874 np0000003629 devstack@g-api.service[102730]: INFO glance.api.v2.image_data [None req-a08f98a4-5fcd-4955-99df-c8bcf2160ae1 tempest-VolumesActionsTest-310995542 tempest-VolumesActionsTest-310995542-project-member] Unable to create trust: no such option collect_timing in group [keystone_authtoken] Use the existing user token.
Jun 25 17:53:30.335907 np0000003629 devstack@g-api.service[102732]: [pid: 102732|app: 0|req: 94/364] 127.0.0.1 () {40 vars in 838 bytes} [Thu Jun 25 17:53:30 2026] GET /v2/images/b8dfbb2a-8b81-4539-805a-6cc3946463fa => generated 649 bytes in 19 msecs (HTTP/1.1 200) 4 headers in 157 bytes (1 switches on core 0)
Jun 25 17:53:30.781709 np0000003629 devstack@g-api.service[102730]: DEBUG glance.location [None req-a08f98a4-5fcd-4955-99df-c8bcf2160ae1 tempest-VolumesActionsTest-310995542 tempest-VolumesActionsTest-310995542-project-member] Enabling in-flight format inspection for raw {{(pid=102730) set_data /opt/stack/glance/glance/location.py:616}}
Jun 25 17:53:30.782075 np0000003629 devstack@g-api.service[102730]: DEBUG glance_store.backend [None req-a08f98a4-5fcd-4955-99df-c8bcf2160ae1 tempest-VolumesActionsTest-310995542 tempest-VolumesActionsTest-310995542-project-member] Attempting to import store swift {{(pid=102730) _load_store /opt/stack/data/venv/lib/python3.12/site-packages/glance_store/backend.py:215}}
Jun 25 17:53:30.783404 np0000003629 devstack@g-api.service[102730]: DEBUG glance_store.capabilities [None req-a08f98a4-5fcd-4955-99df-c8bcf2160ae1 tempest-VolumesActionsTest-310995542 tempest-VolumesActionsTest-310995542-project-member] Store glance_store._drivers.swift.store.SingleTenantStore doesn't support updating dynamic storage capabilities. Please overwrite 'update_capabilities' method of the store to implement updating logics if needed. {{(pid=102730) update_capabilities /opt/stack/data/venv/lib/python3.12/site-packages/glance_store/capabilities.py:91}}
Jun 25 17:53:30.783513 np0000003629 devstack@g-api.service[102730]: DEBUG glance_store.driver [None req-a08f98a4-5fcd-4955-99df-c8bcf2160ae1 tempest-VolumesActionsTest-310995542 tempest-VolumesActionsTest-310995542-project-member] Late loading location class glance_store._drivers.swift.store.StoreLocation {{(pid=102730) get_store_location_class /opt/stack/data/venv/lib/python3.12/site-packages/glance_store/driver.py:134}}
Jun 25 17:53:30.783592 np0000003629 devstack@g-api.service[102730]: DEBUG glance_store.location [None req-a08f98a4-5fcd-4955-99df-c8bcf2160ae1 tempest-VolumesActionsTest-310995542 tempest-VolumesActionsTest-310995542-project-member] Registering scheme swift+https with {'store': , 'location_class': , 'store_entry': 'swift'} {{(pid=102730) register_scheme_map /opt/stack/data/venv/lib/python3.12/site-packages/glance_store/location.py:146}}
Jun 25 17:53:30.783677 np0000003629 devstack@g-api.service[102730]: DEBUG glance_store.location [None req-a08f98a4-5fcd-4955-99df-c8bcf2160ae1 tempest-VolumesActionsTest-310995542 tempest-VolumesActionsTest-310995542-project-member] Registering scheme swift+https with {'store': , 'location_class': , 'store_entry': 'swift'} {{(pid=102730) register_scheme_map /opt/stack/data/venv/lib/python3.12/site-packages/glance_store/location.py:146}}
Jun 25 17:53:30.783744 np0000003629 devstack@g-api.service[102730]: DEBUG glance_store.location [None req-a08f98a4-5fcd-4955-99df-c8bcf2160ae1 tempest-VolumesActionsTest-310995542 tempest-VolumesActionsTest-310995542-project-member] Registering scheme swift with {'store': , 'location_class': , 'store_entry': 'swift'} {{(pid=102730) register_scheme_map /opt/stack/data/venv/lib/python3.12/site-packages/glance_store/location.py:146}}
Jun 25 17:53:30.783806 np0000003629 devstack@g-api.service[102730]: DEBUG glance_store.location [None req-a08f98a4-5fcd-4955-99df-c8bcf2160ae1 tempest-VolumesActionsTest-310995542 tempest-VolumesActionsTest-310995542-project-member] Registering scheme swift+https with {'store': , 'location_class': , 'store_entry': 'swift'} {{(pid=102730) register_scheme_map /opt/stack/data/venv/lib/python3.12/site-packages/glance_store/location.py:146}}
Jun 25 17:53:30.783879 np0000003629 devstack@g-api.service[102730]: DEBUG glance_store.location [None req-a08f98a4-5fcd-4955-99df-c8bcf2160ae1 tempest-VolumesActionsTest-310995542 tempest-VolumesActionsTest-310995542-project-member] Registering scheme swift with {'store': , 'location_class': , 'store_entry': 'swift'} {{(pid=102730) register_scheme_map /opt/stack/data/venv/lib/python3.12/site-packages/glance_store/location.py:146}}
Jun 25 17:53:30.783965 np0000003629 devstack@g-api.service[102730]: DEBUG glance_store.location [None req-a08f98a4-5fcd-4955-99df-c8bcf2160ae1 tempest-VolumesActionsTest-310995542 tempest-VolumesActionsTest-310995542-project-member] Registering scheme swift+http with {'store': , 'location_class': , 'store_entry': 'swift'} {{(pid=102730) register_scheme_map /opt/stack/data/venv/lib/python3.12/site-packages/glance_store/location.py:146}}
Jun 25 17:53:30.784041 np0000003629 devstack@g-api.service[102730]: DEBUG glance_store.location [None req-a08f98a4-5fcd-4955-99df-c8bcf2160ae1 tempest-VolumesActionsTest-310995542 tempest-VolumesActionsTest-310995542-project-member] Registering scheme swift+https with {'store': , 'location_class': , 'store_entry': 'swift'} {{(pid=102730) register_scheme_map /opt/stack/data/venv/lib/python3.12/site-packages/glance_store/location.py:146}}
Jun 25 17:53:30.784095 np0000003629 devstack@g-api.service[102730]: DEBUG glance_store.location [None req-a08f98a4-5fcd-4955-99df-c8bcf2160ae1 tempest-VolumesActionsTest-310995542 tempest-VolumesActionsTest-310995542-project-member] Registering scheme swift with {'store': , 'location_class': , 'store_entry': 'swift'} {{(pid=102730) register_scheme_map /opt/stack/data/venv/lib/python3.12/site-packages/glance_store/location.py:146}}
Jun 25 17:53:30.784145 np0000003629 devstack@g-api.service[102730]: DEBUG glance_store.location [None req-a08f98a4-5fcd-4955-99df-c8bcf2160ae1 tempest-VolumesActionsTest-310995542 tempest-VolumesActionsTest-310995542-project-member] Registering scheme swift+http with {'store': , 'location_class': , 'store_entry': 'swift'} {{(pid=102730) register_scheme_map /opt/stack/data/venv/lib/python3.12/site-packages/glance_store/location.py:146}}
Jun 25 17:53:30.784197 np0000003629 devstack@g-api.service[102730]: DEBUG glance_store.location [None req-a08f98a4-5fcd-4955-99df-c8bcf2160ae1 tempest-VolumesActionsTest-310995542 tempest-VolumesActionsTest-310995542-project-member] Registering scheme swift+config with {'store': , 'location_class': , 'store_entry': 'swift'} {{(pid=102730) register_scheme_map /opt/stack/data/venv/lib/python3.12/site-packages/glance_store/location.py:146}}
Jun 25 17:53:30.975172 np0000003629 devstack@g-api.service[102730]: DEBUG swiftclient [None req-a08f98a4-5fcd-4955-99df-c8bcf2160ae1 tempest-VolumesActionsTest-310995542 tempest-VolumesActionsTest-310995542-project-member] REQ: curl -i https://10.4.3.142:8080/v1/AUTH_31000f624dee4ccf97ebd7d9b93eaea2/glance -I -H "X-Auth-Token: gAAAAABqPWsajfm4..." {{(pid=102730) http_log /opt/stack/data/venv/lib/python3.12/site-packages/swiftclient/client.py:160}}
Jun 25 17:53:30.975287 np0000003629 devstack@g-api.service[102730]: DEBUG swiftclient [None req-a08f98a4-5fcd-4955-99df-c8bcf2160ae1 tempest-VolumesActionsTest-310995542 tempest-VolumesActionsTest-310995542-project-member] RESP STATUS: 204 No Content {{(pid=102730) http_log /opt/stack/data/venv/lib/python3.12/site-packages/swiftclient/client.py:161}}
Jun 25 17:53:30.975453 np0000003629 devstack@g-api.service[102730]: DEBUG swiftclient [None req-a08f98a4-5fcd-4955-99df-c8bcf2160ae1 tempest-VolumesActionsTest-310995542 tempest-VolumesActionsTest-310995542-project-member] RESP HEADERS: {'Date': 'Thu, 25 Jun 2026 17:53:30 GMT', 'Server': 'Apache/2.4.58 (Ubuntu)', 'Content-Type': 'text/plain; charset=utf-8', 'X-Container-Object-Count': '5', 'X-Container-Bytes-Used': '86048768', 'X-Timestamp': '1782409441.94213', 'Last-Modified': 'Thu, 25 Jun 2026 17:44:02 GMT', 'Accept-Ranges': 'bytes', 'X-Storage-Policy': 'Policy-0', 'X-Container-Sharding': 'False', 'Vary': 'Accept', 'X-Trans-Id': 'tx3df6124c0299451ea321e-006a3d6b1a', 'X-Openstack-Request-Id': 'tx3df6124c0299451ea321e-006a3d6b1a', 'Connection': 'close'} {{(pid=102730) http_log /opt/stack/data/venv/lib/python3.12/site-packages/swiftclient/client.py:162}}
Jun 25 17:53:30.975589 np0000003629 devstack@g-api.service[102730]: DEBUG glance_store._drivers.swift.store [None req-a08f98a4-5fcd-4955-99df-c8bcf2160ae1 tempest-VolumesActionsTest-310995542 tempest-VolumesActionsTest-310995542-project-member] Adding image object 'b8dfbb2a-8b81-4539-805a-6cc3946463fa' to Swift {{(pid=102730) add /opt/stack/data/venv/lib/python3.12/site-packages/glance_store/_drivers/swift/store.py:970}}
Jun 25 17:53:30.975661 np0000003629 devstack@g-api.service[102730]: DEBUG glance_store._drivers.swift.store [None req-a08f98a4-5fcd-4955-99df-c8bcf2160ae1 tempest-VolumesActionsTest-310995542 tempest-VolumesActionsTest-310995542-project-member] Cannot determine image size because it is either not provided in the request or chunked-transfer encoding is used. Adding image as a segmented object to Swift. {{(pid=102730) add /opt/stack/data/venv/lib/python3.12/site-packages/glance_store/_drivers/swift/store.py:994}}
Jun 25 17:53:30.980780 np0000003629 devstack@g-api.service[102730]: DEBUG oslo_utils.imageutils.format_inspector [None req-a08f98a4-5fcd-4955-99df-c8bcf2160ae1 tempest-VolumesActionsTest-310995542 tempest-VolumesActionsTest-310995542-project-member] Format inspector for vmdk does not match, excluding from consideration (Signature KDMV not found: b'\x00\x00\x00\x00') {{(pid=102730) _process_chunk /opt/stack/data/venv/lib/python3.12/site-packages/oslo_utils/imageutils/format_inspector.py:1758}}
Jun 25 17:53:30.982565 np0000003629 devstack@g-api.service[102730]: DEBUG oslo_utils.imageutils.format_inspector [None req-a08f98a4-5fcd-4955-99df-c8bcf2160ae1 tempest-VolumesActionsTest-310995542 tempest-VolumesActionsTest-310995542-project-member] Format inspector for vhdx does not match, excluding from consideration (Region signature not found at 30000) {{(pid=102730) _process_chunk /opt/stack/data/venv/lib/python3.12/site-packages/oslo_utils/imageutils/format_inspector.py:1758}}
Jun 25 17:53:31.101651 np0000003629 devstack@g-api.service[102731]: DEBUG glance.api.middleware.version_negotiation [None req-118e6c60-575a-420e-bed9-9d8bf902f7af tempest-VolumesImageMetadata-1956505089 tempest-VolumesImageMetadata-1956505089-project-member] Determining version of request: GET /v2/images/9d16263f-0e19-412b-a5af-c3a0a00e0455 Accept: */* {{(pid=102731) process_request /opt/stack/glance/glance/api/middleware/version_negotiation.py:44}}
Jun 25 17:53:31.101651 np0000003629 devstack@g-api.service[102731]: DEBUG glance.api.middleware.version_negotiation [None req-118e6c60-575a-420e-bed9-9d8bf902f7af tempest-VolumesImageMetadata-1956505089 tempest-VolumesImageMetadata-1956505089-project-member] Using url versioning {{(pid=102731) process_request /opt/stack/glance/glance/api/middleware/version_negotiation.py:57}}
Jun 25 17:53:31.102130 np0000003629 devstack@g-api.service[102731]: DEBUG glance.api.middleware.version_negotiation [None req-118e6c60-575a-420e-bed9-9d8bf902f7af tempest-VolumesImageMetadata-1956505089 tempest-VolumesImageMetadata-1956505089-project-member] Matched version: v2 {{(pid=102731) process_request /opt/stack/glance/glance/api/middleware/version_negotiation.py:69}}
Jun 25 17:53:31.102130 np0000003629 devstack@g-api.service[102731]: DEBUG glance.api.middleware.version_negotiation [None req-118e6c60-575a-420e-bed9-9d8bf902f7af tempest-VolumesImageMetadata-1956505089 tempest-VolumesImageMetadata-1956505089-project-member] new path /v2/images/9d16263f-0e19-412b-a5af-c3a0a00e0455 {{(pid=102731) process_request /opt/stack/glance/glance/api/middleware/version_negotiation.py:70}}
Jun 25 17:53:31.116074 np0000003629 devstack@g-api.service[102731]: [pid: 102731|app: 0|req: 93/365] 127.0.0.1 () {44 vars in 1115 bytes} [Thu Jun 25 17:53:31 2026] GET /v2/images/9d16263f-0e19-412b-a5af-c3a0a00e0455 => generated 1044 bytes in 15 msecs (HTTP/1.1 200) 4 headers in 158 bytes (1 switches on core 0)
Jun 25 17:53:31.154852 np0000003629 devstack@g-api.service[102729]: DEBUG glance.api.middleware.version_negotiation [None req-118e6c60-575a-420e-bed9-9d8bf902f7af tempest-VolumesImageMetadata-1956505089 tempest-VolumesImageMetadata-1956505089-project-member] Determining version of request: GET /v2/schemas/image Accept: */* {{(pid=102729) process_request /opt/stack/glance/glance/api/middleware/version_negotiation.py:44}}
Jun 25 17:53:31.155129 np0000003629 devstack@g-api.service[102729]: DEBUG glance.api.middleware.version_negotiation [None req-118e6c60-575a-420e-bed9-9d8bf902f7af tempest-VolumesImageMetadata-1956505089 tempest-VolumesImageMetadata-1956505089-project-member] Using url versioning {{(pid=102729) process_request /opt/stack/glance/glance/api/middleware/version_negotiation.py:57}}
Jun 25 17:53:31.155294 np0000003629 devstack@g-api.service[102729]: DEBUG glance.api.middleware.version_negotiation [None req-118e6c60-575a-420e-bed9-9d8bf902f7af tempest-VolumesImageMetadata-1956505089 tempest-VolumesImageMetadata-1956505089-project-member] Matched version: v2 {{(pid=102729) process_request /opt/stack/glance/glance/api/middleware/version_negotiation.py:69}}
Jun 25 17:53:31.155458 np0000003629 devstack@g-api.service[102729]: DEBUG glance.api.middleware.version_negotiation [None req-118e6c60-575a-420e-bed9-9d8bf902f7af tempest-VolumesImageMetadata-1956505089 tempest-VolumesImageMetadata-1956505089-project-member] new path /v2/schemas/image {{(pid=102729) process_request /opt/stack/glance/glance/api/middleware/version_negotiation.py:70}}
Jun 25 17:53:31.158405 np0000003629 devstack@g-api.service[102729]: [pid: 102729|app: 0|req: 93/366] 127.0.0.1 () {44 vars in 1055 bytes} [Thu Jun 25 17:53:31 2026] GET /v2/schemas/image => generated 6083 bytes in 4 msecs (HTTP/1.1 200) 4 headers in 158 bytes (1 switches on core 0)
Jun 25 17:53:31.346290 np0000003629 devstack@g-api.service[102732]: DEBUG glance.api.middleware.version_negotiation [None req-0c3e0d1f-6f68-4862-acdf-436aef629f79 tempest-VolumesActionsTest-310995542 tempest-VolumesActionsTest-310995542-project-member] Determining version of request: GET /v2/images/b8dfbb2a-8b81-4539-805a-6cc3946463fa Accept: application/json {{(pid=102732) process_request /opt/stack/glance/glance/api/middleware/version_negotiation.py:44}}
Jun 25 17:53:31.346290 np0000003629 devstack@g-api.service[102732]: DEBUG glance.api.middleware.version_negotiation [None req-0c3e0d1f-6f68-4862-acdf-436aef629f79 tempest-VolumesActionsTest-310995542 tempest-VolumesActionsTest-310995542-project-member] Using url versioning {{(pid=102732) process_request /opt/stack/glance/glance/api/middleware/version_negotiation.py:57}}
Jun 25 17:53:31.346290 np0000003629 devstack@g-api.service[102732]: DEBUG glance.api.middleware.version_negotiation [None req-0c3e0d1f-6f68-4862-acdf-436aef629f79 tempest-VolumesActionsTest-310995542 tempest-VolumesActionsTest-310995542-project-member] Matched version: v2 {{(pid=102732) process_request /opt/stack/glance/glance/api/middleware/version_negotiation.py:69}}
Jun 25 17:53:31.346290 np0000003629 devstack@g-api.service[102732]: DEBUG glance.api.middleware.version_negotiation [None req-0c3e0d1f-6f68-4862-acdf-436aef629f79 tempest-VolumesActionsTest-310995542 tempest-VolumesActionsTest-310995542-project-member] new path /v2/images/b8dfbb2a-8b81-4539-805a-6cc3946463fa {{(pid=102732) process_request /opt/stack/glance/glance/api/middleware/version_negotiation.py:70}}
Jun 25 17:53:31.358373 np0000003629 devstack@g-api.service[102732]: [pid: 102732|app: 0|req: 95/367] 127.0.0.1 () {40 vars in 838 bytes} [Thu Jun 25 17:53:31 2026] GET /v2/images/b8dfbb2a-8b81-4539-805a-6cc3946463fa => generated 649 bytes in 12 msecs (HTTP/1.1 200) 4 headers in 157 bytes (1 switches on core 0)
Jun 25 17:53:32.372206 np0000003629 devstack@g-api.service[102731]: DEBUG glance.api.middleware.version_negotiation [None req-6c79073e-44eb-48c8-b9f7-107baf22feba tempest-AttachVolumeNegativeTest-165463988 tempest-AttachVolumeNegativeTest-165463988-project-member] Determining version of request: GET /v2/images/b8dfbb2a-8b81-4539-805a-6cc3946463fa Accept: application/json {{(pid=102731) process_request /opt/stack/glance/glance/api/middleware/version_negotiation.py:44}}
Jun 25 17:53:32.372206 np0000003629 devstack@g-api.service[102731]: DEBUG glance.api.middleware.version_negotiation [None req-6c79073e-44eb-48c8-b9f7-107baf22feba tempest-AttachVolumeNegativeTest-165463988 tempest-AttachVolumeNegativeTest-165463988-project-member] Using url versioning {{(pid=102731) process_request /opt/stack/glance/glance/api/middleware/version_negotiation.py:57}}
Jun 25 17:53:32.372206 np0000003629 devstack@g-api.service[102731]: DEBUG glance.api.middleware.version_negotiation [None req-6c79073e-44eb-48c8-b9f7-107baf22feba tempest-AttachVolumeNegativeTest-165463988 tempest-AttachVolumeNegativeTest-165463988-project-member] Matched version: v2 {{(pid=102731) process_request /opt/stack/glance/glance/api/middleware/version_negotiation.py:69}}
Jun 25 17:53:32.372206 np0000003629 devstack@g-api.service[102731]: DEBUG glance.api.middleware.version_negotiation [None req-6c79073e-44eb-48c8-b9f7-107baf22feba tempest-AttachVolumeNegativeTest-165463988 tempest-AttachVolumeNegativeTest-165463988-project-member] new path /v2/images/b8dfbb2a-8b81-4539-805a-6cc3946463fa {{(pid=102731) process_request /opt/stack/glance/glance/api/middleware/version_negotiation.py:70}}
Jun 25 17:53:32.392792 np0000003629 devstack@g-api.service[102731]: [pid: 102731|app: 0|req: 94/368] 127.0.0.1 () {40 vars in 838 bytes} [Thu Jun 25 17:53:32 2026] GET /v2/images/b8dfbb2a-8b81-4539-805a-6cc3946463fa => generated 649 bytes in 24 msecs (HTTP/1.1 200) 4 headers in 157 bytes (1 switches on core 0)
Jun 25 17:53:33.409438 np0000003629 devstack@g-api.service[102729]: DEBUG glance.api.middleware.version_negotiation [None req-6c79073e-44eb-48c8-b9f7-107baf22feba tempest-AttachVolumeNegativeTest-165463988 tempest-AttachVolumeNegativeTest-165463988-project-member] Determining version of request: GET /v2/images/b8dfbb2a-8b81-4539-805a-6cc3946463fa Accept: application/json {{(pid=102729) process_request /opt/stack/glance/glance/api/middleware/version_negotiation.py:44}}
Jun 25 17:53:33.409820 np0000003629 devstack@g-api.service[102729]: DEBUG glance.api.middleware.version_negotiation [None req-6c79073e-44eb-48c8-b9f7-107baf22feba tempest-AttachVolumeNegativeTest-165463988 tempest-AttachVolumeNegativeTest-165463988-project-member] Using url versioning {{(pid=102729) process_request /opt/stack/glance/glance/api/middleware/version_negotiation.py:57}}
Jun 25 17:53:33.409820 np0000003629 devstack@g-api.service[102729]: DEBUG glance.api.middleware.version_negotiation [None req-6c79073e-44eb-48c8-b9f7-107baf22feba tempest-AttachVolumeNegativeTest-165463988 tempest-AttachVolumeNegativeTest-165463988-project-member] Matched version: v2 {{(pid=102729) process_request /opt/stack/glance/glance/api/middleware/version_negotiation.py:69}}
Jun 25 17:53:33.409820 np0000003629 devstack@g-api.service[102729]: DEBUG glance.api.middleware.version_negotiation [None req-6c79073e-44eb-48c8-b9f7-107baf22feba tempest-AttachVolumeNegativeTest-165463988 tempest-AttachVolumeNegativeTest-165463988-project-member] new path /v2/images/b8dfbb2a-8b81-4539-805a-6cc3946463fa {{(pid=102729) process_request /opt/stack/glance/glance/api/middleware/version_negotiation.py:70}}
Jun 25 17:53:33.423575 np0000003629 devstack@g-api.service[102729]: [pid: 102729|app: 0|req: 94/369] 127.0.0.1 () {40 vars in 838 bytes} [Thu Jun 25 17:53:33 2026] GET /v2/images/b8dfbb2a-8b81-4539-805a-6cc3946463fa => generated 649 bytes in 14 msecs (HTTP/1.1 200) 4 headers in 157 bytes (1 switches on core 0)
Jun 25 17:53:34.069640 np0000003629 devstack@g-api.service[102730]: DEBUG swiftclient [None req-a08f98a4-5fcd-4955-99df-c8bcf2160ae1 tempest-VolumesActionsTest-310995542 tempest-VolumesActionsTest-310995542-project-member] REQ: curl -i https://10.4.3.142:8080/v1/AUTH_31000f624dee4ccf97ebd7d9b93eaea2/glance/b8dfbb2a-8b81-4539-805a-6cc3946463fa-00001 -X PUT -H "X-Auth-Token: gAAAAABqPWsajfm4..." {{(pid=102730) http_log /opt/stack/data/venv/lib/python3.12/site-packages/swiftclient/client.py:160}}
Jun 25 17:53:34.069934 np0000003629 devstack@g-api.service[102730]: DEBUG swiftclient [None req-a08f98a4-5fcd-4955-99df-c8bcf2160ae1 tempest-VolumesActionsTest-310995542 tempest-VolumesActionsTest-310995542-project-member] RESP STATUS: 201 Created {{(pid=102730) http_log /opt/stack/data/venv/lib/python3.12/site-packages/swiftclient/client.py:161}}
Jun 25 17:53:34.070010 np0000003629 devstack@g-api.service[102730]: DEBUG swiftclient [None req-a08f98a4-5fcd-4955-99df-c8bcf2160ae1 tempest-VolumesActionsTest-310995542 tempest-VolumesActionsTest-310995542-project-member] RESP HEADERS: {'Date': 'Thu, 25 Jun 2026 17:53:34 GMT', 'Server': 'Apache/2.4.58 (Ubuntu)', 'Content-Type': 'text/html; charset=UTF-8', 'Content-Length': '0', 'Etag': 'eda9a9889837ac4bc81d6387d92c1bec', 'Last-Modified': 'Thu, 25 Jun 2026 17:53:31 GMT', 'X-Trans-Id': 'tx1d75dc74ce44499a94f1a-006a3d6b1a', 'X-Openstack-Request-Id': 'tx1d75dc74ce44499a94f1a-006a3d6b1a', 'Connection': 'close'} {{(pid=102730) http_log /opt/stack/data/venv/lib/python3.12/site-packages/swiftclient/client.py:162}}
Jun 25 17:53:34.070181 np0000003629 devstack@g-api.service[102730]: DEBUG glance_store._drivers.swift.store [None req-a08f98a4-5fcd-4955-99df-c8bcf2160ae1 tempest-VolumesActionsTest-310995542 tempest-VolumesActionsTest-310995542-project-member] Wrote chunk b8dfbb2a-8b81-4539-805a-6cc3946463fa-00001 (1/?) of length 204800000 to Swift returning MD5 of content: eda9a9889837ac4bc81d6387d92c1bec {{(pid=102730) add /opt/stack/data/venv/lib/python3.12/site-packages/glance_store/_drivers/swift/store.py:1059}}
Jun 25 17:53:34.432020 np0000003629 devstack@g-api.service[102732]: DEBUG glance.api.middleware.version_negotiation [None req-a365a19a-f556-4c6f-a39b-f4d6c29e42e0 tempest-VolumesActionsTest-310995542 tempest-VolumesActionsTest-310995542-project-member] Determining version of request: GET /v2/images/b8dfbb2a-8b81-4539-805a-6cc3946463fa Accept: application/json {{(pid=102732) process_request /opt/stack/glance/glance/api/middleware/version_negotiation.py:44}}
Jun 25 17:53:34.432020 np0000003629 devstack@g-api.service[102732]: DEBUG glance.api.middleware.version_negotiation [None req-a365a19a-f556-4c6f-a39b-f4d6c29e42e0 tempest-VolumesActionsTest-310995542 tempest-VolumesActionsTest-310995542-project-member] Using url versioning {{(pid=102732) process_request /opt/stack/glance/glance/api/middleware/version_negotiation.py:57}}
Jun 25 17:53:34.432020 np0000003629 devstack@g-api.service[102732]: DEBUG glance.api.middleware.version_negotiation [None req-a365a19a-f556-4c6f-a39b-f4d6c29e42e0 tempest-VolumesActionsTest-310995542 tempest-VolumesActionsTest-310995542-project-member] Matched version: v2 {{(pid=102732) process_request /opt/stack/glance/glance/api/middleware/version_negotiation.py:69}}
Jun 25 17:53:34.432020 np0000003629 devstack@g-api.service[102732]: DEBUG glance.api.middleware.version_negotiation [None req-a365a19a-f556-4c6f-a39b-f4d6c29e42e0 tempest-VolumesActionsTest-310995542 tempest-VolumesActionsTest-310995542-project-member] new path /v2/images/b8dfbb2a-8b81-4539-805a-6cc3946463fa {{(pid=102732) process_request /opt/stack/glance/glance/api/middleware/version_negotiation.py:70}}
Jun 25 17:53:34.447396 np0000003629 devstack@g-api.service[102732]: [pid: 102732|app: 0|req: 96/370] 127.0.0.1 () {40 vars in 838 bytes} [Thu Jun 25 17:53:34 2026] GET /v2/images/b8dfbb2a-8b81-4539-805a-6cc3946463fa => generated 649 bytes in 16 msecs (HTTP/1.1 200) 4 headers in 157 bytes (1 switches on core 0)
Jun 25 17:53:35.457646 np0000003629 devstack@g-api.service[102731]: DEBUG glance.api.middleware.version_negotiation [None req-1c82a37b-0ace-43e9-aca0-af13069f1908 tempest-VolumesActionsTest-310995542 tempest-VolumesActionsTest-310995542-project-member] Determining version of request: GET /v2/images/b8dfbb2a-8b81-4539-805a-6cc3946463fa Accept: application/json {{(pid=102731) process_request /opt/stack/glance/glance/api/middleware/version_negotiation.py:44}}
Jun 25 17:53:35.458147 np0000003629 devstack@g-api.service[102731]: DEBUG glance.api.middleware.version_negotiation [None req-1c82a37b-0ace-43e9-aca0-af13069f1908 tempest-VolumesActionsTest-310995542 tempest-VolumesActionsTest-310995542-project-member] Using url versioning {{(pid=102731) process_request /opt/stack/glance/glance/api/middleware/version_negotiation.py:57}}
Jun 25 17:53:35.458147 np0000003629 devstack@g-api.service[102731]: DEBUG glance.api.middleware.version_negotiation [None req-1c82a37b-0ace-43e9-aca0-af13069f1908 tempest-VolumesActionsTest-310995542 tempest-VolumesActionsTest-310995542-project-member] Matched version: v2 {{(pid=102731) process_request /opt/stack/glance/glance/api/middleware/version_negotiation.py:69}}
Jun 25 17:53:35.458288 np0000003629 devstack@g-api.service[102731]: DEBUG glance.api.middleware.version_negotiation [None req-1c82a37b-0ace-43e9-aca0-af13069f1908 tempest-VolumesActionsTest-310995542 tempest-VolumesActionsTest-310995542-project-member] new path /v2/images/b8dfbb2a-8b81-4539-805a-6cc3946463fa {{(pid=102731) process_request /opt/stack/glance/glance/api/middleware/version_negotiation.py:70}}
Jun 25 17:53:35.474042 np0000003629 devstack@g-api.service[102731]: [pid: 102731|app: 0|req: 95/371] 127.0.0.1 () {40 vars in 838 bytes} [Thu Jun 25 17:53:35 2026] GET /v2/images/b8dfbb2a-8b81-4539-805a-6cc3946463fa => generated 649 bytes in 16 msecs (HTTP/1.1 200) 4 headers in 157 bytes (1 switches on core 0)
Jun 25 17:53:36.148526 np0000003629 devstack@g-api.service[102730]: DEBUG swiftclient [None req-a08f98a4-5fcd-4955-99df-c8bcf2160ae1 tempest-VolumesActionsTest-310995542 tempest-VolumesActionsTest-310995542-project-member] REQ: curl -i https://10.4.3.142:8080/v1/AUTH_31000f624dee4ccf97ebd7d9b93eaea2/glance/b8dfbb2a-8b81-4539-805a-6cc3946463fa-00002 -X PUT -H "X-Auth-Token: gAAAAABqPWsajfm4..." {{(pid=102730) http_log /opt/stack/data/venv/lib/python3.12/site-packages/swiftclient/client.py:160}}
Jun 25 17:53:36.148972 np0000003629 devstack@g-api.service[102730]: DEBUG swiftclient [None req-a08f98a4-5fcd-4955-99df-c8bcf2160ae1 tempest-VolumesActionsTest-310995542 tempest-VolumesActionsTest-310995542-project-member] RESP STATUS: 201 Created {{(pid=102730) http_log /opt/stack/data/venv/lib/python3.12/site-packages/swiftclient/client.py:161}}
Jun 25 17:53:36.148972 np0000003629 devstack@g-api.service[102730]: DEBUG swiftclient [None req-a08f98a4-5fcd-4955-99df-c8bcf2160ae1 tempest-VolumesActionsTest-310995542 tempest-VolumesActionsTest-310995542-project-member] RESP HEADERS: {'Date': 'Thu, 25 Jun 2026 17:53:36 GMT', 'Server': 'Apache/2.4.58 (Ubuntu)', 'Content-Type': 'text/html; charset=UTF-8', 'Content-Length': '0', 'Etag': 'eda9a9889837ac4bc81d6387d92c1bec', 'Last-Modified': 'Thu, 25 Jun 2026 17:53:35 GMT', 'X-Trans-Id': 'tx763db24215334f0ca6d58-006a3d6b1e', 'X-Openstack-Request-Id': 'tx763db24215334f0ca6d58-006a3d6b1e', 'Connection': 'close'} {{(pid=102730) http_log /opt/stack/data/venv/lib/python3.12/site-packages/swiftclient/client.py:162}}
Jun 25 17:53:36.148972 np0000003629 devstack@g-api.service[102730]: DEBUG glance_store._drivers.swift.store [None req-a08f98a4-5fcd-4955-99df-c8bcf2160ae1 tempest-VolumesActionsTest-310995542 tempest-VolumesActionsTest-310995542-project-member] Wrote chunk b8dfbb2a-8b81-4539-805a-6cc3946463fa-00002 (2/?) of length 204800000 to Swift returning MD5 of content: eda9a9889837ac4bc81d6387d92c1bec {{(pid=102730) add /opt/stack/data/venv/lib/python3.12/site-packages/glance_store/_drivers/swift/store.py:1059}}
Jun 25 17:53:36.490282 np0000003629 devstack@g-api.service[102729]: DEBUG glance.api.middleware.version_negotiation [None req-6cb6662d-b20d-4382-af9d-164eb821ce6e tempest-VolumesActionsTest-310995542 tempest-VolumesActionsTest-310995542-project-member] Determining version of request: GET /v2/images/b8dfbb2a-8b81-4539-805a-6cc3946463fa Accept: application/json {{(pid=102729) process_request /opt/stack/glance/glance/api/middleware/version_negotiation.py:44}}
Jun 25 17:53:36.490282 np0000003629 devstack@g-api.service[102729]: DEBUG glance.api.middleware.version_negotiation [None req-6cb6662d-b20d-4382-af9d-164eb821ce6e tempest-VolumesActionsTest-310995542 tempest-VolumesActionsTest-310995542-project-member] Using url versioning {{(pid=102729) process_request /opt/stack/glance/glance/api/middleware/version_negotiation.py:57}}
Jun 25 17:53:36.490563 np0000003629 devstack@g-api.service[102729]: DEBUG glance.api.middleware.version_negotiation [None req-6cb6662d-b20d-4382-af9d-164eb821ce6e tempest-VolumesActionsTest-310995542 tempest-VolumesActionsTest-310995542-project-member] Matched version: v2 {{(pid=102729) process_request /opt/stack/glance/glance/api/middleware/version_negotiation.py:69}}
Jun 25 17:53:36.490563 np0000003629 devstack@g-api.service[102729]: DEBUG glance.api.middleware.version_negotiation [None req-6cb6662d-b20d-4382-af9d-164eb821ce6e tempest-VolumesActionsTest-310995542 tempest-VolumesActionsTest-310995542-project-member] new path /v2/images/b8dfbb2a-8b81-4539-805a-6cc3946463fa {{(pid=102729) process_request /opt/stack/glance/glance/api/middleware/version_negotiation.py:70}}
Jun 25 17:53:36.505574 np0000003629 devstack@g-api.service[102729]: [pid: 102729|app: 0|req: 95/372] 127.0.0.1 () {40 vars in 838 bytes} [Thu Jun 25 17:53:36 2026] GET /v2/images/b8dfbb2a-8b81-4539-805a-6cc3946463fa => generated 649 bytes in 15 msecs (HTTP/1.1 200) 4 headers in 157 bytes (1 switches on core 0)
Jun 25 17:53:37.515435 np0000003629 devstack@g-api.service[102732]: DEBUG glance.api.middleware.version_negotiation [None req-8185b4b0-9a15-4d2d-a64a-09c946e62245 tempest-VolumesActionsTest-310995542 tempest-VolumesActionsTest-310995542-project-member] Determining version of request: GET /v2/images/b8dfbb2a-8b81-4539-805a-6cc3946463fa Accept: application/json {{(pid=102732) process_request /opt/stack/glance/glance/api/middleware/version_negotiation.py:44}}
Jun 25 17:53:37.515957 np0000003629 devstack@g-api.service[102732]: DEBUG glance.api.middleware.version_negotiation [None req-8185b4b0-9a15-4d2d-a64a-09c946e62245 tempest-VolumesActionsTest-310995542 tempest-VolumesActionsTest-310995542-project-member] Using url versioning {{(pid=102732) process_request /opt/stack/glance/glance/api/middleware/version_negotiation.py:57}}
Jun 25 17:53:37.515957 np0000003629 devstack@g-api.service[102732]: DEBUG glance.api.middleware.version_negotiation [None req-8185b4b0-9a15-4d2d-a64a-09c946e62245 tempest-VolumesActionsTest-310995542 tempest-VolumesActionsTest-310995542-project-member] Matched version: v2 {{(pid=102732) process_request /opt/stack/glance/glance/api/middleware/version_negotiation.py:69}}
Jun 25 17:53:37.515957 np0000003629 devstack@g-api.service[102732]: DEBUG glance.api.middleware.version_negotiation [None req-8185b4b0-9a15-4d2d-a64a-09c946e62245 tempest-VolumesActionsTest-310995542 tempest-VolumesActionsTest-310995542-project-member] new path /v2/images/b8dfbb2a-8b81-4539-805a-6cc3946463fa {{(pid=102732) process_request /opt/stack/glance/glance/api/middleware/version_negotiation.py:70}}
Jun 25 17:53:37.527661 np0000003629 devstack@g-api.service[102732]: [pid: 102732|app: 0|req: 97/373] 127.0.0.1 () {40 vars in 838 bytes} [Thu Jun 25 17:53:37 2026] GET /v2/images/b8dfbb2a-8b81-4539-805a-6cc3946463fa => generated 649 bytes in 13 msecs (HTTP/1.1 200) 4 headers in 157 bytes (1 switches on core 0)
Jun 25 17:53:38.482385 np0000003629 devstack@g-api.service[102730]: DEBUG swiftclient [None req-a08f98a4-5fcd-4955-99df-c8bcf2160ae1 tempest-VolumesActionsTest-310995542 tempest-VolumesActionsTest-310995542-project-member] REQ: curl -i https://10.4.3.142:8080/v1/AUTH_31000f624dee4ccf97ebd7d9b93eaea2/glance/b8dfbb2a-8b81-4539-805a-6cc3946463fa-00003 -X PUT -H "X-Auth-Token: gAAAAABqPWsajfm4..." {{(pid=102730) http_log /opt/stack/data/venv/lib/python3.12/site-packages/swiftclient/client.py:160}}
Jun 25 17:53:38.482711 np0000003629 devstack@g-api.service[102730]: DEBUG swiftclient [None req-a08f98a4-5fcd-4955-99df-c8bcf2160ae1 tempest-VolumesActionsTest-310995542 tempest-VolumesActionsTest-310995542-project-member] RESP STATUS: 201 Created {{(pid=102730) http_log /opt/stack/data/venv/lib/python3.12/site-packages/swiftclient/client.py:161}}
Jun 25 17:53:38.482789 np0000003629 devstack@g-api.service[102730]: DEBUG swiftclient [None req-a08f98a4-5fcd-4955-99df-c8bcf2160ae1 tempest-VolumesActionsTest-310995542 tempest-VolumesActionsTest-310995542-project-member] RESP HEADERS: {'Date': 'Thu, 25 Jun 2026 17:53:38 GMT', 'Server': 'Apache/2.4.58 (Ubuntu)', 'Content-Type': 'text/html; charset=UTF-8', 'Content-Length': '0', 'Etag': 'eda9a9889837ac4bc81d6387d92c1bec', 'Last-Modified': 'Thu, 25 Jun 2026 17:53:37 GMT', 'X-Trans-Id': 'txf4ee28ebb39f42f6adae9-006a3d6b20', 'X-Openstack-Request-Id': 'txf4ee28ebb39f42f6adae9-006a3d6b20', 'Connection': 'close'} {{(pid=102730) http_log /opt/stack/data/venv/lib/python3.12/site-packages/swiftclient/client.py:162}}
Jun 25 17:53:38.482877 np0000003629 devstack@g-api.service[102730]: DEBUG glance_store._drivers.swift.store [None req-a08f98a4-5fcd-4955-99df-c8bcf2160ae1 tempest-VolumesActionsTest-310995542 tempest-VolumesActionsTest-310995542-project-member] Wrote chunk b8dfbb2a-8b81-4539-805a-6cc3946463fa-00003 (3/?) of length 204800000 to Swift returning MD5 of content: eda9a9889837ac4bc81d6387d92c1bec {{(pid=102730) add /opt/stack/data/venv/lib/python3.12/site-packages/glance_store/_drivers/swift/store.py:1059}}
Jun 25 17:53:38.541281 np0000003629 devstack@g-api.service[102731]: DEBUG glance.api.middleware.version_negotiation [None req-6569ac24-620f-4cd0-8b35-9e7c625301cf tempest-VolumesActionsTest-310995542 tempest-VolumesActionsTest-310995542-project-member] Determining version of request: GET /v2/images/b8dfbb2a-8b81-4539-805a-6cc3946463fa Accept: application/json {{(pid=102731) process_request /opt/stack/glance/glance/api/middleware/version_negotiation.py:44}}
Jun 25 17:53:38.541281 np0000003629 devstack@g-api.service[102731]: DEBUG glance.api.middleware.version_negotiation [None req-6569ac24-620f-4cd0-8b35-9e7c625301cf tempest-VolumesActionsTest-310995542 tempest-VolumesActionsTest-310995542-project-member] Using url versioning {{(pid=102731) process_request /opt/stack/glance/glance/api/middleware/version_negotiation.py:57}}
Jun 25 17:53:38.542725 np0000003629 devstack@g-api.service[102731]: DEBUG glance.api.middleware.version_negotiation [None req-6569ac24-620f-4cd0-8b35-9e7c625301cf tempest-VolumesActionsTest-310995542 tempest-VolumesActionsTest-310995542-project-member] Matched version: v2 {{(pid=102731) process_request /opt/stack/glance/glance/api/middleware/version_negotiation.py:69}}
Jun 25 17:53:38.542725 np0000003629 devstack@g-api.service[102731]: DEBUG glance.api.middleware.version_negotiation [None req-6569ac24-620f-4cd0-8b35-9e7c625301cf tempest-VolumesActionsTest-310995542 tempest-VolumesActionsTest-310995542-project-member] new path /v2/images/b8dfbb2a-8b81-4539-805a-6cc3946463fa {{(pid=102731) process_request /opt/stack/glance/glance/api/middleware/version_negotiation.py:70}}
Jun 25 17:53:38.562026 np0000003629 devstack@g-api.service[102731]: [pid: 102731|app: 0|req: 96/374] 127.0.0.1 () {40 vars in 838 bytes} [Thu Jun 25 17:53:38 2026] GET /v2/images/b8dfbb2a-8b81-4539-805a-6cc3946463fa => generated 649 bytes in 21 msecs (HTTP/1.1 200) 4 headers in 157 bytes (1 switches on core 0)
Jun 25 17:53:39.574070 np0000003629 devstack@g-api.service[102729]: DEBUG glance.api.middleware.version_negotiation [None req-dfdc67cc-386e-4462-a04c-8a474e0af1ea tempest-VolumesActionsTest-310995542 tempest-VolumesActionsTest-310995542-project-member] Determining version of request: GET /v2/images/b8dfbb2a-8b81-4539-805a-6cc3946463fa Accept: application/json {{(pid=102729) process_request /opt/stack/glance/glance/api/middleware/version_negotiation.py:44}}
Jun 25 17:53:39.575410 np0000003629 devstack@g-api.service[102729]: DEBUG glance.api.middleware.version_negotiation [None req-dfdc67cc-386e-4462-a04c-8a474e0af1ea tempest-VolumesActionsTest-310995542 tempest-VolumesActionsTest-310995542-project-member] Using url versioning {{(pid=102729) process_request /opt/stack/glance/glance/api/middleware/version_negotiation.py:57}}
Jun 25 17:53:39.575410 np0000003629 devstack@g-api.service[102729]: DEBUG glance.api.middleware.version_negotiation [None req-dfdc67cc-386e-4462-a04c-8a474e0af1ea tempest-VolumesActionsTest-310995542 tempest-VolumesActionsTest-310995542-project-member] Matched version: v2 {{(pid=102729) process_request /opt/stack/glance/glance/api/middleware/version_negotiation.py:69}}
Jun 25 17:53:39.575410 np0000003629 devstack@g-api.service[102729]: DEBUG glance.api.middleware.version_negotiation [None req-dfdc67cc-386e-4462-a04c-8a474e0af1ea tempest-VolumesActionsTest-310995542 tempest-VolumesActionsTest-310995542-project-member] new path /v2/images/b8dfbb2a-8b81-4539-805a-6cc3946463fa {{(pid=102729) process_request /opt/stack/glance/glance/api/middleware/version_negotiation.py:70}}
Jun 25 17:53:39.585779 np0000003629 devstack@g-api.service[102729]: [pid: 102729|app: 0|req: 96/375] 127.0.0.1 () {40 vars in 838 bytes} [Thu Jun 25 17:53:39 2026] GET /v2/images/b8dfbb2a-8b81-4539-805a-6cc3946463fa => generated 649 bytes in 12 msecs (HTTP/1.1 200) 4 headers in 157 bytes (1 switches on core 0)
Jun 25 17:53:40.584046 np0000003629 devstack@g-api.service[102730]: DEBUG swiftclient [None req-a08f98a4-5fcd-4955-99df-c8bcf2160ae1 tempest-VolumesActionsTest-310995542 tempest-VolumesActionsTest-310995542-project-member] REQ: curl -i https://10.4.3.142:8080/v1/AUTH_31000f624dee4ccf97ebd7d9b93eaea2/glance/b8dfbb2a-8b81-4539-805a-6cc3946463fa-00004 -X PUT -H "X-Auth-Token: gAAAAABqPWsajfm4..." {{(pid=102730) http_log /opt/stack/data/venv/lib/python3.12/site-packages/swiftclient/client.py:160}}
Jun 25 17:53:40.584046 np0000003629 devstack@g-api.service[102730]: DEBUG swiftclient [None req-a08f98a4-5fcd-4955-99df-c8bcf2160ae1 tempest-VolumesActionsTest-310995542 tempest-VolumesActionsTest-310995542-project-member] RESP STATUS: 201 Created {{(pid=102730) http_log /opt/stack/data/venv/lib/python3.12/site-packages/swiftclient/client.py:161}}
Jun 25 17:53:40.584046 np0000003629 devstack@g-api.service[102730]: DEBUG swiftclient [None req-a08f98a4-5fcd-4955-99df-c8bcf2160ae1 tempest-VolumesActionsTest-310995542 tempest-VolumesActionsTest-310995542-project-member] RESP HEADERS: {'Date': 'Thu, 25 Jun 2026 17:53:40 GMT', 'Server': 'Apache/2.4.58 (Ubuntu)', 'Content-Type': 'text/html; charset=UTF-8', 'Content-Length': '0', 'Etag': 'eda9a9889837ac4bc81d6387d92c1bec', 'Last-Modified': 'Thu, 25 Jun 2026 17:53:39 GMT', 'X-Trans-Id': 'tx9522cb5f52f34c7090f1b-006a3d6b22', 'X-Openstack-Request-Id': 'tx9522cb5f52f34c7090f1b-006a3d6b22', 'Connection': 'close'} {{(pid=102730) http_log /opt/stack/data/venv/lib/python3.12/site-packages/swiftclient/client.py:162}}
Jun 25 17:53:40.584046 np0000003629 devstack@g-api.service[102730]: DEBUG glance_store._drivers.swift.store [None req-a08f98a4-5fcd-4955-99df-c8bcf2160ae1 tempest-VolumesActionsTest-310995542 tempest-VolumesActionsTest-310995542-project-member] Wrote chunk b8dfbb2a-8b81-4539-805a-6cc3946463fa-00004 (4/?) of length 204800000 to Swift returning MD5 of content: eda9a9889837ac4bc81d6387d92c1bec {{(pid=102730) add /opt/stack/data/venv/lib/python3.12/site-packages/glance_store/_drivers/swift/store.py:1059}}
Jun 25 17:53:40.613080 np0000003629 devstack@g-api.service[102732]: DEBUG glance.api.middleware.version_negotiation [None req-75827055-a18d-4662-853a-9f243b769a45 tempest-VolumesActionsTest-310995542 tempest-VolumesActionsTest-310995542-project-member] Determining version of request: GET /v2/images/b8dfbb2a-8b81-4539-805a-6cc3946463fa Accept: application/json {{(pid=102732) process_request /opt/stack/glance/glance/api/middleware/version_negotiation.py:44}}
Jun 25 17:53:40.613080 np0000003629 devstack@g-api.service[102732]: DEBUG glance.api.middleware.version_negotiation [None req-75827055-a18d-4662-853a-9f243b769a45 tempest-VolumesActionsTest-310995542 tempest-VolumesActionsTest-310995542-project-member] Using url versioning {{(pid=102732) process_request /opt/stack/glance/glance/api/middleware/version_negotiation.py:57}}
Jun 25 17:53:40.613080 np0000003629 devstack@g-api.service[102732]: DEBUG glance.api.middleware.version_negotiation [None req-75827055-a18d-4662-853a-9f243b769a45 tempest-VolumesActionsTest-310995542 tempest-VolumesActionsTest-310995542-project-member] Matched version: v2 {{(pid=102732) process_request /opt/stack/glance/glance/api/middleware/version_negotiation.py:69}}
Jun 25 17:53:40.613080 np0000003629 devstack@g-api.service[102732]: DEBUG glance.api.middleware.version_negotiation [None req-75827055-a18d-4662-853a-9f243b769a45 tempest-VolumesActionsTest-310995542 tempest-VolumesActionsTest-310995542-project-member] new path /v2/images/b8dfbb2a-8b81-4539-805a-6cc3946463fa {{(pid=102732) process_request /opt/stack/glance/glance/api/middleware/version_negotiation.py:70}}
Jun 25 17:53:40.623657 np0000003629 devstack@g-api.service[102732]: [pid: 102732|app: 0|req: 98/376] 127.0.0.1 () {40 vars in 838 bytes} [Thu Jun 25 17:53:40 2026] GET /v2/images/b8dfbb2a-8b81-4539-805a-6cc3946463fa => generated 649 bytes in 13 msecs (HTTP/1.1 200) 4 headers in 157 bytes (1 switches on core 0)
Jun 25 17:53:40.782245 np0000003629 devstack@g-api.service[102730]: DEBUG dbcounter [-] [102730] Writing DB stats glance:SELECT=18,glance:UPDATE=1 {{(pid=102730) stat_writer /opt/stack/data/venv/lib/python3.12/site-packages/dbcounter.py:115}}
Jun 25 17:53:41.091666 np0000003629 devstack@g-api.service[102731]: DEBUG glance.api.middleware.version_negotiation [None req-76eee818-585d-450a-8782-2738c89a16be tempest-VolumesActionsTest-310995542 tempest-VolumesActionsTest-310995542-project-member] Determining version of request: GET /v2/images/63601c46-49ba-4a9e-9904-9e6529cd8924 Accept: */* {{(pid=102731) process_request /opt/stack/glance/glance/api/middleware/version_negotiation.py:44}}
Jun 25 17:53:41.092031 np0000003629 devstack@g-api.service[102731]: DEBUG glance.api.middleware.version_negotiation [None req-76eee818-585d-450a-8782-2738c89a16be tempest-VolumesActionsTest-310995542 tempest-VolumesActionsTest-310995542-project-member] Using url versioning {{(pid=102731) process_request /opt/stack/glance/glance/api/middleware/version_negotiation.py:57}}
Jun 25 17:53:41.092076 np0000003629 devstack@g-api.service[102731]: DEBUG glance.api.middleware.version_negotiation [None req-76eee818-585d-450a-8782-2738c89a16be tempest-VolumesActionsTest-310995542 tempest-VolumesActionsTest-310995542-project-member] Matched version: v2 {{(pid=102731) process_request /opt/stack/glance/glance/api/middleware/version_negotiation.py:69}}
Jun 25 17:53:41.092436 np0000003629 devstack@g-api.service[102731]: DEBUG glance.api.middleware.version_negotiation [None req-76eee818-585d-450a-8782-2738c89a16be tempest-VolumesActionsTest-310995542 tempest-VolumesActionsTest-310995542-project-member] new path /v2/images/63601c46-49ba-4a9e-9904-9e6529cd8924 {{(pid=102731) process_request /opt/stack/glance/glance/api/middleware/version_negotiation.py:70}}
Jun 25 17:53:41.111812 np0000003629 devstack@g-api.service[102731]: [pid: 102731|app: 0|req: 97/377] 127.0.0.1 () {44 vars in 1115 bytes} [Thu Jun 25 17:53:41 2026] GET /v2/images/63601c46-49ba-4a9e-9904-9e6529cd8924 => generated 1044 bytes in 20 msecs (HTTP/1.1 200) 4 headers in 158 bytes (1 switches on core 0)
Jun 25 17:53:41.161045 np0000003629 devstack@g-api.service[102729]: DEBUG glance.api.middleware.version_negotiation [None req-8edf3e5f-33b9-4630-82c1-49f477545328 tempest-VolumesActionsTest-310995542 tempest-VolumesActionsTest-310995542-project-member] Determining version of request: GET /v2/schemas/image Accept: */* {{(pid=102729) process_request /opt/stack/glance/glance/api/middleware/version_negotiation.py:44}}
Jun 25 17:53:41.161417 np0000003629 devstack@g-api.service[102729]: DEBUG glance.api.middleware.version_negotiation [None req-8edf3e5f-33b9-4630-82c1-49f477545328 tempest-VolumesActionsTest-310995542 tempest-VolumesActionsTest-310995542-project-member] Using url versioning {{(pid=102729) process_request /opt/stack/glance/glance/api/middleware/version_negotiation.py:57}}
Jun 25 17:53:41.161417 np0000003629 devstack@g-api.service[102729]: DEBUG glance.api.middleware.version_negotiation [None req-8edf3e5f-33b9-4630-82c1-49f477545328 tempest-VolumesActionsTest-310995542 tempest-VolumesActionsTest-310995542-project-member] Matched version: v2 {{(pid=102729) process_request /opt/stack/glance/glance/api/middleware/version_negotiation.py:69}}
