Jun 25 17:43:27.219766 np0000003629 systemd[1]: Starting devstack@n-api-meta.service - Devstack devstack@n-api-meta.service...
Jun 25 17:43:27.225642 np0000003629 devstack@n-api-meta.service[95731]: [uWSGI] getting INI configuration from /etc/nova/nova-metadata-uwsgi.ini
Jun 25 17:43:27.227958 np0000003629 devstack@n-api-meta.service[95731]: *** Starting uWSGI 2.0.24-debian (64bit) on [Thu Jun 25 17:43:27 2026] ***
Jun 25 17:43:27.227958 np0000003629 devstack@n-api-meta.service[95731]: compiled with version: 13.2.0 on 17 April 2024 16:23:48
Jun 25 17:43:27.227958 np0000003629 devstack@n-api-meta.service[95731]: os: Linux-6.8.0-100-generic #100-Ubuntu SMP PREEMPT_DYNAMIC Tue Jan 13 16:40:06 UTC 2026
Jun 25 17:43:27.227958 np0000003629 devstack@n-api-meta.service[95731]: nodename: np0000003629
Jun 25 17:43:27.227958 np0000003629 devstack@n-api-meta.service[95731]: machine: x86_64
Jun 25 17:43:27.227958 np0000003629 devstack@n-api-meta.service[95731]: clock source: unix
Jun 25 17:43:27.227958 np0000003629 devstack@n-api-meta.service[95731]: pcre jit disabled
Jun 25 17:43:27.227958 np0000003629 devstack@n-api-meta.service[95731]: detected number of CPU cores: 16
Jun 25 17:43:27.227958 np0000003629 devstack@n-api-meta.service[95731]: current working directory: /
Jun 25 17:43:27.227958 np0000003629 devstack@n-api-meta.service[95731]: detected binary path: /usr/bin/uwsgi-core
Jun 25 17:43:27.227958 np0000003629 devstack@n-api-meta.service[95731]: your processes number limit is 257052
Jun 25 17:43:27.227958 np0000003629 devstack@n-api-meta.service[95731]: your memory page size is 4096 bytes
Jun 25 17:43:27.227958 np0000003629 devstack@n-api-meta.service[95731]: detected max file descriptor number: 2048
Jun 25 17:43:27.227958 np0000003629 devstack@n-api-meta.service[95731]: lock engine: pthread robust mutexes
Jun 25 17:43:27.228464 np0000003629 devstack@n-api-meta.service[95731]: thunder lock: enabled
Jun 25 17:43:27.228464 np0000003629 devstack@n-api-meta.service[95731]: uWSGI http bound on 0.0.0.0:8775 fd 5
Jun 25 17:43:27.228464 np0000003629 devstack@n-api-meta.service[95731]: uwsgi socket 0 bound to TCP address 127.0.0.1:41249 (port auto-assigned) fd 4
Jun 25 17:43:27.228464 np0000003629 devstack@n-api-meta.service[95731]: Python version: 3.12.3 (main, Mar 23 2026, 19:04:32) [GCC 13.3.0]
Jun 25 17:43:27.228464 np0000003629 devstack@n-api-meta.service[95731]: PEP 405 virtualenv detected: /opt/stack/data/venv
Jun 25 17:43:27.228464 np0000003629 devstack@n-api-meta.service[95731]: Set PythonHome to /opt/stack/data/venv
Jun 25 17:43:27.262724 np0000003629 devstack@n-api-meta.service[95731]: Python main interpreter initialized at 0x7bc2ebca3668
Jun 25 17:43:27.262724 np0000003629 devstack@n-api-meta.service[95731]: python threads support enabled
Jun 25 17:43:27.262724 np0000003629 devstack@n-api-meta.service[95731]: your server socket listen backlog is limited to 100 connections
Jun 25 17:43:27.262724 np0000003629 devstack@n-api-meta.service[95731]: your mercy for graceful operations on workers is 80 seconds
Jun 25 17:43:27.263312 np0000003629 devstack@n-api-meta.service[95731]: mapped 671795 bytes (656 KB) for 4 cores
Jun 25 17:43:27.263491 np0000003629 devstack@n-api-meta.service[95731]: *** Operational MODE: preforking ***
Jun 25 17:43:27.263723 np0000003629 devstack@n-api-meta.service[95731]: *** uWSGI is running in multiple interpreter mode ***
Jun 25 17:43:27.263723 np0000003629 devstack@n-api-meta.service[95731]: spawned uWSGI master process (pid: 95731)
Jun 25 17:43:27.263917 np0000003629 systemd[1]: Started devstack@n-api-meta.service - Devstack devstack@n-api-meta.service.
Jun 25 17:43:27.264751 np0000003629 devstack@n-api-meta.service[95731]: spawned uWSGI worker 1 (pid: 95732, cores: 1)
Jun 25 17:43:27.265089 np0000003629 devstack@n-api-meta.service[95731]: spawned uWSGI worker 2 (pid: 95733, cores: 1)
Jun 25 17:43:27.265735 np0000003629 devstack@n-api-meta.service[95731]: spawned uWSGI worker 3 (pid: 95734, cores: 1)
Jun 25 17:43:27.266202 np0000003629 devstack@n-api-meta.service[95731]: spawned uWSGI worker 4 (pid: 95735, cores: 1)
Jun 25 17:43:27.266718 np0000003629 devstack@n-api-meta.service[95731]: spawned uWSGI http 1 (pid: 95736)
Jun 25 17:43:27.266718 np0000003629 devstack@n-api-meta.service[95731]: running "unix_signal:15 gracefully_kill_them_all" (master-start)...
Jun 25 17:43:29.115113 np0000003629 devstack@n-api-meta.service[95733]: INFO dbcounter [None req-0a81cbb3-ad51-4cbf-aabf-3b0d9aedaa66 None None] Registered counter for database nova_api
Jun 25 17:43:29.115668 np0000003629 devstack@n-api-meta.service[95734]: INFO dbcounter [None req-e2ff69d8-a5cb-4482-a7ab-5a77f4e5a6a1 None None] Registered counter for database nova_api
Jun 25 17:43:29.137649 np0000003629 devstack@n-api-meta.service[95732]: INFO dbcounter [None req-57a656ce-0377-41ce-8b47-09bdbd928853 None None] Registered counter for database nova_api
Jun 25 17:43:29.163641 np0000003629 devstack@n-api-meta.service[95734]: DEBUG oslo_db.sqlalchemy.engines [None req-e2ff69d8-a5cb-4482-a7ab-5a77f4e5a6a1 None None] MySQL server mode set to STRICT_TRANS_TABLES,STRICT_ALL_TABLES,NO_ZERO_IN_DATE,NO_ZERO_DATE,ERROR_FOR_DIVISION_BY_ZERO,TRADITIONAL,NO_ENGINE_SUBSTITUTION {{(pid=95734) _check_effective_sql_mode /opt/stack/data/venv/lib/python3.12/site-packages/oslo_db/sqlalchemy/engines.py:325}}
Jun 25 17:43:29.167194 np0000003629 devstack@n-api-meta.service[95733]: DEBUG oslo_db.sqlalchemy.engines [None req-0a81cbb3-ad51-4cbf-aabf-3b0d9aedaa66 None None] MySQL server mode set to STRICT_TRANS_TABLES,STRICT_ALL_TABLES,NO_ZERO_IN_DATE,NO_ZERO_DATE,ERROR_FOR_DIVISION_BY_ZERO,TRADITIONAL,NO_ENGINE_SUBSTITUTION {{(pid=95733) _check_effective_sql_mode /opt/stack/data/venv/lib/python3.12/site-packages/oslo_db/sqlalchemy/engines.py:325}}
Jun 25 17:43:29.171999 np0000003629 devstack@n-api-meta.service[95735]: INFO dbcounter [None req-1c3e2938-886e-4d0e-a12a-498bad0cd8e8 None None] Registered counter for database nova_api
Jun 25 17:43:29.189918 np0000003629 devstack@n-api-meta.service[95732]: DEBUG oslo_db.sqlalchemy.engines [None req-57a656ce-0377-41ce-8b47-09bdbd928853 None None] MySQL server mode set to STRICT_TRANS_TABLES,STRICT_ALL_TABLES,NO_ZERO_IN_DATE,NO_ZERO_DATE,ERROR_FOR_DIVISION_BY_ZERO,TRADITIONAL,NO_ENGINE_SUBSTITUTION {{(pid=95732) _check_effective_sql_mode /opt/stack/data/venv/lib/python3.12/site-packages/oslo_db/sqlalchemy/engines.py:325}}
Jun 25 17:43:29.202507 np0000003629 devstack@n-api-meta.service[95734]: DEBUG dbcounter [-] [95734] Writer thread running {{(pid=95734) stat_writer /opt/stack/data/venv/lib/python3.12/site-packages/dbcounter.py:102}}
Jun 25 17:43:29.205676 np0000003629 devstack@n-api-meta.service[95734]: DEBUG nova.context [None req-e2ff69d8-a5cb-4482-a7ab-5a77f4e5a6a1 None None] Found 2 cells: 00000000-0000-0000-0000-000000000000(cell0),e4fccbd4-f08c-45b3-988b-ac84ca5a60d6(cell1) {{(pid=95734) load_cells /opt/stack/nova/nova/context.py:509}}
Jun 25 17:43:29.205676 np0000003629 devstack@n-api-meta.service[95734]: INFO nova.utils [None req-e2ff69d8-a5cb-4482-a7ab-5a77f4e5a6a1 None None] The cell worker thread pool MainProcess.cell_worker is initialized
Jun 25 17:43:29.205877 np0000003629 devstack@n-api-meta.service[95733]: DEBUG dbcounter [-] [95733] Writer thread running {{(pid=95733) stat_writer /opt/stack/data/venv/lib/python3.12/site-packages/dbcounter.py:102}}
Jun 25 17:43:29.207562 np0000003629 devstack@n-api-meta.service[95734]: DEBUG oslo_concurrency.lockutils [None req-e2ff69d8-a5cb-4482-a7ab-5a77f4e5a6a1 None None] Acquiring lock "00000000-0000-0000-0000-000000000000" by "nova.context.set_target_cell..get_or_set_cached_cell_and_set_connections" {{(pid=95734) inner /opt/stack/data/venv/lib/python3.12/site-packages/oslo_concurrency/lockutils.py:511}}
Jun 25 17:43:29.207780 np0000003629 devstack@n-api-meta.service[95734]: DEBUG oslo_concurrency.lockutils [None req-e2ff69d8-a5cb-4482-a7ab-5a77f4e5a6a1 None None] Lock "00000000-0000-0000-0000-000000000000" acquired by "nova.context.set_target_cell..get_or_set_cached_cell_and_set_connections" :: waited 0.000s {{(pid=95734) inner /opt/stack/data/venv/lib/python3.12/site-packages/oslo_concurrency/lockutils.py:524}}
Jun 25 17:43:29.208370 np0000003629 devstack@n-api-meta.service[95734]: DEBUG oslo_concurrency.lockutils [None req-e2ff69d8-a5cb-4482-a7ab-5a77f4e5a6a1 None None] Lock "00000000-0000-0000-0000-000000000000" "released" by "nova.context.set_target_cell..get_or_set_cached_cell_and_set_connections" :: held 0.000s {{(pid=95734) inner /opt/stack/data/venv/lib/python3.12/site-packages/oslo_concurrency/lockutils.py:543}}
Jun 25 17:43:29.209196 np0000003629 devstack@n-api-meta.service[95734]: DEBUG oslo_concurrency.lockutils [None req-e2ff69d8-a5cb-4482-a7ab-5a77f4e5a6a1 None None] Acquiring lock "e4fccbd4-f08c-45b3-988b-ac84ca5a60d6" by "nova.context.set_target_cell..get_or_set_cached_cell_and_set_connections" {{(pid=95734) inner /opt/stack/data/venv/lib/python3.12/site-packages/oslo_concurrency/lockutils.py:511}}
Jun 25 17:43:29.209465 np0000003629 devstack@n-api-meta.service[95734]: DEBUG oslo_concurrency.lockutils [None req-e2ff69d8-a5cb-4482-a7ab-5a77f4e5a6a1 None None] Lock "e4fccbd4-f08c-45b3-988b-ac84ca5a60d6" acquired by "nova.context.set_target_cell..get_or_set_cached_cell_and_set_connections" :: waited 0.000s {{(pid=95734) inner /opt/stack/data/venv/lib/python3.12/site-packages/oslo_concurrency/lockutils.py:524}}
Jun 25 17:43:29.210033 np0000003629 devstack@n-api-meta.service[95733]: DEBUG nova.context [None req-0a81cbb3-ad51-4cbf-aabf-3b0d9aedaa66 None None] Found 2 cells: 00000000-0000-0000-0000-000000000000(cell0),e4fccbd4-f08c-45b3-988b-ac84ca5a60d6(cell1) {{(pid=95733) load_cells /opt/stack/nova/nova/context.py:509}}
Jun 25 17:43:29.210456 np0000003629 devstack@n-api-meta.service[95733]: INFO nova.utils [None req-0a81cbb3-ad51-4cbf-aabf-3b0d9aedaa66 None None] The cell worker thread pool MainProcess.cell_worker is initialized
Jun 25 17:43:29.210652 np0000003629 devstack@n-api-meta.service[95734]: DEBUG oslo_concurrency.lockutils [None req-e2ff69d8-a5cb-4482-a7ab-5a77f4e5a6a1 None None] Lock "e4fccbd4-f08c-45b3-988b-ac84ca5a60d6" "released" by "nova.context.set_target_cell..get_or_set_cached_cell_and_set_connections" :: held 0.001s {{(pid=95734) inner /opt/stack/data/venv/lib/python3.12/site-packages/oslo_concurrency/lockutils.py:543}}
Jun 25 17:43:29.212732 np0000003629 devstack@n-api-meta.service[95733]: DEBUG oslo_concurrency.lockutils [None req-0a81cbb3-ad51-4cbf-aabf-3b0d9aedaa66 None None] Acquiring lock "00000000-0000-0000-0000-000000000000" by "nova.context.set_target_cell..get_or_set_cached_cell_and_set_connections" {{(pid=95733) inner /opt/stack/data/venv/lib/python3.12/site-packages/oslo_concurrency/lockutils.py:511}}
Jun 25 17:43:29.212866 np0000003629 devstack@n-api-meta.service[95734]: INFO dbcounter [None req-e2ff69d8-a5cb-4482-a7ab-5a77f4e5a6a1 None None] Registered counter for database nova_cell0
Jun 25 17:43:29.212961 np0000003629 devstack@n-api-meta.service[95733]: DEBUG oslo_concurrency.lockutils [None req-0a81cbb3-ad51-4cbf-aabf-3b0d9aedaa66 None None] Lock "00000000-0000-0000-0000-000000000000" acquired by "nova.context.set_target_cell..get_or_set_cached_cell_and_set_connections" :: waited 0.000s {{(pid=95733) inner /opt/stack/data/venv/lib/python3.12/site-packages/oslo_concurrency/lockutils.py:524}}
Jun 25 17:43:29.213420 np0000003629 devstack@n-api-meta.service[95733]: DEBUG oslo_concurrency.lockutils [None req-0a81cbb3-ad51-4cbf-aabf-3b0d9aedaa66 None None] Lock "00000000-0000-0000-0000-000000000000" "released" by "nova.context.set_target_cell..get_or_set_cached_cell_and_set_connections" :: held 0.000s {{(pid=95733) inner /opt/stack/data/venv/lib/python3.12/site-packages/oslo_concurrency/lockutils.py:543}}
Jun 25 17:43:29.214109 np0000003629 devstack@n-api-meta.service[95733]: DEBUG oslo_concurrency.lockutils [None req-0a81cbb3-ad51-4cbf-aabf-3b0d9aedaa66 None None] Acquiring lock "e4fccbd4-f08c-45b3-988b-ac84ca5a60d6" by "nova.context.set_target_cell..get_or_set_cached_cell_and_set_connections" {{(pid=95733) inner /opt/stack/data/venv/lib/python3.12/site-packages/oslo_concurrency/lockutils.py:511}}
Jun 25 17:43:29.214322 np0000003629 devstack@n-api-meta.service[95733]: DEBUG oslo_concurrency.lockutils [None req-0a81cbb3-ad51-4cbf-aabf-3b0d9aedaa66 None None] Lock "e4fccbd4-f08c-45b3-988b-ac84ca5a60d6" acquired by "nova.context.set_target_cell..get_or_set_cached_cell_and_set_connections" :: waited 0.000s {{(pid=95733) inner /opt/stack/data/venv/lib/python3.12/site-packages/oslo_concurrency/lockutils.py:524}}
Jun 25 17:43:29.215314 np0000003629 devstack@n-api-meta.service[95733]: DEBUG oslo_concurrency.lockutils [None req-0a81cbb3-ad51-4cbf-aabf-3b0d9aedaa66 None None] Lock "e4fccbd4-f08c-45b3-988b-ac84ca5a60d6" "released" by "nova.context.set_target_cell..get_or_set_cached_cell_and_set_connections" :: held 0.001s {{(pid=95733) inner /opt/stack/data/venv/lib/python3.12/site-packages/oslo_concurrency/lockutils.py:543}}
Jun 25 17:43:29.216045 np0000003629 devstack@n-api-meta.service[95734]: INFO dbcounter [None req-e2ff69d8-a5cb-4482-a7ab-5a77f4e5a6a1 None None] Registered counter for database nova_cell1
Jun 25 17:43:29.217215 np0000003629 devstack@n-api-meta.service[95733]: INFO dbcounter [None req-0a81cbb3-ad51-4cbf-aabf-3b0d9aedaa66 None None] Registered counter for database nova_cell0
Jun 25 17:43:29.219977 np0000003629 devstack@n-api-meta.service[95733]: INFO dbcounter [None req-0a81cbb3-ad51-4cbf-aabf-3b0d9aedaa66 None None] Registered counter for database nova_cell1
Jun 25 17:43:29.226425 np0000003629 devstack@n-api-meta.service[95735]: DEBUG oslo_db.sqlalchemy.engines [None req-1c3e2938-886e-4d0e-a12a-498bad0cd8e8 None None] MySQL server mode set to STRICT_TRANS_TABLES,STRICT_ALL_TABLES,NO_ZERO_IN_DATE,NO_ZERO_DATE,ERROR_FOR_DIVISION_BY_ZERO,TRADITIONAL,NO_ENGINE_SUBSTITUTION {{(pid=95735) _check_effective_sql_mode /opt/stack/data/venv/lib/python3.12/site-packages/oslo_db/sqlalchemy/engines.py:325}}
Jun 25 17:43:29.227996 np0000003629 devstack@n-api-meta.service[95732]: DEBUG dbcounter [-] [95732] Writer thread running {{(pid=95732) stat_writer /opt/stack/data/venv/lib/python3.12/site-packages/dbcounter.py:102}}
Jun 25 17:43:29.231035 np0000003629 devstack@n-api-meta.service[95732]: DEBUG nova.context [None req-57a656ce-0377-41ce-8b47-09bdbd928853 None None] Found 2 cells: 00000000-0000-0000-0000-000000000000(cell0),e4fccbd4-f08c-45b3-988b-ac84ca5a60d6(cell1) {{(pid=95732) load_cells /opt/stack/nova/nova/context.py:509}}
Jun 25 17:43:29.231296 np0000003629 devstack@n-api-meta.service[95732]: INFO nova.utils [None req-57a656ce-0377-41ce-8b47-09bdbd928853 None None] The cell worker thread pool MainProcess.cell_worker is initialized
Jun 25 17:43:29.233467 np0000003629 devstack@n-api-meta.service[95732]: DEBUG oslo_concurrency.lockutils [None req-57a656ce-0377-41ce-8b47-09bdbd928853 None None] Acquiring lock "00000000-0000-0000-0000-000000000000" by "nova.context.set_target_cell..get_or_set_cached_cell_and_set_connections" {{(pid=95732) inner /opt/stack/data/venv/lib/python3.12/site-packages/oslo_concurrency/lockutils.py:511}}
Jun 25 17:43:29.233646 np0000003629 devstack@n-api-meta.service[95732]: DEBUG oslo_concurrency.lockutils [None req-57a656ce-0377-41ce-8b47-09bdbd928853 None None] Lock "00000000-0000-0000-0000-000000000000" acquired by "nova.context.set_target_cell..get_or_set_cached_cell_and_set_connections" :: waited 0.000s {{(pid=95732) inner /opt/stack/data/venv/lib/python3.12/site-packages/oslo_concurrency/lockutils.py:524}}
Jun 25 17:43:29.234077 np0000003629 devstack@n-api-meta.service[95732]: DEBUG oslo_concurrency.lockutils [None req-57a656ce-0377-41ce-8b47-09bdbd928853 None None] Lock "00000000-0000-0000-0000-000000000000" "released" by "nova.context.set_target_cell..get_or_set_cached_cell_and_set_connections" :: held 0.000s {{(pid=95732) inner /opt/stack/data/venv/lib/python3.12/site-packages/oslo_concurrency/lockutils.py:543}}
Jun 25 17:43:29.235904 np0000003629 devstack@n-api-meta.service[95732]: DEBUG oslo_concurrency.lockutils [None req-57a656ce-0377-41ce-8b47-09bdbd928853 None None] Acquiring lock "e4fccbd4-f08c-45b3-988b-ac84ca5a60d6" by "nova.context.set_target_cell..get_or_set_cached_cell_and_set_connections" {{(pid=95732) inner /opt/stack/data/venv/lib/python3.12/site-packages/oslo_concurrency/lockutils.py:511}}
Jun 25 17:43:29.235904 np0000003629 devstack@n-api-meta.service[95732]: DEBUG oslo_concurrency.lockutils [None req-57a656ce-0377-41ce-8b47-09bdbd928853 None None] Lock "e4fccbd4-f08c-45b3-988b-ac84ca5a60d6" acquired by "nova.context.set_target_cell..get_or_set_cached_cell_and_set_connections" :: waited 0.000s {{(pid=95732) inner /opt/stack/data/venv/lib/python3.12/site-packages/oslo_concurrency/lockutils.py:524}}
Jun 25 17:43:29.236046 np0000003629 devstack@n-api-meta.service[95732]: DEBUG oslo_concurrency.lockutils [None req-57a656ce-0377-41ce-8b47-09bdbd928853 None None] Lock "e4fccbd4-f08c-45b3-988b-ac84ca5a60d6" "released" by "nova.context.set_target_cell..get_or_set_cached_cell_and_set_connections" :: held 0.001s {{(pid=95732) inner /opt/stack/data/venv/lib/python3.12/site-packages/oslo_concurrency/lockutils.py:543}}
Jun 25 17:43:29.238154 np0000003629 devstack@n-api-meta.service[95732]: INFO dbcounter [None req-57a656ce-0377-41ce-8b47-09bdbd928853 None None] Registered counter for database nova_cell0
Jun 25 17:43:29.242263 np0000003629 devstack@n-api-meta.service[95732]: INFO dbcounter [None req-57a656ce-0377-41ce-8b47-09bdbd928853 None None] Registered counter for database nova_cell1
Jun 25 17:43:29.262252 np0000003629 devstack@n-api-meta.service[95735]: DEBUG dbcounter [-] [95735] Writer thread running {{(pid=95735) stat_writer /opt/stack/data/venv/lib/python3.12/site-packages/dbcounter.py:102}}
Jun 25 17:43:29.265553 np0000003629 devstack@n-api-meta.service[95735]: DEBUG nova.context [None req-1c3e2938-886e-4d0e-a12a-498bad0cd8e8 None None] Found 2 cells: 00000000-0000-0000-0000-000000000000(cell0),e4fccbd4-f08c-45b3-988b-ac84ca5a60d6(cell1) {{(pid=95735) load_cells /opt/stack/nova/nova/context.py:509}}
Jun 25 17:43:29.265711 np0000003629 devstack@n-api-meta.service[95735]: INFO nova.utils [None req-1c3e2938-886e-4d0e-a12a-498bad0cd8e8 None None] The cell worker thread pool MainProcess.cell_worker is initialized
Jun 25 17:43:29.267414 np0000003629 devstack@n-api-meta.service[95735]: DEBUG oslo_concurrency.lockutils [None req-1c3e2938-886e-4d0e-a12a-498bad0cd8e8 None None] Acquiring lock "00000000-0000-0000-0000-000000000000" by "nova.context.set_target_cell..get_or_set_cached_cell_and_set_connections" {{(pid=95735) inner /opt/stack/data/venv/lib/python3.12/site-packages/oslo_concurrency/lockutils.py:511}}
Jun 25 17:43:29.267574 np0000003629 devstack@n-api-meta.service[95735]: DEBUG oslo_concurrency.lockutils [None req-1c3e2938-886e-4d0e-a12a-498bad0cd8e8 None None] Lock "00000000-0000-0000-0000-000000000000" acquired by "nova.context.set_target_cell..get_or_set_cached_cell_and_set_connections" :: waited 0.000s {{(pid=95735) inner /opt/stack/data/venv/lib/python3.12/site-packages/oslo_concurrency/lockutils.py:524}}
Jun 25 17:43:29.267921 np0000003629 devstack@n-api-meta.service[95735]: DEBUG oslo_concurrency.lockutils [None req-1c3e2938-886e-4d0e-a12a-498bad0cd8e8 None None] Lock "00000000-0000-0000-0000-000000000000" "released" by "nova.context.set_target_cell..get_or_set_cached_cell_and_set_connections" :: held 0.000s {{(pid=95735) inner /opt/stack/data/venv/lib/python3.12/site-packages/oslo_concurrency/lockutils.py:543}}
Jun 25 17:43:29.268721 np0000003629 devstack@n-api-meta.service[95735]: DEBUG oslo_concurrency.lockutils [None req-1c3e2938-886e-4d0e-a12a-498bad0cd8e8 None None] Acquiring lock "e4fccbd4-f08c-45b3-988b-ac84ca5a60d6" by "nova.context.set_target_cell..get_or_set_cached_cell_and_set_connections" {{(pid=95735) inner /opt/stack/data/venv/lib/python3.12/site-packages/oslo_concurrency/lockutils.py:511}}
Jun 25 17:43:29.268864 np0000003629 devstack@n-api-meta.service[95735]: DEBUG oslo_concurrency.lockutils [None req-1c3e2938-886e-4d0e-a12a-498bad0cd8e8 None None] Lock "e4fccbd4-f08c-45b3-988b-ac84ca5a60d6" acquired by "nova.context.set_target_cell..get_or_set_cached_cell_and_set_connections" :: waited 0.000s {{(pid=95735) inner /opt/stack/data/venv/lib/python3.12/site-packages/oslo_concurrency/lockutils.py:524}}
Jun 25 17:43:29.269654 np0000003629 devstack@n-api-meta.service[95735]: DEBUG oslo_concurrency.lockutils [None req-1c3e2938-886e-4d0e-a12a-498bad0cd8e8 None None] Lock "e4fccbd4-f08c-45b3-988b-ac84ca5a60d6" "released" by "nova.context.set_target_cell..get_or_set_cached_cell_and_set_connections" :: held 0.001s {{(pid=95735) inner /opt/stack/data/venv/lib/python3.12/site-packages/oslo_concurrency/lockutils.py:543}}
Jun 25 17:43:29.271623 np0000003629 devstack@n-api-meta.service[95735]: INFO dbcounter [None req-1c3e2938-886e-4d0e-a12a-498bad0cd8e8 None None] Registered counter for database nova_cell0
Jun 25 17:43:29.278242 np0000003629 devstack@n-api-meta.service[95735]: INFO dbcounter [None req-1c3e2938-886e-4d0e-a12a-498bad0cd8e8 None None] Registered counter for database nova_cell1
Jun 25 17:43:29.278370 np0000003629 devstack@n-api-meta.service[95734]: DEBUG oslo_db.sqlalchemy.engines [None req-e2ff69d8-a5cb-4482-a7ab-5a77f4e5a6a1 None None] MySQL server mode set to STRICT_TRANS_TABLES,STRICT_ALL_TABLES,NO_ZERO_IN_DATE,NO_ZERO_DATE,ERROR_FOR_DIVISION_BY_ZERO,TRADITIONAL,NO_ENGINE_SUBSTITUTION {{(pid=95734) _check_effective_sql_mode /opt/stack/data/venv/lib/python3.12/site-packages/oslo_db/sqlalchemy/engines.py:325}}
Jun 25 17:43:29.285313 np0000003629 devstack@n-api-meta.service[95733]: DEBUG oslo_db.sqlalchemy.engines [None req-0a81cbb3-ad51-4cbf-aabf-3b0d9aedaa66 None None] MySQL server mode set to STRICT_TRANS_TABLES,STRICT_ALL_TABLES,NO_ZERO_IN_DATE,NO_ZERO_DATE,ERROR_FOR_DIVISION_BY_ZERO,TRADITIONAL,NO_ENGINE_SUBSTITUTION {{(pid=95733) _check_effective_sql_mode /opt/stack/data/venv/lib/python3.12/site-packages/oslo_db/sqlalchemy/engines.py:325}}
Jun 25 17:43:29.288332 np0000003629 devstack@n-api-meta.service[95734]: DEBUG oslo_db.sqlalchemy.engines [None req-e2ff69d8-a5cb-4482-a7ab-5a77f4e5a6a1 None None] MySQL server mode set to STRICT_TRANS_TABLES,STRICT_ALL_TABLES,NO_ZERO_IN_DATE,NO_ZERO_DATE,ERROR_FOR_DIVISION_BY_ZERO,TRADITIONAL,NO_ENGINE_SUBSTITUTION {{(pid=95734) _check_effective_sql_mode /opt/stack/data/venv/lib/python3.12/site-packages/oslo_db/sqlalchemy/engines.py:325}}
Jun 25 17:43:29.296258 np0000003629 devstack@n-api-meta.service[95733]: DEBUG oslo_db.sqlalchemy.engines [None req-0a81cbb3-ad51-4cbf-aabf-3b0d9aedaa66 None None] MySQL server mode set to STRICT_TRANS_TABLES,STRICT_ALL_TABLES,NO_ZERO_IN_DATE,NO_ZERO_DATE,ERROR_FOR_DIVISION_BY_ZERO,TRADITIONAL,NO_ENGINE_SUBSTITUTION {{(pid=95733) _check_effective_sql_mode /opt/stack/data/venv/lib/python3.12/site-packages/oslo_db/sqlalchemy/engines.py:325}}
Jun 25 17:43:29.302248 np0000003629 devstack@n-api-meta.service[95732]: DEBUG oslo_db.sqlalchemy.engines [None req-57a656ce-0377-41ce-8b47-09bdbd928853 None None] MySQL server mode set to STRICT_TRANS_TABLES,STRICT_ALL_TABLES,NO_ZERO_IN_DATE,NO_ZERO_DATE,ERROR_FOR_DIVISION_BY_ZERO,TRADITIONAL,NO_ENGINE_SUBSTITUTION {{(pid=95732) _check_effective_sql_mode /opt/stack/data/venv/lib/python3.12/site-packages/oslo_db/sqlalchemy/engines.py:325}}
Jun 25 17:43:29.329109 np0000003629 devstack@n-api-meta.service[95735]: DEBUG oslo_db.sqlalchemy.engines [None req-1c3e2938-886e-4d0e-a12a-498bad0cd8e8 None None] MySQL server mode set to STRICT_TRANS_TABLES,STRICT_ALL_TABLES,NO_ZERO_IN_DATE,NO_ZERO_DATE,ERROR_FOR_DIVISION_BY_ZERO,TRADITIONAL,NO_ENGINE_SUBSTITUTION {{(pid=95735) _check_effective_sql_mode /opt/stack/data/venv/lib/python3.12/site-packages/oslo_db/sqlalchemy/engines.py:325}}
Jun 25 17:43:29.370863 np0000003629 devstack@n-api-meta.service[95733]: DEBUG dbcounter [-] [95733] Writer thread running {{(pid=95733) stat_writer /opt/stack/data/venv/lib/python3.12/site-packages/dbcounter.py:102}}
Jun 25 17:43:29.375401 np0000003629 devstack@n-api-meta.service[95732]: DEBUG oslo_db.sqlalchemy.engines [None req-57a656ce-0377-41ce-8b47-09bdbd928853 None None] MySQL server mode set to STRICT_TRANS_TABLES,STRICT_ALL_TABLES,NO_ZERO_IN_DATE,NO_ZERO_DATE,ERROR_FOR_DIVISION_BY_ZERO,TRADITIONAL,NO_ENGINE_SUBSTITUTION {{(pid=95732) _check_effective_sql_mode /opt/stack/data/venv/lib/python3.12/site-packages/oslo_db/sqlalchemy/engines.py:325}}
Jun 25 17:43:29.375906 np0000003629 devstack@n-api-meta.service[95733]: DEBUG dbcounter [-] [95733] Writer thread running {{(pid=95733) stat_writer /opt/stack/data/venv/lib/python3.12/site-packages/dbcounter.py:102}}
Jun 25 17:43:29.377437 np0000003629 devstack@n-api-meta.service[95734]: DEBUG dbcounter [-] [95734] Writer thread running {{(pid=95734) stat_writer /opt/stack/data/venv/lib/python3.12/site-packages/dbcounter.py:102}}
Jun 25 17:43:29.378924 np0000003629 devstack@n-api-meta.service[95733]: INFO dbcounter [None req-0a81cbb3-ad51-4cbf-aabf-3b0d9aedaa66 None None] Registered counter for database nova_cell0
Jun 25 17:43:29.381547 np0000003629 devstack@n-api-meta.service[95734]: DEBUG dbcounter [-] [95734] Writer thread running {{(pid=95734) stat_writer /opt/stack/data/venv/lib/python3.12/site-packages/dbcounter.py:102}}
Jun 25 17:43:29.385120 np0000003629 devstack@n-api-meta.service[95734]: INFO dbcounter [None req-e2ff69d8-a5cb-4482-a7ab-5a77f4e5a6a1 None None] Registered counter for database nova_cell0
Jun 25 17:43:29.388694 np0000003629 devstack@n-api-meta.service[95732]: DEBUG dbcounter [-] [95732] Writer thread running {{(pid=95732) stat_writer /opt/stack/data/venv/lib/python3.12/site-packages/dbcounter.py:102}}
Jun 25 17:43:29.396747 np0000003629 devstack@n-api-meta.service[95732]: DEBUG dbcounter [-] [95732] Writer thread running {{(pid=95732) stat_writer /opt/stack/data/venv/lib/python3.12/site-packages/dbcounter.py:102}}
Jun 25 17:43:29.401438 np0000003629 devstack@n-api-meta.service[95732]: INFO dbcounter [None req-57a656ce-0377-41ce-8b47-09bdbd928853 None None] Registered counter for database nova_cell0
Jun 25 17:43:29.406191 np0000003629 devstack@n-api-meta.service[95735]: DEBUG oslo_db.sqlalchemy.engines [None req-1c3e2938-886e-4d0e-a12a-498bad0cd8e8 None None] MySQL server mode set to STRICT_TRANS_TABLES,STRICT_ALL_TABLES,NO_ZERO_IN_DATE,NO_ZERO_DATE,ERROR_FOR_DIVISION_BY_ZERO,TRADITIONAL,NO_ENGINE_SUBSTITUTION {{(pid=95735) _check_effective_sql_mode /opt/stack/data/venv/lib/python3.12/site-packages/oslo_db/sqlalchemy/engines.py:325}}
Jun 25 17:43:29.417155 np0000003629 devstack@n-api-meta.service[95733]: DEBUG oslo_db.sqlalchemy.engines [None req-0a81cbb3-ad51-4cbf-aabf-3b0d9aedaa66 None None] MySQL server mode set to STRICT_TRANS_TABLES,STRICT_ALL_TABLES,NO_ZERO_IN_DATE,NO_ZERO_DATE,ERROR_FOR_DIVISION_BY_ZERO,TRADITIONAL,NO_ENGINE_SUBSTITUTION {{(pid=95733) _check_effective_sql_mode /opt/stack/data/venv/lib/python3.12/site-packages/oslo_db/sqlalchemy/engines.py:325}}
Jun 25 17:43:29.422137 np0000003629 devstack@n-api-meta.service[95735]: DEBUG dbcounter [-] [95735] Writer thread running {{(pid=95735) stat_writer /opt/stack/data/venv/lib/python3.12/site-packages/dbcounter.py:102}}
Jun 25 17:43:29.423614 np0000003629 devstack@n-api-meta.service[95733]: DEBUG dbcounter [-] [95733] Writer thread running {{(pid=95733) stat_writer /opt/stack/data/venv/lib/python3.12/site-packages/dbcounter.py:102}}
Jun 25 17:43:29.429022 np0000003629 devstack@n-api-meta.service[95735]: DEBUG dbcounter [-] [95735] Writer thread running {{(pid=95735) stat_writer /opt/stack/data/venv/lib/python3.12/site-packages/dbcounter.py:102}}
Jun 25 17:43:29.429800 np0000003629 devstack@n-api-meta.service[95734]: DEBUG oslo_db.sqlalchemy.engines [None req-e2ff69d8-a5cb-4482-a7ab-5a77f4e5a6a1 None None] MySQL server mode set to STRICT_TRANS_TABLES,STRICT_ALL_TABLES,NO_ZERO_IN_DATE,NO_ZERO_DATE,ERROR_FOR_DIVISION_BY_ZERO,TRADITIONAL,NO_ENGINE_SUBSTITUTION {{(pid=95734) _check_effective_sql_mode /opt/stack/data/venv/lib/python3.12/site-packages/oslo_db/sqlalchemy/engines.py:325}}
Jun 25 17:43:29.432716 np0000003629 devstack@n-api-meta.service[95735]: INFO dbcounter [None req-1c3e2938-886e-4d0e-a12a-498bad0cd8e8 None None] Registered counter for database nova_cell0
Jun 25 17:43:29.438108 np0000003629 devstack@n-api-meta.service[95732]: DEBUG oslo_db.sqlalchemy.engines [None req-57a656ce-0377-41ce-8b47-09bdbd928853 None None] MySQL server mode set to STRICT_TRANS_TABLES,STRICT_ALL_TABLES,NO_ZERO_IN_DATE,NO_ZERO_DATE,ERROR_FOR_DIVISION_BY_ZERO,TRADITIONAL,NO_ENGINE_SUBSTITUTION {{(pid=95732) _check_effective_sql_mode /opt/stack/data/venv/lib/python3.12/site-packages/oslo_db/sqlalchemy/engines.py:325}}
Jun 25 17:43:29.438456 np0000003629 devstack@n-api-meta.service[95734]: DEBUG dbcounter [-] [95734] Writer thread running {{(pid=95734) stat_writer /opt/stack/data/venv/lib/python3.12/site-packages/dbcounter.py:102}}
Jun 25 17:43:29.445205 np0000003629 devstack@n-api-meta.service[95732]: DEBUG dbcounter [-] [95732] Writer thread running {{(pid=95732) stat_writer /opt/stack/data/venv/lib/python3.12/site-packages/dbcounter.py:102}}
Jun 25 17:43:29.465626 np0000003629 devstack@n-api-meta.service[95733]: WARNING nova.api.metadata.handler [None req-0a81cbb3-ad51-4cbf-aabf-3b0d9aedaa66 None None] metadata_proxy_shared_secret is not configured, the metadata information returned by the proxy cannot be trusted
Jun 25 17:43:29.468162 np0000003629 devstack@n-api-meta.service[95733]: DEBUG nova.api.openstack.wsgi_app [None req-0a81cbb3-ad51-4cbf-aabf-3b0d9aedaa66 None None] ******************************************************************************** {{(pid=95733) log_opt_values /opt/stack/data/venv/lib/python3.12/site-packages/oslo_config/cfg.py:3226}}
Jun 25 17:43:29.468350 np0000003629 devstack@n-api-meta.service[95733]: DEBUG nova.api.openstack.wsgi_app [None req-0a81cbb3-ad51-4cbf-aabf-3b0d9aedaa66 None None] Configuration options gathered from: {{(pid=95733) log_opt_values /opt/stack/data/venv/lib/python3.12/site-packages/oslo_config/cfg.py:3227}}
Jun 25 17:43:29.468501 np0000003629 devstack@n-api-meta.service[95733]: DEBUG nova.api.openstack.wsgi_app [None req-0a81cbb3-ad51-4cbf-aabf-3b0d9aedaa66 None None] command line args: [] {{(pid=95733) log_opt_values /opt/stack/data/venv/lib/python3.12/site-packages/oslo_config/cfg.py:3228}}
Jun 25 17:43:29.468646 np0000003629 devstack@n-api-meta.service[95733]: DEBUG nova.api.openstack.wsgi_app [None req-0a81cbb3-ad51-4cbf-aabf-3b0d9aedaa66 None None] config files: ['/etc/nova/api-paste.ini', '/etc/nova/nova.conf'] {{(pid=95733) log_opt_values /opt/stack/data/venv/lib/python3.12/site-packages/oslo_config/cfg.py:3229}}
Jun 25 17:43:29.468739 np0000003629 devstack@n-api-meta.service[95733]: DEBUG nova.api.openstack.wsgi_app [None req-0a81cbb3-ad51-4cbf-aabf-3b0d9aedaa66 None None] ================================================================================ {{(pid=95733) log_opt_values /opt/stack/data/venv/lib/python3.12/site-packages/oslo_config/cfg.py:3234}}
Jun 25 17:43:29.468929 np0000003629 devstack@n-api-meta.service[95733]: DEBUG nova.api.openstack.wsgi_app [None req-0a81cbb3-ad51-4cbf-aabf-3b0d9aedaa66 None None] allow_resize_to_same_host = True {{(pid=95733) log_opt_values /opt/stack/data/venv/lib/python3.12/site-packages/oslo_config/cfg.py:3242}}
Jun 25 17:43:29.469072 np0000003629 devstack@n-api-meta.service[95733]: DEBUG nova.api.openstack.wsgi_app [None req-0a81cbb3-ad51-4cbf-aabf-3b0d9aedaa66 None None] arq_binding_timeout = 300 {{(pid=95733) log_opt_values /opt/stack/data/venv/lib/python3.12/site-packages/oslo_config/cfg.py:3242}}
Jun 25 17:43:29.469200 np0000003629 devstack@n-api-meta.service[95733]: DEBUG nova.api.openstack.wsgi_app [None req-0a81cbb3-ad51-4cbf-aabf-3b0d9aedaa66 None None] block_device_allocate_retries = 60 {{(pid=95733) log_opt_values /opt/stack/data/venv/lib/python3.12/site-packages/oslo_config/cfg.py:3242}}
Jun 25 17:43:29.469356 np0000003629 devstack@n-api-meta.service[95733]: DEBUG nova.api.openstack.wsgi_app [None req-0a81cbb3-ad51-4cbf-aabf-3b0d9aedaa66 None None] block_device_allocate_retries_interval = 3 {{(pid=95733) log_opt_values /opt/stack/data/venv/lib/python3.12/site-packages/oslo_config/cfg.py:3242}}
Jun 25 17:43:29.469485 np0000003629 devstack@n-api-meta.service[95733]: DEBUG nova.api.openstack.wsgi_app [None req-0a81cbb3-ad51-4cbf-aabf-3b0d9aedaa66 None None] cell_worker_thread_pool_size = 5 {{(pid=95733) log_opt_values /opt/stack/data/venv/lib/python3.12/site-packages/oslo_config/cfg.py:3242}}
Jun 25 17:43:29.469614 np0000003629 devstack@n-api-meta.service[95733]: DEBUG nova.api.openstack.wsgi_app [None req-0a81cbb3-ad51-4cbf-aabf-3b0d9aedaa66 None None] cert = self.pem {{(pid=95733) log_opt_values /opt/stack/data/venv/lib/python3.12/site-packages/oslo_config/cfg.py:3242}}
Jun 25 17:43:29.469779 np0000003629 devstack@n-api-meta.service[95733]: DEBUG nova.api.openstack.wsgi_app [None req-0a81cbb3-ad51-4cbf-aabf-3b0d9aedaa66 None None] compute_driver = libvirt.LibvirtDriver {{(pid=95733) log_opt_values /opt/stack/data/venv/lib/python3.12/site-packages/oslo_config/cfg.py:3242}}
Jun 25 17:43:29.469971 np0000003629 devstack@n-api-meta.service[95733]: DEBUG nova.api.openstack.wsgi_app [None req-0a81cbb3-ad51-4cbf-aabf-3b0d9aedaa66 None None] compute_monitors = [] {{(pid=95733) log_opt_values /opt/stack/data/venv/lib/python3.12/site-packages/oslo_config/cfg.py:3242}}
Jun 25 17:43:29.470139 np0000003629 devstack@n-api-meta.service[95733]: DEBUG nova.api.openstack.wsgi_app [None req-0a81cbb3-ad51-4cbf-aabf-3b0d9aedaa66 None None] config_dir = [] {{(pid=95733) log_opt_values /opt/stack/data/venv/lib/python3.12/site-packages/oslo_config/cfg.py:3242}}
Jun 25 17:43:29.470321 np0000003629 devstack@n-api-meta.service[95733]: DEBUG nova.api.openstack.wsgi_app [None req-0a81cbb3-ad51-4cbf-aabf-3b0d9aedaa66 None None] config_drive_format = iso9660 {{(pid=95733) log_opt_values /opt/stack/data/venv/lib/python3.12/site-packages/oslo_config/cfg.py:3242}}
Jun 25 17:43:29.470460 np0000003629 devstack@n-api-meta.service[95733]: DEBUG nova.api.openstack.wsgi_app [None req-0a81cbb3-ad51-4cbf-aabf-3b0d9aedaa66 None None] config_file = ['/etc/nova/api-paste.ini', '/etc/nova/nova.conf'] {{(pid=95733) log_opt_values /opt/stack/data/venv/lib/python3.12/site-packages/oslo_config/cfg.py:3242}}
Jun 25 17:43:29.470589 np0000003629 devstack@n-api-meta.service[95733]: DEBUG nova.api.openstack.wsgi_app [None req-0a81cbb3-ad51-4cbf-aabf-3b0d9aedaa66 None None] config_source = [] {{(pid=95733) log_opt_values /opt/stack/data/venv/lib/python3.12/site-packages/oslo_config/cfg.py:3242}}
Jun 25 17:43:29.470838 np0000003629 devstack@n-api-meta.service[95733]: DEBUG nova.api.openstack.wsgi_app [None req-0a81cbb3-ad51-4cbf-aabf-3b0d9aedaa66 None None] console_host = np0000003629 {{(pid=95733) log_opt_values /opt/stack/data/venv/lib/python3.12/site-packages/oslo_config/cfg.py:3242}}
Jun 25 17:43:29.470913 np0000003629 devstack@n-api-meta.service[95733]: DEBUG nova.api.openstack.wsgi_app [None req-0a81cbb3-ad51-4cbf-aabf-3b0d9aedaa66 None None] control_exchange = nova {{(pid=95733) log_opt_values /opt/stack/data/venv/lib/python3.12/site-packages/oslo_config/cfg.py:3242}}
Jun 25 17:43:29.471022 np0000003629 devstack@n-api-meta.service[95733]: DEBUG nova.api.openstack.wsgi_app [None req-0a81cbb3-ad51-4cbf-aabf-3b0d9aedaa66 None None] cpu_allocation_ratio = None {{(pid=95733) log_opt_values /opt/stack/data/venv/lib/python3.12/site-packages/oslo_config/cfg.py:3242}}
Jun 25 17:43:29.471139 np0000003629 devstack@n-api-meta.service[95733]: DEBUG nova.api.openstack.wsgi_app [None req-0a81cbb3-ad51-4cbf-aabf-3b0d9aedaa66 None None] daemon = False {{(pid=95733) log_opt_values /opt/stack/data/venv/lib/python3.12/site-packages/oslo_config/cfg.py:3242}}
Jun 25 17:43:29.471310 np0000003629 devstack@n-api-meta.service[95733]: DEBUG nova.api.openstack.wsgi_app [None req-0a81cbb3-ad51-4cbf-aabf-3b0d9aedaa66 None None] debug = True {{(pid=95733) log_opt_values /opt/stack/data/venv/lib/python3.12/site-packages/oslo_config/cfg.py:3242}}
Jun 25 17:43:29.471467 np0000003629 devstack@n-api-meta.service[95733]: DEBUG nova.api.openstack.wsgi_app [None req-0a81cbb3-ad51-4cbf-aabf-3b0d9aedaa66 None None] default_access_ip_network_name = None {{(pid=95733) log_opt_values /opt/stack/data/venv/lib/python3.12/site-packages/oslo_config/cfg.py:3242}}
Jun 25 17:43:29.471612 np0000003629 devstack@n-api-meta.service[95733]: DEBUG nova.api.openstack.wsgi_app [None req-0a81cbb3-ad51-4cbf-aabf-3b0d9aedaa66 None None] default_availability_zone = nova {{(pid=95733) log_opt_values /opt/stack/data/venv/lib/python3.12/site-packages/oslo_config/cfg.py:3242}}
Jun 25 17:43:29.471803 np0000003629 devstack@n-api-meta.service[95733]: DEBUG nova.api.openstack.wsgi_app [None req-0a81cbb3-ad51-4cbf-aabf-3b0d9aedaa66 None None] default_ephemeral_format = ext4 {{(pid=95733) log_opt_values /opt/stack/data/venv/lib/python3.12/site-packages/oslo_config/cfg.py:3242}}
Jun 25 17:43:29.472010 np0000003629 devstack@n-api-meta.service[95733]: DEBUG nova.api.openstack.wsgi_app [None req-0a81cbb3-ad51-4cbf-aabf-3b0d9aedaa66 None None] default_green_pool_size = 1000 {{(pid=95733) log_opt_values /opt/stack/data/venv/lib/python3.12/site-packages/oslo_config/cfg.py:3242}}
Jun 25 17:43:29.472428 np0000003629 devstack@n-api-meta.service[95733]: DEBUG nova.api.openstack.wsgi_app [None req-0a81cbb3-ad51-4cbf-aabf-3b0d9aedaa66 None None] default_log_levels = ['amqp=WARN', 'boto=WARN', 'sqlalchemy=WARN', 'suds=INFO', 'oslo.messaging=INFO', 'oslo_messaging=INFO', 'iso8601=WARN', 'requests.packages.urllib3.connectionpool=WARN', 'urllib3.connectionpool=WARN', 'websocket=WARN', 'requests.packages.urllib3.util.retry=WARN', 'urllib3.util.retry=WARN', 'keystonemiddleware=WARN', 'routes.middleware=WARN', 'stevedore=WARN', 'taskflow=WARN', 'keystoneauth=WARN', 'oslo.cache=INFO', 'oslo_policy=INFO', 'dogpile.core.dogpile=INFO', 'glanceclient=WARN', 'oslo.privsep.daemon=INFO'] {{(pid=95733) log_opt_values /opt/stack/data/venv/lib/python3.12/site-packages/oslo_config/cfg.py:3242}}
Jun 25 17:43:29.472623 np0000003629 devstack@n-api-meta.service[95733]: DEBUG nova.api.openstack.wsgi_app [None req-0a81cbb3-ad51-4cbf-aabf-3b0d9aedaa66 None None] default_schedule_zone = None {{(pid=95733) log_opt_values /opt/stack/data/venv/lib/python3.12/site-packages/oslo_config/cfg.py:3242}}
Jun 25 17:43:29.472854 np0000003629 devstack@n-api-meta.service[95733]: DEBUG nova.api.openstack.wsgi_app [None req-0a81cbb3-ad51-4cbf-aabf-3b0d9aedaa66 None None] default_thread_pool_size = 10 {{(pid=95733) log_opt_values /opt/stack/data/venv/lib/python3.12/site-packages/oslo_config/cfg.py:3242}}
Jun 25 17:43:29.473029 np0000003629 devstack@n-api-meta.service[95733]: DEBUG nova.api.openstack.wsgi_app [None req-0a81cbb3-ad51-4cbf-aabf-3b0d9aedaa66 None None] disk_allocation_ratio = None {{(pid=95733) log_opt_values /opt/stack/data/venv/lib/python3.12/site-packages/oslo_config/cfg.py:3242}}
Jun 25 17:43:29.473155 np0000003629 devstack@n-api-meta.service[95733]: DEBUG nova.api.openstack.wsgi_app [None req-0a81cbb3-ad51-4cbf-aabf-3b0d9aedaa66 None None] enable_new_services = True {{(pid=95733) log_opt_values /opt/stack/data/venv/lib/python3.12/site-packages/oslo_config/cfg.py:3242}}
Jun 25 17:43:29.473304 np0000003629 devstack@n-api-meta.service[95733]: DEBUG nova.api.openstack.wsgi_app [None req-0a81cbb3-ad51-4cbf-aabf-3b0d9aedaa66 None None] flat_injected = False {{(pid=95733) log_opt_values /opt/stack/data/venv/lib/python3.12/site-packages/oslo_config/cfg.py:3242}}
Jun 25 17:43:29.473472 np0000003629 devstack@n-api-meta.service[95733]: DEBUG nova.api.openstack.wsgi_app [None req-0a81cbb3-ad51-4cbf-aabf-3b0d9aedaa66 None None] force_config_drive = True {{(pid=95733) log_opt_values /opt/stack/data/venv/lib/python3.12/site-packages/oslo_config/cfg.py:3242}}
Jun 25 17:43:29.473585 np0000003629 devstack@n-api-meta.service[95733]: DEBUG nova.api.openstack.wsgi_app [None req-0a81cbb3-ad51-4cbf-aabf-3b0d9aedaa66 None None] force_raw_images = True {{(pid=95733) log_opt_values /opt/stack/data/venv/lib/python3.12/site-packages/oslo_config/cfg.py:3242}}
Jun 25 17:43:29.473716 np0000003629 devstack@n-api-meta.service[95733]: DEBUG nova.api.openstack.wsgi_app [None req-0a81cbb3-ad51-4cbf-aabf-3b0d9aedaa66 None None] graceful_shutdown_timeout = 5 {{(pid=95733) log_opt_values /opt/stack/data/venv/lib/python3.12/site-packages/oslo_config/cfg.py:3242}}
Jun 25 17:43:29.473888 np0000003629 devstack@n-api-meta.service[95733]: DEBUG nova.api.openstack.wsgi_app [None req-0a81cbb3-ad51-4cbf-aabf-3b0d9aedaa66 None None] heal_instance_info_cache_interval = -1 {{(pid=95733) log_opt_values /opt/stack/data/venv/lib/python3.12/site-packages/oslo_config/cfg.py:3242}}
Jun 25 17:43:29.474153 np0000003629 devstack@n-api-meta.service[95733]: DEBUG nova.api.openstack.wsgi_app [None req-0a81cbb3-ad51-4cbf-aabf-3b0d9aedaa66 None None] host = np0000003629 {{(pid=95733) log_opt_values /opt/stack/data/venv/lib/python3.12/site-packages/oslo_config/cfg.py:3242}}
Jun 25 17:43:29.474335 np0000003629 devstack@n-api-meta.service[95733]: DEBUG nova.api.openstack.wsgi_app [None req-0a81cbb3-ad51-4cbf-aabf-3b0d9aedaa66 None None] initial_cpu_allocation_ratio = 4.0 {{(pid=95733) log_opt_values /opt/stack/data/venv/lib/python3.12/site-packages/oslo_config/cfg.py:3242}}
Jun 25 17:43:29.474669 np0000003629 devstack@n-api-meta.service[95735]: DEBUG oslo_db.sqlalchemy.engines [None req-1c3e2938-886e-4d0e-a12a-498bad0cd8e8 None None] MySQL server mode set to STRICT_TRANS_TABLES,STRICT_ALL_TABLES,NO_ZERO_IN_DATE,NO_ZERO_DATE,ERROR_FOR_DIVISION_BY_ZERO,TRADITIONAL,NO_ENGINE_SUBSTITUTION {{(pid=95735) _check_effective_sql_mode /opt/stack/data/venv/lib/python3.12/site-packages/oslo_db/sqlalchemy/engines.py:325}}
Jun 25 17:43:29.474728 np0000003629 devstack@n-api-meta.service[95733]: DEBUG nova.api.openstack.wsgi_app [None req-0a81cbb3-ad51-4cbf-aabf-3b0d9aedaa66 None None] initial_disk_allocation_ratio = 1.0 {{(pid=95733) log_opt_values /opt/stack/data/venv/lib/python3.12/site-packages/oslo_config/cfg.py:3242}}
Jun 25 17:43:29.474728 np0000003629 devstack@n-api-meta.service[95733]: DEBUG nova.api.openstack.wsgi_app [None req-0a81cbb3-ad51-4cbf-aabf-3b0d9aedaa66 None None] initial_ram_allocation_ratio = 1.0 {{(pid=95733) log_opt_values /opt/stack/data/venv/lib/python3.12/site-packages/oslo_config/cfg.py:3242}}
Jun 25 17:43:29.474808 np0000003629 devstack@n-api-meta.service[95733]: DEBUG nova.api.openstack.wsgi_app [None req-0a81cbb3-ad51-4cbf-aabf-3b0d9aedaa66 None None] injected_network_template = /opt/stack/nova/nova/virt/interfaces.template {{(pid=95733) log_opt_values /opt/stack/data/venv/lib/python3.12/site-packages/oslo_config/cfg.py:3242}}
Jun 25 17:43:29.474940 np0000003629 devstack@n-api-meta.service[95733]: DEBUG nova.api.openstack.wsgi_app [None req-0a81cbb3-ad51-4cbf-aabf-3b0d9aedaa66 None None] instance_build_timeout = 0 {{(pid=95733) log_opt_values /opt/stack/data/venv/lib/python3.12/site-packages/oslo_config/cfg.py:3242}}
Jun 25 17:43:29.475208 np0000003629 devstack@n-api-meta.service[95734]: WARNING nova.api.metadata.handler [None req-e2ff69d8-a5cb-4482-a7ab-5a77f4e5a6a1 None None] metadata_proxy_shared_secret is not configured, the metadata information returned by the proxy cannot be trusted
Jun 25 17:43:29.475292 np0000003629 devstack@n-api-meta.service[95733]: DEBUG nova.api.openstack.wsgi_app [None req-0a81cbb3-ad51-4cbf-aabf-3b0d9aedaa66 None None] instance_delete_interval = 300 {{(pid=95733) log_opt_values /opt/stack/data/venv/lib/python3.12/site-packages/oslo_config/cfg.py:3242}}
Jun 25 17:43:29.475292 np0000003629 devstack@n-api-meta.service[95733]: DEBUG nova.api.openstack.wsgi_app [None req-0a81cbb3-ad51-4cbf-aabf-3b0d9aedaa66 None None] instance_format = [instance: %(uuid)s] {{(pid=95733) log_opt_values /opt/stack/data/venv/lib/python3.12/site-packages/oslo_config/cfg.py:3242}}
Jun 25 17:43:29.475505 np0000003629 devstack@n-api-meta.service[95733]: DEBUG nova.api.openstack.wsgi_app [None req-0a81cbb3-ad51-4cbf-aabf-3b0d9aedaa66 None None] instance_name_template = instance-%08x {{(pid=95733) log_opt_values /opt/stack/data/venv/lib/python3.12/site-packages/oslo_config/cfg.py:3242}}
Jun 25 17:43:29.475626 np0000003629 devstack@n-api-meta.service[95733]: DEBUG nova.api.openstack.wsgi_app [None req-0a81cbb3-ad51-4cbf-aabf-3b0d9aedaa66 None None] instance_usage_audit = False {{(pid=95733) log_opt_values /opt/stack/data/venv/lib/python3.12/site-packages/oslo_config/cfg.py:3242}}
Jun 25 17:43:29.475790 np0000003629 devstack@n-api-meta.service[95733]: DEBUG nova.api.openstack.wsgi_app [None req-0a81cbb3-ad51-4cbf-aabf-3b0d9aedaa66 None None] instance_usage_audit_period = month {{(pid=95733) log_opt_values /opt/stack/data/venv/lib/python3.12/site-packages/oslo_config/cfg.py:3242}}
Jun 25 17:43:29.475937 np0000003629 devstack@n-api-meta.service[95733]: DEBUG nova.api.openstack.wsgi_app [None req-0a81cbb3-ad51-4cbf-aabf-3b0d9aedaa66 None None] instance_uuid_format = [instance: %(uuid)s] {{(pid=95733) log_opt_values /opt/stack/data/venv/lib/python3.12/site-packages/oslo_config/cfg.py:3242}}
Jun 25 17:43:29.476105 np0000003629 devstack@n-api-meta.service[95733]: DEBUG nova.api.openstack.wsgi_app [None req-0a81cbb3-ad51-4cbf-aabf-3b0d9aedaa66 None None] instances_path = /opt/stack/data/nova/instances {{(pid=95733) log_opt_values /opt/stack/data/venv/lib/python3.12/site-packages/oslo_config/cfg.py:3242}}
Jun 25 17:43:29.476288 np0000003629 devstack@n-api-meta.service[95733]: DEBUG nova.api.openstack.wsgi_app [None req-0a81cbb3-ad51-4cbf-aabf-3b0d9aedaa66 None None] internal_service_availability_zone = internal {{(pid=95733) log_opt_values /opt/stack/data/venv/lib/python3.12/site-packages/oslo_config/cfg.py:3242}}
Jun 25 17:43:29.476449 np0000003629 devstack@n-api-meta.service[95733]: DEBUG nova.api.openstack.wsgi_app [None req-0a81cbb3-ad51-4cbf-aabf-3b0d9aedaa66 None None] key = None {{(pid=95733) log_opt_values /opt/stack/data/venv/lib/python3.12/site-packages/oslo_config/cfg.py:3242}}
Jun 25 17:43:29.476599 np0000003629 devstack@n-api-meta.service[95733]: DEBUG nova.api.openstack.wsgi_app [None req-0a81cbb3-ad51-4cbf-aabf-3b0d9aedaa66 None None] live_migration_retry_count = 30 {{(pid=95733) log_opt_values /opt/stack/data/venv/lib/python3.12/site-packages/oslo_config/cfg.py:3242}}
Jun 25 17:43:29.476780 np0000003629 devstack@n-api-meta.service[95733]: DEBUG nova.api.openstack.wsgi_app [None req-0a81cbb3-ad51-4cbf-aabf-3b0d9aedaa66 None None] log_color = False {{(pid=95733) log_opt_values /opt/stack/data/venv/lib/python3.12/site-packages/oslo_config/cfg.py:3242}}
Jun 25 17:43:29.476977 np0000003629 devstack@n-api-meta.service[95733]: DEBUG nova.api.openstack.wsgi_app [None req-0a81cbb3-ad51-4cbf-aabf-3b0d9aedaa66 None None] log_config_append = None {{(pid=95733) log_opt_values /opt/stack/data/venv/lib/python3.12/site-packages/oslo_config/cfg.py:3242}}
Jun 25 17:43:29.477152 np0000003629 devstack@n-api-meta.service[95733]: DEBUG nova.api.openstack.wsgi_app [None req-0a81cbb3-ad51-4cbf-aabf-3b0d9aedaa66 None None] log_date_format = %Y-%m-%d %H:%M:%S {{(pid=95733) log_opt_values /opt/stack/data/venv/lib/python3.12/site-packages/oslo_config/cfg.py:3242}}
Jun 25 17:43:29.477341 np0000003629 devstack@n-api-meta.service[95733]: DEBUG nova.api.openstack.wsgi_app [None req-0a81cbb3-ad51-4cbf-aabf-3b0d9aedaa66 None None] log_dir = None {{(pid=95733) log_opt_values /opt/stack/data/venv/lib/python3.12/site-packages/oslo_config/cfg.py:3242}}
Jun 25 17:43:29.477558 np0000003629 devstack@n-api-meta.service[95733]: DEBUG nova.api.openstack.wsgi_app [None req-0a81cbb3-ad51-4cbf-aabf-3b0d9aedaa66 None None] log_file = None {{(pid=95733) log_opt_values /opt/stack/data/venv/lib/python3.12/site-packages/oslo_config/cfg.py:3242}}
Jun 25 17:43:29.477729 np0000003629 devstack@n-api-meta.service[95733]: DEBUG nova.api.openstack.wsgi_app [None req-0a81cbb3-ad51-4cbf-aabf-3b0d9aedaa66 None None] log_options = True {{(pid=95733) log_opt_values /opt/stack/data/venv/lib/python3.12/site-packages/oslo_config/cfg.py:3242}}
Jun 25 17:43:29.477825 np0000003629 devstack@n-api-meta.service[95733]: DEBUG nova.api.openstack.wsgi_app [None req-0a81cbb3-ad51-4cbf-aabf-3b0d9aedaa66 None None] log_rotate_interval = 1 {{(pid=95733) log_opt_values /opt/stack/data/venv/lib/python3.12/site-packages/oslo_config/cfg.py:3242}}
Jun 25 17:43:29.477961 np0000003629 devstack@n-api-meta.service[95733]: DEBUG nova.api.openstack.wsgi_app [None req-0a81cbb3-ad51-4cbf-aabf-3b0d9aedaa66 None None] log_rotate_interval_type = days {{(pid=95733) log_opt_values /opt/stack/data/venv/lib/python3.12/site-packages/oslo_config/cfg.py:3242}}
Jun 25 17:43:29.478007 np0000003629 devstack@n-api-meta.service[95734]: DEBUG nova.api.openstack.wsgi_app [None req-e2ff69d8-a5cb-4482-a7ab-5a77f4e5a6a1 None None] ******************************************************************************** {{(pid=95734) log_opt_values /opt/stack/data/venv/lib/python3.12/site-packages/oslo_config/cfg.py:3226}}
Jun 25 17:43:29.478103 np0000003629 devstack@n-api-meta.service[95733]: DEBUG nova.api.openstack.wsgi_app [None req-0a81cbb3-ad51-4cbf-aabf-3b0d9aedaa66 None None] log_rotation_type = none {{(pid=95733) log_opt_values /opt/stack/data/venv/lib/python3.12/site-packages/oslo_config/cfg.py:3242}}
Jun 25 17:43:29.478144 np0000003629 devstack@n-api-meta.service[95734]: DEBUG nova.api.openstack.wsgi_app [None req-e2ff69d8-a5cb-4482-a7ab-5a77f4e5a6a1 None None] Configuration options gathered from: {{(pid=95734) log_opt_values /opt/stack/data/venv/lib/python3.12/site-packages/oslo_config/cfg.py:3227}}
