Jul 05 21:30:46.099809 np0000004607 nova-scheduler[93453]: DEBUG cotyledon.oslo_config_glue [-] oslo_limit.auth_section = None {{(pid=93453) log_opt_values /opt/stack/data/venv/lib/python3.12/site-packages/oslo_config/cfg.py:3253}}
Jul 05 21:30:46.099869 np0000004607 nova-scheduler[93453]: DEBUG cotyledon.oslo_config_glue [-] oslo_limit.auth_type = None {{(pid=93453) log_opt_values /opt/stack/data/venv/lib/python3.12/site-packages/oslo_config/cfg.py:3253}}
Jul 05 21:30:46.099992 np0000004607 nova-scheduler[93453]: DEBUG cotyledon.oslo_config_glue [-] oslo_limit.cafile = None {{(pid=93453) log_opt_values /opt/stack/data/venv/lib/python3.12/site-packages/oslo_config/cfg.py:3253}}
Jul 05 21:30:46.100047 np0000004607 nova-scheduler[93453]: DEBUG cotyledon.oslo_config_glue [-] oslo_limit.certfile = None {{(pid=93453) log_opt_values /opt/stack/data/venv/lib/python3.12/site-packages/oslo_config/cfg.py:3253}}
Jul 05 21:30:46.100093 np0000004607 nova-scheduler[93453]: DEBUG cotyledon.oslo_config_glue [-] oslo_limit.collect_timing = False {{(pid=93453) log_opt_values /opt/stack/data/venv/lib/python3.12/site-packages/oslo_config/cfg.py:3253}}
Jul 05 21:30:46.100168 np0000004607 nova-scheduler[93453]: DEBUG cotyledon.oslo_config_glue [-] oslo_limit.connect_retries = None {{(pid=93453) log_opt_values /opt/stack/data/venv/lib/python3.12/site-packages/oslo_config/cfg.py:3253}}
Jul 05 21:30:46.100245 np0000004607 nova-scheduler[93453]: DEBUG cotyledon.oslo_config_glue [-] oslo_limit.connect_retry_delay = None {{(pid=93453) log_opt_values /opt/stack/data/venv/lib/python3.12/site-packages/oslo_config/cfg.py:3253}}
Jul 05 21:30:46.100346 np0000004607 nova-scheduler[93453]: DEBUG cotyledon.oslo_config_glue [-] oslo_limit.endpoint_id = None {{(pid=93453) log_opt_values /opt/stack/data/venv/lib/python3.12/site-packages/oslo_config/cfg.py:3253}}
Jul 05 21:30:46.100401 np0000004607 nova-scheduler[93453]: DEBUG cotyledon.oslo_config_glue [-] oslo_limit.endpoint_interface = public {{(pid=93453) log_opt_values /opt/stack/data/venv/lib/python3.12/site-packages/oslo_config/cfg.py:3253}}
Jul 05 21:30:46.100465 np0000004607 nova-scheduler[93453]: DEBUG cotyledon.oslo_config_glue [-] oslo_limit.endpoint_override = None {{(pid=93453) log_opt_values /opt/stack/data/venv/lib/python3.12/site-packages/oslo_config/cfg.py:3253}}
Jul 05 21:30:46.100531 np0000004607 nova-scheduler[93453]: DEBUG cotyledon.oslo_config_glue [-] oslo_limit.endpoint_region_name = None {{(pid=93453) log_opt_values /opt/stack/data/venv/lib/python3.12/site-packages/oslo_config/cfg.py:3253}}
Jul 05 21:30:46.100571 np0000004607 nova-scheduler[93453]: DEBUG cotyledon.oslo_config_glue [-] oslo_limit.endpoint_service_name = None {{(pid=93453) log_opt_values /opt/stack/data/venv/lib/python3.12/site-packages/oslo_config/cfg.py:3253}}
Jul 05 21:30:46.100609 np0000004607 nova-scheduler[93453]: DEBUG cotyledon.oslo_config_glue [-] oslo_limit.endpoint_service_type = None {{(pid=93453) log_opt_values /opt/stack/data/venv/lib/python3.12/site-packages/oslo_config/cfg.py:3253}}
Jul 05 21:30:46.100655 np0000004607 nova-scheduler[93453]: DEBUG cotyledon.oslo_config_glue [-] oslo_limit.insecure = False {{(pid=93453) log_opt_values /opt/stack/data/venv/lib/python3.12/site-packages/oslo_config/cfg.py:3253}}
Jul 05 21:30:46.100713 np0000004607 nova-scheduler[93453]: DEBUG cotyledon.oslo_config_glue [-] oslo_limit.keyfile = None {{(pid=93453) log_opt_values /opt/stack/data/venv/lib/python3.12/site-packages/oslo_config/cfg.py:3253}}
Jul 05 21:30:46.100713 np0000004607 nova-scheduler[93453]: DEBUG cotyledon.oslo_config_glue [-] oslo_limit.max_version = None {{(pid=93453) log_opt_values /opt/stack/data/venv/lib/python3.12/site-packages/oslo_config/cfg.py:3253}}
Jul 05 21:30:46.100793 np0000004607 nova-scheduler[93453]: DEBUG cotyledon.oslo_config_glue [-] oslo_limit.min_version = None {{(pid=93453) log_opt_values /opt/stack/data/venv/lib/python3.12/site-packages/oslo_config/cfg.py:3253}}
Jul 05 21:30:46.100793 np0000004607 nova-scheduler[93453]: DEBUG cotyledon.oslo_config_glue [-] oslo_limit.region_name = None {{(pid=93453) log_opt_values /opt/stack/data/venv/lib/python3.12/site-packages/oslo_config/cfg.py:3253}}
Jul 05 21:30:46.100858 np0000004607 nova-scheduler[93453]: DEBUG cotyledon.oslo_config_glue [-] oslo_limit.retriable_status_codes = None {{(pid=93453) log_opt_values /opt/stack/data/venv/lib/python3.12/site-packages/oslo_config/cfg.py:3253}}
Jul 05 21:30:46.100858 np0000004607 nova-scheduler[93453]: DEBUG cotyledon.oslo_config_glue [-] oslo_limit.service_name = None {{(pid=93453) log_opt_values /opt/stack/data/venv/lib/python3.12/site-packages/oslo_config/cfg.py:3253}}
Jul 05 21:30:46.100939 np0000004607 nova-scheduler[93453]: DEBUG cotyledon.oslo_config_glue [-] oslo_limit.service_type = None {{(pid=93453) log_opt_values /opt/stack/data/venv/lib/python3.12/site-packages/oslo_config/cfg.py:3253}}
Jul 05 21:30:46.100939 np0000004607 nova-scheduler[93453]: DEBUG cotyledon.oslo_config_glue [-] oslo_limit.split_loggers = False {{(pid=93453) log_opt_values /opt/stack/data/venv/lib/python3.12/site-packages/oslo_config/cfg.py:3253}}
Jul 05 21:30:46.101011 np0000004607 nova-scheduler[93453]: DEBUG cotyledon.oslo_config_glue [-] oslo_limit.status_code_retries = None {{(pid=93453) log_opt_values /opt/stack/data/venv/lib/python3.12/site-packages/oslo_config/cfg.py:3253}}
Jul 05 21:30:46.101062 np0000004607 nova-scheduler[93453]: DEBUG cotyledon.oslo_config_glue [-] oslo_limit.status_code_retry_delay = None {{(pid=93453) log_opt_values /opt/stack/data/venv/lib/python3.12/site-packages/oslo_config/cfg.py:3253}}
Jul 05 21:30:46.101062 np0000004607 nova-scheduler[93453]: DEBUG cotyledon.oslo_config_glue [-] oslo_limit.timeout = None {{(pid=93453) log_opt_values /opt/stack/data/venv/lib/python3.12/site-packages/oslo_config/cfg.py:3253}}
Jul 05 21:30:46.101141 np0000004607 nova-scheduler[93453]: DEBUG cotyledon.oslo_config_glue [-] oslo_limit.valid_interfaces = None {{(pid=93453) log_opt_values /opt/stack/data/venv/lib/python3.12/site-packages/oslo_config/cfg.py:3253}}
Jul 05 21:30:46.101141 np0000004607 nova-scheduler[93453]: DEBUG cotyledon.oslo_config_glue [-] oslo_limit.version = None {{(pid=93453) log_opt_values /opt/stack/data/venv/lib/python3.12/site-packages/oslo_config/cfg.py:3253}}
Jul 05 21:30:46.101220 np0000004607 nova-scheduler[93453]: DEBUG cotyledon.oslo_config_glue [-] oslo_reports.file_event_handler = None {{(pid=93453) log_opt_values /opt/stack/data/venv/lib/python3.12/site-packages/oslo_config/cfg.py:3253}}
Jul 05 21:30:46.101220 np0000004607 nova-scheduler[93453]: DEBUG cotyledon.oslo_config_glue [-] oslo_reports.file_event_handler_interval = 1 {{(pid=93453) log_opt_values /opt/stack/data/venv/lib/python3.12/site-packages/oslo_config/cfg.py:3253}}
Jul 05 21:30:46.101291 np0000004607 nova-scheduler[93453]: DEBUG cotyledon.oslo_config_glue [-] oslo_reports.log_dir = None {{(pid=93453) log_opt_values /opt/stack/data/venv/lib/python3.12/site-packages/oslo_config/cfg.py:3253}}
Jul 05 21:30:46.101291 np0000004607 nova-scheduler[93453]: DEBUG cotyledon.oslo_config_glue [-] ******************************************************************************** {{(pid=93453) log_opt_values /opt/stack/data/venv/lib/python3.12/site-packages/oslo_config/cfg.py:3260}}
Jul 05 21:30:46.101500 np0000004607 nova-scheduler[93453]: DEBUG cotyledon._service_worker [-] Run service ServiceWrapper(2) [93453] {{(pid=93453) wait_forever /opt/stack/data/venv/lib/python3.12/site-packages/cotyledon/_service_worker.py:218}}
Jul 05 21:30:46.103215 np0000004607 nova-scheduler[93453]: INFO nova.service [-] Starting scheduler node (version 33.1.0)
Jul 05 21:30:46.105197 np0000004607 nova-scheduler[93426]: DEBUG oslo_db.sqlalchemy.engines [None req-11581e75-9a13-46a9-983d-1cada3829cc5 None None] MySQL server mode set to STRICT_TRANS_TABLES,STRICT_ALL_TABLES,NO_ZERO_IN_DATE,NO_ZERO_DATE,ERROR_FOR_DIVISION_BY_ZERO,TRADITIONAL,NO_ENGINE_SUBSTITUTION {{(pid=93426) _check_effective_sql_mode /opt/stack/data/venv/lib/python3.12/site-packages/oslo_db/sqlalchemy/engines.py:325}}
Jul 05 21:30:46.107985 np0000004607 nova-scheduler[93453]: INFO dbcounter [None req-db24a12c-9b57-4d21-b900-85da26392ad0 None None] Registered counter for database nova_cell0
Jul 05 21:30:46.109255 np0000004607 nova-scheduler[93451]: DEBUG oslo_db.sqlalchemy.engines [None req-c400f5c8-ff75-46f3-a4e8-ea7a1bf72559 None None] MySQL server mode set to STRICT_TRANS_TABLES,STRICT_ALL_TABLES,NO_ZERO_IN_DATE,NO_ZERO_DATE,ERROR_FOR_DIVISION_BY_ZERO,TRADITIONAL,NO_ENGINE_SUBSTITUTION {{(pid=93451) _check_effective_sql_mode /opt/stack/data/venv/lib/python3.12/site-packages/oslo_db/sqlalchemy/engines.py:325}}
Jul 05 21:30:46.116424 np0000004607 nova-scheduler[93426]: DEBUG dbcounter [-] [93426] Writer thread running {{(pid=93426) stat_writer /opt/stack/data/venv/lib/python3.12/site-packages/dbcounter.py:102}}
Jul 05 21:30:46.120188 np0000004607 nova-scheduler[93451]: DEBUG dbcounter [-] [93451] Writer thread running {{(pid=93451) stat_writer /opt/stack/data/venv/lib/python3.12/site-packages/dbcounter.py:102}}
Jul 05 21:30:46.134076 np0000004607 nova-scheduler[93426]: DEBUG nova.service [None req-11581e75-9a13-46a9-983d-1cada3829cc5 None None] Creating RPC server for service: nova-scheduler on topic: scheduler {{(pid=93426) start /opt/stack/nova/nova/service.py:196}}
Jul 05 21:30:46.139678 np0000004607 nova-scheduler[93451]: DEBUG nova.service [None req-c400f5c8-ff75-46f3-a4e8-ea7a1bf72559 None None] Creating RPC server for service: nova-scheduler on topic: scheduler {{(pid=93451) start /opt/stack/nova/nova/service.py:196}}
Jul 05 21:30:46.148886 np0000004607 nova-scheduler[93453]: DEBUG oslo_db.sqlalchemy.engines [None req-db24a12c-9b57-4d21-b900-85da26392ad0 None None] MySQL server mode set to STRICT_TRANS_TABLES,STRICT_ALL_TABLES,NO_ZERO_IN_DATE,NO_ZERO_DATE,ERROR_FOR_DIVISION_BY_ZERO,TRADITIONAL,NO_ENGINE_SUBSTITUTION {{(pid=93453) _check_effective_sql_mode /opt/stack/data/venv/lib/python3.12/site-packages/oslo_db/sqlalchemy/engines.py:325}}
Jul 05 21:30:46.159200 np0000004607 nova-scheduler[93453]: DEBUG dbcounter [-] [93453] Writer thread running {{(pid=93453) stat_writer /opt/stack/data/venv/lib/python3.12/site-packages/dbcounter.py:102}}
Jul 05 21:30:46.161343 np0000004607 nova-scheduler[93426]: DEBUG nova.service [None req-11581e75-9a13-46a9-983d-1cada3829cc5 None None] Join ServiceGroup membership for this service scheduler {{(pid=93426) start /opt/stack/nova/nova/service.py:222}}
Jul 05 21:30:46.161607 np0000004607 nova-scheduler[93426]: DEBUG nova.servicegroup.drivers.db [None req-11581e75-9a13-46a9-983d-1cada3829cc5 None None] DB_Driver: join new ServiceGroup member np0000004607 to the scheduler group, service = {{(pid=93426) join /opt/stack/nova/nova/servicegroup/drivers/db.py:44}}
Jul 05 21:30:46.162702 np0000004607 nova-scheduler[93453]: DEBUG nova.service [None req-db24a12c-9b57-4d21-b900-85da26392ad0 None None] Creating RPC server for service: nova-scheduler on topic: scheduler {{(pid=93453) start /opt/stack/nova/nova/service.py:196}}
Jul 05 21:30:46.167767 np0000004607 nova-scheduler[93451]: DEBUG nova.service [None req-c400f5c8-ff75-46f3-a4e8-ea7a1bf72559 None None] Join ServiceGroup membership for this service scheduler {{(pid=93451) start /opt/stack/nova/nova/service.py:222}}
Jul 05 21:30:46.168148 np0000004607 nova-scheduler[93451]: DEBUG nova.servicegroup.drivers.db [None req-c400f5c8-ff75-46f3-a4e8-ea7a1bf72559 None None] DB_Driver: join new ServiceGroup member np0000004607 to the scheduler group, service = {{(pid=93451) join /opt/stack/nova/nova/servicegroup/drivers/db.py:44}}
Jul 05 21:30:46.180362 np0000004607 nova-scheduler[93453]: DEBUG nova.service [None req-db24a12c-9b57-4d21-b900-85da26392ad0 None None] Join ServiceGroup membership for this service scheduler {{(pid=93453) start /opt/stack/nova/nova/service.py:222}}
Jul 05 21:30:46.180686 np0000004607 nova-scheduler[93453]: DEBUG nova.servicegroup.drivers.db [None req-db24a12c-9b57-4d21-b900-85da26392ad0 None None] DB_Driver: join new ServiceGroup member np0000004607 to the scheduler group, service = {{(pid=93453) join /opt/stack/nova/nova/servicegroup/drivers/db.py:44}}
Jul 05 21:30:48.163578 np0000004607 nova-scheduler[93426]: DEBUG oslo.service.backend._threading.loopingcall [None req-4555491f-43da-4fcb-aa81-517f56ef08cb None None] Dynamic interval looping call 'nova.service.Service.periodic_tasks' sleeping for 60.00 seconds {{(pid=93426) _run_loop /opt/stack/data/venv/lib/python3.12/site-packages/oslo_service/backend/_threading/loopingcall.py:125}}
Jul 05 21:30:51.175069 np0000004607 nova-scheduler[93426]: DEBUG oslo.service.backend._threading.loopingcall [-] Fixed interval looping call 'nova.servicegroup.drivers.db.DbDriver._report_state' sleeping for 119.99 seconds {{(pid=93426) _run_loop /opt/stack/data/venv/lib/python3.12/site-packages/oslo_service/backend/_threading/loopingcall.py:125}}
Jul 05 21:30:51.178691 np0000004607 nova-scheduler[93451]: DEBUG oslo.service.backend._threading.loopingcall [-] Fixed interval looping call 'nova.servicegroup.drivers.db.DbDriver._report_state' sleeping for 119.99 seconds {{(pid=93451) _run_loop /opt/stack/data/venv/lib/python3.12/site-packages/oslo_service/backend/_threading/loopingcall.py:125}}
Jul 05 21:30:51.192477 np0000004607 nova-scheduler[93453]: DEBUG oslo.service.backend._threading.loopingcall [-] Fixed interval looping call 'nova.servicegroup.drivers.db.DbDriver._report_state' sleeping for 119.99 seconds {{(pid=93453) _run_loop /opt/stack/data/venv/lib/python3.12/site-packages/oslo_service/backend/_threading/loopingcall.py:125}}
Jul 05 21:30:54.714186 np0000004607 nova-scheduler[92135]: DEBUG dbcounter [-] [92135] Writing DB stats nova_api:SELECT=3 {{(pid=92135) stat_writer /opt/stack/data/venv/lib/python3.12/site-packages/dbcounter.py:115}}
Jul 05 21:30:54.832992 np0000004607 nova-scheduler[92135]: DEBUG dbcounter [-] [92135] Writing DB stats nova_cell0:SELECT=1 {{(pid=92135) stat_writer /opt/stack/data/venv/lib/python3.12/site-packages/dbcounter.py:115}}
Jul 05 21:30:54.838799 np0000004607 nova-scheduler[92135]: DEBUG dbcounter [-] [92135] Writing DB stats nova_cell1:SELECT=1 {{(pid=92135) stat_writer /opt/stack/data/venv/lib/python3.12/site-packages/dbcounter.py:115}}
Jul 05 21:31:01.172175 np0000004607 nova-scheduler[93426]: DEBUG dbcounter [-] [93426] Writing DB stats nova_cell0:SELECT=4,nova_cell0:INSERT=1,nova_cell0:UPDATE=1 {{(pid=93426) stat_writer /opt/stack/data/venv/lib/python3.12/site-packages/dbcounter.py:115}}
Jul 05 21:31:01.176345 np0000004607 nova-scheduler[93451]: DEBUG dbcounter [-] [93451] Writing DB stats nova_cell0:SELECT=5,nova_cell0:INSERT=1 {{(pid=93451) stat_writer /opt/stack/data/venv/lib/python3.12/site-packages/dbcounter.py:115}}
Jul 05 21:31:01.191184 np0000004607 nova-scheduler[93453]: DEBUG dbcounter [-] [93453] Writing DB stats nova_cell0:SELECT=3 {{(pid=93453) stat_writer /opt/stack/data/venv/lib/python3.12/site-packages/dbcounter.py:115}}
Jul 05 21:31:26.183187 np0000004607 nova-scheduler[93453]: DEBUG oslo.service.backend._threading.loopingcall [None req-7ecdb17d-04d7-463c-9797-7d532bc6ab1d None None] Dynamic interval looping call 'nova.service.Service.periodic_tasks' sleeping for 60.00 seconds {{(pid=93453) _run_loop /opt/stack/data/venv/lib/python3.12/site-packages/oslo_service/backend/_threading/loopingcall.py:125}}
Jul 05 21:31:38.170149 np0000004607 nova-scheduler[93451]: DEBUG oslo.service.backend._threading.loopingcall [None req-a7ca0b28-b721-4c37-a494-80c4308d9e6d None None] Dynamic interval looping call 'nova.service.Service.periodic_tasks' sleeping for 60.00 seconds {{(pid=93451) _run_loop /opt/stack/data/venv/lib/python3.12/site-packages/oslo_service/backend/_threading/loopingcall.py:125}}
Jul 05 21:31:48.164082 np0000004607 nova-scheduler[93426]: DEBUG oslo.service.backend._threading.loopingcall [None req-4555491f-43da-4fcb-aa81-517f56ef08cb None None] Dynamic interval looping call 'nova.service.Service.periodic_tasks' sleeping for 60.00 seconds {{(pid=93426) _run_loop /opt/stack/data/venv/lib/python3.12/site-packages/oslo_service/backend/_threading/loopingcall.py:125}}
Jul 05 21:32:26.184202 np0000004607 nova-scheduler[93453]: DEBUG oslo.service.backend._threading.loopingcall [None req-7ecdb17d-04d7-463c-9797-7d532bc6ab1d None None] Dynamic interval looping call 'nova.service.Service.periodic_tasks' sleeping for 60.00 seconds {{(pid=93453) _run_loop /opt/stack/data/venv/lib/python3.12/site-packages/oslo_service/backend/_threading/loopingcall.py:125}}
Jul 05 21:32:38.170598 np0000004607 nova-scheduler[93451]: DEBUG oslo.service.backend._threading.loopingcall [None req-a7ca0b28-b721-4c37-a494-80c4308d9e6d None None] Dynamic interval looping call 'nova.service.Service.periodic_tasks' sleeping for 60.00 seconds {{(pid=93451) _run_loop /opt/stack/data/venv/lib/python3.12/site-packages/oslo_service/backend/_threading/loopingcall.py:125}}
Jul 05 21:32:48.164499 np0000004607 nova-scheduler[93426]: DEBUG oslo.service.backend._threading.loopingcall [None req-4555491f-43da-4fcb-aa81-517f56ef08cb None None] Dynamic interval looping call 'nova.service.Service.periodic_tasks' sleeping for 60.00 seconds {{(pid=93426) _run_loop /opt/stack/data/venv/lib/python3.12/site-packages/oslo_service/backend/_threading/loopingcall.py:125}}
Jul 05 21:32:51.172447 np0000004607 nova-scheduler[93426]: DEBUG oslo.service.backend._threading.loopingcall [-] Fixed interval looping call 'nova.servicegroup.drivers.db.DbDriver._report_state' sleeping for 119.99 seconds {{(pid=93426) _run_loop /opt/stack/data/venv/lib/python3.12/site-packages/oslo_service/backend/_threading/loopingcall.py:125}}
Jul 05 21:32:51.174615 np0000004607 nova-scheduler[93451]: DEBUG oslo.service.backend._threading.loopingcall [-] Fixed interval looping call 'nova.servicegroup.drivers.db.DbDriver._report_state' sleeping for 119.99 seconds {{(pid=93451) _run_loop /opt/stack/data/venv/lib/python3.12/site-packages/oslo_service/backend/_threading/loopingcall.py:125}}
Jul 05 21:32:51.188896 np0000004607 nova-scheduler[93453]: DEBUG oslo.service.backend._threading.loopingcall [-] Fixed interval looping call 'nova.servicegroup.drivers.db.DbDriver._report_state' sleeping for 119.99 seconds {{(pid=93453) _run_loop /opt/stack/data/venv/lib/python3.12/site-packages/oslo_service/backend/_threading/loopingcall.py:125}}
Jul 05 21:33:01.168811 np0000004607 nova-scheduler[93426]: DEBUG dbcounter [-] [93426] Writing DB stats nova_cell0:SELECT=1,nova_cell0:UPDATE=1 {{(pid=93426) stat_writer /opt/stack/data/venv/lib/python3.12/site-packages/dbcounter.py:115}}
Jul 05 21:33:01.174404 np0000004607 nova-scheduler[93451]: DEBUG dbcounter [-] [93451] Writing DB stats nova_cell0:SELECT=1,nova_cell0:UPDATE=1 {{(pid=93451) stat_writer /opt/stack/data/venv/lib/python3.12/site-packages/dbcounter.py:115}}
Jul 05 21:33:01.188339 np0000004607 nova-scheduler[93453]: DEBUG dbcounter [-] [93453] Writing DB stats nova_cell0:SELECT=1 {{(pid=93453) stat_writer /opt/stack/data/venv/lib/python3.12/site-packages/dbcounter.py:115}}
Jul 05 21:33:01.674038 np0000004607 nova-scheduler[93426]: DEBUG nova.scheduler.manager [None req-bfd20b32-2124-4a27-9ede-960995cde7db tempest-DeleteServersTestJSON-1784405511 tempest-DeleteServersTestJSON-1784405511-project-member] Starting to schedule for instances: ['efcbe8b0-4c35-49ee-9a21-a95f55a69845'] {{(pid=93426) select_destinations /opt/stack/nova/nova/scheduler/manager.py:209}}
Jul 05 21:33:01.674038 np0000004607 nova-scheduler[93426]: DEBUG nova.scheduler.request_filter [None req-bfd20b32-2124-4a27-9ede-960995cde7db tempest-DeleteServersTestJSON-1784405511 tempest-DeleteServersTestJSON-1784405511-project-member] compute_status_filter request filter added forbidden trait COMPUTE_STATUS_DISABLED {{(pid=93426) compute_status_filter /opt/stack/nova/nova/scheduler/request_filter.py:253}}
Jul 05 21:33:01.674038 np0000004607 nova-scheduler[93426]: DEBUG nova.scheduler.request_filter [None req-bfd20b32-2124-4a27-9ede-960995cde7db tempest-DeleteServersTestJSON-1784405511 tempest-DeleteServersTestJSON-1784405511-project-member] Request filter 'compute_status_filter' took 0.0 seconds {{(pid=93426) wrapper /opt/stack/nova/nova/scheduler/request_filter.py:46}}
Jul 05 21:33:01.674038 np0000004607 nova-scheduler[93426]: DEBUG nova.scheduler.request_filter [None req-bfd20b32-2124-4a27-9ede-960995cde7db tempest-DeleteServersTestJSON-1784405511 tempest-DeleteServersTestJSON-1784405511-project-member] Request filter 'accelerators_filter' took 0.0 seconds {{(pid=93426) wrapper /opt/stack/nova/nova/scheduler/request_filter.py:46}}
Jul 05 21:33:01.674428 np0000004607 nova-scheduler[93426]: DEBUG nova.scheduler.request_filter [None req-bfd20b32-2124-4a27-9ede-960995cde7db tempest-DeleteServersTestJSON-1784405511 tempest-DeleteServersTestJSON-1784405511-project-member] Request filter 'packed_virtqueue_filter' took 0.0 seconds {{(pid=93426) wrapper /opt/stack/nova/nova/scheduler/request_filter.py:46}}
Jul 05 21:33:01.674809 np0000004607 nova-scheduler[93426]: DEBUG nova.scheduler.request_filter [None req-bfd20b32-2124-4a27-9ede-960995cde7db tempest-DeleteServersTestJSON-1784405511 tempest-DeleteServersTestJSON-1784405511-project-member] Request filter 'remote_managed_ports_filter' took 0.0 seconds {{(pid=93426) wrapper /opt/stack/nova/nova/scheduler/request_filter.py:46}}
Jul 05 21:33:01.675058 np0000004607 nova-scheduler[93426]: DEBUG nova.scheduler.request_filter [None req-bfd20b32-2124-4a27-9ede-960995cde7db tempest-DeleteServersTestJSON-1784405511 tempest-DeleteServersTestJSON-1784405511-project-member] ephemeral_encryption_filter skipped {{(pid=93426) ephemeral_encryption_filter /opt/stack/nova/nova/scheduler/request_filter.py:426}}
Jul 05 21:33:01.675550 np0000004607 nova-scheduler[93426]: DEBUG nova.scheduler.request_filter [None req-bfd20b32-2124-4a27-9ede-960995cde7db tempest-DeleteServersTestJSON-1784405511 tempest-DeleteServersTestJSON-1784405511-project-member] virtio_sound_filter skipped {{(pid=93426) virtio_sound_filter /opt/stack/nova/nova/scheduler/request_filter.py:460}}
Jul 05 21:33:01.675770 np0000004607 nova-scheduler[93426]: DEBUG nova.scheduler.request_filter [None req-bfd20b32-2124-4a27-9ede-960995cde7db tempest-DeleteServersTestJSON-1784405511 tempest-DeleteServersTestJSON-1784405511-project-member] tpm_secret_security_filter skipped {{(pid=93426) tpm_secret_security_filter /opt/stack/nova/nova/scheduler/request_filter.py:477}}
Jul 05 21:33:02.250472 np0000004607 nova-scheduler[93426]: INFO nova.utils [None req-bfd20b32-2124-4a27-9ede-960995cde7db tempest-DeleteServersTestJSON-1784405511 tempest-DeleteServersTestJSON-1784405511-project-member] The cell worker thread pool ForkProcess-1.cell_worker is initialized
Jul 05 21:33:02.250472 np0000004607 nova-scheduler[93426]: DEBUG oslo_concurrency.lockutils [None req-bfd20b32-2124-4a27-9ede-960995cde7db tempest-DeleteServersTestJSON-1784405511 tempest-DeleteServersTestJSON-1784405511-project-member] Acquiring lock "cefff626-e101-40b6-b93a-3df48d5ca063" by "nova.context.set_target_cell..get_or_set_cached_cell_and_set_connections" {{(pid=93426) inner /opt/stack/data/venv/lib/python3.12/site-packages/oslo_concurrency/lockutils.py:511}}
Jul 05 21:33:02.250472 np0000004607 nova-scheduler[93426]: DEBUG oslo_concurrency.lockutils [None req-bfd20b32-2124-4a27-9ede-960995cde7db tempest-DeleteServersTestJSON-1784405511 tempest-DeleteServersTestJSON-1784405511-project-member] Lock "cefff626-e101-40b6-b93a-3df48d5ca063" acquired by "nova.context.set_target_cell..get_or_set_cached_cell_and_set_connections" :: waited 0.000s {{(pid=93426) inner /opt/stack/data/venv/lib/python3.12/site-packages/oslo_concurrency/lockutils.py:524}}
Jul 05 21:33:02.250472 np0000004607 nova-scheduler[93426]: DEBUG oslo_concurrency.lockutils [None req-bfd20b32-2124-4a27-9ede-960995cde7db tempest-DeleteServersTestJSON-1784405511 tempest-DeleteServersTestJSON-1784405511-project-member] Lock "cefff626-e101-40b6-b93a-3df48d5ca063" "released" by "nova.context.set_target_cell..get_or_set_cached_cell_and_set_connections" :: held 0.001s {{(pid=93426) inner /opt/stack/data/venv/lib/python3.12/site-packages/oslo_concurrency/lockutils.py:543}}
Jul 05 21:33:02.253419 np0000004607 nova-scheduler[93426]: INFO dbcounter [None req-bfd20b32-2124-4a27-9ede-960995cde7db tempest-DeleteServersTestJSON-1784405511 tempest-DeleteServersTestJSON-1784405511-project-member] Registered counter for database nova_cell1
Jul 05 21:33:02.288882 np0000004607 nova-scheduler[93426]: DEBUG oslo_db.sqlalchemy.engines [None req-bfd20b32-2124-4a27-9ede-960995cde7db tempest-DeleteServersTestJSON-1784405511 tempest-DeleteServersTestJSON-1784405511-project-member] MySQL server mode set to STRICT_TRANS_TABLES,STRICT_ALL_TABLES,NO_ZERO_IN_DATE,NO_ZERO_DATE,ERROR_FOR_DIVISION_BY_ZERO,TRADITIONAL,NO_ENGINE_SUBSTITUTION {{(pid=93426) _check_effective_sql_mode /opt/stack/data/venv/lib/python3.12/site-packages/oslo_db/sqlalchemy/engines.py:325}}
Jul 05 21:33:02.295948 np0000004607 nova-scheduler[93426]: DEBUG dbcounter [-] [93426] Writer thread running {{(pid=93426) stat_writer /opt/stack/data/venv/lib/python3.12/site-packages/dbcounter.py:102}}
Jul 05 21:33:02.318414 np0000004607 nova-scheduler[93426]: DEBUG oslo_db.sqlalchemy.engines [None req-bfd20b32-2124-4a27-9ede-960995cde7db tempest-DeleteServersTestJSON-1784405511 tempest-DeleteServersTestJSON-1784405511-project-member] Parent process 92135 forked (93426) with an open database connection, which is being discarded and recreated. {{(pid=93426) checkout /opt/stack/data/venv/lib/python3.12/site-packages/oslo_db/sqlalchemy/engines.py:402}}
Jul 05 21:33:02.361497 np0000004607 nova-scheduler[93426]: DEBUG dbcounter [-] [93426] Writer thread running {{(pid=93426) stat_writer /opt/stack/data/venv/lib/python3.12/site-packages/dbcounter.py:102}}
Jul 05 21:33:02.364379 np0000004607 nova-scheduler[93426]: DEBUG oslo_concurrency.lockutils [None req-bfd20b32-2124-4a27-9ede-960995cde7db tempest-DeleteServersTestJSON-1784405511 tempest-DeleteServersTestJSON-1784405511-project-member] Acquiring lock "cefff626-e101-40b6-b93a-3df48d5ca063" by "nova.context.set_target_cell..get_or_set_cached_cell_and_set_connections" {{(pid=93426) inner /opt/stack/data/venv/lib/python3.12/site-packages/oslo_concurrency/lockutils.py:511}}
Jul 05 21:33:02.364532 np0000004607 nova-scheduler[93426]: DEBUG oslo_concurrency.lockutils [None req-bfd20b32-2124-4a27-9ede-960995cde7db tempest-DeleteServersTestJSON-1784405511 tempest-DeleteServersTestJSON-1784405511-project-member] Lock "cefff626-e101-40b6-b93a-3df48d5ca063" acquired by "nova.context.set_target_cell..get_or_set_cached_cell_and_set_connections" :: waited 0.000s {{(pid=93426) inner /opt/stack/data/venv/lib/python3.12/site-packages/oslo_concurrency/lockutils.py:524}}
Jul 05 21:33:02.364608 np0000004607 nova-scheduler[93426]: DEBUG oslo_concurrency.lockutils [None req-bfd20b32-2124-4a27-9ede-960995cde7db tempest-DeleteServersTestJSON-1784405511 tempest-DeleteServersTestJSON-1784405511-project-member] Lock "cefff626-e101-40b6-b93a-3df48d5ca063" "released" by "nova.context.set_target_cell..get_or_set_cached_cell_and_set_connections" :: held 0.000s {{(pid=93426) inner /opt/stack/data/venv/lib/python3.12/site-packages/oslo_concurrency/lockutils.py:543}}
Jul 05 21:33:02.368522 np0000004607 nova-scheduler[93426]: DEBUG oslo_concurrency.lockutils [None req-bfd20b32-2124-4a27-9ede-960995cde7db tempest-DeleteServersTestJSON-1784405511 tempest-DeleteServersTestJSON-1784405511-project-member] Acquiring lock "np0000004607-np0000004607" by "nova.scheduler.host_manager.HostState.update.._locked_update" {{(pid=93426) inner /opt/stack/data/venv/lib/python3.12/site-packages/oslo_concurrency/lockutils.py:511}}
Jul 05 21:33:02.368522 np0000004607 nova-scheduler[93426]: DEBUG oslo_concurrency.lockutils [None req-bfd20b32-2124-4a27-9ede-960995cde7db tempest-DeleteServersTestJSON-1784405511 tempest-DeleteServersTestJSON-1784405511-project-member] Lock "np0000004607-np0000004607" acquired by "nova.scheduler.host_manager.HostState.update.._locked_update" :: waited 0.000s {{(pid=93426) inner /opt/stack/data/venv/lib/python3.12/site-packages/oslo_concurrency/lockutils.py:524}}
Jul 05 21:33:02.370058 np0000004607 nova-scheduler[93426]: DEBUG nova.scheduler.host_manager [None req-bfd20b32-2124-4a27-9ede-960995cde7db tempest-DeleteServersTestJSON-1784405511 tempest-DeleteServersTestJSON-1784405511-project-member] Update host state from compute node: ComputeNode(cpu_allocation_ratio=4.0,cpu_info='{"arch": "x86_64", "model": "EPYC-Milan", "vendor": "AMD", "topology": {"cells": 1, "sockets": 16, "cores": 1, "threads": 1}, "maxphysaddr": {"mode": "emulate", "bits": 40}, "features": ["tsc_adjust", "xsavec", "pni", "clzero", "adx", "bmi2", "flushbyasid", "amd-stibp", "fsgsbase", "sep", "sha-ni", "amd-psfd", "pge", "rdctl-no", "invpcid", "ibrs", "xsave", "fma", "osvw", "sse2", "vpclmulqdq", "arch-capabilities", "mce", "xsaves", "cmov", "tsc", "3dnowprefetch", "sse4a", "smap", "smep", "topoext", "pku", "cmp_legacy", "null-sel-clr-base", "virt-ssbd", "lfence-always-serializing", "mmxext", "mtrr", "umip", "pcid", "sse", "fsrm", "abm", "vme", "clwb", "ssbd", "vmcb-clean", "xgetbv1", "f16c", "xsaveerptr", "sse4.2", "mmx", "pause-filter", "ibpb", "svm", "no-nested-data-bp", "nrip-save", "perfctr_core", "rdtscp", "avx2", "avx", "stibp", "svme-addr-chk", "vgif", "v-vmsave-vmload", "de", "tsc-scale", "syscall", "amd-ssbd", "clflush", "pat", "pae", "pse", "rdseed", "apic", "fxsr", "aes", "nx", "pschange-mc-no", "cx8", "bmi1", "msr", "misalignsse", "pdpe1gb", "hypervisor", "mds-no", "pfthreshold", "popcnt", "gds-no", "skip-l1dfl-vmentry", "cr8legacy", "pclmuldq", "spec-ctrl", "clflushopt", "arat", "erms", "tsc-deadline", "fpu", "lbrv", "sse4.1", "rdrand", "ssse3", "wbnoinvd", "lm", "cx16", "stibp-always-on", "rdpid", "lahf_lm", "movbe", "pse36", "npt", "x2apic", "fxsr_opt", "xsaveopt", "vaes", "mca"]}',created_at=2026-07-05T21:31:12Z,current_workload=0,deleted=False,deleted_at=None,disk_allocation_ratio=1.0,disk_available_least=73,free_disk_gb=95,free_ram_mb=62765,host='np0000004607',host_ip=10.4.3.118,hypervisor_hostname='np0000004607',hypervisor_type='QEMU',hypervisor_version=8002002,id=1,local_gb=95,local_gb_used=0,mapped=1,memory_mb=63277,memory_mb_used=512,metrics='[]',numa_topology='{"nova_object.name": "NUMATopology", "nova_object.namespace": "nova", "nova_object.version": "1.2", "nova_object.data": {"cells": [{"nova_object.name": "NUMACell", "nova_object.namespace": "nova", "nova_object.version": "1.5", "nova_object.data": {"id": 0, "cpuset": [0, 1, 2, 3, 4, 5, 6, 7, 8, 9, 10, 11, 12, 13, 14, 15], "pcpuset": [0, 1, 2, 3, 4, 5, 6, 7, 8, 9, 10, 11, 12, 13, 14, 15], "memory": 63277, "cpu_usage": 0, "memory_usage": 0, "pinned_cpus": [], "siblings": [[6], [12], [2], [15], [5], [11], [8], [14], [4], [1], [7], [10], [0], [13], [3], [9]], "mempages": [{"nova_object.name": "NUMAPagesTopology", "nova_object.namespace": "nova", "nova_object.version": "1.1", "nova_object.data": {"size_kb": 4, "total": 16177928, "used": 0, "reserved": 0}, "nova_object.changes": ["used", "size_kb", "total", "reserved"]}, {"nova_object.name": "NUMAPagesTopology", "nova_object.namespace": "nova", "nova_object.version": "1.1", "nova_object.data": {"size_kb": 2048, "total": 41, "used": 0, "reserved": 0}, "nova_object.changes": ["used", "size_kb", "total", "reserved"]}, {"nova_object.name": "NUMAPagesTopology", "nova_object.namespace": "nova", "nova_object.version": "1.1", "nova_object.data": {"size_kb": 1048576, "total": 0, "used": 0, "reserved": 0}, "nova_object.changes": ["used", "size_kb", "total", "reserved"]}], "network_metadata": {"nova_object.name": "NetworkMetadata", "nova_object.namespace": "nova", "nova_object.version": "1.0", "nova_object.data": {"physnets": [], "tunneled": false}, "nova_object.changes": ["physnets", "tunneled"]}, "socket": null}, "nova_object.changes": ["memory_usage", "id", "cpuset", "pinned_cpus", "mempages", "cpu_usage", "network_metadata", "socket", "memory", "siblings", "pcpuset"]}]}, "nova_object.changes": ["cells"]}',pci_device_pools=PciDevicePoolList,ram_allocation_ratio=1.0,running_vms=0,service_id=3,stats={failed_builds='0',uptime=' 21:32:56 up 15 min, 2 users, load average: 2.40, 1.97, 1.16
Jul 05 21:33:02.370058 np0000004607 nova-scheduler[93426]: '},supported_hv_specs=[HVSpec,HVSpec,HVSpec,HVSpec,HVSpec,HVSpec,HVSpec,HVSpec,HVSpec,HVSpec,HVSpec,HVSpec,HVSpec,HVSpec,HVSpec,HVSpec,HVSpec,HVSpec,HVSpec,HVSpec,HVSpec,HVSpec,HVSpec,HVSpec,HVSpec],updated_at=2026-07-05T21:32:58Z,uuid=3544d187-cd7f-49ea-b29c-fb25759b6ddf,vcpus=16,vcpus_used=0) {{(pid=93426) _locked_update /opt/stack/nova/nova/scheduler/host_manager.py:168}}
Jul 05 21:33:02.370928 np0000004607 nova-scheduler[93426]: DEBUG nova.scheduler.host_manager [None req-bfd20b32-2124-4a27-9ede-960995cde7db tempest-DeleteServersTestJSON-1784405511 tempest-DeleteServersTestJSON-1784405511-project-member] Update host state with aggregates: [] {{(pid=93426) _locked_update /opt/stack/nova/nova/scheduler/host_manager.py:171}}
Jul 05 21:33:02.371269 np0000004607 nova-scheduler[93426]: DEBUG nova.scheduler.host_manager [None req-bfd20b32-2124-4a27-9ede-960995cde7db tempest-DeleteServersTestJSON-1784405511 tempest-DeleteServersTestJSON-1784405511-project-member] Update host state with service dict: {'id': 3, 'uuid': '2af65816-eef4-48f2-a70d-6d6ad77be581', 'host': 'np0000004607', 'binary': 'nova-compute', 'topic': 'compute', 'report_count': 1, 'disabled': False, 'disabled_reason': None, 'last_seen_up': datetime.datetime(2026, 7, 5, 21, 31, 21, tzinfo=datetime.timezone.utc), 'forced_down': False, 'version': 72, 'created_at': datetime.datetime(2026, 7, 5, 21, 31, 10, tzinfo=datetime.timezone.utc), 'updated_at': datetime.datetime(2026, 7, 5, 21, 31, 21, tzinfo=datetime.timezone.utc), 'deleted_at': None, 'deleted': False} {{(pid=93426) _locked_update /opt/stack/nova/nova/scheduler/host_manager.py:174}}
Jul 05 21:33:02.371446 np0000004607 nova-scheduler[93426]: DEBUG nova.scheduler.host_manager [None req-bfd20b32-2124-4a27-9ede-960995cde7db tempest-DeleteServersTestJSON-1784405511 tempest-DeleteServersTestJSON-1784405511-project-member] Update host state with instances: [] {{(pid=93426) _locked_update /opt/stack/nova/nova/scheduler/host_manager.py:177}}
Jul 05 21:33:02.371590 np0000004607 nova-scheduler[93426]: DEBUG oslo_concurrency.lockutils [None req-bfd20b32-2124-4a27-9ede-960995cde7db tempest-DeleteServersTestJSON-1784405511 tempest-DeleteServersTestJSON-1784405511-project-member] Lock "np0000004607-np0000004607" "released" by "nova.scheduler.host_manager.HostState.update.._locked_update" :: held 0.003s {{(pid=93426) inner /opt/stack/data/venv/lib/python3.12/site-packages/oslo_concurrency/lockutils.py:543}}
Jul 05 21:33:02.372131 np0000004607 nova-scheduler[93426]: DEBUG nova.filters [None req-bfd20b32-2124-4a27-9ede-960995cde7db tempest-DeleteServersTestJSON-1784405511 tempest-DeleteServersTestJSON-1784405511-project-member] Starting with 1 host(s) {{(pid=93426) get_filtered_objects /opt/stack/nova/nova/filters.py:70}}
Jul 05 21:33:02.372400 np0000004607 nova-scheduler[93426]: DEBUG nova.filters [None req-bfd20b32-2124-4a27-9ede-960995cde7db tempest-DeleteServersTestJSON-1784405511 tempest-DeleteServersTestJSON-1784405511-project-member] Filter ComputeFilter returned 1 host(s) {{(pid=93426) get_filtered_objects /opt/stack/nova/nova/filters.py:102}}
Jul 05 21:33:02.372570 np0000004607 nova-scheduler[93426]: DEBUG nova.filters [None req-bfd20b32-2124-4a27-9ede-960995cde7db tempest-DeleteServersTestJSON-1784405511 tempest-DeleteServersTestJSON-1784405511-project-member] Filter ComputeCapabilitiesFilter returned 1 host(s) {{(pid=93426) get_filtered_objects /opt/stack/nova/nova/filters.py:102}}
Jul 05 21:33:02.372850 np0000004607 nova-scheduler[93426]: DEBUG nova.filters [None req-bfd20b32-2124-4a27-9ede-960995cde7db tempest-DeleteServersTestJSON-1784405511 tempest-DeleteServersTestJSON-1784405511-project-member] Filter ImagePropertiesFilter returned 1 host(s) {{(pid=93426) get_filtered_objects /opt/stack/nova/nova/filters.py:102}}
Jul 05 21:33:02.373026 np0000004607 nova-scheduler[93426]: DEBUG nova.filters [None req-bfd20b32-2124-4a27-9ede-960995cde7db tempest-DeleteServersTestJSON-1784405511 tempest-DeleteServersTestJSON-1784405511-project-member] Filter ServerGroupAntiAffinityFilter returned 1 host(s) {{(pid=93426) get_filtered_objects /opt/stack/nova/nova/filters.py:102}}
Jul 05 21:33:02.373199 np0000004607 nova-scheduler[93426]: DEBUG nova.filters [None req-bfd20b32-2124-4a27-9ede-960995cde7db tempest-DeleteServersTestJSON-1784405511 tempest-DeleteServersTestJSON-1784405511-project-member] Filter ServerGroupAffinityFilter returned 1 host(s) {{(pid=93426) get_filtered_objects /opt/stack/nova/nova/filters.py:102}}
Jul 05 21:33:02.373385 np0000004607 nova-scheduler[93426]: DEBUG nova.filters [None req-bfd20b32-2124-4a27-9ede-960995cde7db tempest-DeleteServersTestJSON-1784405511 tempest-DeleteServersTestJSON-1784405511-project-member] Filter SameHostFilter returned 1 host(s) {{(pid=93426) get_filtered_objects /opt/stack/nova/nova/filters.py:102}}
Jul 05 21:33:02.373555 np0000004607 nova-scheduler[93426]: DEBUG nova.filters [None req-bfd20b32-2124-4a27-9ede-960995cde7db tempest-DeleteServersTestJSON-1784405511 tempest-DeleteServersTestJSON-1784405511-project-member] Filter DifferentHostFilter returned 1 host(s) {{(pid=93426) get_filtered_objects /opt/stack/nova/nova/filters.py:102}}
Jul 05 21:33:02.373745 np0000004607 nova-scheduler[93426]: DEBUG nova.scheduler.manager [None req-bfd20b32-2124-4a27-9ede-960995cde7db tempest-DeleteServersTestJSON-1784405511 tempest-DeleteServersTestJSON-1784405511-project-member] Filtered [(np0000004607, np0000004607) ram: 62765MB disk: 74752MB io_ops: 0 instances: 0, allocation_candidates: 1] {{(pid=93426) _get_sorted_hosts /opt/stack/nova/nova/scheduler/manager.py:742}}
Jul 05 21:33:02.373974 np0000004607 nova-scheduler[93426]: DEBUG nova.scheduler.manager [None req-bfd20b32-2124-4a27-9ede-960995cde7db tempest-DeleteServersTestJSON-1784405511 tempest-DeleteServersTestJSON-1784405511-project-member] Weighed [WeighedHost [host: (np0000004607, np0000004607) ram: 62765MB disk: 74752MB io_ops: 0 instances: 0, allocation_candidates: 1, weight: 0.0]] {{(pid=93426) _get_sorted_hosts /opt/stack/nova/nova/scheduler/manager.py:764}}
Jul 05 21:33:02.374161 np0000004607 nova-scheduler[93426]: DEBUG nova.scheduler.utils [None req-bfd20b32-2124-4a27-9ede-960995cde7db tempest-DeleteServersTestJSON-1784405511 tempest-DeleteServersTestJSON-1784405511-project-member] Attempting to claim resources in the placement API for instance efcbe8b0-4c35-49ee-9a21-a95f55a69845 {{(pid=93426) claim_resources /opt/stack/nova/nova/scheduler/utils.py:1345}}
Jul 05 21:33:02.577445 np0000004607 nova-scheduler[93451]: DEBUG nova.scheduler.manager [None req-dac20d05-eef9-469a-aac8-dd5361abb758 tempest-ServerActionsTestOtherB-886124596 tempest-ServerActionsTestOtherB-886124596-project-member] Starting to schedule for instances: ['7e76cc46-6147-49d8-8913-0bbdb0332c60'] {{(pid=93451) select_destinations /opt/stack/nova/nova/scheduler/manager.py:209}}
Jul 05 21:33:02.578307 np0000004607 nova-scheduler[93451]: DEBUG nova.scheduler.request_filter [None req-dac20d05-eef9-469a-aac8-dd5361abb758 tempest-ServerActionsTestOtherB-886124596 tempest-ServerActionsTestOtherB-886124596-project-member] compute_status_filter request filter added forbidden trait COMPUTE_STATUS_DISABLED {{(pid=93451) compute_status_filter /opt/stack/nova/nova/scheduler/request_filter.py:253}}
Jul 05 21:33:02.578455 np0000004607 nova-scheduler[93451]: DEBUG nova.scheduler.request_filter [None req-dac20d05-eef9-469a-aac8-dd5361abb758 tempest-ServerActionsTestOtherB-886124596 tempest-ServerActionsTestOtherB-886124596-project-member] Request filter 'compute_status_filter' took 0.0 seconds {{(pid=93451) wrapper /opt/stack/nova/nova/scheduler/request_filter.py:46}}
Jul 05 21:33:02.578698 np0000004607 nova-scheduler[93451]: DEBUG nova.scheduler.request_filter [None req-dac20d05-eef9-469a-aac8-dd5361abb758 tempest-ServerActionsTestOtherB-886124596 tempest-ServerActionsTestOtherB-886124596-project-member] Request filter 'accelerators_filter' took 0.0 seconds {{(pid=93451) wrapper /opt/stack/nova/nova/scheduler/request_filter.py:46}}
Jul 05 21:33:02.579003 np0000004607 nova-scheduler[93451]: DEBUG nova.scheduler.request_filter [None req-dac20d05-eef9-469a-aac8-dd5361abb758 tempest-ServerActionsTestOtherB-886124596 tempest-ServerActionsTestOtherB-886124596-project-member] Request filter 'packed_virtqueue_filter' took 0.0 seconds {{(pid=93451) wrapper /opt/stack/nova/nova/scheduler/request_filter.py:46}}
Jul 05 21:33:02.579663 np0000004607 nova-scheduler[93451]: DEBUG nova.scheduler.request_filter [None req-dac20d05-eef9-469a-aac8-dd5361abb758 tempest-ServerActionsTestOtherB-886124596 tempest-ServerActionsTestOtherB-886124596-project-member] Request filter 'remote_managed_ports_filter' took 0.0 seconds {{(pid=93451) wrapper /opt/stack/nova/nova/scheduler/request_filter.py:46}}
Jul 05 21:33:02.580228 np0000004607 nova-scheduler[93451]: DEBUG nova.scheduler.request_filter [None req-dac20d05-eef9-469a-aac8-dd5361abb758 tempest-ServerActionsTestOtherB-886124596 tempest-ServerActionsTestOtherB-886124596-project-member] ephemeral_encryption_filter skipped {{(pid=93451) ephemeral_encryption_filter /opt/stack/nova/nova/scheduler/request_filter.py:426}}
Jul 05 21:33:02.583622 np0000004607 nova-scheduler[93451]: DEBUG nova.scheduler.request_filter [None req-dac20d05-eef9-469a-aac8-dd5361abb758 tempest-ServerActionsTestOtherB-886124596 tempest-ServerActionsTestOtherB-886124596-project-member] virtio_sound_filter skipped {{(pid=93451) virtio_sound_filter /opt/stack/nova/nova/scheduler/request_filter.py:460}}
Jul 05 21:33:02.583622 np0000004607 nova-scheduler[93451]: DEBUG nova.scheduler.request_filter [None req-dac20d05-eef9-469a-aac8-dd5361abb758 tempest-ServerActionsTestOtherB-886124596 tempest-ServerActionsTestOtherB-886124596-project-member] tpm_secret_security_filter skipped {{(pid=93451) tpm_secret_security_filter /opt/stack/nova/nova/scheduler/request_filter.py:477}}
Jul 05 21:33:02.651510 np0000004607 nova-scheduler[93426]: DEBUG nova.scheduler.manager [None req-bfd20b32-2124-4a27-9ede-960995cde7db tempest-DeleteServersTestJSON-1784405511 tempest-DeleteServersTestJSON-1784405511-project-member] [instance: efcbe8b0-4c35-49ee-9a21-a95f55a69845] Selected host: (np0000004607, np0000004607) ram: 62765MB disk: 74752MB io_ops: 0 instances: 0, allocation_candidates: 1 {{(pid=93426) _consume_selected_host /opt/stack/nova/nova/scheduler/manager.py:624}}
Jul 05 21:33:02.651851 np0000004607 nova-scheduler[93426]: DEBUG oslo_concurrency.lockutils [None req-bfd20b32-2124-4a27-9ede-960995cde7db tempest-DeleteServersTestJSON-1784405511 tempest-DeleteServersTestJSON-1784405511-project-member] Acquiring lock "np0000004607-np0000004607" by "nova.scheduler.host_manager.HostState.consume_from_request.._locked" {{(pid=93426) inner /opt/stack/data/venv/lib/python3.12/site-packages/oslo_concurrency/lockutils.py:511}}
Jul 05 21:33:02.652048 np0000004607 nova-scheduler[93426]: DEBUG oslo_concurrency.lockutils [None req-bfd20b32-2124-4a27-9ede-960995cde7db tempest-DeleteServersTestJSON-1784405511 tempest-DeleteServersTestJSON-1784405511-project-member] Lock "np0000004607-np0000004607" acquired by "nova.scheduler.host_manager.HostState.consume_from_request.._locked" :: waited 0.000s {{(pid=93426) inner /opt/stack/data/venv/lib/python3.12/site-packages/oslo_concurrency/lockutils.py:524}}
Jul 05 21:33:02.652249 np0000004607 nova-scheduler[93426]: DEBUG oslo_concurrency.lockutils [None req-bfd20b32-2124-4a27-9ede-960995cde7db tempest-DeleteServersTestJSON-1784405511 tempest-DeleteServersTestJSON-1784405511-project-member] Lock "np0000004607-np0000004607" "released" by "nova.scheduler.host_manager.HostState.consume_from_request.._locked" :: held 0.000s {{(pid=93426) inner /opt/stack/data/venv/lib/python3.12/site-packages/oslo_concurrency/lockutils.py:543}}
Jul 05 21:33:02.716106 np0000004607 nova-scheduler[93451]: INFO nova.utils [None req-dac20d05-eef9-469a-aac8-dd5361abb758 tempest-ServerActionsTestOtherB-886124596 tempest-ServerActionsTestOtherB-886124596-project-member] The cell worker thread pool ForkProcess-2.cell_worker is initialized
Jul 05 21:33:02.716431 np0000004607 nova-scheduler[93451]: DEBUG oslo_concurrency.lockutils [None req-dac20d05-eef9-469a-aac8-dd5361abb758 tempest-ServerActionsTestOtherB-886124596 tempest-ServerActionsTestOtherB-886124596-project-member] Acquiring lock "cefff626-e101-40b6-b93a-3df48d5ca063" by "nova.context.set_target_cell..get_or_set_cached_cell_and_set_connections" {{(pid=93451) inner /opt/stack/data/venv/lib/python3.12/site-packages/oslo_concurrency/lockutils.py:511}}
Jul 05 21:33:02.716632 np0000004607 nova-scheduler[93451]: DEBUG oslo_concurrency.lockutils [None req-dac20d05-eef9-469a-aac8-dd5361abb758 tempest-ServerActionsTestOtherB-886124596 tempest-ServerActionsTestOtherB-886124596-project-member] Lock "cefff626-e101-40b6-b93a-3df48d5ca063" acquired by "nova.context.set_target_cell..get_or_set_cached_cell_and_set_connections" :: waited 0.000s {{(pid=93451) inner /opt/stack/data/venv/lib/python3.12/site-packages/oslo_concurrency/lockutils.py:524}}
Jul 05 21:33:02.718467 np0000004607 nova-scheduler[93451]: DEBUG oslo_concurrency.lockutils [None req-dac20d05-eef9-469a-aac8-dd5361abb758 tempest-ServerActionsTestOtherB-886124596 tempest-ServerActionsTestOtherB-886124596-project-member] Lock "cefff626-e101-40b6-b93a-3df48d5ca063" "released" by "nova.context.set_target_cell..get_or_set_cached_cell_and_set_connections" :: held 0.002s {{(pid=93451) inner /opt/stack/data/venv/lib/python3.12/site-packages/oslo_concurrency/lockutils.py:543}}
Jul 05 21:33:02.720167 np0000004607 nova-scheduler[93451]: INFO dbcounter [None req-dac20d05-eef9-469a-aac8-dd5361abb758 tempest-ServerActionsTestOtherB-886124596 tempest-ServerActionsTestOtherB-886124596-project-member] Registered counter for database nova_cell1
Jul 05 21:33:02.754967 np0000004607 nova-scheduler[93451]: DEBUG oslo_db.sqlalchemy.engines [None req-dac20d05-eef9-469a-aac8-dd5361abb758 tempest-ServerActionsTestOtherB-886124596 tempest-ServerActionsTestOtherB-886124596-project-member] MySQL server mode set to STRICT_TRANS_TABLES,STRICT_ALL_TABLES,NO_ZERO_IN_DATE,NO_ZERO_DATE,ERROR_FOR_DIVISION_BY_ZERO,TRADITIONAL,NO_ENGINE_SUBSTITUTION {{(pid=93451) _check_effective_sql_mode /opt/stack/data/venv/lib/python3.12/site-packages/oslo_db/sqlalchemy/engines.py:325}}
Jul 05 21:33:02.768081 np0000004607 nova-scheduler[93451]: DEBUG dbcounter [-] [93451] Writer thread running {{(pid=93451) stat_writer /opt/stack/data/venv/lib/python3.12/site-packages/dbcounter.py:102}}
Jul 05 21:33:02.839081 np0000004607 nova-scheduler[93451]: DEBUG dbcounter [-] [93451] Writer thread running {{(pid=93451) stat_writer /opt/stack/data/venv/lib/python3.12/site-packages/dbcounter.py:102}}
Jul 05 21:33:02.846441 np0000004607 nova-scheduler[93451]: DEBUG oslo_concurrency.lockutils [None req-dac20d05-eef9-469a-aac8-dd5361abb758 tempest-ServerActionsTestOtherB-886124596 tempest-ServerActionsTestOtherB-886124596-project-member] Acquiring lock "cefff626-e101-40b6-b93a-3df48d5ca063" by "nova.context.set_target_cell..get_or_set_cached_cell_and_set_connections" {{(pid=93451) inner /opt/stack/data/venv/lib/python3.12/site-packages/oslo_concurrency/lockutils.py:511}}
Jul 05 21:33:02.846771 np0000004607 nova-scheduler[93451]: DEBUG oslo_concurrency.lockutils [None req-dac20d05-eef9-469a-aac8-dd5361abb758 tempest-ServerActionsTestOtherB-886124596 tempest-ServerActionsTestOtherB-886124596-project-member] Lock "cefff626-e101-40b6-b93a-3df48d5ca063" acquired by "nova.context.set_target_cell..get_or_set_cached_cell_and_set_connections" :: waited 0.000s {{(pid=93451) inner /opt/stack/data/venv/lib/python3.12/site-packages/oslo_concurrency/lockutils.py:524}}
Jul 05 21:33:02.846771 np0000004607 nova-scheduler[93451]: DEBUG oslo_concurrency.lockutils [None req-dac20d05-eef9-469a-aac8-dd5361abb758 tempest-ServerActionsTestOtherB-886124596 tempest-ServerActionsTestOtherB-886124596-project-member] Lock "cefff626-e101-40b6-b93a-3df48d5ca063" "released" by "nova.context.set_target_cell..get_or_set_cached_cell_and_set_connections" :: held 0.000s {{(pid=93451) inner /opt/stack/data/venv/lib/python3.12/site-packages/oslo_concurrency/lockutils.py:543}}
Jul 05 21:33:02.859777 np0000004607 nova-scheduler[93451]: DEBUG oslo_concurrency.lockutils [None req-dac20d05-eef9-469a-aac8-dd5361abb758 tempest-ServerActionsTestOtherB-886124596 tempest-ServerActionsTestOtherB-886124596-project-member] Acquiring lock "np0000004607-np0000004607" by "nova.scheduler.host_manager.HostState.update.._locked_update" {{(pid=93451) inner /opt/stack/data/venv/lib/python3.12/site-packages/oslo_concurrency/lockutils.py:511}}
Jul 05 21:33:02.860165 np0000004607 nova-scheduler[93451]: DEBUG oslo_concurrency.lockutils [None req-dac20d05-eef9-469a-aac8-dd5361abb758 tempest-ServerActionsTestOtherB-886124596 tempest-ServerActionsTestOtherB-886124596-project-member] Lock "np0000004607-np0000004607" acquired by "nova.scheduler.host_manager.HostState.update.._locked_update" :: waited 0.000s {{(pid=93451) inner /opt/stack/data/venv/lib/python3.12/site-packages/oslo_concurrency/lockutils.py:524}}
