Jun 11 20:35:39.230762 np0000002672 devstack@c-api.service[96241]: /opt/stack/data/venv/lib/python3.12/site-packages/oslo_context/context.py:102: DeprecationWarning: Policy enforcement is depending on the value of is_admin. This key is deprecated. Please update your policy file to use the standard policy values.
Jun 11 20:35:39.230762 np0000002672 devstack@c-api.service[96241]: warnings.warn(
Jun 11 20:35:39.231547 np0000002672 devstack@c-api.service[96241]: INFO cinder.volume.api [None req-61c75c40-2bc0-4169-8f2c-d384aac1760e tempest-SnapshotMetadataTestJSON-1227257998 tempest-SnapshotMetadataTestJSON-1227257998-project-member] Snapshot retrieved successfully.
Jun 11 20:35:39.232713 np0000002672 devstack@c-api.service[96241]: INFO cinder.api.openstack.wsgi [None req-61c75c40-2bc0-4169-8f2c-d384aac1760e tempest-SnapshotMetadataTestJSON-1227257998 tempest-SnapshotMetadataTestJSON-1227257998-project-member] https://10.4.3.132/volume/v3/snapshots/83d0fba5-03a3-4445-8fa6-bc3b8a6bd9d1 returned with HTTP 200
Jun 11 20:35:39.233265 np0000002672 devstack@c-api.service[96241]: [pid: 96241|app: 0|req: 104/204] 10.4.3.132 () {66 vars in 1354 bytes} [Thu Jun 11 20:35:39 2026] GET /volume/v3/snapshots/83d0fba5-03a3-4445-8fa6-bc3b8a6bd9d1 => generated 443 bytes in 31 msecs (HTTP/1.1 200) 7 headers in 285 bytes (1 switches on core 0)
Jun 11 20:35:40.246674 np0000002672 devstack@c-api.service[96242]: DEBUG cinder.api.middleware.request_id [None req-c3ccb5f7-cba0-4279-89ae-f4265895b825 None None] RequestId filter calling following filter/app {{(pid=96242) _context_setter /opt/stack/cinder/cinder/api/middleware/request_id.py:62}}
Jun 11 20:35:40.251783 np0000002672 devstack@c-api.service[96242]: INFO cinder.api.openstack.wsgi [None req-c3ccb5f7-cba0-4279-89ae-f4265895b825 tempest-SnapshotMetadataTestJSON-1227257998 tempest-SnapshotMetadataTestJSON-1227257998-project-member] GET https://10.4.3.132/volume/v3/snapshots/83d0fba5-03a3-4445-8fa6-bc3b8a6bd9d1
Jun 11 20:35:40.252026 np0000002672 devstack@c-api.service[96242]: DEBUG cinder.api.openstack.wsgi [None req-c3ccb5f7-cba0-4279-89ae-f4265895b825 tempest-SnapshotMetadataTestJSON-1227257998 tempest-SnapshotMetadataTestJSON-1227257998-project-member] Empty body provided in request {{(pid=96242) get_body /opt/stack/cinder/cinder/api/openstack/wsgi.py:725}}
Jun 11 20:35:40.252248 np0000002672 devstack@c-api.service[96242]: DEBUG cinder.api.openstack.wsgi [None req-c3ccb5f7-cba0-4279-89ae-f4265895b825 tempest-SnapshotMetadataTestJSON-1227257998 tempest-SnapshotMetadataTestJSON-1227257998-project-member] Calling method 'show' {{(pid=96242) _process_stack /opt/stack/cinder/cinder/api/openstack/wsgi.py:878}}
Jun 11 20:35:40.261182 np0000002672 devstack@c-api.service[96242]: /opt/stack/data/venv/lib/python3.12/site-packages/oslo_context/context.py:102: DeprecationWarning: Policy enforcement is depending on the value of is_admin. This key is deprecated. Please update your policy file to use the standard policy values.
Jun 11 20:35:40.261182 np0000002672 devstack@c-api.service[96242]: warnings.warn(
Jun 11 20:35:40.261465 np0000002672 devstack@c-api.service[96242]: INFO cinder.volume.api [None req-c3ccb5f7-cba0-4279-89ae-f4265895b825 tempest-SnapshotMetadataTestJSON-1227257998 tempest-SnapshotMetadataTestJSON-1227257998-project-member] Snapshot retrieved successfully.
Jun 11 20:35:40.262538 np0000002672 devstack@c-api.service[96242]: INFO cinder.api.openstack.wsgi [None req-c3ccb5f7-cba0-4279-89ae-f4265895b825 tempest-SnapshotMetadataTestJSON-1227257998 tempest-SnapshotMetadataTestJSON-1227257998-project-member] https://10.4.3.132/volume/v3/snapshots/83d0fba5-03a3-4445-8fa6-bc3b8a6bd9d1 returned with HTTP 200
Jun 11 20:35:40.263330 np0000002672 devstack@c-api.service[96242]: [pid: 96242|app: 0|req: 101/205] 10.4.3.132 () {66 vars in 1354 bytes} [Thu Jun 11 20:35:40 2026] GET /volume/v3/snapshots/83d0fba5-03a3-4445-8fa6-bc3b8a6bd9d1 => generated 470 bytes in 17 msecs (HTTP/1.1 200) 7 headers in 285 bytes (2 switches on core 0)
Jun 11 20:35:40.275885 np0000002672 devstack@c-api.service[96241]: DEBUG cinder.api.middleware.request_id [None req-195914d2-2981-40f7-a3e7-263d01492640 None None] RequestId filter calling following filter/app {{(pid=96241) _context_setter /opt/stack/cinder/cinder/api/middleware/request_id.py:62}}
Jun 11 20:35:40.285835 np0000002672 devstack@c-api.service[96241]: INFO cinder.api.openstack.wsgi [None req-195914d2-2981-40f7-a3e7-263d01492640 tempest-SnapshotMetadataTestJSON-1227257998 tempest-SnapshotMetadataTestJSON-1227257998-project-member] POST https://10.4.3.132/volume/v3/snapshots/83d0fba5-03a3-4445-8fa6-bc3b8a6bd9d1/metadata
Jun 11 20:35:40.286894 np0000002672 devstack@c-api.service[96241]: DEBUG cinder.api.openstack.wsgi [None req-195914d2-2981-40f7-a3e7-263d01492640 tempest-SnapshotMetadataTestJSON-1227257998 tempest-SnapshotMetadataTestJSON-1227257998-project-member] Action: 'create', calling method: create, body: {"metadata": {"key1": "value1", "key2": "value2", "key3": "value3"}} {{(pid=96241) _process_stack /opt/stack/cinder/cinder/api/openstack/wsgi.py:876}}
Jun 11 20:35:40.298760 np0000002672 devstack@c-api.service[96241]: /opt/stack/data/venv/lib/python3.12/site-packages/oslo_context/context.py:102: DeprecationWarning: Policy enforcement is depending on the value of is_admin. This key is deprecated. Please update your policy file to use the standard policy values.
Jun 11 20:35:40.298760 np0000002672 devstack@c-api.service[96241]: warnings.warn(
Jun 11 20:35:40.301622 np0000002672 devstack@c-api.service[96241]: INFO cinder.volume.api [None req-195914d2-2981-40f7-a3e7-263d01492640 tempest-SnapshotMetadataTestJSON-1227257998 tempest-SnapshotMetadataTestJSON-1227257998-project-member] Snapshot retrieved successfully.
Jun 11 20:35:40.358957 np0000002672 devstack@c-api.service[96241]: INFO cinder.volume.api [None req-195914d2-2981-40f7-a3e7-263d01492640 tempest-SnapshotMetadataTestJSON-1227257998 tempest-SnapshotMetadataTestJSON-1227257998-project-member] Update snapshot metadata completed successfully.
Jun 11 20:35:40.359477 np0000002672 devstack@c-api.service[96241]: INFO cinder.api.openstack.wsgi [None req-195914d2-2981-40f7-a3e7-263d01492640 tempest-SnapshotMetadataTestJSON-1227257998 tempest-SnapshotMetadataTestJSON-1227257998-project-member] https://10.4.3.132/volume/v3/snapshots/83d0fba5-03a3-4445-8fa6-bc3b8a6bd9d1/metadata returned with HTTP 200
Jun 11 20:35:40.360103 np0000002672 devstack@c-api.service[96241]: [pid: 96241|app: 0|req: 105/206] 10.4.3.132 () {68 vars in 1402 bytes} [Thu Jun 11 20:35:40 2026] POST /volume/v3/snapshots/83d0fba5-03a3-4445-8fa6-bc3b8a6bd9d1/metadata => generated 68 bytes in 85 msecs (HTTP/1.1 200) 7 headers in 284 bytes (1 switches on core 0)
Jun 11 20:35:40.371274 np0000002672 devstack@c-api.service[96242]: DEBUG cinder.api.middleware.request_id [None req-0511daa3-32cd-49a9-977e-db489be99c73 None None] RequestId filter calling following filter/app {{(pid=96242) _context_setter /opt/stack/cinder/cinder/api/middleware/request_id.py:62}}
Jun 11 20:35:40.375051 np0000002672 devstack@c-api.service[96242]: INFO cinder.api.openstack.wsgi [None req-0511daa3-32cd-49a9-977e-db489be99c73 tempest-SnapshotMetadataTestJSON-1227257998 tempest-SnapshotMetadataTestJSON-1227257998-project-member] GET https://10.4.3.132/volume/v3/snapshots/83d0fba5-03a3-4445-8fa6-bc3b8a6bd9d1/metadata
Jun 11 20:35:40.375051 np0000002672 devstack@c-api.service[96242]: DEBUG cinder.api.openstack.wsgi [None req-0511daa3-32cd-49a9-977e-db489be99c73 tempest-SnapshotMetadataTestJSON-1227257998 tempest-SnapshotMetadataTestJSON-1227257998-project-member] Empty body provided in request {{(pid=96242) get_body /opt/stack/cinder/cinder/api/openstack/wsgi.py:725}}
Jun 11 20:35:40.375051 np0000002672 devstack@c-api.service[96242]: DEBUG cinder.api.openstack.wsgi [None req-0511daa3-32cd-49a9-977e-db489be99c73 tempest-SnapshotMetadataTestJSON-1227257998 tempest-SnapshotMetadataTestJSON-1227257998-project-member] Calling method 'index' {{(pid=96242) _process_stack /opt/stack/cinder/cinder/api/openstack/wsgi.py:878}}
Jun 11 20:35:40.382806 np0000002672 devstack@c-api.service[96242]: /opt/stack/data/venv/lib/python3.12/site-packages/oslo_context/context.py:102: DeprecationWarning: Policy enforcement is depending on the value of is_admin. This key is deprecated. Please update your policy file to use the standard policy values.
Jun 11 20:35:40.382806 np0000002672 devstack@c-api.service[96242]: warnings.warn(
Jun 11 20:35:40.383742 np0000002672 devstack@c-api.service[96242]: INFO cinder.volume.api [None req-0511daa3-32cd-49a9-977e-db489be99c73 tempest-SnapshotMetadataTestJSON-1227257998 tempest-SnapshotMetadataTestJSON-1227257998-project-member] Snapshot retrieved successfully.
Jun 11 20:35:40.384922 np0000002672 devstack@c-api.service[96242]: INFO cinder.volume.api [None req-0511daa3-32cd-49a9-977e-db489be99c73 tempest-SnapshotMetadataTestJSON-1227257998 tempest-SnapshotMetadataTestJSON-1227257998-project-member] Get snapshot metadata completed successfully.
Jun 11 20:35:40.386795 np0000002672 devstack@c-api.service[96242]: INFO cinder.api.openstack.wsgi [None req-0511daa3-32cd-49a9-977e-db489be99c73 tempest-SnapshotMetadataTestJSON-1227257998 tempest-SnapshotMetadataTestJSON-1227257998-project-member] https://10.4.3.132/volume/v3/snapshots/83d0fba5-03a3-4445-8fa6-bc3b8a6bd9d1/metadata returned with HTTP 200
Jun 11 20:35:40.386795 np0000002672 devstack@c-api.service[96242]: [pid: 96242|app: 0|req: 102/207] 10.4.3.132 () {66 vars in 1381 bytes} [Thu Jun 11 20:35:40 2026] GET /volume/v3/snapshots/83d0fba5-03a3-4445-8fa6-bc3b8a6bd9d1/metadata => generated 68 bytes in 16 msecs (HTTP/1.1 200) 7 headers in 284 bytes (1 switches on core 0)
Jun 11 20:35:40.399684 np0000002672 devstack@c-api.service[96241]: DEBUG cinder.api.middleware.request_id [None req-623e379e-00a7-4382-881d-e569dd26999f None None] RequestId filter calling following filter/app {{(pid=96241) _context_setter /opt/stack/cinder/cinder/api/middleware/request_id.py:62}}
Jun 11 20:35:40.401209 np0000002672 devstack@c-api.service[96241]: INFO cinder.api.openstack.wsgi [None req-623e379e-00a7-4382-881d-e569dd26999f tempest-SnapshotMetadataTestJSON-1227257998 tempest-SnapshotMetadataTestJSON-1227257998-project-member] PUT https://10.4.3.132/volume/v3/snapshots/83d0fba5-03a3-4445-8fa6-bc3b8a6bd9d1/metadata
Jun 11 20:35:40.401749 np0000002672 devstack@c-api.service[96241]: DEBUG cinder.api.openstack.wsgi [None req-623e379e-00a7-4382-881d-e569dd26999f tempest-SnapshotMetadataTestJSON-1227257998 tempest-SnapshotMetadataTestJSON-1227257998-project-member] Action: 'update_all', calling method: update_all, body: {"metadata": {"key3": "value3_update", "key4": "value4"}} {{(pid=96241) _process_stack /opt/stack/cinder/cinder/api/openstack/wsgi.py:876}}
Jun 11 20:35:40.409222 np0000002672 devstack@c-api.service[96241]: /opt/stack/data/venv/lib/python3.12/site-packages/oslo_context/context.py:102: DeprecationWarning: Policy enforcement is depending on the value of is_admin. This key is deprecated. Please update your policy file to use the standard policy values.
Jun 11 20:35:40.409222 np0000002672 devstack@c-api.service[96241]: warnings.warn(
Jun 11 20:35:40.409834 np0000002672 devstack@c-api.service[96241]: INFO cinder.volume.api [None req-623e379e-00a7-4382-881d-e569dd26999f tempest-SnapshotMetadataTestJSON-1227257998 tempest-SnapshotMetadataTestJSON-1227257998-project-member] Snapshot retrieved successfully.
Jun 11 20:35:40.443192 np0000002672 devstack@c-api.service[96241]: INFO cinder.volume.api [None req-623e379e-00a7-4382-881d-e569dd26999f tempest-SnapshotMetadataTestJSON-1227257998 tempest-SnapshotMetadataTestJSON-1227257998-project-member] Update snapshot metadata completed successfully.
Jun 11 20:35:40.443192 np0000002672 devstack@c-api.service[96241]: INFO cinder.api.openstack.wsgi [None req-623e379e-00a7-4382-881d-e569dd26999f tempest-SnapshotMetadataTestJSON-1227257998 tempest-SnapshotMetadataTestJSON-1227257998-project-member] https://10.4.3.132/volume/v3/snapshots/83d0fba5-03a3-4445-8fa6-bc3b8a6bd9d1/metadata returned with HTTP 200
Jun 11 20:35:40.443417 np0000002672 devstack@c-api.service[96241]: [pid: 96241|app: 0|req: 106/208] 10.4.3.132 () {68 vars in 1401 bytes} [Thu Jun 11 20:35:40 2026] PUT /volume/v3/snapshots/83d0fba5-03a3-4445-8fa6-bc3b8a6bd9d1/metadata => generated 57 bytes in 44 msecs (HTTP/1.1 200) 7 headers in 284 bytes (1 switches on core 0)
Jun 11 20:35:40.455377 np0000002672 devstack@c-api.service[96242]: DEBUG cinder.api.middleware.request_id [None req-b9b9ad8a-dbe7-421f-8d45-6be2f5af9efc None None] RequestId filter calling following filter/app {{(pid=96242) _context_setter /opt/stack/cinder/cinder/api/middleware/request_id.py:62}}
Jun 11 20:35:40.459248 np0000002672 devstack@c-api.service[96242]: INFO cinder.api.openstack.wsgi [None req-b9b9ad8a-dbe7-421f-8d45-6be2f5af9efc tempest-SnapshotMetadataTestJSON-1227257998 tempest-SnapshotMetadataTestJSON-1227257998-project-member] GET https://10.4.3.132/volume/v3/snapshots/83d0fba5-03a3-4445-8fa6-bc3b8a6bd9d1/metadata
Jun 11 20:35:40.459248 np0000002672 devstack@c-api.service[96242]: DEBUG cinder.api.openstack.wsgi [None req-b9b9ad8a-dbe7-421f-8d45-6be2f5af9efc tempest-SnapshotMetadataTestJSON-1227257998 tempest-SnapshotMetadataTestJSON-1227257998-project-member] Empty body provided in request {{(pid=96242) get_body /opt/stack/cinder/cinder/api/openstack/wsgi.py:725}}
Jun 11 20:35:40.459248 np0000002672 devstack@c-api.service[96242]: DEBUG cinder.api.openstack.wsgi [None req-b9b9ad8a-dbe7-421f-8d45-6be2f5af9efc tempest-SnapshotMetadataTestJSON-1227257998 tempest-SnapshotMetadataTestJSON-1227257998-project-member] Calling method 'index' {{(pid=96242) _process_stack /opt/stack/cinder/cinder/api/openstack/wsgi.py:878}}
Jun 11 20:35:40.464562 np0000002672 devstack@c-api.service[96242]: /opt/stack/data/venv/lib/python3.12/site-packages/oslo_context/context.py:102: DeprecationWarning: Policy enforcement is depending on the value of is_admin. This key is deprecated. Please update your policy file to use the standard policy values.
Jun 11 20:35:40.464562 np0000002672 devstack@c-api.service[96242]: warnings.warn(
Jun 11 20:35:40.464991 np0000002672 devstack@c-api.service[96242]: INFO cinder.volume.api [None req-b9b9ad8a-dbe7-421f-8d45-6be2f5af9efc tempest-SnapshotMetadataTestJSON-1227257998 tempest-SnapshotMetadataTestJSON-1227257998-project-member] Snapshot retrieved successfully.
Jun 11 20:35:40.465912 np0000002672 devstack@c-api.service[96242]: INFO cinder.volume.api [None req-b9b9ad8a-dbe7-421f-8d45-6be2f5af9efc tempest-SnapshotMetadataTestJSON-1227257998 tempest-SnapshotMetadataTestJSON-1227257998-project-member] Get snapshot metadata completed successfully.
Jun 11 20:35:40.466181 np0000002672 devstack@c-api.service[96242]: INFO cinder.api.openstack.wsgi [None req-b9b9ad8a-dbe7-421f-8d45-6be2f5af9efc tempest-SnapshotMetadataTestJSON-1227257998 tempest-SnapshotMetadataTestJSON-1227257998-project-member] https://10.4.3.132/volume/v3/snapshots/83d0fba5-03a3-4445-8fa6-bc3b8a6bd9d1/metadata returned with HTTP 200
Jun 11 20:35:40.466569 np0000002672 devstack@c-api.service[96242]: [pid: 96242|app: 0|req: 103/209] 10.4.3.132 () {66 vars in 1381 bytes} [Thu Jun 11 20:35:40 2026] GET /volume/v3/snapshots/83d0fba5-03a3-4445-8fa6-bc3b8a6bd9d1/metadata => generated 57 bytes in 12 msecs (HTTP/1.1 200) 7 headers in 284 bytes (1 switches on core 0)
Jun 11 20:35:40.479225 np0000002672 devstack@c-api.service[96241]: DEBUG cinder.api.middleware.request_id [None req-bce03201-71e2-4c11-adf1-1032ff683f25 None None] RequestId filter calling following filter/app {{(pid=96241) _context_setter /opt/stack/cinder/cinder/api/middleware/request_id.py:62}}
Jun 11 20:35:40.482430 np0000002672 devstack@c-api.service[96241]: INFO cinder.api.openstack.wsgi [None req-bce03201-71e2-4c11-adf1-1032ff683f25 tempest-SnapshotMetadataTestJSON-1227257998 tempest-SnapshotMetadataTestJSON-1227257998-project-member] DELETE https://10.4.3.132/volume/v3/snapshots/83d0fba5-03a3-4445-8fa6-bc3b8a6bd9d1/metadata/key3
Jun 11 20:35:40.482664 np0000002672 devstack@c-api.service[96241]: DEBUG cinder.api.openstack.wsgi [None req-bce03201-71e2-4c11-adf1-1032ff683f25 tempest-SnapshotMetadataTestJSON-1227257998 tempest-SnapshotMetadataTestJSON-1227257998-project-member] Empty body provided in request {{(pid=96241) get_body /opt/stack/cinder/cinder/api/openstack/wsgi.py:725}}
Jun 11 20:35:40.483031 np0000002672 devstack@c-api.service[96241]: DEBUG cinder.api.openstack.wsgi [None req-bce03201-71e2-4c11-adf1-1032ff683f25 tempest-SnapshotMetadataTestJSON-1227257998 tempest-SnapshotMetadataTestJSON-1227257998-project-member] Calling method 'delete' {{(pid=96241) _process_stack /opt/stack/cinder/cinder/api/openstack/wsgi.py:878}}
Jun 11 20:35:40.495962 np0000002672 devstack@c-api.service[96241]: /opt/stack/data/venv/lib/python3.12/site-packages/oslo_context/context.py:102: DeprecationWarning: Policy enforcement is depending on the value of is_admin. This key is deprecated. Please update your policy file to use the standard policy values.
Jun 11 20:35:40.495962 np0000002672 devstack@c-api.service[96241]: warnings.warn(
Jun 11 20:35:40.497314 np0000002672 devstack@c-api.service[96241]: INFO cinder.volume.api [None req-bce03201-71e2-4c11-adf1-1032ff683f25 tempest-SnapshotMetadataTestJSON-1227257998 tempest-SnapshotMetadataTestJSON-1227257998-project-member] Snapshot retrieved successfully.
Jun 11 20:35:40.498501 np0000002672 devstack@c-api.service[96241]: INFO cinder.volume.api [None req-bce03201-71e2-4c11-adf1-1032ff683f25 tempest-SnapshotMetadataTestJSON-1227257998 tempest-SnapshotMetadataTestJSON-1227257998-project-member] Get snapshot metadata completed successfully.
Jun 11 20:35:40.535708 np0000002672 devstack@c-api.service[96241]: INFO cinder.volume.api [None req-bce03201-71e2-4c11-adf1-1032ff683f25 tempest-SnapshotMetadataTestJSON-1227257998 tempest-SnapshotMetadataTestJSON-1227257998-project-member] Delete snapshot metadata completed successfully.
Jun 11 20:35:40.536020 np0000002672 devstack@c-api.service[96241]: INFO cinder.api.openstack.wsgi [None req-bce03201-71e2-4c11-adf1-1032ff683f25 tempest-SnapshotMetadataTestJSON-1227257998 tempest-SnapshotMetadataTestJSON-1227257998-project-member] https://10.4.3.132/volume/v3/snapshots/83d0fba5-03a3-4445-8fa6-bc3b8a6bd9d1/metadata/key3 returned with HTTP 200
Jun 11 20:35:40.539699 np0000002672 devstack@c-api.service[96241]: [pid: 96241|app: 0|req: 107/210] 10.4.3.132 () {66 vars in 1399 bytes} [Thu Jun 11 20:35:40 2026] DELETE /volume/v3/snapshots/83d0fba5-03a3-4445-8fa6-bc3b8a6bd9d1/metadata/key3 => generated 0 bytes in 61 msecs (HTTP/1.1 200) 6 headers in 227 bytes (1 switches on core 0)
Jun 11 20:35:40.552826 np0000002672 devstack@c-api.service[96242]: DEBUG cinder.api.middleware.request_id [req-80f3bb61-60ca-45a4-a421-0b77b62b1972 req-84d68b44-81c6-43c3-b817-0ae0d269bb6a None None] RequestId filter calling following filter/app {{(pid=96242) _context_setter /opt/stack/cinder/cinder/api/middleware/request_id.py:62}}
Jun 11 20:35:40.556248 np0000002672 devstack@c-api.service[96241]: DEBUG cinder.api.middleware.request_id [None req-a6c0ce4f-7a3f-470d-be9c-e3eba978d980 None None] RequestId filter calling following filter/app {{(pid=96241) _context_setter /opt/stack/cinder/cinder/api/middleware/request_id.py:62}}
Jun 11 20:35:40.561193 np0000002672 devstack@c-api.service[96242]: INFO cinder.api.openstack.wsgi [req-80f3bb61-60ca-45a4-a421-0b77b62b1972 req-84d68b44-81c6-43c3-b817-0ae0d269bb6a tempest-ServerBootFromVolumeStableRescueTest-1623795411 tempest-ServerBootFromVolumeStableRescueTest-1623795411-project-member] POST https://10.4.3.132/volume/v3/volumes
Jun 11 20:35:40.562236 np0000002672 devstack@c-api.service[96242]: DEBUG cinder.api.openstack.wsgi [req-80f3bb61-60ca-45a4-a421-0b77b62b1972 req-84d68b44-81c6-43c3-b817-0ae0d269bb6a tempest-ServerBootFromVolumeStableRescueTest-1623795411 tempest-ServerBootFromVolumeStableRescueTest-1623795411-project-member] Action: 'create', calling method: create, body: {"volume": {"size": 1, "consistencygroup_id": null, "snapshot_id": null, "name": "b83dde35-8966-4308-a896-5aea08b694b0-blank-vol", "description": "", "volume_type": null, "availability_zone": null, "metadata": {}, "imageRef": null, "source_volid": null, "backup_id": null}} {{(pid=96242) _process_stack /opt/stack/cinder/cinder/api/openstack/wsgi.py:876}}
Jun 11 20:35:40.563979 np0000002672 devstack@c-api.service[96241]: INFO cinder.api.openstack.wsgi [None req-a6c0ce4f-7a3f-470d-be9c-e3eba978d980 tempest-SnapshotMetadataTestJSON-1227257998 tempest-SnapshotMetadataTestJSON-1227257998-project-member] GET https://10.4.3.132/volume/v3/snapshots/83d0fba5-03a3-4445-8fa6-bc3b8a6bd9d1/metadata
Jun 11 20:35:40.564444 np0000002672 devstack@c-api.service[96241]: DEBUG cinder.api.openstack.wsgi [None req-a6c0ce4f-7a3f-470d-be9c-e3eba978d980 tempest-SnapshotMetadataTestJSON-1227257998 tempest-SnapshotMetadataTestJSON-1227257998-project-member] Empty body provided in request {{(pid=96241) get_body /opt/stack/cinder/cinder/api/openstack/wsgi.py:725}}
Jun 11 20:35:40.564839 np0000002672 devstack@c-api.service[96241]: DEBUG cinder.api.openstack.wsgi [None req-a6c0ce4f-7a3f-470d-be9c-e3eba978d980 tempest-SnapshotMetadataTestJSON-1227257998 tempest-SnapshotMetadataTestJSON-1227257998-project-member] Calling method 'index' {{(pid=96241) _process_stack /opt/stack/cinder/cinder/api/openstack/wsgi.py:878}}
Jun 11 20:35:40.565901 np0000002672 devstack@c-api.service[96242]: DEBUG cinder.api.v3.volumes [req-80f3bb61-60ca-45a4-a421-0b77b62b1972 req-84d68b44-81c6-43c3-b817-0ae0d269bb6a tempest-ServerBootFromVolumeStableRescueTest-1623795411 tempest-ServerBootFromVolumeStableRescueTest-1623795411-project-member] Create volume request body: {'volume': {'size': 1, 'consistencygroup_id': None, 'snapshot_id': None, 'name': 'b83dde35-8966-4308-a896-5aea08b694b0-blank-vol', 'description': '', 'volume_type': None, 'availability_zone': None, 'metadata': {}, 'imageRef': None, 'source_volid': None, 'backup_id': None}} {{(pid=96242) create /opt/stack/cinder/cinder/api/v3/volumes.py:368}}
Jun 11 20:35:40.568085 np0000002672 devstack@c-api.service[96242]: INFO cinder.api.v3.volumes [req-80f3bb61-60ca-45a4-a421-0b77b62b1972 req-84d68b44-81c6-43c3-b817-0ae0d269bb6a tempest-ServerBootFromVolumeStableRescueTest-1623795411 tempest-ServerBootFromVolumeStableRescueTest-1623795411-project-member] Create volume of 1 GB
Jun 11 20:35:40.580777 np0000002672 devstack@c-api.service[96242]: INFO cinder.volume.api [req-80f3bb61-60ca-45a4-a421-0b77b62b1972 req-84d68b44-81c6-43c3-b817-0ae0d269bb6a tempest-ServerBootFromVolumeStableRescueTest-1623795411 tempest-ServerBootFromVolumeStableRescueTest-1623795411-project-member] Availability Zones retrieved successfully.
Jun 11 20:35:40.587252 np0000002672 devstack@c-api.service[96241]: /opt/stack/data/venv/lib/python3.12/site-packages/oslo_context/context.py:102: DeprecationWarning: Policy enforcement is depending on the value of is_admin. This key is deprecated. Please update your policy file to use the standard policy values.
Jun 11 20:35:40.587252 np0000002672 devstack@c-api.service[96241]: warnings.warn(
Jun 11 20:35:40.588791 np0000002672 devstack@c-api.service[96241]: INFO cinder.volume.api [None req-a6c0ce4f-7a3f-470d-be9c-e3eba978d980 tempest-SnapshotMetadataTestJSON-1227257998 tempest-SnapshotMetadataTestJSON-1227257998-project-member] Snapshot retrieved successfully.
Jun 11 20:35:40.591233 np0000002672 devstack@c-api.service[96241]: INFO cinder.volume.api [None req-a6c0ce4f-7a3f-470d-be9c-e3eba978d980 tempest-SnapshotMetadataTestJSON-1227257998 tempest-SnapshotMetadataTestJSON-1227257998-project-member] Get snapshot metadata completed successfully.
Jun 11 20:35:40.593322 np0000002672 devstack@c-api.service[96241]: INFO cinder.api.openstack.wsgi [None req-a6c0ce4f-7a3f-470d-be9c-e3eba978d980 tempest-SnapshotMetadataTestJSON-1227257998 tempest-SnapshotMetadataTestJSON-1227257998-project-member] https://10.4.3.132/volume/v3/snapshots/83d0fba5-03a3-4445-8fa6-bc3b8a6bd9d1/metadata returned with HTTP 200
Jun 11 20:35:40.594928 np0000002672 devstack@c-api.service[96241]: [pid: 96241|app: 0|req: 108/211] 10.4.3.132 () {66 vars in 1381 bytes} [Thu Jun 11 20:35:40 2026] GET /volume/v3/snapshots/83d0fba5-03a3-4445-8fa6-bc3b8a6bd9d1/metadata => generated 32 bytes in 39 msecs (HTTP/1.1 200) 7 headers in 284 bytes (1 switches on core 0)
Jun 11 20:35:40.595277 np0000002672 devstack@c-api.service[96242]: DEBUG cinder.volume.api [req-80f3bb61-60ca-45a4-a421-0b77b62b1972 req-84d68b44-81c6-43c3-b817-0ae0d269bb6a tempest-ServerBootFromVolumeStableRescueTest-1623795411 tempest-ServerBootFromVolumeStableRescueTest-1623795411-project-member] Flow 'volume_create_api' (404b2172-6d31-4c36-bf48-bd72d3b8b048) transitioned into state 'RUNNING' from state 'PENDING' {{(pid=96242) _flow_receiver /opt/stack/data/venv/lib/python3.12/site-packages/taskflow/listeners/logging.py:160}}
Jun 11 20:35:40.597403 np0000002672 devstack@c-api.service[96242]: DEBUG cinder.volume.api [req-80f3bb61-60ca-45a4-a421-0b77b62b1972 req-84d68b44-81c6-43c3-b817-0ae0d269bb6a tempest-ServerBootFromVolumeStableRescueTest-1623795411 tempest-ServerBootFromVolumeStableRescueTest-1623795411-project-member] Task 'cinder.volume.flows.api.create_volume.ExtractVolumeRequestTask;volume:create' (8f7bae72-4cc5-4a01-9fe8-8d7bd08ccb8c) transitioned into state 'RUNNING' from state 'PENDING' {{(pid=96242) _task_receiver /opt/stack/data/venv/lib/python3.12/site-packages/taskflow/listeners/logging.py:242}}
Jun 11 20:35:40.601112 np0000002672 devstack@c-api.service[96242]: DEBUG cinder.volume.flows.api.create_volume [req-80f3bb61-60ca-45a4-a421-0b77b62b1972 req-84d68b44-81c6-43c3-b817-0ae0d269bb6a tempest-ServerBootFromVolumeStableRescueTest-1623795411 tempest-ServerBootFromVolumeStableRescueTest-1623795411-project-member] Validating volume size '1' using validate_int {{(pid=96242) _extract_size /opt/stack/cinder/cinder/volume/flows/api/create_volume.py:226}}
Jun 11 20:35:40.608525 np0000002672 devstack@c-api.service[96241]: DEBUG cinder.api.middleware.request_id [None req-320eadb1-7754-4c61-a4ff-f356d23ebb9b None None] RequestId filter calling following filter/app {{(pid=96241) _context_setter /opt/stack/cinder/cinder/api/middleware/request_id.py:62}}
Jun 11 20:35:40.618091 np0000002672 devstack@c-api.service[96241]: INFO cinder.api.openstack.wsgi [None req-320eadb1-7754-4c61-a4ff-f356d23ebb9b tempest-SnapshotMetadataTestJSON-1227257998 tempest-SnapshotMetadataTestJSON-1227257998-project-member] PUT https://10.4.3.132/volume/v3/snapshots/83d0fba5-03a3-4445-8fa6-bc3b8a6bd9d1/metadata
Jun 11 20:35:40.619211 np0000002672 devstack@c-api.service[96241]: DEBUG cinder.api.openstack.wsgi [None req-320eadb1-7754-4c61-a4ff-f356d23ebb9b tempest-SnapshotMetadataTestJSON-1227257998 tempest-SnapshotMetadataTestJSON-1227257998-project-member] Action: 'update_all', calling method: update_all, body: {"metadata": {}} {{(pid=96241) _process_stack /opt/stack/cinder/cinder/api/openstack/wsgi.py:876}}
Jun 11 20:35:40.638205 np0000002672 devstack@c-api.service[96241]: /opt/stack/data/venv/lib/python3.12/site-packages/oslo_context/context.py:102: DeprecationWarning: Policy enforcement is depending on the value of is_admin. This key is deprecated. Please update your policy file to use the standard policy values.
Jun 11 20:35:40.638205 np0000002672 devstack@c-api.service[96241]: warnings.warn(
Jun 11 20:35:40.640539 np0000002672 devstack@c-api.service[96241]: INFO cinder.volume.api [None req-320eadb1-7754-4c61-a4ff-f356d23ebb9b tempest-SnapshotMetadataTestJSON-1227257998 tempest-SnapshotMetadataTestJSON-1227257998-project-member] Snapshot retrieved successfully.
Jun 11 20:35:40.661629 np0000002672 devstack@c-api.service[96242]: DEBUG cinder.volume.api [req-80f3bb61-60ca-45a4-a421-0b77b62b1972 req-84d68b44-81c6-43c3-b817-0ae0d269bb6a tempest-ServerBootFromVolumeStableRescueTest-1623795411 tempest-ServerBootFromVolumeStableRescueTest-1623795411-project-member] Task 'cinder.volume.flows.api.create_volume.ExtractVolumeRequestTask;volume:create' (8f7bae72-4cc5-4a01-9fe8-8d7bd08ccb8c) transitioned into state 'SUCCESS' from state 'RUNNING' with result '{'size': 1, 'snapshot_id': None, 'source_volid': None, 'volume_type': VolumeType(created_at=2026-06-11T20:32:08Z,deleted=False,deleted_at=None,description=None,extra_specs={volume_backend_name='storpool'},id=91125b14-6620-4434-b23b-f40d7ae7fcde,is_public=True,name='storpool',projects=[],qos_specs=,qos_specs_id=None,updated_at=None), 'volume_type_id': '91125b14-6620-4434-b23b-f40d7ae7fcde', 'encryption_key_id': None, 'qos_specs': None, 'consistencygroup_id': None, 'cgsnapshot_id': None, 'group_id': None, 'replication_status': 'disabled', 'refresh_az': False, 'backup_id': None, 'multiattach': False, 'availability_zones': ['nova']}' {{(pid=96242) _task_receiver /opt/stack/data/venv/lib/python3.12/site-packages/taskflow/listeners/logging.py:218}}
Jun 11 20:35:40.662390 np0000002672 devstack@c-api.service[96242]: DEBUG cinder.volume.api [req-80f3bb61-60ca-45a4-a421-0b77b62b1972 req-84d68b44-81c6-43c3-b817-0ae0d269bb6a tempest-ServerBootFromVolumeStableRescueTest-1623795411 tempest-ServerBootFromVolumeStableRescueTest-1623795411-project-member] Task 'cinder.volume.flows.api.create_volume.QuotaReserveTask;volume:create' (9cddaeb7-43fa-45eb-a96e-4b54f9dda32a) transitioned into state 'RUNNING' from state 'PENDING' {{(pid=96242) _task_receiver /opt/stack/data/venv/lib/python3.12/site-packages/taskflow/listeners/logging.py:242}}
Jun 11 20:35:40.688759 np0000002672 devstack@c-api.service[96241]: INFO cinder.volume.api [None req-320eadb1-7754-4c61-a4ff-f356d23ebb9b tempest-SnapshotMetadataTestJSON-1227257998 tempest-SnapshotMetadataTestJSON-1227257998-project-member] Update snapshot metadata completed successfully.
Jun 11 20:35:40.689177 np0000002672 devstack@c-api.service[96241]: INFO cinder.api.openstack.wsgi [None req-320eadb1-7754-4c61-a4ff-f356d23ebb9b tempest-SnapshotMetadataTestJSON-1227257998 tempest-SnapshotMetadataTestJSON-1227257998-project-member] https://10.4.3.132/volume/v3/snapshots/83d0fba5-03a3-4445-8fa6-bc3b8a6bd9d1/metadata returned with HTTP 200
Jun 11 20:35:40.689924 np0000002672 devstack@c-api.service[96241]: [pid: 96241|app: 0|req: 109/212] 10.4.3.132 () {68 vars in 1401 bytes} [Thu Jun 11 20:35:40 2026] PUT /volume/v3/snapshots/83d0fba5-03a3-4445-8fa6-bc3b8a6bd9d1/metadata => generated 16 bytes in 82 msecs (HTTP/1.1 200) 7 headers in 284 bytes (1 switches on core 0)
Jun 11 20:35:40.702426 np0000002672 devstack@c-api.service[96241]: DEBUG cinder.api.middleware.request_id [None req-66db9c86-d810-4844-bfc5-63a6f86095e5 None None] RequestId filter calling following filter/app {{(pid=96241) _context_setter /opt/stack/cinder/cinder/api/middleware/request_id.py:62}}
Jun 11 20:35:40.707612 np0000002672 devstack@c-api.service[96241]: INFO cinder.api.openstack.wsgi [None req-66db9c86-d810-4844-bfc5-63a6f86095e5 tempest-SnapshotMetadataTestJSON-1227257998 tempest-SnapshotMetadataTestJSON-1227257998-project-member] POST https://10.4.3.132/volume/v3/snapshots/83d0fba5-03a3-4445-8fa6-bc3b8a6bd9d1/metadata
Jun 11 20:35:40.708133 np0000002672 devstack@c-api.service[96241]: DEBUG cinder.api.openstack.wsgi [None req-66db9c86-d810-4844-bfc5-63a6f86095e5 tempest-SnapshotMetadataTestJSON-1227257998 tempest-SnapshotMetadataTestJSON-1227257998-project-member] Action: 'create', calling method: create, body: {"metadata": {"key1": "value1", "key2": "value2", "key3": "value3"}} {{(pid=96241) _process_stack /opt/stack/cinder/cinder/api/openstack/wsgi.py:876}}
Jun 11 20:35:40.723831 np0000002672 devstack@c-api.service[96241]: /opt/stack/data/venv/lib/python3.12/site-packages/oslo_context/context.py:102: DeprecationWarning: Policy enforcement is depending on the value of is_admin. This key is deprecated. Please update your policy file to use the standard policy values.
Jun 11 20:35:40.723831 np0000002672 devstack@c-api.service[96241]: warnings.warn(
Jun 11 20:35:40.723831 np0000002672 devstack@c-api.service[96241]: INFO cinder.volume.api [None req-66db9c86-d810-4844-bfc5-63a6f86095e5 tempest-SnapshotMetadataTestJSON-1227257998 tempest-SnapshotMetadataTestJSON-1227257998-project-member] Snapshot retrieved successfully.
Jun 11 20:35:40.748680 np0000002672 devstack@c-api.service[96242]: DEBUG cinder.quota [req-80f3bb61-60ca-45a4-a421-0b77b62b1972 req-84d68b44-81c6-43c3-b817-0ae0d269bb6a tempest-ServerBootFromVolumeStableRescueTest-1623795411 tempest-ServerBootFromVolumeStableRescueTest-1623795411-project-member] Created reservations ['0c1a6d6c-3182-48ac-b3eb-58d47c36f598', '5aa60eed-9579-42d9-adf3-43e92e3de51e', 'fd7e55c2-fdca-47a6-97b4-ddcdf3fd8c3a', '1d668bef-2846-4f83-891a-7211897e5372'] {{(pid=96242) reserve /opt/stack/cinder/cinder/quota.py:752}}
Jun 11 20:35:40.749649 np0000002672 devstack@c-api.service[96241]: INFO cinder.volume.api [None req-66db9c86-d810-4844-bfc5-63a6f86095e5 tempest-SnapshotMetadataTestJSON-1227257998 tempest-SnapshotMetadataTestJSON-1227257998-project-member] Update snapshot metadata completed successfully.
Jun 11 20:35:40.749774 np0000002672 devstack@c-api.service[96242]: DEBUG cinder.volume.api [req-80f3bb61-60ca-45a4-a421-0b77b62b1972 req-84d68b44-81c6-43c3-b817-0ae0d269bb6a tempest-ServerBootFromVolumeStableRescueTest-1623795411 tempest-ServerBootFromVolumeStableRescueTest-1623795411-project-member] Task 'cinder.volume.flows.api.create_volume.QuotaReserveTask;volume:create' (9cddaeb7-43fa-45eb-a96e-4b54f9dda32a) transitioned into state 'SUCCESS' from state 'RUNNING' with result '{'reservations': ['0c1a6d6c-3182-48ac-b3eb-58d47c36f598', '5aa60eed-9579-42d9-adf3-43e92e3de51e', 'fd7e55c2-fdca-47a6-97b4-ddcdf3fd8c3a', '1d668bef-2846-4f83-891a-7211897e5372']}' {{(pid=96242) _task_receiver /opt/stack/data/venv/lib/python3.12/site-packages/taskflow/listeners/logging.py:218}}
Jun 11 20:35:40.750010 np0000002672 devstack@c-api.service[96241]: INFO cinder.api.openstack.wsgi [None req-66db9c86-d810-4844-bfc5-63a6f86095e5 tempest-SnapshotMetadataTestJSON-1227257998 tempest-SnapshotMetadataTestJSON-1227257998-project-member] https://10.4.3.132/volume/v3/snapshots/83d0fba5-03a3-4445-8fa6-bc3b8a6bd9d1/metadata returned with HTTP 200
Jun 11 20:35:40.750584 np0000002672 devstack@c-api.service[96241]: [pid: 96241|app: 0|req: 110/213] 10.4.3.132 () {68 vars in 1402 bytes} [Thu Jun 11 20:35:40 2026] POST /volume/v3/snapshots/83d0fba5-03a3-4445-8fa6-bc3b8a6bd9d1/metadata => generated 68 bytes in 49 msecs (HTTP/1.1 200) 7 headers in 284 bytes (1 switches on core 0)
Jun 11 20:35:40.751263 np0000002672 devstack@c-api.service[96242]: DEBUG cinder.volume.api [req-80f3bb61-60ca-45a4-a421-0b77b62b1972 req-84d68b44-81c6-43c3-b817-0ae0d269bb6a tempest-ServerBootFromVolumeStableRescueTest-1623795411 tempest-ServerBootFromVolumeStableRescueTest-1623795411-project-member] Task 'cinder.volume.flows.api.create_volume.EntryCreateTask;volume:create' (820706fe-1a51-4511-93f7-7c16611c2e7d) transitioned into state 'RUNNING' from state 'PENDING' {{(pid=96242) _task_receiver /opt/stack/data/venv/lib/python3.12/site-packages/taskflow/listeners/logging.py:242}}
Jun 11 20:35:40.763644 np0000002672 devstack@c-api.service[96241]: DEBUG cinder.api.middleware.request_id [None req-cb6bdd39-2bef-42bc-a628-d948b913ec51 None None] RequestId filter calling following filter/app {{(pid=96241) _context_setter /opt/stack/cinder/cinder/api/middleware/request_id.py:62}}
Jun 11 20:35:40.765768 np0000002672 devstack@c-api.service[96241]: INFO cinder.api.openstack.wsgi [None req-cb6bdd39-2bef-42bc-a628-d948b913ec51 tempest-SnapshotMetadataTestJSON-1227257998 tempest-SnapshotMetadataTestJSON-1227257998-project-member] GET https://10.4.3.132/volume/v3/snapshots/83d0fba5-03a3-4445-8fa6-bc3b8a6bd9d1/metadata
Jun 11 20:35:40.765928 np0000002672 devstack@c-api.service[96241]: DEBUG cinder.api.openstack.wsgi [None req-cb6bdd39-2bef-42bc-a628-d948b913ec51 tempest-SnapshotMetadataTestJSON-1227257998 tempest-SnapshotMetadataTestJSON-1227257998-project-member] Empty body provided in request {{(pid=96241) get_body /opt/stack/cinder/cinder/api/openstack/wsgi.py:725}}
Jun 11 20:35:40.766129 np0000002672 devstack@c-api.service[96241]: DEBUG cinder.api.openstack.wsgi [None req-cb6bdd39-2bef-42bc-a628-d948b913ec51 tempest-SnapshotMetadataTestJSON-1227257998 tempest-SnapshotMetadataTestJSON-1227257998-project-member] Calling method 'index' {{(pid=96241) _process_stack /opt/stack/cinder/cinder/api/openstack/wsgi.py:878}}
Jun 11 20:35:40.775395 np0000002672 devstack@c-api.service[96241]: /opt/stack/data/venv/lib/python3.12/site-packages/oslo_context/context.py:102: DeprecationWarning: Policy enforcement is depending on the value of is_admin. This key is deprecated. Please update your policy file to use the standard policy values.
Jun 11 20:35:40.775395 np0000002672 devstack@c-api.service[96241]: warnings.warn(
Jun 11 20:35:40.775517 np0000002672 devstack@c-api.service[96242]: DEBUG cinder.volume.api [req-80f3bb61-60ca-45a4-a421-0b77b62b1972 req-84d68b44-81c6-43c3-b817-0ae0d269bb6a tempest-ServerBootFromVolumeStableRescueTest-1623795411 tempest-ServerBootFromVolumeStableRescueTest-1623795411-project-member] Task 'cinder.volume.flows.api.create_volume.EntryCreateTask;volume:create' (820706fe-1a51-4511-93f7-7c16611c2e7d) transitioned into state 'SUCCESS' from state 'RUNNING' with result '{'volume_id': '32be47ce-664b-4342-a9b1-cb9126436e46', 'volume_properties': VolumeProperties(attach_status='detached',availability_zone='nova',cgsnapshot_id=None,consistencygroup_id=None,display_description='',display_name='b83dde35-8966-4308-a896-5aea08b694b0-blank-vol',encryption_key_id=None,group_id=None,group_type_id=,metadata={},multiattach=False,project_id='faf10e35342a443285d7720dd40106f5',qos_specs=None,replication_status=,reservations=['0c1a6d6c-3182-48ac-b3eb-58d47c36f598','5aa60eed-9579-42d9-adf3-43e92e3de51e','fd7e55c2-fdca-47a6-97b4-ddcdf3fd8c3a','1d668bef-2846-4f83-891a-7211897e5372'],size=1,snapshot_id=None,source_replicaid=,source_volid=None,status='creating',user_id='06e4f88a4eb74fb1b9db12e02416260f',volume_type_id=91125b14-6620-4434-b23b-f40d7ae7fcde), 'volume': Volume(_name_id=None,admin_metadata=,attach_status='detached',availability_zone='nova',bootable=False,cluster=,cluster_name=None,consistencygroup=,consistencygroup_id=None,created_at=2026-06-11T20:35:40Z,deleted=False,deleted_at=None,display_description='',display_name='b83dde35-8966-4308-a896-5aea08b694b0-blank-vol',ec2_id=None,encryption_key_id=None,glance_metadata=,group=,group_id=None,host=None,id=32be47ce-664b-4342-a9b1-cb9126436e46,launched_at=None,metadata={},migration_status=None,multiattach=False,previous_status=None,project_id='faf10e35342a443285d7720dd40106f5',provider_auth=None,provider_geometry=None,provider_id=None,provider_location=None,replication_driver_data=None,replication_extended_status=None,replication_status=None,scheduled_at=None,service_uuid=None,shared_targets=True,size=1,snapshot_id=None,snapshots=,source_volid=None,status='creating',terminated_at=None,updated_at=None,use_quota=True,user_id='06e4f88a4eb74fb1b9db12e02416260f',volume_attachment=VolumeAttachmentList,volume_type=VolumeType(91125b14-6620-4434-b23b-f40d7ae7fcde),volume_type_id=91125b14-6620-4434-b23b-f40d7ae7fcde)}' {{(pid=96242) _task_receiver /opt/stack/data/venv/lib/python3.12/site-packages/taskflow/listeners/logging.py:218}}
Jun 11 20:35:40.776020 np0000002672 devstack@c-api.service[96241]: INFO cinder.volume.api [None req-cb6bdd39-2bef-42bc-a628-d948b913ec51 tempest-SnapshotMetadataTestJSON-1227257998 tempest-SnapshotMetadataTestJSON-1227257998-project-member] Snapshot retrieved successfully.
Jun 11 20:35:40.776296 np0000002672 devstack@c-api.service[96242]: DEBUG cinder.volume.api [req-80f3bb61-60ca-45a4-a421-0b77b62b1972 req-84d68b44-81c6-43c3-b817-0ae0d269bb6a tempest-ServerBootFromVolumeStableRescueTest-1623795411 tempest-ServerBootFromVolumeStableRescueTest-1623795411-project-member] Task 'cinder.volume.flows.api.create_volume.QuotaCommitTask;volume:create' (6def1f37-3202-4b75-9679-f9aa82d6536a) transitioned into state 'RUNNING' from state 'PENDING' {{(pid=96242) _task_receiver /opt/stack/data/venv/lib/python3.12/site-packages/taskflow/listeners/logging.py:242}}
Jun 11 20:35:40.777223 np0000002672 devstack@c-api.service[96241]: INFO cinder.volume.api [None req-cb6bdd39-2bef-42bc-a628-d948b913ec51 tempest-SnapshotMetadataTestJSON-1227257998 tempest-SnapshotMetadataTestJSON-1227257998-project-member] Get snapshot metadata completed successfully.
Jun 11 20:35:40.777684 np0000002672 devstack@c-api.service[96241]: INFO cinder.api.openstack.wsgi [None req-cb6bdd39-2bef-42bc-a628-d948b913ec51 tempest-SnapshotMetadataTestJSON-1227257998 tempest-SnapshotMetadataTestJSON-1227257998-project-member] https://10.4.3.132/volume/v3/snapshots/83d0fba5-03a3-4445-8fa6-bc3b8a6bd9d1/metadata returned with HTTP 200
Jun 11 20:35:40.778840 np0000002672 devstack@c-api.service[96241]: [pid: 96241|app: 0|req: 111/214] 10.4.3.132 () {66 vars in 1381 bytes} [Thu Jun 11 20:35:40 2026] GET /volume/v3/snapshots/83d0fba5-03a3-4445-8fa6-bc3b8a6bd9d1/metadata => generated 68 bytes in 16 msecs (HTTP/1.1 200) 7 headers in 284 bytes (1 switches on core 0)
Jun 11 20:35:40.787859 np0000002672 devstack@c-api.service[96241]: DEBUG cinder.api.middleware.request_id [None req-5b5426da-92cb-4758-8b71-ca04d46f92aa None None] RequestId filter calling following filter/app {{(pid=96241) _context_setter /opt/stack/cinder/cinder/api/middleware/request_id.py:62}}
Jun 11 20:35:40.795168 np0000002672 devstack@c-api.service[96241]: INFO cinder.api.openstack.wsgi [None req-5b5426da-92cb-4758-8b71-ca04d46f92aa tempest-SnapshotMetadataTestJSON-1227257998 tempest-SnapshotMetadataTestJSON-1227257998-project-member] PUT https://10.4.3.132/volume/v3/snapshots/83d0fba5-03a3-4445-8fa6-bc3b8a6bd9d1/metadata/key3
Jun 11 20:35:40.795585 np0000002672 devstack@c-api.service[96241]: DEBUG cinder.api.openstack.wsgi [None req-5b5426da-92cb-4758-8b71-ca04d46f92aa tempest-SnapshotMetadataTestJSON-1227257998 tempest-SnapshotMetadataTestJSON-1227257998-project-member] Action: 'update', calling method: update, body: {"meta": {"key3": "value3_update"}} {{(pid=96241) _process_stack /opt/stack/cinder/cinder/api/openstack/wsgi.py:876}}
Jun 11 20:35:40.812670 np0000002672 devstack@c-api.service[96241]: /opt/stack/data/venv/lib/python3.12/site-packages/oslo_context/context.py:102: DeprecationWarning: Policy enforcement is depending on the value of is_admin. This key is deprecated. Please update your policy file to use the standard policy values.
Jun 11 20:35:40.812670 np0000002672 devstack@c-api.service[96241]: warnings.warn(
Jun 11 20:35:40.813626 np0000002672 devstack@c-api.service[96241]: INFO cinder.volume.api [None req-5b5426da-92cb-4758-8b71-ca04d46f92aa tempest-SnapshotMetadataTestJSON-1227257998 tempest-SnapshotMetadataTestJSON-1227257998-project-member] Snapshot retrieved successfully.
Jun 11 20:35:40.825423 np0000002672 devstack@c-api.service[96242]: DEBUG cinder.volume.api [req-80f3bb61-60ca-45a4-a421-0b77b62b1972 req-84d68b44-81c6-43c3-b817-0ae0d269bb6a tempest-ServerBootFromVolumeStableRescueTest-1623795411 tempest-ServerBootFromVolumeStableRescueTest-1623795411-project-member] Task 'cinder.volume.flows.api.create_volume.QuotaCommitTask;volume:create' (6def1f37-3202-4b75-9679-f9aa82d6536a) transitioned into state 'SUCCESS' from state 'RUNNING' with result '{'volume_properties': VolumeProperties(attach_status='detached',availability_zone='nova',cgsnapshot_id=None,consistencygroup_id=None,display_description='',display_name='b83dde35-8966-4308-a896-5aea08b694b0-blank-vol',encryption_key_id=None,group_id=None,group_type_id=,metadata={},multiattach=False,project_id='faf10e35342a443285d7720dd40106f5',qos_specs=None,replication_status=,reservations=['0c1a6d6c-3182-48ac-b3eb-58d47c36f598','5aa60eed-9579-42d9-adf3-43e92e3de51e','fd7e55c2-fdca-47a6-97b4-ddcdf3fd8c3a','1d668bef-2846-4f83-891a-7211897e5372'],size=1,snapshot_id=None,source_replicaid=,source_volid=None,status='creating',user_id='06e4f88a4eb74fb1b9db12e02416260f',volume_type_id=91125b14-6620-4434-b23b-f40d7ae7fcde)}' {{(pid=96242) _task_receiver /opt/stack/data/venv/lib/python3.12/site-packages/taskflow/listeners/logging.py:218}}
Jun 11 20:35:40.829853 np0000002672 devstack@c-api.service[96242]: DEBUG cinder.volume.api [req-80f3bb61-60ca-45a4-a421-0b77b62b1972 req-84d68b44-81c6-43c3-b817-0ae0d269bb6a tempest-ServerBootFromVolumeStableRescueTest-1623795411 tempest-ServerBootFromVolumeStableRescueTest-1623795411-project-member] Task 'cinder.volume.flows.api.create_volume.VolumeCastTask;volume:create' (52482fee-1afe-4440-93e1-4e5f00b779e0) transitioned into state 'RUNNING' from state 'PENDING' {{(pid=96242) _task_receiver /opt/stack/data/venv/lib/python3.12/site-packages/taskflow/listeners/logging.py:242}}
Jun 11 20:35:40.846916 np0000002672 devstack@c-api.service[96241]: INFO cinder.volume.api [None req-5b5426da-92cb-4758-8b71-ca04d46f92aa tempest-SnapshotMetadataTestJSON-1227257998 tempest-SnapshotMetadataTestJSON-1227257998-project-member] Update snapshot metadata completed successfully.
Jun 11 20:35:40.846916 np0000002672 devstack@c-api.service[96241]: INFO cinder.api.openstack.wsgi [None req-5b5426da-92cb-4758-8b71-ca04d46f92aa tempest-SnapshotMetadataTestJSON-1227257998 tempest-SnapshotMetadataTestJSON-1227257998-project-member] https://10.4.3.132/volume/v3/snapshots/83d0fba5-03a3-4445-8fa6-bc3b8a6bd9d1/metadata/key3 returned with HTTP 200
Jun 11 20:35:40.846916 np0000002672 devstack@c-api.service[96241]: [pid: 96241|app: 0|req: 112/215] 10.4.3.132 () {68 vars in 1416 bytes} [Thu Jun 11 20:35:40 2026] PUT /volume/v3/snapshots/83d0fba5-03a3-4445-8fa6-bc3b8a6bd9d1/metadata/key3 => generated 35 bytes in 60 msecs (HTTP/1.1 200) 7 headers in 284 bytes (1 switches on core 0)
Jun 11 20:35:40.854953 np0000002672 devstack@c-api.service[96242]: DEBUG cinder.volume.api [req-80f3bb61-60ca-45a4-a421-0b77b62b1972 req-84d68b44-81c6-43c3-b817-0ae0d269bb6a tempest-ServerBootFromVolumeStableRescueTest-1623795411 tempest-ServerBootFromVolumeStableRescueTest-1623795411-project-member] Task 'cinder.volume.flows.api.create_volume.VolumeCastTask;volume:create' (52482fee-1afe-4440-93e1-4e5f00b779e0) transitioned into state 'SUCCESS' from state 'RUNNING' with result 'None' {{(pid=96242) _task_receiver /opt/stack/data/venv/lib/python3.12/site-packages/taskflow/listeners/logging.py:218}}
Jun 11 20:35:40.857344 np0000002672 devstack@c-api.service[96242]: DEBUG cinder.volume.api [req-80f3bb61-60ca-45a4-a421-0b77b62b1972 req-84d68b44-81c6-43c3-b817-0ae0d269bb6a tempest-ServerBootFromVolumeStableRescueTest-1623795411 tempest-ServerBootFromVolumeStableRescueTest-1623795411-project-member] Flow 'volume_create_api' (404b2172-6d31-4c36-bf48-bd72d3b8b048) transitioned into state 'SUCCESS' from state 'RUNNING' {{(pid=96242) _flow_receiver /opt/stack/data/venv/lib/python3.12/site-packages/taskflow/listeners/logging.py:160}}
Jun 11 20:35:40.857344 np0000002672 devstack@c-api.service[96242]: INFO cinder.volume.api [req-80f3bb61-60ca-45a4-a421-0b77b62b1972 req-84d68b44-81c6-43c3-b817-0ae0d269bb6a tempest-ServerBootFromVolumeStableRescueTest-1623795411 tempest-ServerBootFromVolumeStableRescueTest-1623795411-project-member] Create volume request issued successfully.
Jun 11 20:35:40.858804 np0000002672 devstack@c-api.service[96242]: INFO cinder.api.openstack.wsgi [req-80f3bb61-60ca-45a4-a421-0b77b62b1972 req-84d68b44-81c6-43c3-b817-0ae0d269bb6a tempest-ServerBootFromVolumeStableRescueTest-1623795411 tempest-ServerBootFromVolumeStableRescueTest-1623795411-project-member] https://10.4.3.132/volume/v3/volumes returned with HTTP 202
Jun 11 20:35:40.860920 np0000002672 devstack@c-api.service[96242]: [pid: 96242|app: 0|req: 104/216] 10.4.3.132 () {72 vars in 1541 bytes} [Thu Jun 11 20:35:40 2026] POST /volume/v3/volumes => generated 749 bytes in 308 msecs (HTTP/1.1 202) 7 headers in 291 bytes (1 switches on core 0)
Jun 11 20:35:40.862645 np0000002672 devstack@c-api.service[96241]: DEBUG cinder.api.middleware.request_id [None req-2e4eb206-30c6-40f1-92a5-d0a92e085044 None None] RequestId filter calling following filter/app {{(pid=96241) _context_setter /opt/stack/cinder/cinder/api/middleware/request_id.py:62}}
Jun 11 20:35:40.868905 np0000002672 devstack@c-api.service[96241]: INFO cinder.api.openstack.wsgi [None req-2e4eb206-30c6-40f1-92a5-d0a92e085044 tempest-SnapshotMetadataTestJSON-1227257998 tempest-SnapshotMetadataTestJSON-1227257998-project-member] GET https://10.4.3.132/volume/v3/snapshots/83d0fba5-03a3-4445-8fa6-bc3b8a6bd9d1/metadata/key3
Jun 11 20:35:40.869231 np0000002672 devstack@c-api.service[96241]: DEBUG cinder.api.openstack.wsgi [None req-2e4eb206-30c6-40f1-92a5-d0a92e085044 tempest-SnapshotMetadataTestJSON-1227257998 tempest-SnapshotMetadataTestJSON-1227257998-project-member] Empty body provided in request {{(pid=96241) get_body /opt/stack/cinder/cinder/api/openstack/wsgi.py:725}}
Jun 11 20:35:40.869496 np0000002672 devstack@c-api.service[96241]: DEBUG cinder.api.openstack.wsgi [None req-2e4eb206-30c6-40f1-92a5-d0a92e085044 tempest-SnapshotMetadataTestJSON-1227257998 tempest-SnapshotMetadataTestJSON-1227257998-project-member] Calling method 'show' {{(pid=96241) _process_stack /opt/stack/cinder/cinder/api/openstack/wsgi.py:878}}
Jun 11 20:35:40.876914 np0000002672 devstack@c-api.service[96242]: DEBUG cinder.api.middleware.request_id [req-80f3bb61-60ca-45a4-a421-0b77b62b1972 req-60851833-2640-49d6-9b84-7c2e1c72d5a6 None None] RequestId filter calling following filter/app {{(pid=96242) _context_setter /opt/stack/cinder/cinder/api/middleware/request_id.py:62}}
