Jun 22 14:58:06.252192 np0000003392 systemd[1]: Starting devstack@n-api-meta.service - Devstack devstack@n-api-meta.service...
Jun 22 14:58:06.257424 np0000003392 devstack@n-api-meta.service[95632]: [uWSGI] getting INI configuration from /etc/nova/nova-metadata-uwsgi.ini
Jun 22 14:58:06.259631 np0000003392 devstack@n-api-meta.service[95632]: *** Starting uWSGI 2.0.24-debian (64bit) on [Mon Jun 22 14:58:06 2026] ***
Jun 22 14:58:06.259631 np0000003392 devstack@n-api-meta.service[95632]: compiled with version: 13.2.0 on 17 April 2024 16:23:48
Jun 22 14:58:06.259631 np0000003392 devstack@n-api-meta.service[95632]: os: Linux-6.8.0-100-generic #100-Ubuntu SMP PREEMPT_DYNAMIC Tue Jan 13 16:40:06 UTC 2026
Jun 22 14:58:06.259631 np0000003392 devstack@n-api-meta.service[95632]: nodename: np0000003392
Jun 22 14:58:06.259631 np0000003392 devstack@n-api-meta.service[95632]: machine: x86_64
Jun 22 14:58:06.259631 np0000003392 devstack@n-api-meta.service[95632]: clock source: unix
Jun 22 14:58:06.259631 np0000003392 devstack@n-api-meta.service[95632]: pcre jit disabled
Jun 22 14:58:06.259631 np0000003392 devstack@n-api-meta.service[95632]: detected number of CPU cores: 16
Jun 22 14:58:06.259631 np0000003392 devstack@n-api-meta.service[95632]: current working directory: /
Jun 22 14:58:06.259631 np0000003392 devstack@n-api-meta.service[95632]: detected binary path: /usr/bin/uwsgi-core
Jun 22 14:58:06.259631 np0000003392 devstack@n-api-meta.service[95632]: your processes number limit is 257052
Jun 22 14:58:06.259631 np0000003392 devstack@n-api-meta.service[95632]: your memory page size is 4096 bytes
Jun 22 14:58:06.259631 np0000003392 devstack@n-api-meta.service[95632]: detected max file descriptor number: 2048
Jun 22 14:58:06.259631 np0000003392 devstack@n-api-meta.service[95632]: lock engine: pthread robust mutexes
Jun 22 14:58:06.260053 np0000003392 devstack@n-api-meta.service[95632]: thunder lock: enabled
Jun 22 14:58:06.260053 np0000003392 devstack@n-api-meta.service[95632]: uWSGI http bound on 0.0.0.0:8775 fd 5
Jun 22 14:58:06.260053 np0000003392 devstack@n-api-meta.service[95632]: uwsgi socket 0 bound to TCP address 127.0.0.1:39207 (port auto-assigned) fd 4
Jun 22 14:58:06.260125 np0000003392 devstack@n-api-meta.service[95632]: Python version: 3.12.3 (main, Mar 23 2026, 19:04:32) [GCC 13.3.0]
Jun 22 14:58:06.260125 np0000003392 devstack@n-api-meta.service[95632]: PEP 405 virtualenv detected: /opt/stack/data/venv
Jun 22 14:58:06.260125 np0000003392 devstack@n-api-meta.service[95632]: Set PythonHome to /opt/stack/data/venv
Jun 22 14:58:06.291157 np0000003392 devstack@n-api-meta.service[95632]: Python main interpreter initialized at 0x71e6948a3668
Jun 22 14:58:06.291157 np0000003392 devstack@n-api-meta.service[95632]: python threads support enabled
Jun 22 14:58:06.291157 np0000003392 devstack@n-api-meta.service[95632]: your server socket listen backlog is limited to 100 connections
Jun 22 14:58:06.291157 np0000003392 devstack@n-api-meta.service[95632]: your mercy for graceful operations on workers is 80 seconds
Jun 22 14:58:06.291630 np0000003392 devstack@n-api-meta.service[95632]: mapped 671795 bytes (656 KB) for 4 cores
Jun 22 14:58:06.291758 np0000003392 devstack@n-api-meta.service[95632]: *** Operational MODE: preforking ***
Jun 22 14:58:06.291950 np0000003392 devstack@n-api-meta.service[95632]: *** uWSGI is running in multiple interpreter mode ***
Jun 22 14:58:06.291950 np0000003392 devstack@n-api-meta.service[95632]: spawned uWSGI master process (pid: 95632)
Jun 22 14:58:06.292114 np0000003392 systemd[1]: Started devstack@n-api-meta.service - Devstack devstack@n-api-meta.service.
Jun 22 14:58:06.292636 np0000003392 devstack@n-api-meta.service[95632]: spawned uWSGI worker 1 (pid: 95633, cores: 1)
Jun 22 14:58:06.293278 np0000003392 devstack@n-api-meta.service[95632]: spawned uWSGI worker 2 (pid: 95634, cores: 1)
Jun 22 14:58:06.293676 np0000003392 devstack@n-api-meta.service[95632]: spawned uWSGI worker 3 (pid: 95635, cores: 1)
Jun 22 14:58:06.294108 np0000003392 devstack@n-api-meta.service[95632]: spawned uWSGI worker 4 (pid: 95636, cores: 1)
Jun 22 14:58:06.294721 np0000003392 devstack@n-api-meta.service[95632]: spawned uWSGI http 1 (pid: 95637)
Jun 22 14:58:06.294721 np0000003392 devstack@n-api-meta.service[95632]: running "unix_signal:15 gracefully_kill_them_all" (master-start)...
Jun 22 14:58:07.951043 np0000003392 devstack@n-api-meta.service[95636]: INFO dbcounter [None req-5513a2b8-4e7a-4e55-a62c-008464bf7b2a None None] Registered counter for database nova_api
Jun 22 14:58:07.963471 np0000003392 devstack@n-api-meta.service[95634]: INFO dbcounter [None req-66968286-1180-45f4-82cf-1bdad313b4e4 None None] Registered counter for database nova_api
Jun 22 14:58:07.992748 np0000003392 devstack@n-api-meta.service[95633]: INFO dbcounter [None req-45335666-4075-43e4-83d0-39ee8c1ca80c None None] Registered counter for database nova_api
Jun 22 14:58:07.995153 np0000003392 devstack@n-api-meta.service[95636]: DEBUG oslo_db.sqlalchemy.engines [None req-5513a2b8-4e7a-4e55-a62c-008464bf7b2a None None] MySQL server mode set to STRICT_TRANS_TABLES,STRICT_ALL_TABLES,NO_ZERO_IN_DATE,NO_ZERO_DATE,ERROR_FOR_DIVISION_BY_ZERO,TRADITIONAL,NO_ENGINE_SUBSTITUTION {{(pid=95636) _check_effective_sql_mode /opt/stack/data/venv/lib/python3.12/site-packages/oslo_db/sqlalchemy/engines.py:325}}
Jun 22 14:58:08.011342 np0000003392 devstack@n-api-meta.service[95635]: INFO dbcounter [None req-721570a2-3370-4233-81a5-d19870486ce3 None None] Registered counter for database nova_api
Jun 22 14:58:08.011695 np0000003392 devstack@n-api-meta.service[95634]: DEBUG oslo_db.sqlalchemy.engines [None req-66968286-1180-45f4-82cf-1bdad313b4e4 None None] MySQL server mode set to STRICT_TRANS_TABLES,STRICT_ALL_TABLES,NO_ZERO_IN_DATE,NO_ZERO_DATE,ERROR_FOR_DIVISION_BY_ZERO,TRADITIONAL,NO_ENGINE_SUBSTITUTION {{(pid=95634) _check_effective_sql_mode /opt/stack/data/venv/lib/python3.12/site-packages/oslo_db/sqlalchemy/engines.py:325}}
Jun 22 14:58:08.024123 np0000003392 devstack@n-api-meta.service[95636]: DEBUG dbcounter [-] [95636] Writer thread running {{(pid=95636) stat_writer /opt/stack/data/venv/lib/python3.12/site-packages/dbcounter.py:102}}
Jun 22 14:58:08.026630 np0000003392 devstack@n-api-meta.service[95636]: DEBUG nova.context [None req-5513a2b8-4e7a-4e55-a62c-008464bf7b2a None None] Found 2 cells: 00000000-0000-0000-0000-000000000000(cell0),0245cea6-323f-4859-a856-12cd1343dd44(cell1) {{(pid=95636) load_cells /opt/stack/nova/nova/context.py:509}}
Jun 22 14:58:08.026859 np0000003392 devstack@n-api-meta.service[95636]: INFO nova.utils [None req-5513a2b8-4e7a-4e55-a62c-008464bf7b2a None None] The cell worker thread pool MainProcess.cell_worker is initialized
Jun 22 14:58:08.028539 np0000003392 devstack@n-api-meta.service[95636]: DEBUG oslo_concurrency.lockutils [None req-5513a2b8-4e7a-4e55-a62c-008464bf7b2a None None] Acquiring lock "00000000-0000-0000-0000-000000000000" by "nova.context.set_target_cell..get_or_set_cached_cell_and_set_connections" {{(pid=95636) inner /opt/stack/data/venv/lib/python3.12/site-packages/oslo_concurrency/lockutils.py:511}}
Jun 22 14:58:08.028686 np0000003392 devstack@n-api-meta.service[95636]: DEBUG oslo_concurrency.lockutils [None req-5513a2b8-4e7a-4e55-a62c-008464bf7b2a None None] Lock "00000000-0000-0000-0000-000000000000" acquired by "nova.context.set_target_cell..get_or_set_cached_cell_and_set_connections" :: waited 0.000s {{(pid=95636) inner /opt/stack/data/venv/lib/python3.12/site-packages/oslo_concurrency/lockutils.py:524}}
Jun 22 14:58:08.029048 np0000003392 devstack@n-api-meta.service[95636]: DEBUG oslo_concurrency.lockutils [None req-5513a2b8-4e7a-4e55-a62c-008464bf7b2a None None] Lock "00000000-0000-0000-0000-000000000000" "released" by "nova.context.set_target_cell..get_or_set_cached_cell_and_set_connections" :: held 0.000s {{(pid=95636) inner /opt/stack/data/venv/lib/python3.12/site-packages/oslo_concurrency/lockutils.py:543}}
Jun 22 14:58:08.029665 np0000003392 devstack@n-api-meta.service[95636]: DEBUG oslo_concurrency.lockutils [None req-5513a2b8-4e7a-4e55-a62c-008464bf7b2a None None] Acquiring lock "0245cea6-323f-4859-a856-12cd1343dd44" by "nova.context.set_target_cell..get_or_set_cached_cell_and_set_connections" {{(pid=95636) inner /opt/stack/data/venv/lib/python3.12/site-packages/oslo_concurrency/lockutils.py:511}}
Jun 22 14:58:08.029798 np0000003392 devstack@n-api-meta.service[95636]: DEBUG oslo_concurrency.lockutils [None req-5513a2b8-4e7a-4e55-a62c-008464bf7b2a None None] Lock "0245cea6-323f-4859-a856-12cd1343dd44" acquired by "nova.context.set_target_cell..get_or_set_cached_cell_and_set_connections" :: waited 0.000s {{(pid=95636) inner /opt/stack/data/venv/lib/python3.12/site-packages/oslo_concurrency/lockutils.py:524}}
Jun 22 14:58:08.030623 np0000003392 devstack@n-api-meta.service[95636]: DEBUG oslo_concurrency.lockutils [None req-5513a2b8-4e7a-4e55-a62c-008464bf7b2a None None] Lock "0245cea6-323f-4859-a856-12cd1343dd44" "released" by "nova.context.set_target_cell..get_or_set_cached_cell_and_set_connections" :: held 0.001s {{(pid=95636) inner /opt/stack/data/venv/lib/python3.12/site-packages/oslo_concurrency/lockutils.py:543}}
Jun 22 14:58:08.032587 np0000003392 devstack@n-api-meta.service[95636]: INFO dbcounter [None req-5513a2b8-4e7a-4e55-a62c-008464bf7b2a None None] Registered counter for database nova_cell0
Jun 22 14:58:08.035867 np0000003392 devstack@n-api-meta.service[95636]: INFO dbcounter [None req-5513a2b8-4e7a-4e55-a62c-008464bf7b2a None None] Registered counter for database nova_cell1
Jun 22 14:58:08.037696 np0000003392 devstack@n-api-meta.service[95633]: DEBUG oslo_db.sqlalchemy.engines [None req-45335666-4075-43e4-83d0-39ee8c1ca80c None None] MySQL server mode set to STRICT_TRANS_TABLES,STRICT_ALL_TABLES,NO_ZERO_IN_DATE,NO_ZERO_DATE,ERROR_FOR_DIVISION_BY_ZERO,TRADITIONAL,NO_ENGINE_SUBSTITUTION {{(pid=95633) _check_effective_sql_mode /opt/stack/data/venv/lib/python3.12/site-packages/oslo_db/sqlalchemy/engines.py:325}}
Jun 22 14:58:08.042245 np0000003392 devstack@n-api-meta.service[95634]: DEBUG dbcounter [-] [95634] Writer thread running {{(pid=95634) stat_writer /opt/stack/data/venv/lib/python3.12/site-packages/dbcounter.py:102}}
Jun 22 14:58:08.045059 np0000003392 devstack@n-api-meta.service[95634]: DEBUG nova.context [None req-66968286-1180-45f4-82cf-1bdad313b4e4 None None] Found 2 cells: 00000000-0000-0000-0000-000000000000(cell0),0245cea6-323f-4859-a856-12cd1343dd44(cell1) {{(pid=95634) load_cells /opt/stack/nova/nova/context.py:509}}
Jun 22 14:58:08.045059 np0000003392 devstack@n-api-meta.service[95634]: INFO nova.utils [None req-66968286-1180-45f4-82cf-1bdad313b4e4 None None] The cell worker thread pool MainProcess.cell_worker is initialized
Jun 22 14:58:08.046735 np0000003392 devstack@n-api-meta.service[95634]: DEBUG oslo_concurrency.lockutils [None req-66968286-1180-45f4-82cf-1bdad313b4e4 None None] Acquiring lock "00000000-0000-0000-0000-000000000000" by "nova.context.set_target_cell..get_or_set_cached_cell_and_set_connections" {{(pid=95634) inner /opt/stack/data/venv/lib/python3.12/site-packages/oslo_concurrency/lockutils.py:511}}
Jun 22 14:58:08.047770 np0000003392 devstack@n-api-meta.service[95634]: DEBUG oslo_concurrency.lockutils [None req-66968286-1180-45f4-82cf-1bdad313b4e4 None None] Lock "00000000-0000-0000-0000-000000000000" acquired by "nova.context.set_target_cell..get_or_set_cached_cell_and_set_connections" :: waited 0.000s {{(pid=95634) inner /opt/stack/data/venv/lib/python3.12/site-packages/oslo_concurrency/lockutils.py:524}}
Jun 22 14:58:08.047770 np0000003392 devstack@n-api-meta.service[95634]: DEBUG oslo_concurrency.lockutils [None req-66968286-1180-45f4-82cf-1bdad313b4e4 None None] Lock "00000000-0000-0000-0000-000000000000" "released" by "nova.context.set_target_cell..get_or_set_cached_cell_and_set_connections" :: held 0.000s {{(pid=95634) inner /opt/stack/data/venv/lib/python3.12/site-packages/oslo_concurrency/lockutils.py:543}}
Jun 22 14:58:08.048163 np0000003392 devstack@n-api-meta.service[95634]: DEBUG oslo_concurrency.lockutils [None req-66968286-1180-45f4-82cf-1bdad313b4e4 None None] Acquiring lock "0245cea6-323f-4859-a856-12cd1343dd44" by "nova.context.set_target_cell..get_or_set_cached_cell_and_set_connections" {{(pid=95634) inner /opt/stack/data/venv/lib/python3.12/site-packages/oslo_concurrency/lockutils.py:511}}
Jun 22 14:58:08.048356 np0000003392 devstack@n-api-meta.service[95634]: DEBUG oslo_concurrency.lockutils [None req-66968286-1180-45f4-82cf-1bdad313b4e4 None None] Lock "0245cea6-323f-4859-a856-12cd1343dd44" acquired by "nova.context.set_target_cell..get_or_set_cached_cell_and_set_connections" :: waited 0.000s {{(pid=95634) inner /opt/stack/data/venv/lib/python3.12/site-packages/oslo_concurrency/lockutils.py:524}}
Jun 22 14:58:08.049303 np0000003392 devstack@n-api-meta.service[95634]: DEBUG oslo_concurrency.lockutils [None req-66968286-1180-45f4-82cf-1bdad313b4e4 None None] Lock "0245cea6-323f-4859-a856-12cd1343dd44" "released" by "nova.context.set_target_cell..get_or_set_cached_cell_and_set_connections" :: held 0.001s {{(pid=95634) inner /opt/stack/data/venv/lib/python3.12/site-packages/oslo_concurrency/lockutils.py:543}}
Jun 22 14:58:08.051427 np0000003392 devstack@n-api-meta.service[95634]: INFO dbcounter [None req-66968286-1180-45f4-82cf-1bdad313b4e4 None None] Registered counter for database nova_cell0
Jun 22 14:58:08.054545 np0000003392 devstack@n-api-meta.service[95634]: INFO dbcounter [None req-66968286-1180-45f4-82cf-1bdad313b4e4 None None] Registered counter for database nova_cell1
Jun 22 14:58:08.059893 np0000003392 devstack@n-api-meta.service[95635]: DEBUG oslo_db.sqlalchemy.engines [None req-721570a2-3370-4233-81a5-d19870486ce3 None None] MySQL server mode set to STRICT_TRANS_TABLES,STRICT_ALL_TABLES,NO_ZERO_IN_DATE,NO_ZERO_DATE,ERROR_FOR_DIVISION_BY_ZERO,TRADITIONAL,NO_ENGINE_SUBSTITUTION {{(pid=95635) _check_effective_sql_mode /opt/stack/data/venv/lib/python3.12/site-packages/oslo_db/sqlalchemy/engines.py:325}}
Jun 22 14:58:08.069703 np0000003392 devstack@n-api-meta.service[95633]: DEBUG dbcounter [-] [95633] Writer thread running {{(pid=95633) stat_writer /opt/stack/data/venv/lib/python3.12/site-packages/dbcounter.py:102}}
Jun 22 14:58:08.072640 np0000003392 devstack@n-api-meta.service[95633]: DEBUG nova.context [None req-45335666-4075-43e4-83d0-39ee8c1ca80c None None] Found 2 cells: 00000000-0000-0000-0000-000000000000(cell0),0245cea6-323f-4859-a856-12cd1343dd44(cell1) {{(pid=95633) load_cells /opt/stack/nova/nova/context.py:509}}
Jun 22 14:58:08.072862 np0000003392 devstack@n-api-meta.service[95633]: INFO nova.utils [None req-45335666-4075-43e4-83d0-39ee8c1ca80c None None] The cell worker thread pool MainProcess.cell_worker is initialized
Jun 22 14:58:08.074516 np0000003392 devstack@n-api-meta.service[95633]: DEBUG oslo_concurrency.lockutils [None req-45335666-4075-43e4-83d0-39ee8c1ca80c None None] Acquiring lock "00000000-0000-0000-0000-000000000000" by "nova.context.set_target_cell..get_or_set_cached_cell_and_set_connections" {{(pid=95633) inner /opt/stack/data/venv/lib/python3.12/site-packages/oslo_concurrency/lockutils.py:511}}
Jun 22 14:58:08.074670 np0000003392 devstack@n-api-meta.service[95633]: DEBUG oslo_concurrency.lockutils [None req-45335666-4075-43e4-83d0-39ee8c1ca80c None None] Lock "00000000-0000-0000-0000-000000000000" acquired by "nova.context.set_target_cell..get_or_set_cached_cell_and_set_connections" :: waited 0.000s {{(pid=95633) inner /opt/stack/data/venv/lib/python3.12/site-packages/oslo_concurrency/lockutils.py:524}}
Jun 22 14:58:08.075734 np0000003392 devstack@n-api-meta.service[95633]: DEBUG oslo_concurrency.lockutils [None req-45335666-4075-43e4-83d0-39ee8c1ca80c None None] Lock "00000000-0000-0000-0000-000000000000" "released" by "nova.context.set_target_cell..get_or_set_cached_cell_and_set_connections" :: held 0.000s {{(pid=95633) inner /opt/stack/data/venv/lib/python3.12/site-packages/oslo_concurrency/lockutils.py:543}}
Jun 22 14:58:08.075875 np0000003392 devstack@n-api-meta.service[95633]: DEBUG oslo_concurrency.lockutils [None req-45335666-4075-43e4-83d0-39ee8c1ca80c None None] Acquiring lock "0245cea6-323f-4859-a856-12cd1343dd44" by "nova.context.set_target_cell..get_or_set_cached_cell_and_set_connections" {{(pid=95633) inner /opt/stack/data/venv/lib/python3.12/site-packages/oslo_concurrency/lockutils.py:511}}
Jun 22 14:58:08.076073 np0000003392 devstack@n-api-meta.service[95633]: DEBUG oslo_concurrency.lockutils [None req-45335666-4075-43e4-83d0-39ee8c1ca80c None None] Lock "0245cea6-323f-4859-a856-12cd1343dd44" acquired by "nova.context.set_target_cell..get_or_set_cached_cell_and_set_connections" :: waited 0.000s {{(pid=95633) inner /opt/stack/data/venv/lib/python3.12/site-packages/oslo_concurrency/lockutils.py:524}}
Jun 22 14:58:08.076916 np0000003392 devstack@n-api-meta.service[95633]: DEBUG oslo_concurrency.lockutils [None req-45335666-4075-43e4-83d0-39ee8c1ca80c None None] Lock "0245cea6-323f-4859-a856-12cd1343dd44" "released" by "nova.context.set_target_cell..get_or_set_cached_cell_and_set_connections" :: held 0.001s {{(pid=95633) inner /opt/stack/data/venv/lib/python3.12/site-packages/oslo_concurrency/lockutils.py:543}}
Jun 22 14:58:08.078172 np0000003392 devstack@n-api-meta.service[95636]: DEBUG oslo_db.sqlalchemy.engines [None req-5513a2b8-4e7a-4e55-a62c-008464bf7b2a None None] MySQL server mode set to STRICT_TRANS_TABLES,STRICT_ALL_TABLES,NO_ZERO_IN_DATE,NO_ZERO_DATE,ERROR_FOR_DIVISION_BY_ZERO,TRADITIONAL,NO_ENGINE_SUBSTITUTION {{(pid=95636) _check_effective_sql_mode /opt/stack/data/venv/lib/python3.12/site-packages/oslo_db/sqlalchemy/engines.py:325}}
Jun 22 14:58:08.079158 np0000003392 devstack@n-api-meta.service[95633]: INFO dbcounter [None req-45335666-4075-43e4-83d0-39ee8c1ca80c None None] Registered counter for database nova_cell0
Jun 22 14:58:08.082184 np0000003392 devstack@n-api-meta.service[95633]: INFO dbcounter [None req-45335666-4075-43e4-83d0-39ee8c1ca80c None None] Registered counter for database nova_cell1
Jun 22 14:58:08.093841 np0000003392 devstack@n-api-meta.service[95635]: DEBUG dbcounter [-] [95635] Writer thread running {{(pid=95635) stat_writer /opt/stack/data/venv/lib/python3.12/site-packages/dbcounter.py:102}}
Jun 22 14:58:08.093841 np0000003392 devstack@n-api-meta.service[95635]: DEBUG nova.context [None req-721570a2-3370-4233-81a5-d19870486ce3 None None] Found 2 cells: 00000000-0000-0000-0000-000000000000(cell0),0245cea6-323f-4859-a856-12cd1343dd44(cell1) {{(pid=95635) load_cells /opt/stack/nova/nova/context.py:509}}
Jun 22 14:58:08.093996 np0000003392 devstack@n-api-meta.service[95635]: INFO nova.utils [None req-721570a2-3370-4233-81a5-d19870486ce3 None None] The cell worker thread pool MainProcess.cell_worker is initialized
Jun 22 14:58:08.095624 np0000003392 devstack@n-api-meta.service[95635]: DEBUG oslo_concurrency.lockutils [None req-721570a2-3370-4233-81a5-d19870486ce3 None None] Acquiring lock "00000000-0000-0000-0000-000000000000" by "nova.context.set_target_cell..get_or_set_cached_cell_and_set_connections" {{(pid=95635) inner /opt/stack/data/venv/lib/python3.12/site-packages/oslo_concurrency/lockutils.py:511}}
Jun 22 14:58:08.095783 np0000003392 devstack@n-api-meta.service[95635]: DEBUG oslo_concurrency.lockutils [None req-721570a2-3370-4233-81a5-d19870486ce3 None None] Lock "00000000-0000-0000-0000-000000000000" acquired by "nova.context.set_target_cell..get_or_set_cached_cell_and_set_connections" :: waited 0.000s {{(pid=95635) inner /opt/stack/data/venv/lib/python3.12/site-packages/oslo_concurrency/lockutils.py:524}}
Jun 22 14:58:08.096161 np0000003392 devstack@n-api-meta.service[95635]: DEBUG oslo_concurrency.lockutils [None req-721570a2-3370-4233-81a5-d19870486ce3 None None] Lock "00000000-0000-0000-0000-000000000000" "released" by "nova.context.set_target_cell..get_or_set_cached_cell_and_set_connections" :: held 0.000s {{(pid=95635) inner /opt/stack/data/venv/lib/python3.12/site-packages/oslo_concurrency/lockutils.py:543}}
Jun 22 14:58:08.096724 np0000003392 devstack@n-api-meta.service[95635]: DEBUG oslo_concurrency.lockutils [None req-721570a2-3370-4233-81a5-d19870486ce3 None None] Acquiring lock "0245cea6-323f-4859-a856-12cd1343dd44" by "nova.context.set_target_cell..get_or_set_cached_cell_and_set_connections" {{(pid=95635) inner /opt/stack/data/venv/lib/python3.12/site-packages/oslo_concurrency/lockutils.py:511}}
Jun 22 14:58:08.097617 np0000003392 devstack@n-api-meta.service[95634]: DEBUG oslo_db.sqlalchemy.engines [None req-66968286-1180-45f4-82cf-1bdad313b4e4 None None] MySQL server mode set to STRICT_TRANS_TABLES,STRICT_ALL_TABLES,NO_ZERO_IN_DATE,NO_ZERO_DATE,ERROR_FOR_DIVISION_BY_ZERO,TRADITIONAL,NO_ENGINE_SUBSTITUTION {{(pid=95634) _check_effective_sql_mode /opt/stack/data/venv/lib/python3.12/site-packages/oslo_db/sqlalchemy/engines.py:325}}
Jun 22 14:58:08.098039 np0000003392 devstack@n-api-meta.service[95635]: INFO dbcounter [None req-721570a2-3370-4233-81a5-d19870486ce3 None None] Registered counter for database nova_cell0
Jun 22 14:58:08.099230 np0000003392 devstack@n-api-meta.service[95635]: DEBUG oslo_concurrency.lockutils [None req-721570a2-3370-4233-81a5-d19870486ce3 None None] Lock "0245cea6-323f-4859-a856-12cd1343dd44" acquired by "nova.context.set_target_cell..get_or_set_cached_cell_and_set_connections" :: waited 0.001s {{(pid=95635) inner /opt/stack/data/venv/lib/python3.12/site-packages/oslo_concurrency/lockutils.py:524}}
Jun 22 14:58:08.100396 np0000003392 devstack@n-api-meta.service[95635]: DEBUG oslo_concurrency.lockutils [None req-721570a2-3370-4233-81a5-d19870486ce3 None None] Lock "0245cea6-323f-4859-a856-12cd1343dd44" "released" by "nova.context.set_target_cell..get_or_set_cached_cell_and_set_connections" :: held 0.002s {{(pid=95635) inner /opt/stack/data/venv/lib/python3.12/site-packages/oslo_concurrency/lockutils.py:543}}
Jun 22 14:58:08.102209 np0000003392 devstack@n-api-meta.service[95635]: INFO dbcounter [None req-721570a2-3370-4233-81a5-d19870486ce3 None None] Registered counter for database nova_cell1
Jun 22 14:58:08.133103 np0000003392 devstack@n-api-meta.service[95633]: DEBUG oslo_db.sqlalchemy.engines [None req-45335666-4075-43e4-83d0-39ee8c1ca80c None None] MySQL server mode set to STRICT_TRANS_TABLES,STRICT_ALL_TABLES,NO_ZERO_IN_DATE,NO_ZERO_DATE,ERROR_FOR_DIVISION_BY_ZERO,TRADITIONAL,NO_ENGINE_SUBSTITUTION {{(pid=95633) _check_effective_sql_mode /opt/stack/data/venv/lib/python3.12/site-packages/oslo_db/sqlalchemy/engines.py:325}}
Jun 22 14:58:08.144749 np0000003392 devstack@n-api-meta.service[95633]: DEBUG oslo_db.sqlalchemy.engines [None req-45335666-4075-43e4-83d0-39ee8c1ca80c None None] MySQL server mode set to STRICT_TRANS_TABLES,STRICT_ALL_TABLES,NO_ZERO_IN_DATE,NO_ZERO_DATE,ERROR_FOR_DIVISION_BY_ZERO,TRADITIONAL,NO_ENGINE_SUBSTITUTION {{(pid=95633) _check_effective_sql_mode /opt/stack/data/venv/lib/python3.12/site-packages/oslo_db/sqlalchemy/engines.py:325}}
Jun 22 14:58:08.150077 np0000003392 devstack@n-api-meta.service[95635]: DEBUG oslo_db.sqlalchemy.engines [None req-721570a2-3370-4233-81a5-d19870486ce3 None None] MySQL server mode set to STRICT_TRANS_TABLES,STRICT_ALL_TABLES,NO_ZERO_IN_DATE,NO_ZERO_DATE,ERROR_FOR_DIVISION_BY_ZERO,TRADITIONAL,NO_ENGINE_SUBSTITUTION {{(pid=95635) _check_effective_sql_mode /opt/stack/data/venv/lib/python3.12/site-packages/oslo_db/sqlalchemy/engines.py:325}}
Jun 22 14:58:08.162846 np0000003392 devstack@n-api-meta.service[95636]: DEBUG dbcounter [-] [95636] Writer thread running {{(pid=95636) stat_writer /opt/stack/data/venv/lib/python3.12/site-packages/dbcounter.py:102}}
Jun 22 14:58:08.164981 np0000003392 devstack@n-api-meta.service[95636]: DEBUG oslo_db.sqlalchemy.engines [None req-5513a2b8-4e7a-4e55-a62c-008464bf7b2a None None] MySQL server mode set to STRICT_TRANS_TABLES,STRICT_ALL_TABLES,NO_ZERO_IN_DATE,NO_ZERO_DATE,ERROR_FOR_DIVISION_BY_ZERO,TRADITIONAL,NO_ENGINE_SUBSTITUTION {{(pid=95636) _check_effective_sql_mode /opt/stack/data/venv/lib/python3.12/site-packages/oslo_db/sqlalchemy/engines.py:325}}
Jun 22 14:58:08.166013 np0000003392 devstack@n-api-meta.service[95634]: DEBUG oslo_db.sqlalchemy.engines [None req-66968286-1180-45f4-82cf-1bdad313b4e4 None None] MySQL server mode set to STRICT_TRANS_TABLES,STRICT_ALL_TABLES,NO_ZERO_IN_DATE,NO_ZERO_DATE,ERROR_FOR_DIVISION_BY_ZERO,TRADITIONAL,NO_ENGINE_SUBSTITUTION {{(pid=95634) _check_effective_sql_mode /opt/stack/data/venv/lib/python3.12/site-packages/oslo_db/sqlalchemy/engines.py:325}}
Jun 22 14:58:08.172014 np0000003392 devstack@n-api-meta.service[95636]: DEBUG dbcounter [-] [95636] Writer thread running {{(pid=95636) stat_writer /opt/stack/data/venv/lib/python3.12/site-packages/dbcounter.py:102}}
Jun 22 14:58:08.174970 np0000003392 devstack@n-api-meta.service[95636]: INFO dbcounter [None req-5513a2b8-4e7a-4e55-a62c-008464bf7b2a None None] Registered counter for database nova_cell0
Jun 22 14:58:08.182560 np0000003392 devstack@n-api-meta.service[95634]: DEBUG dbcounter [-] [95634] Writer thread running {{(pid=95634) stat_writer /opt/stack/data/venv/lib/python3.12/site-packages/dbcounter.py:102}}
Jun 22 14:58:08.188920 np0000003392 devstack@n-api-meta.service[95634]: DEBUG dbcounter [-] [95634] Writer thread running {{(pid=95634) stat_writer /opt/stack/data/venv/lib/python3.12/site-packages/dbcounter.py:102}}
Jun 22 14:58:08.192597 np0000003392 devstack@n-api-meta.service[95634]: INFO dbcounter [None req-66968286-1180-45f4-82cf-1bdad313b4e4 None None] Registered counter for database nova_cell0
Jun 22 14:58:08.196937 np0000003392 devstack@n-api-meta.service[95635]: DEBUG oslo_db.sqlalchemy.engines [None req-721570a2-3370-4233-81a5-d19870486ce3 None None] MySQL server mode set to STRICT_TRANS_TABLES,STRICT_ALL_TABLES,NO_ZERO_IN_DATE,NO_ZERO_DATE,ERROR_FOR_DIVISION_BY_ZERO,TRADITIONAL,NO_ENGINE_SUBSTITUTION {{(pid=95635) _check_effective_sql_mode /opt/stack/data/venv/lib/python3.12/site-packages/oslo_db/sqlalchemy/engines.py:325}}
Jun 22 14:58:08.212221 np0000003392 devstack@n-api-meta.service[95636]: DEBUG oslo_db.sqlalchemy.engines [None req-5513a2b8-4e7a-4e55-a62c-008464bf7b2a None None] MySQL server mode set to STRICT_TRANS_TABLES,STRICT_ALL_TABLES,NO_ZERO_IN_DATE,NO_ZERO_DATE,ERROR_FOR_DIVISION_BY_ZERO,TRADITIONAL,NO_ENGINE_SUBSTITUTION {{(pid=95636) _check_effective_sql_mode /opt/stack/data/venv/lib/python3.12/site-packages/oslo_db/sqlalchemy/engines.py:325}}
Jun 22 14:58:08.218210 np0000003392 devstack@n-api-meta.service[95636]: DEBUG dbcounter [-] [95636] Writer thread running {{(pid=95636) stat_writer /opt/stack/data/venv/lib/python3.12/site-packages/dbcounter.py:102}}
Jun 22 14:58:08.229595 np0000003392 devstack@n-api-meta.service[95633]: DEBUG dbcounter [-] [95633] Writer thread running {{(pid=95633) stat_writer /opt/stack/data/venv/lib/python3.12/site-packages/dbcounter.py:102}}
Jun 22 14:58:08.234548 np0000003392 devstack@n-api-meta.service[95633]: DEBUG dbcounter [-] [95633] Writer thread running {{(pid=95633) stat_writer /opt/stack/data/venv/lib/python3.12/site-packages/dbcounter.py:102}}
Jun 22 14:58:08.236917 np0000003392 devstack@n-api-meta.service[95634]: DEBUG oslo_db.sqlalchemy.engines [None req-66968286-1180-45f4-82cf-1bdad313b4e4 None None] MySQL server mode set to STRICT_TRANS_TABLES,STRICT_ALL_TABLES,NO_ZERO_IN_DATE,NO_ZERO_DATE,ERROR_FOR_DIVISION_BY_ZERO,TRADITIONAL,NO_ENGINE_SUBSTITUTION {{(pid=95634) _check_effective_sql_mode /opt/stack/data/venv/lib/python3.12/site-packages/oslo_db/sqlalchemy/engines.py:325}}
Jun 22 14:58:08.239215 np0000003392 devstack@n-api-meta.service[95633]: INFO dbcounter [None req-45335666-4075-43e4-83d0-39ee8c1ca80c None None] Registered counter for database nova_cell0
Jun 22 14:58:08.241983 np0000003392 devstack@n-api-meta.service[95635]: DEBUG dbcounter [-] [95635] Writer thread running {{(pid=95635) stat_writer /opt/stack/data/venv/lib/python3.12/site-packages/dbcounter.py:102}}
Jun 22 14:58:08.243852 np0000003392 devstack@n-api-meta.service[95634]: DEBUG dbcounter [-] [95634] Writer thread running {{(pid=95634) stat_writer /opt/stack/data/venv/lib/python3.12/site-packages/dbcounter.py:102}}
Jun 22 14:58:08.248647 np0000003392 devstack@n-api-meta.service[95635]: DEBUG dbcounter [-] [95635] Writer thread running {{(pid=95635) stat_writer /opt/stack/data/venv/lib/python3.12/site-packages/dbcounter.py:102}}
Jun 22 14:58:08.251729 np0000003392 devstack@n-api-meta.service[95635]: INFO dbcounter [None req-721570a2-3370-4233-81a5-d19870486ce3 None None] Registered counter for database nova_cell0
Jun 22 14:58:08.260213 np0000003392 devstack@n-api-meta.service[95636]: WARNING nova.api.metadata.handler [None req-5513a2b8-4e7a-4e55-a62c-008464bf7b2a None None] metadata_proxy_shared_secret is not configured, the metadata information returned by the proxy cannot be trusted
Jun 22 14:58:08.262880 np0000003392 devstack@n-api-meta.service[95636]: DEBUG nova.api.openstack.wsgi_app [None req-5513a2b8-4e7a-4e55-a62c-008464bf7b2a None None] ******************************************************************************** {{(pid=95636) log_opt_values /opt/stack/data/venv/lib/python3.12/site-packages/oslo_config/cfg.py:3226}}
Jun 22 14:58:08.262946 np0000003392 devstack@n-api-meta.service[95636]: DEBUG nova.api.openstack.wsgi_app [None req-5513a2b8-4e7a-4e55-a62c-008464bf7b2a None None] Configuration options gathered from: {{(pid=95636) log_opt_values /opt/stack/data/venv/lib/python3.12/site-packages/oslo_config/cfg.py:3227}}
Jun 22 14:58:08.263034 np0000003392 devstack@n-api-meta.service[95636]: DEBUG nova.api.openstack.wsgi_app [None req-5513a2b8-4e7a-4e55-a62c-008464bf7b2a None None] command line args: [] {{(pid=95636) log_opt_values /opt/stack/data/venv/lib/python3.12/site-packages/oslo_config/cfg.py:3228}}
Jun 22 14:58:08.263176 np0000003392 devstack@n-api-meta.service[95636]: DEBUG nova.api.openstack.wsgi_app [None req-5513a2b8-4e7a-4e55-a62c-008464bf7b2a None None] config files: ['/etc/nova/api-paste.ini', '/etc/nova/nova.conf'] {{(pid=95636) log_opt_values /opt/stack/data/venv/lib/python3.12/site-packages/oslo_config/cfg.py:3229}}
Jun 22 14:58:08.263283 np0000003392 devstack@n-api-meta.service[95636]: DEBUG nova.api.openstack.wsgi_app [None req-5513a2b8-4e7a-4e55-a62c-008464bf7b2a None None] ================================================================================ {{(pid=95636) log_opt_values /opt/stack/data/venv/lib/python3.12/site-packages/oslo_config/cfg.py:3234}}
Jun 22 14:58:08.263443 np0000003392 devstack@n-api-meta.service[95636]: DEBUG nova.api.openstack.wsgi_app [None req-5513a2b8-4e7a-4e55-a62c-008464bf7b2a None None] allow_resize_to_same_host = True {{(pid=95636) log_opt_values /opt/stack/data/venv/lib/python3.12/site-packages/oslo_config/cfg.py:3242}}
Jun 22 14:58:08.263612 np0000003392 devstack@n-api-meta.service[95636]: DEBUG nova.api.openstack.wsgi_app [None req-5513a2b8-4e7a-4e55-a62c-008464bf7b2a None None] arq_binding_timeout = 300 {{(pid=95636) log_opt_values /opt/stack/data/venv/lib/python3.12/site-packages/oslo_config/cfg.py:3242}}
Jun 22 14:58:08.263772 np0000003392 devstack@n-api-meta.service[95636]: DEBUG nova.api.openstack.wsgi_app [None req-5513a2b8-4e7a-4e55-a62c-008464bf7b2a None None] block_device_allocate_retries = 60 {{(pid=95636) log_opt_values /opt/stack/data/venv/lib/python3.12/site-packages/oslo_config/cfg.py:3242}}
Jun 22 14:58:08.263979 np0000003392 devstack@n-api-meta.service[95636]: DEBUG nova.api.openstack.wsgi_app [None req-5513a2b8-4e7a-4e55-a62c-008464bf7b2a None None] block_device_allocate_retries_interval = 3 {{(pid=95636) log_opt_values /opt/stack/data/venv/lib/python3.12/site-packages/oslo_config/cfg.py:3242}}
Jun 22 14:58:08.264267 np0000003392 devstack@n-api-meta.service[95636]: DEBUG nova.api.openstack.wsgi_app [None req-5513a2b8-4e7a-4e55-a62c-008464bf7b2a None None] cell_worker_thread_pool_size = 5 {{(pid=95636) log_opt_values /opt/stack/data/venv/lib/python3.12/site-packages/oslo_config/cfg.py:3242}}
Jun 22 14:58:08.264424 np0000003392 devstack@n-api-meta.service[95636]: DEBUG nova.api.openstack.wsgi_app [None req-5513a2b8-4e7a-4e55-a62c-008464bf7b2a None None] cert = self.pem {{(pid=95636) log_opt_values /opt/stack/data/venv/lib/python3.12/site-packages/oslo_config/cfg.py:3242}}
Jun 22 14:58:08.264558 np0000003392 devstack@n-api-meta.service[95636]: DEBUG nova.api.openstack.wsgi_app [None req-5513a2b8-4e7a-4e55-a62c-008464bf7b2a None None] compute_driver = libvirt.LibvirtDriver {{(pid=95636) log_opt_values /opt/stack/data/venv/lib/python3.12/site-packages/oslo_config/cfg.py:3242}}
Jun 22 14:58:08.264681 np0000003392 devstack@n-api-meta.service[95636]: DEBUG nova.api.openstack.wsgi_app [None req-5513a2b8-4e7a-4e55-a62c-008464bf7b2a None None] compute_monitors = [] {{(pid=95636) log_opt_values /opt/stack/data/venv/lib/python3.12/site-packages/oslo_config/cfg.py:3242}}
Jun 22 14:58:08.264800 np0000003392 devstack@n-api-meta.service[95636]: DEBUG nova.api.openstack.wsgi_app [None req-5513a2b8-4e7a-4e55-a62c-008464bf7b2a None None] config_dir = [] {{(pid=95636) log_opt_values /opt/stack/data/venv/lib/python3.12/site-packages/oslo_config/cfg.py:3242}}
Jun 22 14:58:08.264937 np0000003392 devstack@n-api-meta.service[95636]: DEBUG nova.api.openstack.wsgi_app [None req-5513a2b8-4e7a-4e55-a62c-008464bf7b2a None None] config_drive_format = iso9660 {{(pid=95636) log_opt_values /opt/stack/data/venv/lib/python3.12/site-packages/oslo_config/cfg.py:3242}}
Jun 22 14:58:08.265030 np0000003392 devstack@n-api-meta.service[95636]: DEBUG nova.api.openstack.wsgi_app [None req-5513a2b8-4e7a-4e55-a62c-008464bf7b2a None None] config_file = ['/etc/nova/api-paste.ini', '/etc/nova/nova.conf'] {{(pid=95636) log_opt_values /opt/stack/data/venv/lib/python3.12/site-packages/oslo_config/cfg.py:3242}}
Jun 22 14:58:08.265150 np0000003392 devstack@n-api-meta.service[95636]: DEBUG nova.api.openstack.wsgi_app [None req-5513a2b8-4e7a-4e55-a62c-008464bf7b2a None None] config_source = [] {{(pid=95636) log_opt_values /opt/stack/data/venv/lib/python3.12/site-packages/oslo_config/cfg.py:3242}}
Jun 22 14:58:08.265286 np0000003392 devstack@n-api-meta.service[95636]: DEBUG nova.api.openstack.wsgi_app [None req-5513a2b8-4e7a-4e55-a62c-008464bf7b2a None None] console_host = np0000003392 {{(pid=95636) log_opt_values /opt/stack/data/venv/lib/python3.12/site-packages/oslo_config/cfg.py:3242}}
Jun 22 14:58:08.265402 np0000003392 devstack@n-api-meta.service[95636]: DEBUG nova.api.openstack.wsgi_app [None req-5513a2b8-4e7a-4e55-a62c-008464bf7b2a None None] control_exchange = nova {{(pid=95636) log_opt_values /opt/stack/data/venv/lib/python3.12/site-packages/oslo_config/cfg.py:3242}}
Jun 22 14:58:08.265516 np0000003392 devstack@n-api-meta.service[95636]: DEBUG nova.api.openstack.wsgi_app [None req-5513a2b8-4e7a-4e55-a62c-008464bf7b2a None None] cpu_allocation_ratio = None {{(pid=95636) log_opt_values /opt/stack/data/venv/lib/python3.12/site-packages/oslo_config/cfg.py:3242}}
Jun 22 14:58:08.265627 np0000003392 devstack@n-api-meta.service[95636]: DEBUG nova.api.openstack.wsgi_app [None req-5513a2b8-4e7a-4e55-a62c-008464bf7b2a None None] daemon = False {{(pid=95636) log_opt_values /opt/stack/data/venv/lib/python3.12/site-packages/oslo_config/cfg.py:3242}}
Jun 22 14:58:08.265744 np0000003392 devstack@n-api-meta.service[95636]: DEBUG nova.api.openstack.wsgi_app [None req-5513a2b8-4e7a-4e55-a62c-008464bf7b2a None None] debug = True {{(pid=95636) log_opt_values /opt/stack/data/venv/lib/python3.12/site-packages/oslo_config/cfg.py:3242}}
Jun 22 14:58:08.265889 np0000003392 devstack@n-api-meta.service[95636]: DEBUG nova.api.openstack.wsgi_app [None req-5513a2b8-4e7a-4e55-a62c-008464bf7b2a None None] default_access_ip_network_name = None {{(pid=95636) log_opt_values /opt/stack/data/venv/lib/python3.12/site-packages/oslo_config/cfg.py:3242}}
Jun 22 14:58:08.266010 np0000003392 devstack@n-api-meta.service[95636]: DEBUG nova.api.openstack.wsgi_app [None req-5513a2b8-4e7a-4e55-a62c-008464bf7b2a None None] default_availability_zone = nova {{(pid=95636) log_opt_values /opt/stack/data/venv/lib/python3.12/site-packages/oslo_config/cfg.py:3242}}
Jun 22 14:58:08.266110 np0000003392 devstack@n-api-meta.service[95636]: DEBUG nova.api.openstack.wsgi_app [None req-5513a2b8-4e7a-4e55-a62c-008464bf7b2a None None] default_ephemeral_format = ext4 {{(pid=95636) log_opt_values /opt/stack/data/venv/lib/python3.12/site-packages/oslo_config/cfg.py:3242}}
Jun 22 14:58:08.266226 np0000003392 devstack@n-api-meta.service[95636]: DEBUG nova.api.openstack.wsgi_app [None req-5513a2b8-4e7a-4e55-a62c-008464bf7b2a None None] default_green_pool_size = 1000 {{(pid=95636) log_opt_values /opt/stack/data/venv/lib/python3.12/site-packages/oslo_config/cfg.py:3242}}
Jun 22 14:58:08.266407 np0000003392 devstack@n-api-meta.service[95636]: DEBUG nova.api.openstack.wsgi_app [None req-5513a2b8-4e7a-4e55-a62c-008464bf7b2a None None] default_log_levels = ['amqp=WARN', 'boto=WARN', 'sqlalchemy=WARN', 'suds=INFO', 'oslo.messaging=INFO', 'oslo_messaging=INFO', 'iso8601=WARN', 'requests.packages.urllib3.connectionpool=WARN', 'urllib3.connectionpool=WARN', 'websocket=WARN', 'requests.packages.urllib3.util.retry=WARN', 'urllib3.util.retry=WARN', 'keystonemiddleware=WARN', 'routes.middleware=WARN', 'stevedore=WARN', 'taskflow=WARN', 'keystoneauth=WARN', 'oslo.cache=INFO', 'oslo_policy=INFO', 'dogpile.core.dogpile=INFO', 'glanceclient=WARN', 'oslo.privsep.daemon=INFO'] {{(pid=95636) log_opt_values /opt/stack/data/venv/lib/python3.12/site-packages/oslo_config/cfg.py:3242}}
Jun 22 14:58:08.266523 np0000003392 devstack@n-api-meta.service[95636]: DEBUG nova.api.openstack.wsgi_app [None req-5513a2b8-4e7a-4e55-a62c-008464bf7b2a None None] default_schedule_zone = None {{(pid=95636) log_opt_values /opt/stack/data/venv/lib/python3.12/site-packages/oslo_config/cfg.py:3242}}
Jun 22 14:58:08.266635 np0000003392 devstack@n-api-meta.service[95636]: DEBUG nova.api.openstack.wsgi_app [None req-5513a2b8-4e7a-4e55-a62c-008464bf7b2a None None] default_thread_pool_size = 10 {{(pid=95636) log_opt_values /opt/stack/data/venv/lib/python3.12/site-packages/oslo_config/cfg.py:3242}}
Jun 22 14:58:08.266745 np0000003392 devstack@n-api-meta.service[95636]: DEBUG nova.api.openstack.wsgi_app [None req-5513a2b8-4e7a-4e55-a62c-008464bf7b2a None None] disk_allocation_ratio = None {{(pid=95636) log_opt_values /opt/stack/data/venv/lib/python3.12/site-packages/oslo_config/cfg.py:3242}}
Jun 22 14:58:08.266872 np0000003392 devstack@n-api-meta.service[95636]: DEBUG nova.api.openstack.wsgi_app [None req-5513a2b8-4e7a-4e55-a62c-008464bf7b2a None None] enable_new_services = True {{(pid=95636) log_opt_values /opt/stack/data/venv/lib/python3.12/site-packages/oslo_config/cfg.py:3242}}
Jun 22 14:58:08.266987 np0000003392 devstack@n-api-meta.service[95636]: DEBUG nova.api.openstack.wsgi_app [None req-5513a2b8-4e7a-4e55-a62c-008464bf7b2a None None] flat_injected = False {{(pid=95636) log_opt_values /opt/stack/data/venv/lib/python3.12/site-packages/oslo_config/cfg.py:3242}}
Jun 22 14:58:08.267102 np0000003392 devstack@n-api-meta.service[95636]: DEBUG nova.api.openstack.wsgi_app [None req-5513a2b8-4e7a-4e55-a62c-008464bf7b2a None None] force_config_drive = True {{(pid=95636) log_opt_values /opt/stack/data/venv/lib/python3.12/site-packages/oslo_config/cfg.py:3242}}
Jun 22 14:58:08.267212 np0000003392 devstack@n-api-meta.service[95636]: DEBUG nova.api.openstack.wsgi_app [None req-5513a2b8-4e7a-4e55-a62c-008464bf7b2a None None] force_raw_images = True {{(pid=95636) log_opt_values /opt/stack/data/venv/lib/python3.12/site-packages/oslo_config/cfg.py:3242}}
Jun 22 14:58:08.267352 np0000003392 devstack@n-api-meta.service[95636]: DEBUG nova.api.openstack.wsgi_app [None req-5513a2b8-4e7a-4e55-a62c-008464bf7b2a None None] graceful_shutdown_timeout = 5 {{(pid=95636) log_opt_values /opt/stack/data/venv/lib/python3.12/site-packages/oslo_config/cfg.py:3242}}
Jun 22 14:58:08.267465 np0000003392 devstack@n-api-meta.service[95636]: DEBUG nova.api.openstack.wsgi_app [None req-5513a2b8-4e7a-4e55-a62c-008464bf7b2a None None] heal_instance_info_cache_interval = -1 {{(pid=95636) log_opt_values /opt/stack/data/venv/lib/python3.12/site-packages/oslo_config/cfg.py:3242}}
Jun 22 14:58:08.267631 np0000003392 devstack@n-api-meta.service[95636]: DEBUG nova.api.openstack.wsgi_app [None req-5513a2b8-4e7a-4e55-a62c-008464bf7b2a None None] host = np0000003392 {{(pid=95636) log_opt_values /opt/stack/data/venv/lib/python3.12/site-packages/oslo_config/cfg.py:3242}}
Jun 22 14:58:08.267750 np0000003392 devstack@n-api-meta.service[95636]: DEBUG nova.api.openstack.wsgi_app [None req-5513a2b8-4e7a-4e55-a62c-008464bf7b2a None None] initial_cpu_allocation_ratio = 4.0 {{(pid=95636) log_opt_values /opt/stack/data/venv/lib/python3.12/site-packages/oslo_config/cfg.py:3242}}
Jun 22 14:58:08.267894 np0000003392 devstack@n-api-meta.service[95636]: DEBUG nova.api.openstack.wsgi_app [None req-5513a2b8-4e7a-4e55-a62c-008464bf7b2a None None] initial_disk_allocation_ratio = 1.0 {{(pid=95636) log_opt_values /opt/stack/data/venv/lib/python3.12/site-packages/oslo_config/cfg.py:3242}}
Jun 22 14:58:08.268011 np0000003392 devstack@n-api-meta.service[95636]: DEBUG nova.api.openstack.wsgi_app [None req-5513a2b8-4e7a-4e55-a62c-008464bf7b2a None None] initial_ram_allocation_ratio = 1.0 {{(pid=95636) log_opt_values /opt/stack/data/venv/lib/python3.12/site-packages/oslo_config/cfg.py:3242}}
Jun 22 14:58:08.268167 np0000003392 devstack@n-api-meta.service[95636]: DEBUG nova.api.openstack.wsgi_app [None req-5513a2b8-4e7a-4e55-a62c-008464bf7b2a None None] injected_network_template = /opt/stack/nova/nova/virt/interfaces.template {{(pid=95636) log_opt_values /opt/stack/data/venv/lib/python3.12/site-packages/oslo_config/cfg.py:3242}}
Jun 22 14:58:08.268296 np0000003392 devstack@n-api-meta.service[95636]: DEBUG nova.api.openstack.wsgi_app [None req-5513a2b8-4e7a-4e55-a62c-008464bf7b2a None None] instance_build_timeout = 0 {{(pid=95636) log_opt_values /opt/stack/data/venv/lib/python3.12/site-packages/oslo_config/cfg.py:3242}}
Jun 22 14:58:08.268749 np0000003392 devstack@n-api-meta.service[95636]: DEBUG nova.api.openstack.wsgi_app [None req-5513a2b8-4e7a-4e55-a62c-008464bf7b2a None None] instance_delete_interval = 300 {{(pid=95636) log_opt_values /opt/stack/data/venv/lib/python3.12/site-packages/oslo_config/cfg.py:3242}}
Jun 22 14:58:08.268749 np0000003392 devstack@n-api-meta.service[95636]: DEBUG nova.api.openstack.wsgi_app [None req-5513a2b8-4e7a-4e55-a62c-008464bf7b2a None None] instance_format = [instance: %(uuid)s] {{(pid=95636) log_opt_values /opt/stack/data/venv/lib/python3.12/site-packages/oslo_config/cfg.py:3242}}
Jun 22 14:58:08.268749 np0000003392 devstack@n-api-meta.service[95636]: DEBUG nova.api.openstack.wsgi_app [None req-5513a2b8-4e7a-4e55-a62c-008464bf7b2a None None] instance_name_template = instance-%08x {{(pid=95636) log_opt_values /opt/stack/data/venv/lib/python3.12/site-packages/oslo_config/cfg.py:3242}}
Jun 22 14:58:08.268749 np0000003392 devstack@n-api-meta.service[95636]: DEBUG nova.api.openstack.wsgi_app [None req-5513a2b8-4e7a-4e55-a62c-008464bf7b2a None None] instance_usage_audit = False {{(pid=95636) log_opt_values /opt/stack/data/venv/lib/python3.12/site-packages/oslo_config/cfg.py:3242}}
Jun 22 14:58:08.268867 np0000003392 devstack@n-api-meta.service[95636]: DEBUG nova.api.openstack.wsgi_app [None req-5513a2b8-4e7a-4e55-a62c-008464bf7b2a None None] instance_usage_audit_period = month {{(pid=95636) log_opt_values /opt/stack/data/venv/lib/python3.12/site-packages/oslo_config/cfg.py:3242}}
Jun 22 14:58:08.268986 np0000003392 devstack@n-api-meta.service[95636]: DEBUG nova.api.openstack.wsgi_app [None req-5513a2b8-4e7a-4e55-a62c-008464bf7b2a None None] instance_uuid_format = [instance: %(uuid)s] {{(pid=95636) log_opt_values /opt/stack/data/venv/lib/python3.12/site-packages/oslo_config/cfg.py:3242}}
Jun 22 14:58:08.269111 np0000003392 devstack@n-api-meta.service[95636]: DEBUG nova.api.openstack.wsgi_app [None req-5513a2b8-4e7a-4e55-a62c-008464bf7b2a None None] instances_path = /opt/stack/data/nova/instances {{(pid=95636) log_opt_values /opt/stack/data/venv/lib/python3.12/site-packages/oslo_config/cfg.py:3242}}
Jun 22 14:58:08.269252 np0000003392 devstack@n-api-meta.service[95636]: DEBUG nova.api.openstack.wsgi_app [None req-5513a2b8-4e7a-4e55-a62c-008464bf7b2a None None] internal_service_availability_zone = internal {{(pid=95636) log_opt_values /opt/stack/data/venv/lib/python3.12/site-packages/oslo_config/cfg.py:3242}}
Jun 22 14:58:08.269383 np0000003392 devstack@n-api-meta.service[95636]: DEBUG nova.api.openstack.wsgi_app [None req-5513a2b8-4e7a-4e55-a62c-008464bf7b2a None None] key = None {{(pid=95636) log_opt_values /opt/stack/data/venv/lib/python3.12/site-packages/oslo_config/cfg.py:3242}}
Jun 22 14:58:08.269496 np0000003392 devstack@n-api-meta.service[95636]: DEBUG nova.api.openstack.wsgi_app [None req-5513a2b8-4e7a-4e55-a62c-008464bf7b2a None None] live_migration_retry_count = 30 {{(pid=95636) log_opt_values /opt/stack/data/venv/lib/python3.12/site-packages/oslo_config/cfg.py:3242}}
Jun 22 14:58:08.269628 np0000003392 devstack@n-api-meta.service[95636]: DEBUG nova.api.openstack.wsgi_app [None req-5513a2b8-4e7a-4e55-a62c-008464bf7b2a None None] log_color = False {{(pid=95636) log_opt_values /opt/stack/data/venv/lib/python3.12/site-packages/oslo_config/cfg.py:3242}}
Jun 22 14:58:08.269781 np0000003392 devstack@n-api-meta.service[95636]: DEBUG nova.api.openstack.wsgi_app [None req-5513a2b8-4e7a-4e55-a62c-008464bf7b2a None None] log_config_append = None {{(pid=95636) log_opt_values /opt/stack/data/venv/lib/python3.12/site-packages/oslo_config/cfg.py:3242}}
Jun 22 14:58:08.269941 np0000003392 devstack@n-api-meta.service[95636]: DEBUG nova.api.openstack.wsgi_app [None req-5513a2b8-4e7a-4e55-a62c-008464bf7b2a None None] log_date_format = %Y-%m-%d %H:%M:%S {{(pid=95636) log_opt_values /opt/stack/data/venv/lib/python3.12/site-packages/oslo_config/cfg.py:3242}}
Jun 22 14:58:08.270056 np0000003392 devstack@n-api-meta.service[95636]: DEBUG nova.api.openstack.wsgi_app [None req-5513a2b8-4e7a-4e55-a62c-008464bf7b2a None None] log_dir = None {{(pid=95636) log_opt_values /opt/stack/data/venv/lib/python3.12/site-packages/oslo_config/cfg.py:3242}}
Jun 22 14:58:08.270168 np0000003392 devstack@n-api-meta.service[95636]: DEBUG nova.api.openstack.wsgi_app [None req-5513a2b8-4e7a-4e55-a62c-008464bf7b2a None None] log_file = None {{(pid=95636) log_opt_values /opt/stack/data/venv/lib/python3.12/site-packages/oslo_config/cfg.py:3242}}
Jun 22 14:58:08.270314 np0000003392 devstack@n-api-meta.service[95636]: DEBUG nova.api.openstack.wsgi_app [None req-5513a2b8-4e7a-4e55-a62c-008464bf7b2a None None] log_options = True {{(pid=95636) log_opt_values /opt/stack/data/venv/lib/python3.12/site-packages/oslo_config/cfg.py:3242}}
Jun 22 14:58:08.270435 np0000003392 devstack@n-api-meta.service[95636]: DEBUG nova.api.openstack.wsgi_app [None req-5513a2b8-4e7a-4e55-a62c-008464bf7b2a None None] log_rotate_interval = 1 {{(pid=95636) log_opt_values /opt/stack/data/venv/lib/python3.12/site-packages/oslo_config/cfg.py:3242}}
Jun 22 14:58:08.270553 np0000003392 devstack@n-api-meta.service[95636]: DEBUG nova.api.openstack.wsgi_app [None req-5513a2b8-4e7a-4e55-a62c-008464bf7b2a None None] log_rotate_interval_type = days {{(pid=95636) log_opt_values /opt/stack/data/venv/lib/python3.12/site-packages/oslo_config/cfg.py:3242}}
Jun 22 14:58:08.270693 np0000003392 devstack@n-api-meta.service[95636]: DEBUG nova.api.openstack.wsgi_app [None req-5513a2b8-4e7a-4e55-a62c-008464bf7b2a None None] log_rotation_type = none {{(pid=95636) log_opt_values /opt/stack/data/venv/lib/python3.12/site-packages/oslo_config/cfg.py:3242}}
Jun 22 14:58:08.270831 np0000003392 devstack@n-api-meta.service[95636]: DEBUG nova.api.openstack.wsgi_app [None req-5513a2b8-4e7a-4e55-a62c-008464bf7b2a None None] logging_context_format_string = %(color)s%(levelname)s %(name)s [%(global_request_id)s %(request_id)s %(project_name)s %(user_name)s%(color)s] %(instance)s%(color)s%(message)s {{(pid=95636) log_opt_values /opt/stack/data/venv/lib/python3.12/site-packages/oslo_config/cfg.py:3242}}
Jun 22 14:58:08.271418 np0000003392 devstack@n-api-meta.service[95636]: DEBUG nova.api.openstack.wsgi_app [None req-5513a2b8-4e7a-4e55-a62c-008464bf7b2a None None] logging_debug_format_suffix = {{(pid=%(process)d) %(funcName)s %(pathname)s:%(lineno)d}} {{(pid=95636) log_opt_values /opt/stack/data/venv/lib/python3.12/site-packages/oslo_config/cfg.py:3242}}
Jun 22 14:58:08.271418 np0000003392 devstack@n-api-meta.service[95636]: DEBUG nova.api.openstack.wsgi_app [None req-5513a2b8-4e7a-4e55-a62c-008464bf7b2a None None] logging_default_format_string = %(color)s%(levelname)s %(name)s [-%(color)s] %(instance)s%(color)s%(message)s {{(pid=95636) log_opt_values /opt/stack/data/venv/lib/python3.12/site-packages/oslo_config/cfg.py:3242}}
Jun 22 14:58:08.271474 np0000003392 devstack@n-api-meta.service[95634]: WARNING nova.api.metadata.handler [None req-66968286-1180-45f4-82cf-1bdad313b4e4 None None] metadata_proxy_shared_secret is not configured, the metadata information returned by the proxy cannot be trusted
Jun 22 14:58:08.271507 np0000003392 devstack@n-api-meta.service[95636]: DEBUG nova.api.openstack.wsgi_app [None req-5513a2b8-4e7a-4e55-a62c-008464bf7b2a None None] logging_exception_prefix = ERROR %(name)s %(instance)s {{(pid=95636) log_opt_values /opt/stack/data/venv/lib/python3.12/site-packages/oslo_config/cfg.py:3242}}
Jun 22 14:58:08.271507 np0000003392 devstack@n-api-meta.service[95636]: DEBUG nova.api.openstack.wsgi_app [None req-5513a2b8-4e7a-4e55-a62c-008464bf7b2a None None] logging_user_identity_format = %(user)s %(project)s %(domain)s %(system_scope)s %(user_domain)s %(project_domain)s {{(pid=95636) log_opt_values /opt/stack/data/venv/lib/python3.12/site-packages/oslo_config/cfg.py:3242}}
