Jun 29 13:35:58.541873 np0000003911 nova-scheduler[93370]: DEBUG cotyledon.oslo_config_glue [-] oslo_messaging_notifications.topics = ['notifications'] {{(pid=93370) log_opt_values /opt/stack/data/venv/lib/python3.12/site-packages/oslo_config/cfg.py:3253}}
Jun 29 13:35:58.541934 np0000003911 nova-scheduler[93370]: DEBUG cotyledon.oslo_config_glue [-] oslo_messaging_notifications.transport_url = **** {{(pid=93370) log_opt_values /opt/stack/data/venv/lib/python3.12/site-packages/oslo_config/cfg.py:3253}}
Jun 29 13:35:58.542013 np0000003911 nova-scheduler[93370]: DEBUG cotyledon.oslo_config_glue [-] oslo_limit.auth_section = None {{(pid=93370) log_opt_values /opt/stack/data/venv/lib/python3.12/site-packages/oslo_config/cfg.py:3253}}
Jun 29 13:35:58.542094 np0000003911 nova-scheduler[93370]: DEBUG cotyledon.oslo_config_glue [-] oslo_limit.auth_type = None {{(pid=93370) log_opt_values /opt/stack/data/venv/lib/python3.12/site-packages/oslo_config/cfg.py:3253}}
Jun 29 13:35:58.542140 np0000003911 nova-scheduler[93370]: DEBUG cotyledon.oslo_config_glue [-] oslo_limit.cafile = None {{(pid=93370) log_opt_values /opt/stack/data/venv/lib/python3.12/site-packages/oslo_config/cfg.py:3253}}
Jun 29 13:35:58.542204 np0000003911 nova-scheduler[93370]: DEBUG cotyledon.oslo_config_glue [-] oslo_limit.certfile = None {{(pid=93370) log_opt_values /opt/stack/data/venv/lib/python3.12/site-packages/oslo_config/cfg.py:3253}}
Jun 29 13:35:58.542246 np0000003911 nova-scheduler[93370]: DEBUG cotyledon.oslo_config_glue [-] oslo_limit.collect_timing = False {{(pid=93370) log_opt_values /opt/stack/data/venv/lib/python3.12/site-packages/oslo_config/cfg.py:3253}}
Jun 29 13:35:58.542319 np0000003911 nova-scheduler[93370]: DEBUG cotyledon.oslo_config_glue [-] oslo_limit.connect_retries = None {{(pid=93370) log_opt_values /opt/stack/data/venv/lib/python3.12/site-packages/oslo_config/cfg.py:3253}}
Jun 29 13:35:58.542362 np0000003911 nova-scheduler[93370]: DEBUG cotyledon.oslo_config_glue [-] oslo_limit.connect_retry_delay = None {{(pid=93370) log_opt_values /opt/stack/data/venv/lib/python3.12/site-packages/oslo_config/cfg.py:3253}}
Jun 29 13:35:58.542429 np0000003911 nova-scheduler[93370]: DEBUG cotyledon.oslo_config_glue [-] oslo_limit.endpoint_id = None {{(pid=93370) log_opt_values /opt/stack/data/venv/lib/python3.12/site-packages/oslo_config/cfg.py:3253}}
Jun 29 13:35:58.542471 np0000003911 nova-scheduler[93370]: DEBUG cotyledon.oslo_config_glue [-] oslo_limit.endpoint_interface = public {{(pid=93370) log_opt_values /opt/stack/data/venv/lib/python3.12/site-packages/oslo_config/cfg.py:3253}}
Jun 29 13:35:58.542522 np0000003911 nova-scheduler[93370]: DEBUG cotyledon.oslo_config_glue [-] oslo_limit.endpoint_override = None {{(pid=93370) log_opt_values /opt/stack/data/venv/lib/python3.12/site-packages/oslo_config/cfg.py:3253}}
Jun 29 13:35:58.542562 np0000003911 nova-scheduler[93370]: DEBUG cotyledon.oslo_config_glue [-] oslo_limit.endpoint_region_name = None {{(pid=93370) log_opt_values /opt/stack/data/venv/lib/python3.12/site-packages/oslo_config/cfg.py:3253}}
Jun 29 13:35:58.542613 np0000003911 nova-scheduler[93370]: DEBUG cotyledon.oslo_config_glue [-] oslo_limit.endpoint_service_name = None {{(pid=93370) log_opt_values /opt/stack/data/venv/lib/python3.12/site-packages/oslo_config/cfg.py:3253}}
Jun 29 13:35:58.542672 np0000003911 nova-scheduler[93370]: DEBUG cotyledon.oslo_config_glue [-] oslo_limit.endpoint_service_type = None {{(pid=93370) log_opt_values /opt/stack/data/venv/lib/python3.12/site-packages/oslo_config/cfg.py:3253}}
Jun 29 13:35:58.542713 np0000003911 nova-scheduler[93370]: DEBUG cotyledon.oslo_config_glue [-] oslo_limit.insecure = False {{(pid=93370) log_opt_values /opt/stack/data/venv/lib/python3.12/site-packages/oslo_config/cfg.py:3253}}
Jun 29 13:35:58.542782 np0000003911 nova-scheduler[93370]: DEBUG cotyledon.oslo_config_glue [-] oslo_limit.keyfile = None {{(pid=93370) log_opt_values /opt/stack/data/venv/lib/python3.12/site-packages/oslo_config/cfg.py:3253}}
Jun 29 13:35:58.542821 np0000003911 nova-scheduler[93370]: DEBUG cotyledon.oslo_config_glue [-] oslo_limit.max_version = None {{(pid=93370) log_opt_values /opt/stack/data/venv/lib/python3.12/site-packages/oslo_config/cfg.py:3253}}
Jun 29 13:35:58.542857 np0000003911 nova-scheduler[93370]: DEBUG cotyledon.oslo_config_glue [-] oslo_limit.min_version = None {{(pid=93370) log_opt_values /opt/stack/data/venv/lib/python3.12/site-packages/oslo_config/cfg.py:3253}}
Jun 29 13:35:58.542890 np0000003911 nova-scheduler[93370]: DEBUG cotyledon.oslo_config_glue [-] oslo_limit.region_name = None {{(pid=93370) log_opt_values /opt/stack/data/venv/lib/python3.12/site-packages/oslo_config/cfg.py:3253}}
Jun 29 13:35:58.542936 np0000003911 nova-scheduler[93370]: DEBUG cotyledon.oslo_config_glue [-] oslo_limit.retriable_status_codes = None {{(pid=93370) log_opt_values /opt/stack/data/venv/lib/python3.12/site-packages/oslo_config/cfg.py:3253}}
Jun 29 13:35:58.542997 np0000003911 nova-scheduler[93370]: DEBUG cotyledon.oslo_config_glue [-] oslo_limit.service_name = None {{(pid=93370) log_opt_values /opt/stack/data/venv/lib/python3.12/site-packages/oslo_config/cfg.py:3253}}
Jun 29 13:35:58.543063 np0000003911 nova-scheduler[93370]: DEBUG cotyledon.oslo_config_glue [-] oslo_limit.service_type = None {{(pid=93370) log_opt_values /opt/stack/data/venv/lib/python3.12/site-packages/oslo_config/cfg.py:3253}}
Jun 29 13:35:58.543102 np0000003911 nova-scheduler[93370]: DEBUG cotyledon.oslo_config_glue [-] oslo_limit.split_loggers = False {{(pid=93370) log_opt_values /opt/stack/data/venv/lib/python3.12/site-packages/oslo_config/cfg.py:3253}}
Jun 29 13:35:58.543169 np0000003911 nova-scheduler[93370]: DEBUG cotyledon.oslo_config_glue [-] oslo_limit.status_code_retries = None {{(pid=93370) log_opt_values /opt/stack/data/venv/lib/python3.12/site-packages/oslo_config/cfg.py:3253}}
Jun 29 13:35:58.543210 np0000003911 nova-scheduler[93370]: DEBUG cotyledon.oslo_config_glue [-] oslo_limit.status_code_retry_delay = None {{(pid=93370) log_opt_values /opt/stack/data/venv/lib/python3.12/site-packages/oslo_config/cfg.py:3253}}
Jun 29 13:35:58.543265 np0000003911 nova-scheduler[93370]: DEBUG cotyledon.oslo_config_glue [-] oslo_limit.timeout = None {{(pid=93370) log_opt_values /opt/stack/data/venv/lib/python3.12/site-packages/oslo_config/cfg.py:3253}}
Jun 29 13:35:58.543332 np0000003911 nova-scheduler[93370]: DEBUG cotyledon.oslo_config_glue [-] oslo_limit.valid_interfaces = None {{(pid=93370) log_opt_values /opt/stack/data/venv/lib/python3.12/site-packages/oslo_config/cfg.py:3253}}
Jun 29 13:35:58.543396 np0000003911 nova-scheduler[93370]: DEBUG cotyledon.oslo_config_glue [-] oslo_limit.version = None {{(pid=93370) log_opt_values /opt/stack/data/venv/lib/python3.12/site-packages/oslo_config/cfg.py:3253}}
Jun 29 13:35:58.543446 np0000003911 nova-scheduler[93370]: DEBUG cotyledon.oslo_config_glue [-] oslo_reports.file_event_handler = None {{(pid=93370) log_opt_values /opt/stack/data/venv/lib/python3.12/site-packages/oslo_config/cfg.py:3253}}
Jun 29 13:35:58.543482 np0000003911 nova-scheduler[93370]: DEBUG cotyledon.oslo_config_glue [-] oslo_reports.file_event_handler_interval = 1 {{(pid=93370) log_opt_values /opt/stack/data/venv/lib/python3.12/site-packages/oslo_config/cfg.py:3253}}
Jun 29 13:35:58.543545 np0000003911 nova-scheduler[93370]: DEBUG cotyledon.oslo_config_glue [-] oslo_reports.log_dir = None {{(pid=93370) log_opt_values /opt/stack/data/venv/lib/python3.12/site-packages/oslo_config/cfg.py:3253}}
Jun 29 13:35:58.543595 np0000003911 nova-scheduler[93370]: DEBUG cotyledon.oslo_config_glue [-] ******************************************************************************** {{(pid=93370) log_opt_values /opt/stack/data/venv/lib/python3.12/site-packages/oslo_config/cfg.py:3260}}
Jun 29 13:35:58.543762 np0000003911 nova-scheduler[93370]: DEBUG cotyledon._service_worker [-] Run service ServiceWrapper(1) [93370] {{(pid=93370) wait_forever /opt/stack/data/venv/lib/python3.12/site-packages/cotyledon/_service_worker.py:218}}
Jun 29 13:35:58.545698 np0000003911 nova-scheduler[93370]: INFO nova.service [-] Starting scheduler node (version 33.1.0)
Jun 29 13:35:58.550355 np0000003911 nova-scheduler[93370]: INFO dbcounter [None req-8e385fa0-0e72-46d3-9508-0cddf520ec21 None None] Registered counter for database nova_cell0
Jun 29 13:35:58.555778 np0000003911 nova-scheduler[93366]: DEBUG nova.service [None req-d9d77f67-7b90-4234-a9dd-3d4214246467 None None] Creating RPC server for service: nova-scheduler on topic: scheduler {{(pid=93366) start /opt/stack/nova/nova/service.py:196}}
Jun 29 13:35:58.575667 np0000003911 nova-scheduler[93388]: DEBUG oslo_db.sqlalchemy.engines [None req-83737522-088d-417e-888a-9861742803ad None None] MySQL server mode set to STRICT_TRANS_TABLES,STRICT_ALL_TABLES,NO_ZERO_IN_DATE,NO_ZERO_DATE,ERROR_FOR_DIVISION_BY_ZERO,TRADITIONAL,NO_ENGINE_SUBSTITUTION {{(pid=93388) _check_effective_sql_mode /opt/stack/data/venv/lib/python3.12/site-packages/oslo_db/sqlalchemy/engines.py:325}}
Jun 29 13:35:58.582678 np0000003911 nova-scheduler[93366]: DEBUG nova.service [None req-d9d77f67-7b90-4234-a9dd-3d4214246467 None None] Join ServiceGroup membership for this service scheduler {{(pid=93366) start /opt/stack/nova/nova/service.py:222}}
Jun 29 13:35:58.583130 np0000003911 nova-scheduler[93366]: DEBUG nova.servicegroup.drivers.db [None req-d9d77f67-7b90-4234-a9dd-3d4214246467 None None] DB_Driver: join new ServiceGroup member np0000003911 to the scheduler group, service = {{(pid=93366) join /opt/stack/nova/nova/servicegroup/drivers/db.py:44}}
Jun 29 13:35:58.585478 np0000003911 nova-scheduler[93388]: DEBUG dbcounter [-] [93388] Writer thread running {{(pid=93388) stat_writer /opt/stack/data/venv/lib/python3.12/site-packages/dbcounter.py:102}}
Jun 29 13:35:58.588572 np0000003911 nova-scheduler[93388]: DEBUG nova.service [None req-83737522-088d-417e-888a-9861742803ad None None] Creating RPC server for service: nova-scheduler on topic: scheduler {{(pid=93388) start /opt/stack/nova/nova/service.py:196}}
Jun 29 13:35:58.589565 np0000003911 nova-scheduler[93370]: DEBUG oslo_db.sqlalchemy.engines [None req-8e385fa0-0e72-46d3-9508-0cddf520ec21 None None] MySQL server mode set to STRICT_TRANS_TABLES,STRICT_ALL_TABLES,NO_ZERO_IN_DATE,NO_ZERO_DATE,ERROR_FOR_DIVISION_BY_ZERO,TRADITIONAL,NO_ENGINE_SUBSTITUTION {{(pid=93370) _check_effective_sql_mode /opt/stack/data/venv/lib/python3.12/site-packages/oslo_db/sqlalchemy/engines.py:325}}
Jun 29 13:35:58.601877 np0000003911 nova-scheduler[93370]: DEBUG dbcounter [-] [93370] Writer thread running {{(pid=93370) stat_writer /opt/stack/data/venv/lib/python3.12/site-packages/dbcounter.py:102}}
Jun 29 13:35:58.605668 np0000003911 nova-scheduler[93370]: DEBUG nova.service [None req-8e385fa0-0e72-46d3-9508-0cddf520ec21 None None] Creating RPC server for service: nova-scheduler on topic: scheduler {{(pid=93370) start /opt/stack/nova/nova/service.py:196}}
Jun 29 13:35:58.610517 np0000003911 nova-scheduler[93388]: DEBUG nova.service [None req-83737522-088d-417e-888a-9861742803ad None None] Join ServiceGroup membership for this service scheduler {{(pid=93388) start /opt/stack/nova/nova/service.py:222}}
Jun 29 13:35:58.610680 np0000003911 nova-scheduler[93388]: DEBUG nova.servicegroup.drivers.db [None req-83737522-088d-417e-888a-9861742803ad None None] DB_Driver: join new ServiceGroup member np0000003911 to the scheduler group, service = {{(pid=93388) join /opt/stack/nova/nova/servicegroup/drivers/db.py:44}}
Jun 29 13:35:58.628129 np0000003911 nova-scheduler[93370]: DEBUG nova.service [None req-8e385fa0-0e72-46d3-9508-0cddf520ec21 None None] Join ServiceGroup membership for this service scheduler {{(pid=93370) start /opt/stack/nova/nova/service.py:222}}
Jun 29 13:35:58.628408 np0000003911 nova-scheduler[93370]: DEBUG nova.servicegroup.drivers.db [None req-8e385fa0-0e72-46d3-9508-0cddf520ec21 None None] DB_Driver: join new ServiceGroup member np0000003911 to the scheduler group, service = {{(pid=93370) join /opt/stack/nova/nova/servicegroup/drivers/db.py:44}}
Jun 29 13:35:59.613103 np0000003911 nova-scheduler[93388]: DEBUG oslo.service.backend._threading.loopingcall [None req-515c3970-cceb-4f09-80e1-66427c33679c None None] Dynamic interval looping call 'nova.service.Service.periodic_tasks' sleeping for 60.00 seconds {{(pid=93388) _run_loop /opt/stack/data/venv/lib/python3.12/site-packages/oslo_service/backend/_threading/loopingcall.py:125}}
Jun 29 13:36:03.609627 np0000003911 nova-scheduler[93366]: DEBUG oslo.service.backend._threading.loopingcall [-] Fixed interval looping call 'nova.servicegroup.drivers.db.DbDriver._report_state' sleeping for 119.98 seconds {{(pid=93366) _run_loop /opt/stack/data/venv/lib/python3.12/site-packages/oslo_service/backend/_threading/loopingcall.py:125}}
Jun 29 13:36:03.621480 np0000003911 nova-scheduler[93388]: DEBUG oslo.service.backend._threading.loopingcall [-] Fixed interval looping call 'nova.servicegroup.drivers.db.DbDriver._report_state' sleeping for 119.99 seconds {{(pid=93388) _run_loop /opt/stack/data/venv/lib/python3.12/site-packages/oslo_service/backend/_threading/loopingcall.py:125}}
Jun 29 13:36:03.639018 np0000003911 nova-scheduler[93370]: DEBUG oslo.service.backend._threading.loopingcall [-] Fixed interval looping call 'nova.servicegroup.drivers.db.DbDriver._report_state' sleeping for 119.99 seconds {{(pid=93370) _run_loop /opt/stack/data/venv/lib/python3.12/site-packages/oslo_service/backend/_threading/loopingcall.py:125}}
Jun 29 13:36:07.162496 np0000003911 nova-scheduler[92167]: DEBUG dbcounter [-] [92167] Writing DB stats nova_api:SELECT=3 {{(pid=92167) stat_writer /opt/stack/data/venv/lib/python3.12/site-packages/dbcounter.py:115}}
Jun 29 13:36:07.289349 np0000003911 nova-scheduler[92167]: DEBUG dbcounter [-] [92167] Writing DB stats nova_cell0:SELECT=1 {{(pid=92167) stat_writer /opt/stack/data/venv/lib/python3.12/site-packages/dbcounter.py:115}}
Jun 29 13:36:07.294465 np0000003911 nova-scheduler[92167]: DEBUG dbcounter [-] [92167] Writing DB stats nova_cell1:SELECT=1 {{(pid=92167) stat_writer /opt/stack/data/venv/lib/python3.12/site-packages/dbcounter.py:115}}
Jun 29 13:36:13.599025 np0000003911 nova-scheduler[93366]: DEBUG dbcounter [-] [93366] Writing DB stats nova_cell0:SELECT=4,nova_cell0:INSERT=1,nova_cell0:UPDATE=1 {{(pid=93366) stat_writer /opt/stack/data/venv/lib/python3.12/site-packages/dbcounter.py:115}}
Jun 29 13:36:13.618335 np0000003911 nova-scheduler[93388]: DEBUG dbcounter [-] [93388] Writing DB stats nova_cell0:SELECT=3 {{(pid=93388) stat_writer /opt/stack/data/venv/lib/python3.12/site-packages/dbcounter.py:115}}
Jun 29 13:36:13.639049 np0000003911 nova-scheduler[93370]: DEBUG dbcounter [-] [93370] Writing DB stats nova_cell0:SELECT=3 {{(pid=93370) stat_writer /opt/stack/data/venv/lib/python3.12/site-packages/dbcounter.py:115}}
Jun 29 13:36:14.630592 np0000003911 nova-scheduler[93370]: DEBUG oslo.service.backend._threading.loopingcall [None req-f93de7cb-e1ba-4ac9-958b-893ead160177 None None] Dynamic interval looping call 'nova.service.Service.periodic_tasks' sleeping for 60.00 seconds {{(pid=93370) _run_loop /opt/stack/data/venv/lib/python3.12/site-packages/oslo_service/backend/_threading/loopingcall.py:125}}
Jun 29 13:36:19.585439 np0000003911 nova-scheduler[93366]: DEBUG oslo.service.backend._threading.loopingcall [None req-fa6e9249-8d6e-47aa-abe5-e93e47571a16 None None] Dynamic interval looping call 'nova.service.Service.periodic_tasks' sleeping for 60.00 seconds {{(pid=93366) _run_loop /opt/stack/data/venv/lib/python3.12/site-packages/oslo_service/backend/_threading/loopingcall.py:125}}
Jun 29 13:36:59.613724 np0000003911 nova-scheduler[93388]: DEBUG oslo.service.backend._threading.loopingcall [None req-515c3970-cceb-4f09-80e1-66427c33679c None None] Dynamic interval looping call 'nova.service.Service.periodic_tasks' sleeping for 60.00 seconds {{(pid=93388) _run_loop /opt/stack/data/venv/lib/python3.12/site-packages/oslo_service/backend/_threading/loopingcall.py:125}}
Jun 29 13:37:14.631397 np0000003911 nova-scheduler[93370]: DEBUG oslo.service.backend._threading.loopingcall [None req-f93de7cb-e1ba-4ac9-958b-893ead160177 None None] Dynamic interval looping call 'nova.service.Service.periodic_tasks' sleeping for 60.00 seconds {{(pid=93370) _run_loop /opt/stack/data/venv/lib/python3.12/site-packages/oslo_service/backend/_threading/loopingcall.py:125}}
Jun 29 13:37:19.585806 np0000003911 nova-scheduler[93366]: DEBUG oslo.service.backend._threading.loopingcall [None req-fa6e9249-8d6e-47aa-abe5-e93e47571a16 None None] Dynamic interval looping call 'nova.service.Service.periodic_tasks' sleeping for 60.00 seconds {{(pid=93366) _run_loop /opt/stack/data/venv/lib/python3.12/site-packages/oslo_service/backend/_threading/loopingcall.py:125}}
Jun 29 13:37:59.614128 np0000003911 nova-scheduler[93388]: DEBUG oslo.service.backend._threading.loopingcall [None req-515c3970-cceb-4f09-80e1-66427c33679c None None] Dynamic interval looping call 'nova.service.Service.periodic_tasks' sleeping for 60.00 seconds {{(pid=93388) _run_loop /opt/stack/data/venv/lib/python3.12/site-packages/oslo_service/backend/_threading/loopingcall.py:125}}
Jun 29 13:38:03.598339 np0000003911 nova-scheduler[93366]: DEBUG oslo.service.backend._threading.loopingcall [-] Fixed interval looping call 'nova.servicegroup.drivers.db.DbDriver._report_state' sleeping for 119.99 seconds {{(pid=93366) _run_loop /opt/stack/data/venv/lib/python3.12/site-packages/oslo_service/backend/_threading/loopingcall.py:125}}
Jun 29 13:38:03.614964 np0000003911 nova-scheduler[93388]: DEBUG oslo.service.backend._threading.loopingcall [-] Fixed interval looping call 'nova.servicegroup.drivers.db.DbDriver._report_state' sleeping for 120.00 seconds {{(pid=93388) _run_loop /opt/stack/data/venv/lib/python3.12/site-packages/oslo_service/backend/_threading/loopingcall.py:125}}
Jun 29 13:38:03.632522 np0000003911 nova-scheduler[93370]: DEBUG oslo.service.backend._threading.loopingcall [-] Fixed interval looping call 'nova.servicegroup.drivers.db.DbDriver._report_state' sleeping for 120.00 seconds {{(pid=93370) _run_loop /opt/stack/data/venv/lib/python3.12/site-packages/oslo_service/backend/_threading/loopingcall.py:125}}
Jun 29 13:38:13.593612 np0000003911 nova-scheduler[93366]: DEBUG dbcounter [-] [93366] Writing DB stats nova_cell0:SELECT=1,nova_cell0:UPDATE=1 {{(pid=93366) stat_writer /opt/stack/data/venv/lib/python3.12/site-packages/dbcounter.py:115}}
Jun 29 13:38:13.614342 np0000003911 nova-scheduler[93388]: DEBUG dbcounter [-] [93388] Writing DB stats nova_cell0:SELECT=1 {{(pid=93388) stat_writer /opt/stack/data/venv/lib/python3.12/site-packages/dbcounter.py:115}}
Jun 29 13:38:13.630641 np0000003911 nova-scheduler[93370]: DEBUG dbcounter [-] [93370] Writing DB stats nova_cell0:SELECT=1 {{(pid=93370) stat_writer /opt/stack/data/venv/lib/python3.12/site-packages/dbcounter.py:115}}
Jun 29 13:38:14.631775 np0000003911 nova-scheduler[93370]: DEBUG oslo.service.backend._threading.loopingcall [None req-f93de7cb-e1ba-4ac9-958b-893ead160177 None None] Dynamic interval looping call 'nova.service.Service.periodic_tasks' sleeping for 60.00 seconds {{(pid=93370) _run_loop /opt/stack/data/venv/lib/python3.12/site-packages/oslo_service/backend/_threading/loopingcall.py:125}}
Jun 29 13:38:19.586319 np0000003911 nova-scheduler[93366]: DEBUG oslo.service.backend._threading.loopingcall [None req-fa6e9249-8d6e-47aa-abe5-e93e47571a16 None None] Dynamic interval looping call 'nova.service.Service.periodic_tasks' sleeping for 60.00 seconds {{(pid=93366) _run_loop /opt/stack/data/venv/lib/python3.12/site-packages/oslo_service/backend/_threading/loopingcall.py:125}}
Jun 29 13:38:27.817581 np0000003911 nova-scheduler[93366]: DEBUG nova.scheduler.manager [None req-b715c4f8-b31e-4077-8d7f-0f90ddad6235 tempest-DeleteServersTestJSON-612751685 tempest-DeleteServersTestJSON-612751685-project-member] Starting to schedule for instances: ['74794519-1fa6-4a6d-9e6b-b45e735baa28'] {{(pid=93366) select_destinations /opt/stack/nova/nova/scheduler/manager.py:209}}
Jun 29 13:38:27.818429 np0000003911 nova-scheduler[93366]: DEBUG nova.scheduler.request_filter [None req-b715c4f8-b31e-4077-8d7f-0f90ddad6235 tempest-DeleteServersTestJSON-612751685 tempest-DeleteServersTestJSON-612751685-project-member] compute_status_filter request filter added forbidden trait COMPUTE_STATUS_DISABLED {{(pid=93366) compute_status_filter /opt/stack/nova/nova/scheduler/request_filter.py:253}}
Jun 29 13:38:27.818601 np0000003911 nova-scheduler[93366]: DEBUG nova.scheduler.request_filter [None req-b715c4f8-b31e-4077-8d7f-0f90ddad6235 tempest-DeleteServersTestJSON-612751685 tempest-DeleteServersTestJSON-612751685-project-member] Request filter 'compute_status_filter' took 0.0 seconds {{(pid=93366) wrapper /opt/stack/nova/nova/scheduler/request_filter.py:46}}
Jun 29 13:38:27.818993 np0000003911 nova-scheduler[93366]: DEBUG nova.scheduler.request_filter [None req-b715c4f8-b31e-4077-8d7f-0f90ddad6235 tempest-DeleteServersTestJSON-612751685 tempest-DeleteServersTestJSON-612751685-project-member] Request filter 'accelerators_filter' took 0.0 seconds {{(pid=93366) wrapper /opt/stack/nova/nova/scheduler/request_filter.py:46}}
Jun 29 13:38:27.819241 np0000003911 nova-scheduler[93366]: DEBUG nova.scheduler.request_filter [None req-b715c4f8-b31e-4077-8d7f-0f90ddad6235 tempest-DeleteServersTestJSON-612751685 tempest-DeleteServersTestJSON-612751685-project-member] Request filter 'packed_virtqueue_filter' took 0.0 seconds {{(pid=93366) wrapper /opt/stack/nova/nova/scheduler/request_filter.py:46}}
Jun 29 13:38:27.819520 np0000003911 nova-scheduler[93366]: DEBUG nova.scheduler.request_filter [None req-b715c4f8-b31e-4077-8d7f-0f90ddad6235 tempest-DeleteServersTestJSON-612751685 tempest-DeleteServersTestJSON-612751685-project-member] Request filter 'remote_managed_ports_filter' took 0.0 seconds {{(pid=93366) wrapper /opt/stack/nova/nova/scheduler/request_filter.py:46}}
Jun 29 13:38:27.819722 np0000003911 nova-scheduler[93366]: DEBUG nova.scheduler.request_filter [None req-b715c4f8-b31e-4077-8d7f-0f90ddad6235 tempest-DeleteServersTestJSON-612751685 tempest-DeleteServersTestJSON-612751685-project-member] ephemeral_encryption_filter skipped {{(pid=93366) ephemeral_encryption_filter /opt/stack/nova/nova/scheduler/request_filter.py:426}}
Jun 29 13:38:27.819912 np0000003911 nova-scheduler[93366]: DEBUG nova.scheduler.request_filter [None req-b715c4f8-b31e-4077-8d7f-0f90ddad6235 tempest-DeleteServersTestJSON-612751685 tempest-DeleteServersTestJSON-612751685-project-member] virtio_sound_filter skipped {{(pid=93366) virtio_sound_filter /opt/stack/nova/nova/scheduler/request_filter.py:460}}
Jun 29 13:38:27.820334 np0000003911 nova-scheduler[93366]: DEBUG nova.scheduler.request_filter [None req-b715c4f8-b31e-4077-8d7f-0f90ddad6235 tempest-DeleteServersTestJSON-612751685 tempest-DeleteServersTestJSON-612751685-project-member] tpm_secret_security_filter skipped {{(pid=93366) tpm_secret_security_filter /opt/stack/nova/nova/scheduler/request_filter.py:477}}
Jun 29 13:38:28.314000 np0000003911 nova-scheduler[93366]: INFO nova.utils [None req-b715c4f8-b31e-4077-8d7f-0f90ddad6235 tempest-DeleteServersTestJSON-612751685 tempest-DeleteServersTestJSON-612751685-project-member] The cell worker thread pool ForkProcess-1.cell_worker is initialized
Jun 29 13:38:28.314515 np0000003911 nova-scheduler[93366]: DEBUG oslo_concurrency.lockutils [None req-b715c4f8-b31e-4077-8d7f-0f90ddad6235 tempest-DeleteServersTestJSON-612751685 tempest-DeleteServersTestJSON-612751685-project-member] Acquiring lock "63917524-eec7-483b-b6ea-7f02abe069ce" by "nova.context.set_target_cell..get_or_set_cached_cell_and_set_connections" {{(pid=93366) inner /opt/stack/data/venv/lib/python3.12/site-packages/oslo_concurrency/lockutils.py:511}}
Jun 29 13:38:28.314829 np0000003911 nova-scheduler[93366]: DEBUG oslo_concurrency.lockutils [None req-b715c4f8-b31e-4077-8d7f-0f90ddad6235 tempest-DeleteServersTestJSON-612751685 tempest-DeleteServersTestJSON-612751685-project-member] Lock "63917524-eec7-483b-b6ea-7f02abe069ce" acquired by "nova.context.set_target_cell..get_or_set_cached_cell_and_set_connections" :: waited 0.000s {{(pid=93366) inner /opt/stack/data/venv/lib/python3.12/site-packages/oslo_concurrency/lockutils.py:524}}
Jun 29 13:38:28.317221 np0000003911 nova-scheduler[93366]: DEBUG oslo_concurrency.lockutils [None req-b715c4f8-b31e-4077-8d7f-0f90ddad6235 tempest-DeleteServersTestJSON-612751685 tempest-DeleteServersTestJSON-612751685-project-member] Lock "63917524-eec7-483b-b6ea-7f02abe069ce" "released" by "nova.context.set_target_cell..get_or_set_cached_cell_and_set_connections" :: held 0.002s {{(pid=93366) inner /opt/stack/data/venv/lib/python3.12/site-packages/oslo_concurrency/lockutils.py:543}}
Jun 29 13:38:28.319482 np0000003911 nova-scheduler[93366]: INFO dbcounter [None req-b715c4f8-b31e-4077-8d7f-0f90ddad6235 tempest-DeleteServersTestJSON-612751685 tempest-DeleteServersTestJSON-612751685-project-member] Registered counter for database nova_cell1
Jun 29 13:38:28.359618 np0000003911 nova-scheduler[93366]: DEBUG oslo_db.sqlalchemy.engines [None req-b715c4f8-b31e-4077-8d7f-0f90ddad6235 tempest-DeleteServersTestJSON-612751685 tempest-DeleteServersTestJSON-612751685-project-member] MySQL server mode set to STRICT_TRANS_TABLES,STRICT_ALL_TABLES,NO_ZERO_IN_DATE,NO_ZERO_DATE,ERROR_FOR_DIVISION_BY_ZERO,TRADITIONAL,NO_ENGINE_SUBSTITUTION {{(pid=93366) _check_effective_sql_mode /opt/stack/data/venv/lib/python3.12/site-packages/oslo_db/sqlalchemy/engines.py:325}}
Jun 29 13:38:28.371569 np0000003911 nova-scheduler[93366]: DEBUG dbcounter [-] [93366] Writer thread running {{(pid=93366) stat_writer /opt/stack/data/venv/lib/python3.12/site-packages/dbcounter.py:102}}
Jun 29 13:38:28.387568 np0000003911 nova-scheduler[93366]: DEBUG oslo_db.sqlalchemy.engines [None req-b715c4f8-b31e-4077-8d7f-0f90ddad6235 tempest-DeleteServersTestJSON-612751685 tempest-DeleteServersTestJSON-612751685-project-member] Parent process 92167 forked (93366) with an open database connection, which is being discarded and recreated. {{(pid=93366) checkout /opt/stack/data/venv/lib/python3.12/site-packages/oslo_db/sqlalchemy/engines.py:402}}
Jun 29 13:38:28.426369 np0000003911 nova-scheduler[93366]: DEBUG dbcounter [-] [93366] Writer thread running {{(pid=93366) stat_writer /opt/stack/data/venv/lib/python3.12/site-packages/dbcounter.py:102}}
Jun 29 13:38:28.428993 np0000003911 nova-scheduler[93366]: DEBUG oslo_concurrency.lockutils [None req-b715c4f8-b31e-4077-8d7f-0f90ddad6235 tempest-DeleteServersTestJSON-612751685 tempest-DeleteServersTestJSON-612751685-project-member] Acquiring lock "63917524-eec7-483b-b6ea-7f02abe069ce" by "nova.context.set_target_cell..get_or_set_cached_cell_and_set_connections" {{(pid=93366) inner /opt/stack/data/venv/lib/python3.12/site-packages/oslo_concurrency/lockutils.py:511}}
Jun 29 13:38:28.429193 np0000003911 nova-scheduler[93366]: DEBUG oslo_concurrency.lockutils [None req-b715c4f8-b31e-4077-8d7f-0f90ddad6235 tempest-DeleteServersTestJSON-612751685 tempest-DeleteServersTestJSON-612751685-project-member] Lock "63917524-eec7-483b-b6ea-7f02abe069ce" acquired by "nova.context.set_target_cell..get_or_set_cached_cell_and_set_connections" :: waited 0.000s {{(pid=93366) inner /opt/stack/data/venv/lib/python3.12/site-packages/oslo_concurrency/lockutils.py:524}}
Jun 29 13:38:28.429346 np0000003911 nova-scheduler[93366]: DEBUG oslo_concurrency.lockutils [None req-b715c4f8-b31e-4077-8d7f-0f90ddad6235 tempest-DeleteServersTestJSON-612751685 tempest-DeleteServersTestJSON-612751685-project-member] Lock "63917524-eec7-483b-b6ea-7f02abe069ce" "released" by "nova.context.set_target_cell..get_or_set_cached_cell_and_set_connections" :: held 0.000s {{(pid=93366) inner /opt/stack/data/venv/lib/python3.12/site-packages/oslo_concurrency/lockutils.py:543}}
Jun 29 13:38:28.432373 np0000003911 nova-scheduler[93366]: DEBUG oslo_concurrency.lockutils [None req-b715c4f8-b31e-4077-8d7f-0f90ddad6235 tempest-DeleteServersTestJSON-612751685 tempest-DeleteServersTestJSON-612751685-project-member] Acquiring lock "np0000003911-np0000003911" by "nova.scheduler.host_manager.HostState.update.._locked_update" {{(pid=93366) inner /opt/stack/data/venv/lib/python3.12/site-packages/oslo_concurrency/lockutils.py:511}}
Jun 29 13:38:28.432527 np0000003911 nova-scheduler[93366]: DEBUG oslo_concurrency.lockutils [None req-b715c4f8-b31e-4077-8d7f-0f90ddad6235 tempest-DeleteServersTestJSON-612751685 tempest-DeleteServersTestJSON-612751685-project-member] Lock "np0000003911-np0000003911" acquired by "nova.scheduler.host_manager.HostState.update.._locked_update" :: waited 0.000s {{(pid=93366) inner /opt/stack/data/venv/lib/python3.12/site-packages/oslo_concurrency/lockutils.py:524}}
Jun 29 13:38:28.433636 np0000003911 nova-scheduler[93366]: DEBUG nova.scheduler.host_manager [None req-b715c4f8-b31e-4077-8d7f-0f90ddad6235 tempest-DeleteServersTestJSON-612751685 tempest-DeleteServersTestJSON-612751685-project-member] Update host state from compute node: ComputeNode(cpu_allocation_ratio=4.0,cpu_info='{"arch": "x86_64", "model": "EPYC-Milan", "vendor": "AMD", "topology": {"cells": 1, "sockets": 16, "cores": 1, "threads": 1}, "maxphysaddr": {"mode": "emulate", "bits": 40}, "features": ["mmx", "sse4a", "stibp", "fma", "bmi1", "pse", "mca", "pfthreshold", "clwb", "de", "ssbd", "abm", "cmov", "apic", "tsc-deadline", "cr8legacy", "stibp-always-on", "v-vmsave-vmload", "fsgsbase", "smep", "aes", "pae", "pku", "svme-addr-chk", "arch-capabilities", "svm", "amd-stibp", "wbnoinvd", "xsaves", "pcid", "cx8", "rdseed", "sep", "xsaveerptr", "clflush", "mce", "amd-ssbd", "msr", "mmxext", "pge", "pse36", "fpu", "pclmuldq", "hypervisor", "osvw", "rdrand", "arat", "sse4.1", "virt-ssbd", "umip", "vpclmulqdq", "perfctr_core", "cx16", "sse2", "vgif", "tsc_adjust", "avx", "xgetbv1", "clflushopt", "syscall", "ssse3", "smap", "xsaveopt", "gds-no", "sha-ni", "lahf_lm", "nx", "pni", "xsave", "pdpe1gb", "rdtscp", "sse4.2", "pat", "3dnowprefetch", "vaes", "x2apic", "topoext", "ibrs", "popcnt", "invpcid", "xsavec", "flushbyasid", "lbrv", "ibpb", "lm", "misalignsse", "rdpid", "spec-ctrl", "mtrr", "clzero", "no-nested-data-bp", "tsc-scale", "rdctl-no", "fxsr", "sse", "skip-l1dfl-vmentry", "movbe", "bmi2", "pause-filter", "mds-no", "vme", "fsrm", "fxsr_opt", "nrip-save", "f16c", "pschange-mc-no", "null-sel-clr-base", "vmcb-clean", "lfence-always-serializing", "cmp_legacy", "npt", "erms", "avx2", "adx", "amd-psfd", "tsc"]}',created_at=2026-06-29T13:36:24Z,current_workload=0,deleted=False,deleted_at=None,disk_allocation_ratio=1.0,disk_available_least=73,free_disk_gb=95,free_ram_mb=62765,host='np0000003911',host_ip=10.4.3.196,hypervisor_hostname='np0000003911',hypervisor_type='QEMU',hypervisor_version=8002002,id=1,local_gb=95,local_gb_used=0,mapped=1,memory_mb=63277,memory_mb_used=512,metrics='[]',numa_topology='{"nova_object.name": "NUMATopology", "nova_object.namespace": "nova", "nova_object.version": "1.2", "nova_object.data": {"cells": [{"nova_object.name": "NUMACell", "nova_object.namespace": "nova", "nova_object.version": "1.5", "nova_object.data": {"id": 0, "cpuset": [0, 1, 2, 3, 4, 5, 6, 7, 8, 9, 10, 11, 12, 13, 14, 15], "pcpuset": [0, 1, 2, 3, 4, 5, 6, 7, 8, 9, 10, 11, 12, 13, 14, 15], "memory": 63277, "cpu_usage": 0, "memory_usage": 0, "pinned_cpus": [], "siblings": [[6], [12], [2], [15], [5], [11], [8], [14], [4], [1], [7], [10], [0], [13], [3], [9]], "mempages": [{"nova_object.name": "NUMAPagesTopology", "nova_object.namespace": "nova", "nova_object.version": "1.1", "nova_object.data": {"size_kb": 4, "total": 16177928, "used": 0, "reserved": 0}, "nova_object.changes": ["used", "size_kb", "reserved", "total"]}, {"nova_object.name": "NUMAPagesTopology", "nova_object.namespace": "nova", "nova_object.version": "1.1", "nova_object.data": {"size_kb": 2048, "total": 41, "used": 0, "reserved": 0}, "nova_object.changes": ["used", "size_kb", "reserved", "total"]}, {"nova_object.name": "NUMAPagesTopology", "nova_object.namespace": "nova", "nova_object.version": "1.1", "nova_object.data": {"size_kb": 1048576, "total": 0, "used": 0, "reserved": 0}, "nova_object.changes": ["used", "size_kb", "reserved", "total"]}], "network_metadata": {"nova_object.name": "NetworkMetadata", "nova_object.namespace": "nova", "nova_object.version": "1.0", "nova_object.data": {"physnets": [], "tunneled": false}, "nova_object.changes": ["physnets", "tunneled"]}, "socket": null}, "nova_object.changes": ["id", "siblings", "pinned_cpus", "mempages", "pcpuset", "cpu_usage", "memory_usage", "socket", "network_metadata", "memory", "cpuset"]}]}, "nova_object.changes": ["cells"]}',pci_device_pools=PciDevicePoolList,ram_allocation_ratio=1.0,running_vms=0,service_id=3,stats={failed_builds='0',uptime=' 13:38:09 up 14 min, 2 users, load average: 1.40, 1.41, 0.80
Jun 29 13:38:28.433636 np0000003911 nova-scheduler[93366]: '},supported_hv_specs=[HVSpec,HVSpec,HVSpec,HVSpec,HVSpec,HVSpec,HVSpec,HVSpec,HVSpec,HVSpec,HVSpec,HVSpec,HVSpec,HVSpec,HVSpec,HVSpec,HVSpec,HVSpec,HVSpec,HVSpec,HVSpec,HVSpec,HVSpec,HVSpec,HVSpec],updated_at=2026-06-29T13:38:11Z,uuid=65e9cd8f-4d20-4746-84c8-e19d4f824985,vcpus=16,vcpus_used=0) {{(pid=93366) _locked_update /opt/stack/nova/nova/scheduler/host_manager.py:168}}
Jun 29 13:38:28.434489 np0000003911 nova-scheduler[93366]: DEBUG nova.scheduler.host_manager [None req-b715c4f8-b31e-4077-8d7f-0f90ddad6235 tempest-DeleteServersTestJSON-612751685 tempest-DeleteServersTestJSON-612751685-project-member] Update host state with aggregates: [] {{(pid=93366) _locked_update /opt/stack/nova/nova/scheduler/host_manager.py:171}}
Jun 29 13:38:28.434624 np0000003911 nova-scheduler[93366]: DEBUG nova.scheduler.host_manager [None req-b715c4f8-b31e-4077-8d7f-0f90ddad6235 tempest-DeleteServersTestJSON-612751685 tempest-DeleteServersTestJSON-612751685-project-member] Update host state with service dict: {'id': 3, 'uuid': '7817e632-dc1b-43c4-ac76-15a4374dffce', 'host': 'np0000003911', 'binary': 'nova-compute', 'topic': 'compute', 'report_count': 1, 'disabled': False, 'disabled_reason': None, 'last_seen_up': datetime.datetime(2026, 6, 29, 13, 36, 33, tzinfo=datetime.timezone.utc), 'forced_down': False, 'version': 72, 'created_at': datetime.datetime(2026, 6, 29, 13, 36, 22, tzinfo=datetime.timezone.utc), 'updated_at': datetime.datetime(2026, 6, 29, 13, 36, 33, tzinfo=datetime.timezone.utc), 'deleted_at': None, 'deleted': False} {{(pid=93366) _locked_update /opt/stack/nova/nova/scheduler/host_manager.py:174}}
Jun 29 13:38:28.434775 np0000003911 nova-scheduler[93366]: DEBUG nova.scheduler.host_manager [None req-b715c4f8-b31e-4077-8d7f-0f90ddad6235 tempest-DeleteServersTestJSON-612751685 tempest-DeleteServersTestJSON-612751685-project-member] Update host state with instances: [] {{(pid=93366) _locked_update /opt/stack/nova/nova/scheduler/host_manager.py:177}}
Jun 29 13:38:28.434906 np0000003911 nova-scheduler[93366]: DEBUG oslo_concurrency.lockutils [None req-b715c4f8-b31e-4077-8d7f-0f90ddad6235 tempest-DeleteServersTestJSON-612751685 tempest-DeleteServersTestJSON-612751685-project-member] Lock "np0000003911-np0000003911" "released" by "nova.scheduler.host_manager.HostState.update.._locked_update" :: held 0.002s {{(pid=93366) inner /opt/stack/data/venv/lib/python3.12/site-packages/oslo_concurrency/lockutils.py:543}}
Jun 29 13:38:28.435430 np0000003911 nova-scheduler[93366]: DEBUG nova.filters [None req-b715c4f8-b31e-4077-8d7f-0f90ddad6235 tempest-DeleteServersTestJSON-612751685 tempest-DeleteServersTestJSON-612751685-project-member] Starting with 1 host(s) {{(pid=93366) get_filtered_objects /opt/stack/nova/nova/filters.py:70}}
Jun 29 13:38:28.435682 np0000003911 nova-scheduler[93366]: DEBUG nova.filters [None req-b715c4f8-b31e-4077-8d7f-0f90ddad6235 tempest-DeleteServersTestJSON-612751685 tempest-DeleteServersTestJSON-612751685-project-member] Filter ComputeFilter returned 1 host(s) {{(pid=93366) get_filtered_objects /opt/stack/nova/nova/filters.py:102}}
Jun 29 13:38:28.435857 np0000003911 nova-scheduler[93366]: DEBUG nova.filters [None req-b715c4f8-b31e-4077-8d7f-0f90ddad6235 tempest-DeleteServersTestJSON-612751685 tempest-DeleteServersTestJSON-612751685-project-member] Filter ComputeCapabilitiesFilter returned 1 host(s) {{(pid=93366) get_filtered_objects /opt/stack/nova/nova/filters.py:102}}
Jun 29 13:38:28.436115 np0000003911 nova-scheduler[93366]: DEBUG nova.filters [None req-b715c4f8-b31e-4077-8d7f-0f90ddad6235 tempest-DeleteServersTestJSON-612751685 tempest-DeleteServersTestJSON-612751685-project-member] Filter ImagePropertiesFilter returned 1 host(s) {{(pid=93366) get_filtered_objects /opt/stack/nova/nova/filters.py:102}}
Jun 29 13:38:28.436380 np0000003911 nova-scheduler[93366]: DEBUG nova.filters [None req-b715c4f8-b31e-4077-8d7f-0f90ddad6235 tempest-DeleteServersTestJSON-612751685 tempest-DeleteServersTestJSON-612751685-project-member] Filter ServerGroupAntiAffinityFilter returned 1 host(s) {{(pid=93366) get_filtered_objects /opt/stack/nova/nova/filters.py:102}}
Jun 29 13:38:28.436544 np0000003911 nova-scheduler[93366]: DEBUG nova.filters [None req-b715c4f8-b31e-4077-8d7f-0f90ddad6235 tempest-DeleteServersTestJSON-612751685 tempest-DeleteServersTestJSON-612751685-project-member] Filter ServerGroupAffinityFilter returned 1 host(s) {{(pid=93366) get_filtered_objects /opt/stack/nova/nova/filters.py:102}}
Jun 29 13:38:28.436722 np0000003911 nova-scheduler[93366]: DEBUG nova.filters [None req-b715c4f8-b31e-4077-8d7f-0f90ddad6235 tempest-DeleteServersTestJSON-612751685 tempest-DeleteServersTestJSON-612751685-project-member] Filter SameHostFilter returned 1 host(s) {{(pid=93366) get_filtered_objects /opt/stack/nova/nova/filters.py:102}}
Jun 29 13:38:28.436879 np0000003911 nova-scheduler[93366]: DEBUG nova.filters [None req-b715c4f8-b31e-4077-8d7f-0f90ddad6235 tempest-DeleteServersTestJSON-612751685 tempest-DeleteServersTestJSON-612751685-project-member] Filter DifferentHostFilter returned 1 host(s) {{(pid=93366) get_filtered_objects /opt/stack/nova/nova/filters.py:102}}
Jun 29 13:38:28.437061 np0000003911 nova-scheduler[93366]: DEBUG nova.scheduler.manager [None req-b715c4f8-b31e-4077-8d7f-0f90ddad6235 tempest-DeleteServersTestJSON-612751685 tempest-DeleteServersTestJSON-612751685-project-member] Filtered [(np0000003911, np0000003911) ram: 62765MB disk: 74752MB io_ops: 0 instances: 0, allocation_candidates: 1] {{(pid=93366) _get_sorted_hosts /opt/stack/nova/nova/scheduler/manager.py:742}}
Jun 29 13:38:28.437334 np0000003911 nova-scheduler[93366]: DEBUG nova.scheduler.manager [None req-b715c4f8-b31e-4077-8d7f-0f90ddad6235 tempest-DeleteServersTestJSON-612751685 tempest-DeleteServersTestJSON-612751685-project-member] Weighed [WeighedHost [host: (np0000003911, np0000003911) ram: 62765MB disk: 74752MB io_ops: 0 instances: 0, allocation_candidates: 1, weight: 0.0]] {{(pid=93366) _get_sorted_hosts /opt/stack/nova/nova/scheduler/manager.py:764}}
Jun 29 13:38:28.437554 np0000003911 nova-scheduler[93366]: DEBUG nova.scheduler.utils [None req-b715c4f8-b31e-4077-8d7f-0f90ddad6235 tempest-DeleteServersTestJSON-612751685 tempest-DeleteServersTestJSON-612751685-project-member] Attempting to claim resources in the placement API for instance 74794519-1fa6-4a6d-9e6b-b45e735baa28 {{(pid=93366) claim_resources /opt/stack/nova/nova/scheduler/utils.py:1345}}
Jun 29 13:38:28.604517 np0000003911 nova-scheduler[93366]: DEBUG nova.scheduler.manager [None req-b715c4f8-b31e-4077-8d7f-0f90ddad6235 tempest-DeleteServersTestJSON-612751685 tempest-DeleteServersTestJSON-612751685-project-member] [instance: 74794519-1fa6-4a6d-9e6b-b45e735baa28] Selected host: (np0000003911, np0000003911) ram: 62765MB disk: 74752MB io_ops: 0 instances: 0, allocation_candidates: 1 {{(pid=93366) _consume_selected_host /opt/stack/nova/nova/scheduler/manager.py:624}}
Jun 29 13:38:28.604855 np0000003911 nova-scheduler[93366]: DEBUG oslo_concurrency.lockutils [None req-b715c4f8-b31e-4077-8d7f-0f90ddad6235 tempest-DeleteServersTestJSON-612751685 tempest-DeleteServersTestJSON-612751685-project-member] Acquiring lock "np0000003911-np0000003911" by "nova.scheduler.host_manager.HostState.consume_from_request.._locked" {{(pid=93366) inner /opt/stack/data/venv/lib/python3.12/site-packages/oslo_concurrency/lockutils.py:511}}
Jun 29 13:38:28.605442 np0000003911 nova-scheduler[93366]: DEBUG oslo_concurrency.lockutils [None req-b715c4f8-b31e-4077-8d7f-0f90ddad6235 tempest-DeleteServersTestJSON-612751685 tempest-DeleteServersTestJSON-612751685-project-member] Lock "np0000003911-np0000003911" acquired by "nova.scheduler.host_manager.HostState.consume_from_request.._locked" :: waited 0.000s {{(pid=93366) inner /opt/stack/data/venv/lib/python3.12/site-packages/oslo_concurrency/lockutils.py:524}}
Jun 29 13:38:28.605442 np0000003911 nova-scheduler[93366]: DEBUG oslo_concurrency.lockutils [None req-b715c4f8-b31e-4077-8d7f-0f90ddad6235 tempest-DeleteServersTestJSON-612751685 tempest-DeleteServersTestJSON-612751685-project-member] Lock "np0000003911-np0000003911" "released" by "nova.scheduler.host_manager.HostState.consume_from_request.._locked" :: held 0.000s {{(pid=93366) inner /opt/stack/data/venv/lib/python3.12/site-packages/oslo_concurrency/lockutils.py:543}}
Jun 29 13:38:32.478270 np0000003911 nova-scheduler[93388]: DEBUG nova.scheduler.manager [None req-12133ab9-3ea5-455b-9f6b-56bb935f8927 tempest-ServerActionsTestOtherB-213100542 tempest-ServerActionsTestOtherB-213100542-project-member] Starting to schedule for instances: ['cbd9fecf-3239-42ec-96f5-c920dc3656fb'] {{(pid=93388) select_destinations /opt/stack/nova/nova/scheduler/manager.py:209}}
Jun 29 13:38:32.479049 np0000003911 nova-scheduler[93388]: DEBUG nova.scheduler.request_filter [None req-12133ab9-3ea5-455b-9f6b-56bb935f8927 tempest-ServerActionsTestOtherB-213100542 tempest-ServerActionsTestOtherB-213100542-project-member] compute_status_filter request filter added forbidden trait COMPUTE_STATUS_DISABLED {{(pid=93388) compute_status_filter /opt/stack/nova/nova/scheduler/request_filter.py:253}}
Jun 29 13:38:32.479257 np0000003911 nova-scheduler[93388]: DEBUG nova.scheduler.request_filter [None req-12133ab9-3ea5-455b-9f6b-56bb935f8927 tempest-ServerActionsTestOtherB-213100542 tempest-ServerActionsTestOtherB-213100542-project-member] Request filter 'compute_status_filter' took 0.0 seconds {{(pid=93388) wrapper /opt/stack/nova/nova/scheduler/request_filter.py:46}}
Jun 29 13:38:32.479723 np0000003911 nova-scheduler[93388]: DEBUG nova.scheduler.request_filter [None req-12133ab9-3ea5-455b-9f6b-56bb935f8927 tempest-ServerActionsTestOtherB-213100542 tempest-ServerActionsTestOtherB-213100542-project-member] Request filter 'accelerators_filter' took 0.0 seconds {{(pid=93388) wrapper /opt/stack/nova/nova/scheduler/request_filter.py:46}}
Jun 29 13:38:32.479984 np0000003911 nova-scheduler[93388]: DEBUG nova.scheduler.request_filter [None req-12133ab9-3ea5-455b-9f6b-56bb935f8927 tempest-ServerActionsTestOtherB-213100542 tempest-ServerActionsTestOtherB-213100542-project-member] Request filter 'packed_virtqueue_filter' took 0.0 seconds {{(pid=93388) wrapper /opt/stack/nova/nova/scheduler/request_filter.py:46}}
Jun 29 13:38:32.480405 np0000003911 nova-scheduler[93388]: DEBUG nova.scheduler.request_filter [None req-12133ab9-3ea5-455b-9f6b-56bb935f8927 tempest-ServerActionsTestOtherB-213100542 tempest-ServerActionsTestOtherB-213100542-project-member] Request filter 'remote_managed_ports_filter' took 0.0 seconds {{(pid=93388) wrapper /opt/stack/nova/nova/scheduler/request_filter.py:46}}
Jun 29 13:38:32.480856 np0000003911 nova-scheduler[93388]: DEBUG nova.scheduler.request_filter [None req-12133ab9-3ea5-455b-9f6b-56bb935f8927 tempest-ServerActionsTestOtherB-213100542 tempest-ServerActionsTestOtherB-213100542-project-member] ephemeral_encryption_filter skipped {{(pid=93388) ephemeral_encryption_filter /opt/stack/nova/nova/scheduler/request_filter.py:426}}
Jun 29 13:38:32.481897 np0000003911 nova-scheduler[93388]: DEBUG nova.scheduler.request_filter [None req-12133ab9-3ea5-455b-9f6b-56bb935f8927 tempest-ServerActionsTestOtherB-213100542 tempest-ServerActionsTestOtherB-213100542-project-member] virtio_sound_filter skipped {{(pid=93388) virtio_sound_filter /opt/stack/nova/nova/scheduler/request_filter.py:460}}
Jun 29 13:38:32.481897 np0000003911 nova-scheduler[93388]: DEBUG nova.scheduler.request_filter [None req-12133ab9-3ea5-455b-9f6b-56bb935f8927 tempest-ServerActionsTestOtherB-213100542 tempest-ServerActionsTestOtherB-213100542-project-member] tpm_secret_security_filter skipped {{(pid=93388) tpm_secret_security_filter /opt/stack/nova/nova/scheduler/request_filter.py:477}}
Jun 29 13:38:32.552009 np0000003911 nova-scheduler[93370]: DEBUG nova.scheduler.manager [None req-3afd36d7-2cad-4dea-9d1b-7a1dafc9e119 tempest-ServerStableDeviceRescueTest-1887123535 tempest-ServerStableDeviceRescueTest-1887123535-project-member] Starting to schedule for instances: ['a828f9e5-226c-460c-949b-db94f80ceae9'] {{(pid=93370) select_destinations /opt/stack/nova/nova/scheduler/manager.py:209}}
Jun 29 13:38:32.552694 np0000003911 nova-scheduler[93370]: DEBUG nova.scheduler.request_filter [None req-3afd36d7-2cad-4dea-9d1b-7a1dafc9e119 tempest-ServerStableDeviceRescueTest-1887123535 tempest-ServerStableDeviceRescueTest-1887123535-project-member] compute_status_filter request filter added forbidden trait COMPUTE_STATUS_DISABLED {{(pid=93370) compute_status_filter /opt/stack/nova/nova/scheduler/request_filter.py:253}}
Jun 29 13:38:32.552694 np0000003911 nova-scheduler[93370]: DEBUG nova.scheduler.request_filter [None req-3afd36d7-2cad-4dea-9d1b-7a1dafc9e119 tempest-ServerStableDeviceRescueTest-1887123535 tempest-ServerStableDeviceRescueTest-1887123535-project-member] Request filter 'compute_status_filter' took 0.0 seconds {{(pid=93370) wrapper /opt/stack/nova/nova/scheduler/request_filter.py:46}}
Jun 29 13:38:32.553359 np0000003911 nova-scheduler[93370]: DEBUG nova.scheduler.request_filter [None req-3afd36d7-2cad-4dea-9d1b-7a1dafc9e119 tempest-ServerStableDeviceRescueTest-1887123535 tempest-ServerStableDeviceRescueTest-1887123535-project-member] Request filter 'accelerators_filter' took 0.0 seconds {{(pid=93370) wrapper /opt/stack/nova/nova/scheduler/request_filter.py:46}}
Jun 29 13:38:32.553506 np0000003911 nova-scheduler[93370]: DEBUG nova.scheduler.request_filter [None req-3afd36d7-2cad-4dea-9d1b-7a1dafc9e119 tempest-ServerStableDeviceRescueTest-1887123535 tempest-ServerStableDeviceRescueTest-1887123535-project-member] Request filter 'packed_virtqueue_filter' took 0.0 seconds {{(pid=93370) wrapper /opt/stack/nova/nova/scheduler/request_filter.py:46}}
Jun 29 13:38:32.553979 np0000003911 nova-scheduler[93370]: DEBUG nova.scheduler.request_filter [None req-3afd36d7-2cad-4dea-9d1b-7a1dafc9e119 tempest-ServerStableDeviceRescueTest-1887123535 tempest-ServerStableDeviceRescueTest-1887123535-project-member] Request filter 'remote_managed_ports_filter' took 0.0 seconds {{(pid=93370) wrapper /opt/stack/nova/nova/scheduler/request_filter.py:46}}
Jun 29 13:38:32.553979 np0000003911 nova-scheduler[93370]: DEBUG nova.scheduler.request_filter [None req-3afd36d7-2cad-4dea-9d1b-7a1dafc9e119 tempest-ServerStableDeviceRescueTest-1887123535 tempest-ServerStableDeviceRescueTest-1887123535-project-member] ephemeral_encryption_filter skipped {{(pid=93370) ephemeral_encryption_filter /opt/stack/nova/nova/scheduler/request_filter.py:426}}
Jun 29 13:38:32.554620 np0000003911 nova-scheduler[93370]: DEBUG nova.scheduler.request_filter [None req-3afd36d7-2cad-4dea-9d1b-7a1dafc9e119 tempest-ServerStableDeviceRescueTest-1887123535 tempest-ServerStableDeviceRescueTest-1887123535-project-member] virtio_sound_filter skipped {{(pid=93370) virtio_sound_filter /opt/stack/nova/nova/scheduler/request_filter.py:460}}
Jun 29 13:38:32.554620 np0000003911 nova-scheduler[93370]: DEBUG nova.scheduler.request_filter [None req-3afd36d7-2cad-4dea-9d1b-7a1dafc9e119 tempest-ServerStableDeviceRescueTest-1887123535 tempest-ServerStableDeviceRescueTest-1887123535-project-member] tpm_secret_security_filter skipped {{(pid=93370) tpm_secret_security_filter /opt/stack/nova/nova/scheduler/request_filter.py:477}}
Jun 29 13:38:32.605691 np0000003911 nova-scheduler[93388]: INFO nova.utils [None req-12133ab9-3ea5-455b-9f6b-56bb935f8927 tempest-ServerActionsTestOtherB-213100542 tempest-ServerActionsTestOtherB-213100542-project-member] The cell worker thread pool ForkProcess-3.cell_worker is initialized
Jun 29 13:38:32.606088 np0000003911 nova-scheduler[93388]: DEBUG oslo_concurrency.lockutils [None req-12133ab9-3ea5-455b-9f6b-56bb935f8927 tempest-ServerActionsTestOtherB-213100542 tempest-ServerActionsTestOtherB-213100542-project-member] Acquiring lock "63917524-eec7-483b-b6ea-7f02abe069ce" by "nova.context.set_target_cell..get_or_set_cached_cell_and_set_connections" {{(pid=93388) inner /opt/stack/data/venv/lib/python3.12/site-packages/oslo_concurrency/lockutils.py:511}}
Jun 29 13:38:32.606336 np0000003911 nova-scheduler[93388]: DEBUG oslo_concurrency.lockutils [None req-12133ab9-3ea5-455b-9f6b-56bb935f8927 tempest-ServerActionsTestOtherB-213100542 tempest-ServerActionsTestOtherB-213100542-project-member] Lock "63917524-eec7-483b-b6ea-7f02abe069ce" acquired by "nova.context.set_target_cell..get_or_set_cached_cell_and_set_connections" :: waited 0.000s {{(pid=93388) inner /opt/stack/data/venv/lib/python3.12/site-packages/oslo_concurrency/lockutils.py:524}}
