Aug 19 04:04:17.124949 np0000007736 devstack@g-api.service[99715]: DEBUG glance_store._drivers.swift.store [None req-1413910b-d6c8-44bd-80e0-5db7b9e76727 tempest-TestImageHashVerification-1360220652 tempest-TestImageHashVerification-1360220652-project-member] Wrote chunk 6171ac7c-903b-440c-b914-ec57bef47cab-00001 (1/?) of length 204800000 to Swift returning MD5 of content: eda9a9889837ac4bc81d6387d92c1bec {{(pid=99715) add /opt/stack/data/venv/lib/python3.12/site-packages/glance_store/_drivers/swift/store.py:1059}}
Aug 19 04:04:17.176118 np0000007736 devstack@g-api.service[99717]: DEBUG glance.api.middleware.version_negotiation [None req-a84edb8b-c337-483a-900d-7fc5e83258d9 tempest-TestImageHashVerification-1360220652 tempest-TestImageHashVerification-1360220652-project-member] Determining version of request: GET /v2/images/6171ac7c-903b-440c-b914-ec57bef47cab Accept: application/json {{(pid=99717) process_request /opt/stack/glance/glance/api/middleware/version_negotiation.py:44}}
Aug 19 04:04:17.176521 np0000007736 devstack@g-api.service[99717]: DEBUG glance.api.middleware.version_negotiation [None req-a84edb8b-c337-483a-900d-7fc5e83258d9 tempest-TestImageHashVerification-1360220652 tempest-TestImageHashVerification-1360220652-project-member] Using url versioning {{(pid=99717) process_request /opt/stack/glance/glance/api/middleware/version_negotiation.py:57}}
Aug 19 04:04:17.176788 np0000007736 devstack@g-api.service[99717]: DEBUG glance.api.middleware.version_negotiation [None req-a84edb8b-c337-483a-900d-7fc5e83258d9 tempest-TestImageHashVerification-1360220652 tempest-TestImageHashVerification-1360220652-project-member] Matched version: v2 {{(pid=99717) process_request /opt/stack/glance/glance/api/middleware/version_negotiation.py:69}}
Aug 19 04:04:17.177089 np0000007736 devstack@g-api.service[99717]: DEBUG glance.api.middleware.version_negotiation [None req-a84edb8b-c337-483a-900d-7fc5e83258d9 tempest-TestImageHashVerification-1360220652 tempest-TestImageHashVerification-1360220652-project-member] new path /v2/images/6171ac7c-903b-440c-b914-ec57bef47cab {{(pid=99717) process_request /opt/stack/glance/glance/api/middleware/version_negotiation.py:70}}
Aug 19 04:04:17.202395 np0000007736 devstack@g-api.service[99717]: [pid: 99717|app: 0|req: 128/359] 127.0.0.1 () {40 vars in 838 bytes} [Wed Aug 19 04:04:17 2026] GET /v2/images/6171ac7c-903b-440c-b914-ec57bef47cab => generated 649 bytes in 25 msecs (HTTP/1.1 200) 4 headers in 157 bytes (1 switches on core 0)
Aug 19 04:04:18.214036 np0000007736 devstack@g-api.service[99716]: DEBUG glance.api.middleware.version_negotiation [None req-cef52f98-dfae-4573-a44b-b3ba89a674b7 tempest-TestImageHashVerification-1360220652 tempest-TestImageHashVerification-1360220652-project-member] Determining version of request: GET /v2/images/6171ac7c-903b-440c-b914-ec57bef47cab Accept: application/json {{(pid=99716) process_request /opt/stack/glance/glance/api/middleware/version_negotiation.py:44}}
Aug 19 04:04:18.215533 np0000007736 devstack@g-api.service[99716]: DEBUG glance.api.middleware.version_negotiation [None req-cef52f98-dfae-4573-a44b-b3ba89a674b7 tempest-TestImageHashVerification-1360220652 tempest-TestImageHashVerification-1360220652-project-member] Using url versioning {{(pid=99716) process_request /opt/stack/glance/glance/api/middleware/version_negotiation.py:57}}
Aug 19 04:04:18.215533 np0000007736 devstack@g-api.service[99716]: DEBUG glance.api.middleware.version_negotiation [None req-cef52f98-dfae-4573-a44b-b3ba89a674b7 tempest-TestImageHashVerification-1360220652 tempest-TestImageHashVerification-1360220652-project-member] Matched version: v2 {{(pid=99716) process_request /opt/stack/glance/glance/api/middleware/version_negotiation.py:69}}
Aug 19 04:04:18.215533 np0000007736 devstack@g-api.service[99716]: DEBUG glance.api.middleware.version_negotiation [None req-cef52f98-dfae-4573-a44b-b3ba89a674b7 tempest-TestImageHashVerification-1360220652 tempest-TestImageHashVerification-1360220652-project-member] new path /v2/images/6171ac7c-903b-440c-b914-ec57bef47cab {{(pid=99716) process_request /opt/stack/glance/glance/api/middleware/version_negotiation.py:70}}
Aug 19 04:04:18.228793 np0000007736 devstack@g-api.service[99716]: [pid: 99716|app: 0|req: 117/360] 127.0.0.1 () {40 vars in 838 bytes} [Wed Aug 19 04:04:18 2026] GET /v2/images/6171ac7c-903b-440c-b914-ec57bef47cab => generated 649 bytes in 15 msecs (HTTP/1.1 200) 4 headers in 157 bytes (1 switches on core 0)
Aug 19 04:04:19.241682 np0000007736 devstack@g-api.service[99717]: DEBUG glance.api.middleware.version_negotiation [None req-d9b62a06-13ad-4b0a-b323-b85b9041d476 tempest-TestImageHashVerification-1360220652 tempest-TestImageHashVerification-1360220652-project-member] Determining version of request: GET /v2/images/6171ac7c-903b-440c-b914-ec57bef47cab Accept: application/json {{(pid=99717) process_request /opt/stack/glance/glance/api/middleware/version_negotiation.py:44}}
Aug 19 04:04:19.242136 np0000007736 devstack@g-api.service[99717]: DEBUG glance.api.middleware.version_negotiation [None req-d9b62a06-13ad-4b0a-b323-b85b9041d476 tempest-TestImageHashVerification-1360220652 tempest-TestImageHashVerification-1360220652-project-member] Using url versioning {{(pid=99717) process_request /opt/stack/glance/glance/api/middleware/version_negotiation.py:57}}
Aug 19 04:04:19.242201 np0000007736 devstack@g-api.service[99717]: DEBUG glance.api.middleware.version_negotiation [None req-d9b62a06-13ad-4b0a-b323-b85b9041d476 tempest-TestImageHashVerification-1360220652 tempest-TestImageHashVerification-1360220652-project-member] Matched version: v2 {{(pid=99717) process_request /opt/stack/glance/glance/api/middleware/version_negotiation.py:69}}
Aug 19 04:04:19.242298 np0000007736 devstack@g-api.service[99717]: DEBUG glance.api.middleware.version_negotiation [None req-d9b62a06-13ad-4b0a-b323-b85b9041d476 tempest-TestImageHashVerification-1360220652 tempest-TestImageHashVerification-1360220652-project-member] new path /v2/images/6171ac7c-903b-440c-b914-ec57bef47cab {{(pid=99717) process_request /opt/stack/glance/glance/api/middleware/version_negotiation.py:70}}
Aug 19 04:04:19.277290 np0000007736 devstack@g-api.service[99717]: [pid: 99717|app: 0|req: 129/361] 127.0.0.1 () {40 vars in 838 bytes} [Wed Aug 19 04:04:19 2026] GET /v2/images/6171ac7c-903b-440c-b914-ec57bef47cab => generated 649 bytes in 36 msecs (HTTP/1.1 200) 4 headers in 157 bytes (1 switches on core 0)
Aug 19 04:04:19.670678 np0000007736 devstack@g-api.service[99715]: DEBUG swiftclient [None req-1413910b-d6c8-44bd-80e0-5db7b9e76727 tempest-TestImageHashVerification-1360220652 tempest-TestImageHashVerification-1360220652-project-member] REQ: curl -i https://10.4.3.149:8080/v1/AUTH_cfd3931d883744f0875339b8337d48e6/glance/6171ac7c-903b-440c-b914-ec57bef47cab-00002 -X PUT -H "X-Auth-Token: gAAAAABqhSs8R8fK..." {{(pid=99715) http_log /opt/stack/data/venv/lib/python3.12/site-packages/swiftclient/client.py:160}}
Aug 19 04:04:19.671063 np0000007736 devstack@g-api.service[99715]: DEBUG swiftclient [None req-1413910b-d6c8-44bd-80e0-5db7b9e76727 tempest-TestImageHashVerification-1360220652 tempest-TestImageHashVerification-1360220652-project-member] RESP STATUS: 201 Created {{(pid=99715) http_log /opt/stack/data/venv/lib/python3.12/site-packages/swiftclient/client.py:161}}
Aug 19 04:04:19.671096 np0000007736 devstack@g-api.service[99715]: DEBUG swiftclient [None req-1413910b-d6c8-44bd-80e0-5db7b9e76727 tempest-TestImageHashVerification-1360220652 tempest-TestImageHashVerification-1360220652-project-member] RESP HEADERS: {'Date': 'Wed, 19 Aug 2026 04:04:19 GMT', 'Server': 'Apache/2.4.58 (Ubuntu)', 'Content-Type': 'text/html; charset=UTF-8', 'Content-Length': '0', 'Etag': 'eda9a9889837ac4bc81d6387d92c1bec', 'Last-Modified': 'Wed, 19 Aug 2026 04:04:18 GMT', 'X-Trans-Id': 'tx418a3b3c201b4219893f4-006a852b41', 'X-Openstack-Request-Id': 'tx418a3b3c201b4219893f4-006a852b41', 'Connection': 'close'} {{(pid=99715) http_log /opt/stack/data/venv/lib/python3.12/site-packages/swiftclient/client.py:162}}
Aug 19 04:04:19.671332 np0000007736 devstack@g-api.service[99715]: DEBUG glance_store._drivers.swift.store [None req-1413910b-d6c8-44bd-80e0-5db7b9e76727 tempest-TestImageHashVerification-1360220652 tempest-TestImageHashVerification-1360220652-project-member] Wrote chunk 6171ac7c-903b-440c-b914-ec57bef47cab-00002 (2/?) of length 204800000 to Swift returning MD5 of content: eda9a9889837ac4bc81d6387d92c1bec {{(pid=99715) add /opt/stack/data/venv/lib/python3.12/site-packages/glance_store/_drivers/swift/store.py:1059}}
Aug 19 04:04:20.292341 np0000007736 devstack@g-api.service[99716]: DEBUG glance.api.middleware.version_negotiation [None req-01e7f821-0617-42ef-9522-1a00dc2faaa9 tempest-TestImageHashVerification-1360220652 tempest-TestImageHashVerification-1360220652-project-member] Determining version of request: GET /v2/images/6171ac7c-903b-440c-b914-ec57bef47cab Accept: application/json {{(pid=99716) process_request /opt/stack/glance/glance/api/middleware/version_negotiation.py:44}}
Aug 19 04:04:20.292341 np0000007736 devstack@g-api.service[99716]: DEBUG glance.api.middleware.version_negotiation [None req-01e7f821-0617-42ef-9522-1a00dc2faaa9 tempest-TestImageHashVerification-1360220652 tempest-TestImageHashVerification-1360220652-project-member] Using url versioning {{(pid=99716) process_request /opt/stack/glance/glance/api/middleware/version_negotiation.py:57}}
Aug 19 04:04:20.292928 np0000007736 devstack@g-api.service[99716]: DEBUG glance.api.middleware.version_negotiation [None req-01e7f821-0617-42ef-9522-1a00dc2faaa9 tempest-TestImageHashVerification-1360220652 tempest-TestImageHashVerification-1360220652-project-member] Matched version: v2 {{(pid=99716) process_request /opt/stack/glance/glance/api/middleware/version_negotiation.py:69}}
Aug 19 04:04:20.292928 np0000007736 devstack@g-api.service[99716]: DEBUG glance.api.middleware.version_negotiation [None req-01e7f821-0617-42ef-9522-1a00dc2faaa9 tempest-TestImageHashVerification-1360220652 tempest-TestImageHashVerification-1360220652-project-member] new path /v2/images/6171ac7c-903b-440c-b914-ec57bef47cab {{(pid=99716) process_request /opt/stack/glance/glance/api/middleware/version_negotiation.py:70}}
Aug 19 04:04:20.313431 np0000007736 devstack@g-api.service[99716]: [pid: 99716|app: 0|req: 118/362] 127.0.0.1 () {40 vars in 838 bytes} [Wed Aug 19 04:04:20 2026] GET /v2/images/6171ac7c-903b-440c-b914-ec57bef47cab => generated 649 bytes in 23 msecs (HTTP/1.1 200) 4 headers in 157 bytes (1 switches on core 0)
Aug 19 04:04:21.328112 np0000007736 devstack@g-api.service[99717]: DEBUG glance.api.middleware.version_negotiation [None req-7a1fcd21-fd3e-4ebf-a61a-53bd00563ebd tempest-TestImageHashVerification-1360220652 tempest-TestImageHashVerification-1360220652-project-member] Determining version of request: GET /v2/images/6171ac7c-903b-440c-b914-ec57bef47cab Accept: application/json {{(pid=99717) process_request /opt/stack/glance/glance/api/middleware/version_negotiation.py:44}}
Aug 19 04:04:21.328112 np0000007736 devstack@g-api.service[99717]: DEBUG glance.api.middleware.version_negotiation [None req-7a1fcd21-fd3e-4ebf-a61a-53bd00563ebd tempest-TestImageHashVerification-1360220652 tempest-TestImageHashVerification-1360220652-project-member] Using url versioning {{(pid=99717) process_request /opt/stack/glance/glance/api/middleware/version_negotiation.py:57}}
Aug 19 04:04:21.328112 np0000007736 devstack@g-api.service[99717]: DEBUG glance.api.middleware.version_negotiation [None req-7a1fcd21-fd3e-4ebf-a61a-53bd00563ebd tempest-TestImageHashVerification-1360220652 tempest-TestImageHashVerification-1360220652-project-member] Matched version: v2 {{(pid=99717) process_request /opt/stack/glance/glance/api/middleware/version_negotiation.py:69}}
Aug 19 04:04:21.328112 np0000007736 devstack@g-api.service[99717]: DEBUG glance.api.middleware.version_negotiation [None req-7a1fcd21-fd3e-4ebf-a61a-53bd00563ebd tempest-TestImageHashVerification-1360220652 tempest-TestImageHashVerification-1360220652-project-member] new path /v2/images/6171ac7c-903b-440c-b914-ec57bef47cab {{(pid=99717) process_request /opt/stack/glance/glance/api/middleware/version_negotiation.py:70}}
Aug 19 04:04:21.372525 np0000007736 devstack@g-api.service[99717]: [pid: 99717|app: 0|req: 130/363] 127.0.0.1 () {40 vars in 838 bytes} [Wed Aug 19 04:04:21 2026] GET /v2/images/6171ac7c-903b-440c-b914-ec57bef47cab => generated 649 bytes in 47 msecs (HTTP/1.1 200) 4 headers in 157 bytes (1 switches on core 0)
Aug 19 04:04:22.386164 np0000007736 devstack@g-api.service[99716]: DEBUG glance.api.middleware.version_negotiation [None req-de3a81c2-7c21-4348-9fd8-bc3bd92d3cec tempest-TestImageHashVerification-1360220652 tempest-TestImageHashVerification-1360220652-project-member] Determining version of request: GET /v2/images/6171ac7c-903b-440c-b914-ec57bef47cab Accept: application/json {{(pid=99716) process_request /opt/stack/glance/glance/api/middleware/version_negotiation.py:44}}
Aug 19 04:04:22.386164 np0000007736 devstack@g-api.service[99716]: DEBUG glance.api.middleware.version_negotiation [None req-de3a81c2-7c21-4348-9fd8-bc3bd92d3cec tempest-TestImageHashVerification-1360220652 tempest-TestImageHashVerification-1360220652-project-member] Using url versioning {{(pid=99716) process_request /opt/stack/glance/glance/api/middleware/version_negotiation.py:57}}
Aug 19 04:04:22.386164 np0000007736 devstack@g-api.service[99716]: DEBUG glance.api.middleware.version_negotiation [None req-de3a81c2-7c21-4348-9fd8-bc3bd92d3cec tempest-TestImageHashVerification-1360220652 tempest-TestImageHashVerification-1360220652-project-member] Matched version: v2 {{(pid=99716) process_request /opt/stack/glance/glance/api/middleware/version_negotiation.py:69}}
Aug 19 04:04:22.386164 np0000007736 devstack@g-api.service[99716]: DEBUG glance.api.middleware.version_negotiation [None req-de3a81c2-7c21-4348-9fd8-bc3bd92d3cec tempest-TestImageHashVerification-1360220652 tempest-TestImageHashVerification-1360220652-project-member] new path /v2/images/6171ac7c-903b-440c-b914-ec57bef47cab {{(pid=99716) process_request /opt/stack/glance/glance/api/middleware/version_negotiation.py:70}}
Aug 19 04:04:22.406522 np0000007736 devstack@g-api.service[99716]: [pid: 99716|app: 0|req: 119/364] 127.0.0.1 () {40 vars in 838 bytes} [Wed Aug 19 04:04:22 2026] GET /v2/images/6171ac7c-903b-440c-b914-ec57bef47cab => generated 649 bytes in 18 msecs (HTTP/1.1 200) 4 headers in 157 bytes (1 switches on core 0)
Aug 19 04:04:22.539275 np0000007736 devstack@g-api.service[99715]: DEBUG swiftclient [None req-1413910b-d6c8-44bd-80e0-5db7b9e76727 tempest-TestImageHashVerification-1360220652 tempest-TestImageHashVerification-1360220652-project-member] REQ: curl -i https://10.4.3.149:8080/v1/AUTH_cfd3931d883744f0875339b8337d48e6/glance/6171ac7c-903b-440c-b914-ec57bef47cab-00003 -X PUT -H "X-Auth-Token: gAAAAABqhSs8R8fK..." {{(pid=99715) http_log /opt/stack/data/venv/lib/python3.12/site-packages/swiftclient/client.py:160}}
Aug 19 04:04:22.539636 np0000007736 devstack@g-api.service[99715]: DEBUG swiftclient [None req-1413910b-d6c8-44bd-80e0-5db7b9e76727 tempest-TestImageHashVerification-1360220652 tempest-TestImageHashVerification-1360220652-project-member] RESP STATUS: 201 Created {{(pid=99715) http_log /opt/stack/data/venv/lib/python3.12/site-packages/swiftclient/client.py:161}}
Aug 19 04:04:22.539751 np0000007736 devstack@g-api.service[99715]: DEBUG swiftclient [None req-1413910b-d6c8-44bd-80e0-5db7b9e76727 tempest-TestImageHashVerification-1360220652 tempest-TestImageHashVerification-1360220652-project-member] RESP HEADERS: {'Date': 'Wed, 19 Aug 2026 04:04:22 GMT', 'Server': 'Apache/2.4.58 (Ubuntu)', 'Content-Type': 'text/html; charset=UTF-8', 'Content-Length': '0', 'Etag': 'eda9a9889837ac4bc81d6387d92c1bec', 'Last-Modified': 'Wed, 19 Aug 2026 04:04:20 GMT', 'X-Trans-Id': 'txb26d51994c1f45658e9e5-006a852b43', 'X-Openstack-Request-Id': 'txb26d51994c1f45658e9e5-006a852b43', 'Connection': 'close'} {{(pid=99715) http_log /opt/stack/data/venv/lib/python3.12/site-packages/swiftclient/client.py:162}}
Aug 19 04:04:22.539905 np0000007736 devstack@g-api.service[99715]: DEBUG glance_store._drivers.swift.store [None req-1413910b-d6c8-44bd-80e0-5db7b9e76727 tempest-TestImageHashVerification-1360220652 tempest-TestImageHashVerification-1360220652-project-member] Wrote chunk 6171ac7c-903b-440c-b914-ec57bef47cab-00003 (3/?) of length 204800000 to Swift returning MD5 of content: eda9a9889837ac4bc81d6387d92c1bec {{(pid=99715) add /opt/stack/data/venv/lib/python3.12/site-packages/glance_store/_drivers/swift/store.py:1059}}
Aug 19 04:04:22.921048 np0000007736 devstack@g-api.service[99715]: DEBUG dbcounter [-] [99715] Writing DB stats glance:SELECT=18,glance:INSERT=1,glance:UPDATE=1 {{(pid=99715) stat_writer /opt/stack/data/venv/lib/python3.12/site-packages/dbcounter.py:115}}
Aug 19 04:04:23.417146 np0000007736 devstack@g-api.service[99717]: DEBUG glance.api.middleware.version_negotiation [None req-a94d7c41-36e0-4f22-b703-3ebb2f780917 tempest-TestImageHashVerification-1360220652 tempest-TestImageHashVerification-1360220652-project-member] Determining version of request: GET /v2/images/6171ac7c-903b-440c-b914-ec57bef47cab Accept: application/json {{(pid=99717) process_request /opt/stack/glance/glance/api/middleware/version_negotiation.py:44}}
Aug 19 04:04:23.417865 np0000007736 devstack@g-api.service[99717]: DEBUG glance.api.middleware.version_negotiation [None req-a94d7c41-36e0-4f22-b703-3ebb2f780917 tempest-TestImageHashVerification-1360220652 tempest-TestImageHashVerification-1360220652-project-member] Using url versioning {{(pid=99717) process_request /opt/stack/glance/glance/api/middleware/version_negotiation.py:57}}
Aug 19 04:04:23.417865 np0000007736 devstack@g-api.service[99717]: DEBUG glance.api.middleware.version_negotiation [None req-a94d7c41-36e0-4f22-b703-3ebb2f780917 tempest-TestImageHashVerification-1360220652 tempest-TestImageHashVerification-1360220652-project-member] Matched version: v2 {{(pid=99717) process_request /opt/stack/glance/glance/api/middleware/version_negotiation.py:69}}
Aug 19 04:04:23.417865 np0000007736 devstack@g-api.service[99717]: DEBUG glance.api.middleware.version_negotiation [None req-a94d7c41-36e0-4f22-b703-3ebb2f780917 tempest-TestImageHashVerification-1360220652 tempest-TestImageHashVerification-1360220652-project-member] new path /v2/images/6171ac7c-903b-440c-b914-ec57bef47cab {{(pid=99717) process_request /opt/stack/glance/glance/api/middleware/version_negotiation.py:70}}
Aug 19 04:04:23.442364 np0000007736 devstack@g-api.service[99717]: [pid: 99717|app: 0|req: 131/365] 127.0.0.1 () {40 vars in 838 bytes} [Wed Aug 19 04:04:23 2026] GET /v2/images/6171ac7c-903b-440c-b914-ec57bef47cab => generated 649 bytes in 26 msecs (HTTP/1.1 200) 4 headers in 157 bytes (1 switches on core 0)
Aug 19 04:04:23.714876 np0000007736 devstack@g-api.service[99716]: DEBUG glance.api.middleware.version_negotiation [None req-d0ecd9ca-4ecd-4b92-97ef-2fca040813d4 tempest-TestImageHashVerification-1360220652 tempest-TestImageHashVerification-1360220652-project-member] Determining version of request: GET /v2/images/d6403161-9a1e-4ab3-859d-b274d8e248ad Accept: */* {{(pid=99716) process_request /opt/stack/glance/glance/api/middleware/version_negotiation.py:44}}
Aug 19 04:04:23.715995 np0000007736 devstack@g-api.service[99716]: DEBUG glance.api.middleware.version_negotiation [None req-d0ecd9ca-4ecd-4b92-97ef-2fca040813d4 tempest-TestImageHashVerification-1360220652 tempest-TestImageHashVerification-1360220652-project-member] Using url versioning {{(pid=99716) process_request /opt/stack/glance/glance/api/middleware/version_negotiation.py:57}}
Aug 19 04:04:23.716760 np0000007736 devstack@g-api.service[99716]: DEBUG glance.api.middleware.version_negotiation [None req-d0ecd9ca-4ecd-4b92-97ef-2fca040813d4 tempest-TestImageHashVerification-1360220652 tempest-TestImageHashVerification-1360220652-project-member] Matched version: v2 {{(pid=99716) process_request /opt/stack/glance/glance/api/middleware/version_negotiation.py:69}}
Aug 19 04:04:23.716760 np0000007736 devstack@g-api.service[99716]: DEBUG glance.api.middleware.version_negotiation [None req-d0ecd9ca-4ecd-4b92-97ef-2fca040813d4 tempest-TestImageHashVerification-1360220652 tempest-TestImageHashVerification-1360220652-project-member] new path /v2/images/d6403161-9a1e-4ab3-859d-b274d8e248ad {{(pid=99716) process_request /opt/stack/glance/glance/api/middleware/version_negotiation.py:70}}
Aug 19 04:04:23.733570 np0000007736 devstack@g-api.service[99716]: [pid: 99716|app: 0|req: 120/366] 127.0.0.1 () {44 vars in 1115 bytes} [Wed Aug 19 04:04:23 2026] GET /v2/images/d6403161-9a1e-4ab3-859d-b274d8e248ad => generated 1044 bytes in 18 msecs (HTTP/1.1 200) 4 headers in 158 bytes (1 switches on core 0)
Aug 19 04:04:23.796505 np0000007736 devstack@g-api.service[99717]: DEBUG glance.api.middleware.version_negotiation [None req-dff3d304-e0ce-4421-af83-ed73efe71ae1 tempest-TestImageHashVerification-1360220652 tempest-TestImageHashVerification-1360220652-project-member] Determining version of request: GET /v2/schemas/image Accept: */* {{(pid=99717) process_request /opt/stack/glance/glance/api/middleware/version_negotiation.py:44}}
Aug 19 04:04:23.796505 np0000007736 devstack@g-api.service[99717]: DEBUG glance.api.middleware.version_negotiation [None req-dff3d304-e0ce-4421-af83-ed73efe71ae1 tempest-TestImageHashVerification-1360220652 tempest-TestImageHashVerification-1360220652-project-member] Using url versioning {{(pid=99717) process_request /opt/stack/glance/glance/api/middleware/version_negotiation.py:57}}
Aug 19 04:04:23.796505 np0000007736 devstack@g-api.service[99717]: DEBUG glance.api.middleware.version_negotiation [None req-dff3d304-e0ce-4421-af83-ed73efe71ae1 tempest-TestImageHashVerification-1360220652 tempest-TestImageHashVerification-1360220652-project-member] Matched version: v2 {{(pid=99717) process_request /opt/stack/glance/glance/api/middleware/version_negotiation.py:69}}
Aug 19 04:04:23.796505 np0000007736 devstack@g-api.service[99717]: DEBUG glance.api.middleware.version_negotiation [None req-dff3d304-e0ce-4421-af83-ed73efe71ae1 tempest-TestImageHashVerification-1360220652 tempest-TestImageHashVerification-1360220652-project-member] new path /v2/schemas/image {{(pid=99717) process_request /opt/stack/glance/glance/api/middleware/version_negotiation.py:70}}
Aug 19 04:04:23.799838 np0000007736 devstack@g-api.service[99717]: [pid: 99717|app: 0|req: 132/367] 127.0.0.1 () {44 vars in 1055 bytes} [Wed Aug 19 04:04:23 2026] GET /v2/schemas/image => generated 6083 bytes in 5 msecs (HTTP/1.1 200) 4 headers in 158 bytes (1 switches on core 0)
Aug 19 04:04:24.459776 np0000007736 devstack@g-api.service[99716]: DEBUG glance.api.middleware.version_negotiation [None req-95d79998-4e44-4257-8e20-2ed1e1480feb tempest-ServerActionsTestOtherA-1595570340 tempest-ServerActionsTestOtherA-1595570340-project-member] Determining version of request: GET /v2/images/6171ac7c-903b-440c-b914-ec57bef47cab Accept: application/json {{(pid=99716) process_request /opt/stack/glance/glance/api/middleware/version_negotiation.py:44}}
Aug 19 04:04:24.460065 np0000007736 devstack@g-api.service[99716]: DEBUG glance.api.middleware.version_negotiation [None req-95d79998-4e44-4257-8e20-2ed1e1480feb tempest-ServerActionsTestOtherA-1595570340 tempest-ServerActionsTestOtherA-1595570340-project-member] Using url versioning {{(pid=99716) process_request /opt/stack/glance/glance/api/middleware/version_negotiation.py:57}}
Aug 19 04:04:24.460295 np0000007736 devstack@g-api.service[99716]: DEBUG glance.api.middleware.version_negotiation [None req-95d79998-4e44-4257-8e20-2ed1e1480feb tempest-ServerActionsTestOtherA-1595570340 tempest-ServerActionsTestOtherA-1595570340-project-member] Matched version: v2 {{(pid=99716) process_request /opt/stack/glance/glance/api/middleware/version_negotiation.py:69}}
Aug 19 04:04:24.460454 np0000007736 devstack@g-api.service[99716]: DEBUG glance.api.middleware.version_negotiation [None req-95d79998-4e44-4257-8e20-2ed1e1480feb tempest-ServerActionsTestOtherA-1595570340 tempest-ServerActionsTestOtherA-1595570340-project-member] new path /v2/images/6171ac7c-903b-440c-b914-ec57bef47cab {{(pid=99716) process_request /opt/stack/glance/glance/api/middleware/version_negotiation.py:70}}
Aug 19 04:04:24.481574 np0000007736 devstack@g-api.service[99716]: [pid: 99716|app: 0|req: 121/368] 127.0.0.1 () {40 vars in 838 bytes} [Wed Aug 19 04:04:24 2026] GET /v2/images/6171ac7c-903b-440c-b914-ec57bef47cab => generated 649 bytes in 21 msecs (HTTP/1.1 200) 4 headers in 157 bytes (1 switches on core 0)
Aug 19 04:04:25.463283 np0000007736 devstack@g-api.service[99715]: DEBUG swiftclient [None req-1413910b-d6c8-44bd-80e0-5db7b9e76727 tempest-TestImageHashVerification-1360220652 tempest-TestImageHashVerification-1360220652-project-member] REQ: curl -i https://10.4.3.149:8080/v1/AUTH_cfd3931d883744f0875339b8337d48e6/glance/6171ac7c-903b-440c-b914-ec57bef47cab-00004 -X PUT -H "X-Auth-Token: gAAAAABqhSs8R8fK..." {{(pid=99715) http_log /opt/stack/data/venv/lib/python3.12/site-packages/swiftclient/client.py:160}}
Aug 19 04:04:25.463739 np0000007736 devstack@g-api.service[99715]: DEBUG swiftclient [None req-1413910b-d6c8-44bd-80e0-5db7b9e76727 tempest-TestImageHashVerification-1360220652 tempest-TestImageHashVerification-1360220652-project-member] RESP STATUS: 201 Created {{(pid=99715) http_log /opt/stack/data/venv/lib/python3.12/site-packages/swiftclient/client.py:161}}
Aug 19 04:04:25.463739 np0000007736 devstack@g-api.service[99715]: DEBUG swiftclient [None req-1413910b-d6c8-44bd-80e0-5db7b9e76727 tempest-TestImageHashVerification-1360220652 tempest-TestImageHashVerification-1360220652-project-member] RESP HEADERS: {'Date': 'Wed, 19 Aug 2026 04:04:25 GMT', 'Server': 'Apache/2.4.58 (Ubuntu)', 'Content-Type': 'text/html; charset=UTF-8', 'Content-Length': '0', 'Etag': 'eda9a9889837ac4bc81d6387d92c1bec', 'Last-Modified': 'Wed, 19 Aug 2026 04:04:23 GMT', 'X-Trans-Id': 'tx1b0224d0cfb14c3bbc7d5-006a852b46', 'X-Openstack-Request-Id': 'tx1b0224d0cfb14c3bbc7d5-006a852b46', 'Connection': 'close'} {{(pid=99715) http_log /opt/stack/data/venv/lib/python3.12/site-packages/swiftclient/client.py:162}}
Aug 19 04:04:25.463739 np0000007736 devstack@g-api.service[99715]: DEBUG glance_store._drivers.swift.store [None req-1413910b-d6c8-44bd-80e0-5db7b9e76727 tempest-TestImageHashVerification-1360220652 tempest-TestImageHashVerification-1360220652-project-member] Wrote chunk 6171ac7c-903b-440c-b914-ec57bef47cab-00004 (4/?) of length 204800000 to Swift returning MD5 of content: eda9a9889837ac4bc81d6387d92c1bec {{(pid=99715) add /opt/stack/data/venv/lib/python3.12/site-packages/glance_store/_drivers/swift/store.py:1059}}
Aug 19 04:04:25.484413 np0000007736 devstack@g-api.service[99717]: DEBUG glance.api.middleware.version_negotiation [None req-95d79998-4e44-4257-8e20-2ed1e1480feb tempest-ServerActionsTestOtherA-1595570340 tempest-ServerActionsTestOtherA-1595570340-project-member] Determining version of request: GET /v2/images/d6403161-9a1e-4ab3-859d-b274d8e248ad Accept: */* {{(pid=99717) process_request /opt/stack/glance/glance/api/middleware/version_negotiation.py:44}}
Aug 19 04:04:25.484413 np0000007736 devstack@g-api.service[99717]: DEBUG glance.api.middleware.version_negotiation [None req-95d79998-4e44-4257-8e20-2ed1e1480feb tempest-ServerActionsTestOtherA-1595570340 tempest-ServerActionsTestOtherA-1595570340-project-member] Using url versioning {{(pid=99717) process_request /opt/stack/glance/glance/api/middleware/version_negotiation.py:57}}
Aug 19 04:04:25.485368 np0000007736 devstack@g-api.service[99717]: DEBUG glance.api.middleware.version_negotiation [None req-95d79998-4e44-4257-8e20-2ed1e1480feb tempest-ServerActionsTestOtherA-1595570340 tempest-ServerActionsTestOtherA-1595570340-project-member] Matched version: v2 {{(pid=99717) process_request /opt/stack/glance/glance/api/middleware/version_negotiation.py:69}}
Aug 19 04:04:25.485368 np0000007736 devstack@g-api.service[99717]: DEBUG glance.api.middleware.version_negotiation [None req-95d79998-4e44-4257-8e20-2ed1e1480feb tempest-ServerActionsTestOtherA-1595570340 tempest-ServerActionsTestOtherA-1595570340-project-member] new path /v2/images/d6403161-9a1e-4ab3-859d-b274d8e248ad {{(pid=99717) process_request /opt/stack/glance/glance/api/middleware/version_negotiation.py:70}}
Aug 19 04:04:25.492609 np0000007736 devstack@g-api.service[99716]: DEBUG glance.api.middleware.version_negotiation [None req-2e318f3f-43b7-4450-970c-0a40709442c0 tempest-TestImageHashVerification-1360220652 tempest-TestImageHashVerification-1360220652-project-member] Determining version of request: GET /v2/images/6171ac7c-903b-440c-b914-ec57bef47cab Accept: application/json {{(pid=99716) process_request /opt/stack/glance/glance/api/middleware/version_negotiation.py:44}}
Aug 19 04:04:25.493018 np0000007736 devstack@g-api.service[99716]: DEBUG glance.api.middleware.version_negotiation [None req-2e318f3f-43b7-4450-970c-0a40709442c0 tempest-TestImageHashVerification-1360220652 tempest-TestImageHashVerification-1360220652-project-member] Using url versioning {{(pid=99716) process_request /opt/stack/glance/glance/api/middleware/version_negotiation.py:57}}
Aug 19 04:04:25.493018 np0000007736 devstack@g-api.service[99716]: DEBUG glance.api.middleware.version_negotiation [None req-2e318f3f-43b7-4450-970c-0a40709442c0 tempest-TestImageHashVerification-1360220652 tempest-TestImageHashVerification-1360220652-project-member] Matched version: v2 {{(pid=99716) process_request /opt/stack/glance/glance/api/middleware/version_negotiation.py:69}}
Aug 19 04:04:25.493018 np0000007736 devstack@g-api.service[99716]: DEBUG glance.api.middleware.version_negotiation [None req-2e318f3f-43b7-4450-970c-0a40709442c0 tempest-TestImageHashVerification-1360220652 tempest-TestImageHashVerification-1360220652-project-member] new path /v2/images/6171ac7c-903b-440c-b914-ec57bef47cab {{(pid=99716) process_request /opt/stack/glance/glance/api/middleware/version_negotiation.py:70}}
Aug 19 04:04:25.506199 np0000007736 devstack@g-api.service[99716]: [pid: 99716|app: 0|req: 122/369] 127.0.0.1 () {40 vars in 838 bytes} [Wed Aug 19 04:04:25 2026] GET /v2/images/6171ac7c-903b-440c-b914-ec57bef47cab => generated 649 bytes in 14 msecs (HTTP/1.1 200) 4 headers in 157 bytes (1 switches on core 0)
Aug 19 04:04:25.517113 np0000007736 devstack@g-api.service[99717]: [pid: 99717|app: 0|req: 133/370] 127.0.0.1 () {44 vars in 1115 bytes} [Wed Aug 19 04:04:25 2026] GET /v2/images/d6403161-9a1e-4ab3-859d-b274d8e248ad => generated 1044 bytes in 33 msecs (HTTP/1.1 200) 4 headers in 158 bytes (1 switches on core 0)
Aug 19 04:04:25.566087 np0000007736 devstack@g-api.service[99716]: DEBUG glance.api.middleware.version_negotiation [None req-7f6294f7-e0de-45eb-b11e-f1676bd5363f tempest-TestImageHashVerification-1360220652 tempest-TestImageHashVerification-1360220652-project-member] Determining version of request: GET /v2/schemas/image Accept: */* {{(pid=99716) process_request /opt/stack/glance/glance/api/middleware/version_negotiation.py:44}}
Aug 19 04:04:25.566250 np0000007736 devstack@g-api.service[99716]: DEBUG glance.api.middleware.version_negotiation [None req-7f6294f7-e0de-45eb-b11e-f1676bd5363f tempest-TestImageHashVerification-1360220652 tempest-TestImageHashVerification-1360220652-project-member] Using url versioning {{(pid=99716) process_request /opt/stack/glance/glance/api/middleware/version_negotiation.py:57}}
Aug 19 04:04:25.566397 np0000007736 devstack@g-api.service[99716]: DEBUG glance.api.middleware.version_negotiation [None req-7f6294f7-e0de-45eb-b11e-f1676bd5363f tempest-TestImageHashVerification-1360220652 tempest-TestImageHashVerification-1360220652-project-member] Matched version: v2 {{(pid=99716) process_request /opt/stack/glance/glance/api/middleware/version_negotiation.py:69}}
Aug 19 04:04:25.566511 np0000007736 devstack@g-api.service[99716]: DEBUG glance.api.middleware.version_negotiation [None req-7f6294f7-e0de-45eb-b11e-f1676bd5363f tempest-TestImageHashVerification-1360220652 tempest-TestImageHashVerification-1360220652-project-member] new path /v2/schemas/image {{(pid=99716) process_request /opt/stack/glance/glance/api/middleware/version_negotiation.py:70}}
Aug 19 04:04:25.569927 np0000007736 devstack@g-api.service[99716]: [pid: 99716|app: 0|req: 123/371] 127.0.0.1 () {44 vars in 1055 bytes} [Wed Aug 19 04:04:25 2026] GET /v2/schemas/image => generated 6083 bytes in 4 msecs (HTTP/1.1 200) 4 headers in 158 bytes (1 switches on core 0)
Aug 19 04:04:26.521923 np0000007736 devstack@g-api.service[99717]: DEBUG glance.api.middleware.version_negotiation [None req-53296a72-3733-4f23-b5a4-b766c37d35fa tempest-AttachVolumeShelveTestJSON-1252036307 tempest-AttachVolumeShelveTestJSON-1252036307-project-member] Determining version of request: GET /v2/images/6171ac7c-903b-440c-b914-ec57bef47cab Accept: application/json {{(pid=99717) process_request /opt/stack/glance/glance/api/middleware/version_negotiation.py:44}}
Aug 19 04:04:26.522370 np0000007736 devstack@g-api.service[99717]: DEBUG glance.api.middleware.version_negotiation [None req-53296a72-3733-4f23-b5a4-b766c37d35fa tempest-AttachVolumeShelveTestJSON-1252036307 tempest-AttachVolumeShelveTestJSON-1252036307-project-member] Using url versioning {{(pid=99717) process_request /opt/stack/glance/glance/api/middleware/version_negotiation.py:57}}
Aug 19 04:04:26.522370 np0000007736 devstack@g-api.service[99717]: DEBUG glance.api.middleware.version_negotiation [None req-53296a72-3733-4f23-b5a4-b766c37d35fa tempest-AttachVolumeShelveTestJSON-1252036307 tempest-AttachVolumeShelveTestJSON-1252036307-project-member] Matched version: v2 {{(pid=99717) process_request /opt/stack/glance/glance/api/middleware/version_negotiation.py:69}}
Aug 19 04:04:26.522454 np0000007736 devstack@g-api.service[99717]: DEBUG glance.api.middleware.version_negotiation [None req-53296a72-3733-4f23-b5a4-b766c37d35fa tempest-AttachVolumeShelveTestJSON-1252036307 tempest-AttachVolumeShelveTestJSON-1252036307-project-member] new path /v2/images/6171ac7c-903b-440c-b914-ec57bef47cab {{(pid=99717) process_request /opt/stack/glance/glance/api/middleware/version_negotiation.py:70}}
Aug 19 04:04:26.553345 np0000007736 devstack@g-api.service[99717]: [pid: 99717|app: 0|req: 134/372] 127.0.0.1 () {40 vars in 838 bytes} [Wed Aug 19 04:04:26 2026] GET /v2/images/6171ac7c-903b-440c-b914-ec57bef47cab => generated 649 bytes in 31 msecs (HTTP/1.1 200) 4 headers in 157 bytes (1 switches on core 0)
Aug 19 04:04:27.568663 np0000007736 devstack@g-api.service[99716]: DEBUG glance.api.middleware.version_negotiation [None req-53296a72-3733-4f23-b5a4-b766c37d35fa tempest-AttachVolumeShelveTestJSON-1252036307 tempest-AttachVolumeShelveTestJSON-1252036307-project-member] Determining version of request: GET /v2/images/6171ac7c-903b-440c-b914-ec57bef47cab Accept: application/json {{(pid=99716) process_request /opt/stack/glance/glance/api/middleware/version_negotiation.py:44}}
Aug 19 04:04:27.568663 np0000007736 devstack@g-api.service[99716]: DEBUG glance.api.middleware.version_negotiation [None req-53296a72-3733-4f23-b5a4-b766c37d35fa tempest-AttachVolumeShelveTestJSON-1252036307 tempest-AttachVolumeShelveTestJSON-1252036307-project-member] Using url versioning {{(pid=99716) process_request /opt/stack/glance/glance/api/middleware/version_negotiation.py:57}}
Aug 19 04:04:27.573317 np0000007736 devstack@g-api.service[99716]: DEBUG glance.api.middleware.version_negotiation [None req-53296a72-3733-4f23-b5a4-b766c37d35fa tempest-AttachVolumeShelveTestJSON-1252036307 tempest-AttachVolumeShelveTestJSON-1252036307-project-member] Matched version: v2 {{(pid=99716) process_request /opt/stack/glance/glance/api/middleware/version_negotiation.py:69}}
Aug 19 04:04:27.573317 np0000007736 devstack@g-api.service[99716]: DEBUG glance.api.middleware.version_negotiation [None req-53296a72-3733-4f23-b5a4-b766c37d35fa tempest-AttachVolumeShelveTestJSON-1252036307 tempest-AttachVolumeShelveTestJSON-1252036307-project-member] new path /v2/images/6171ac7c-903b-440c-b914-ec57bef47cab {{(pid=99716) process_request /opt/stack/glance/glance/api/middleware/version_negotiation.py:70}}
Aug 19 04:04:27.591580 np0000007736 devstack@g-api.service[99716]: [pid: 99716|app: 0|req: 124/373] 127.0.0.1 () {40 vars in 838 bytes} [Wed Aug 19 04:04:27 2026] GET /v2/images/6171ac7c-903b-440c-b914-ec57bef47cab => generated 649 bytes in 23 msecs (HTTP/1.1 200) 4 headers in 157 bytes (1 switches on core 0)
Aug 19 04:04:28.602159 np0000007736 devstack@g-api.service[99717]: DEBUG glance.api.middleware.version_negotiation [None req-08d55ba8-5470-4dbd-b690-1379a92f9941 tempest-TestImageHashVerification-1360220652 tempest-TestImageHashVerification-1360220652-project-member] Determining version of request: GET /v2/images/6171ac7c-903b-440c-b914-ec57bef47cab Accept: application/json {{(pid=99717) process_request /opt/stack/glance/glance/api/middleware/version_negotiation.py:44}}
Aug 19 04:04:28.602651 np0000007736 devstack@g-api.service[99717]: DEBUG glance.api.middleware.version_negotiation [None req-08d55ba8-5470-4dbd-b690-1379a92f9941 tempest-TestImageHashVerification-1360220652 tempest-TestImageHashVerification-1360220652-project-member] Using url versioning {{(pid=99717) process_request /opt/stack/glance/glance/api/middleware/version_negotiation.py:57}}
Aug 19 04:04:28.602651 np0000007736 devstack@g-api.service[99717]: DEBUG glance.api.middleware.version_negotiation [None req-08d55ba8-5470-4dbd-b690-1379a92f9941 tempest-TestImageHashVerification-1360220652 tempest-TestImageHashVerification-1360220652-project-member] Matched version: v2 {{(pid=99717) process_request /opt/stack/glance/glance/api/middleware/version_negotiation.py:69}}
Aug 19 04:04:28.602651 np0000007736 devstack@g-api.service[99717]: DEBUG glance.api.middleware.version_negotiation [None req-08d55ba8-5470-4dbd-b690-1379a92f9941 tempest-TestImageHashVerification-1360220652 tempest-TestImageHashVerification-1360220652-project-member] new path /v2/images/6171ac7c-903b-440c-b914-ec57bef47cab {{(pid=99717) process_request /opt/stack/glance/glance/api/middleware/version_negotiation.py:70}}
Aug 19 04:04:28.632039 np0000007736 devstack@g-api.service[99717]: [pid: 99717|app: 0|req: 135/374] 127.0.0.1 () {40 vars in 838 bytes} [Wed Aug 19 04:04:28 2026] GET /v2/images/6171ac7c-903b-440c-b914-ec57bef47cab => generated 649 bytes in 30 msecs (HTTP/1.1 200) 4 headers in 157 bytes (1 switches on core 0)
Aug 19 04:04:29.172985 np0000007736 devstack@g-api.service[99715]: DEBUG swiftclient [None req-1413910b-d6c8-44bd-80e0-5db7b9e76727 tempest-TestImageHashVerification-1360220652 tempest-TestImageHashVerification-1360220652-project-member] REQ: curl -i https://10.4.3.149:8080/v1/AUTH_cfd3931d883744f0875339b8337d48e6/glance/6171ac7c-903b-440c-b914-ec57bef47cab-00005 -X PUT -H "X-Auth-Token: gAAAAABqhSs8R8fK..." {{(pid=99715) http_log /opt/stack/data/venv/lib/python3.12/site-packages/swiftclient/client.py:160}}
Aug 19 04:04:29.173400 np0000007736 devstack@g-api.service[99715]: DEBUG swiftclient [None req-1413910b-d6c8-44bd-80e0-5db7b9e76727 tempest-TestImageHashVerification-1360220652 tempest-TestImageHashVerification-1360220652-project-member] RESP STATUS: 201 Created {{(pid=99715) http_log /opt/stack/data/venv/lib/python3.12/site-packages/swiftclient/client.py:161}}
Aug 19 04:04:29.173400 np0000007736 devstack@g-api.service[99715]: DEBUG swiftclient [None req-1413910b-d6c8-44bd-80e0-5db7b9e76727 tempest-TestImageHashVerification-1360220652 tempest-TestImageHashVerification-1360220652-project-member] RESP HEADERS: {'Date': 'Wed, 19 Aug 2026 04:04:29 GMT', 'Server': 'Apache/2.4.58 (Ubuntu)', 'Content-Type': 'text/html; charset=UTF-8', 'Content-Length': '0', 'Etag': 'eda9a9889837ac4bc81d6387d92c1bec', 'Last-Modified': 'Wed, 19 Aug 2026 04:04:26 GMT', 'X-Trans-Id': 'txb5ffd69780d84929a6fec-006a852b49', 'X-Openstack-Request-Id': 'txb5ffd69780d84929a6fec-006a852b49', 'Connection': 'close'} {{(pid=99715) http_log /opt/stack/data/venv/lib/python3.12/site-packages/swiftclient/client.py:162}}
Aug 19 04:04:29.173574 np0000007736 devstack@g-api.service[99715]: DEBUG glance_store._drivers.swift.store [None req-1413910b-d6c8-44bd-80e0-5db7b9e76727 tempest-TestImageHashVerification-1360220652 tempest-TestImageHashVerification-1360220652-project-member] Wrote chunk 6171ac7c-903b-440c-b914-ec57bef47cab-00005 (5/?) of length 204800000 to Swift returning MD5 of content: eda9a9889837ac4bc81d6387d92c1bec {{(pid=99715) add /opt/stack/data/venv/lib/python3.12/site-packages/glance_store/_drivers/swift/store.py:1059}}
Aug 19 04:04:29.643062 np0000007736 devstack@g-api.service[99716]: DEBUG glance.api.middleware.version_negotiation [None req-d730d07c-5cd4-4df7-bc01-7fd55963a4c0 tempest-TestImageHashVerification-1360220652 tempest-TestImageHashVerification-1360220652-project-member] Determining version of request: GET /v2/images/6171ac7c-903b-440c-b914-ec57bef47cab Accept: application/json {{(pid=99716) process_request /opt/stack/glance/glance/api/middleware/version_negotiation.py:44}}
Aug 19 04:04:29.643381 np0000007736 devstack@g-api.service[99716]: DEBUG glance.api.middleware.version_negotiation [None req-d730d07c-5cd4-4df7-bc01-7fd55963a4c0 tempest-TestImageHashVerification-1360220652 tempest-TestImageHashVerification-1360220652-project-member] Using url versioning {{(pid=99716) process_request /opt/stack/glance/glance/api/middleware/version_negotiation.py:57}}
Aug 19 04:04:29.643433 np0000007736 devstack@g-api.service[99716]: DEBUG glance.api.middleware.version_negotiation [None req-d730d07c-5cd4-4df7-bc01-7fd55963a4c0 tempest-TestImageHashVerification-1360220652 tempest-TestImageHashVerification-1360220652-project-member] Matched version: v2 {{(pid=99716) process_request /opt/stack/glance/glance/api/middleware/version_negotiation.py:69}}
Aug 19 04:04:29.643567 np0000007736 devstack@g-api.service[99716]: DEBUG glance.api.middleware.version_negotiation [None req-d730d07c-5cd4-4df7-bc01-7fd55963a4c0 tempest-TestImageHashVerification-1360220652 tempest-TestImageHashVerification-1360220652-project-member] new path /v2/images/6171ac7c-903b-440c-b914-ec57bef47cab {{(pid=99716) process_request /opt/stack/glance/glance/api/middleware/version_negotiation.py:70}}
Aug 19 04:04:29.666487 np0000007736 devstack@g-api.service[99716]: [pid: 99716|app: 0|req: 125/375] 127.0.0.1 () {40 vars in 838 bytes} [Wed Aug 19 04:04:29 2026] GET /v2/images/6171ac7c-903b-440c-b914-ec57bef47cab => generated 649 bytes in 23 msecs (HTTP/1.1 200) 4 headers in 157 bytes (1 switches on core 0)
Aug 19 04:04:29.809278 np0000007736 devstack@g-api.service[99715]: DEBUG swiftclient [None req-1413910b-d6c8-44bd-80e0-5db7b9e76727 tempest-TestImageHashVerification-1360220652 tempest-TestImageHashVerification-1360220652-project-member] REQ: curl -i https://10.4.3.149:8080/v1/AUTH_cfd3931d883744f0875339b8337d48e6/glance/6171ac7c-903b-440c-b914-ec57bef47cab-00006 -X PUT -H "X-Auth-Token: gAAAAABqhSs8R8fK..." {{(pid=99715) http_log /opt/stack/data/venv/lib/python3.12/site-packages/swiftclient/client.py:160}}
Aug 19 04:04:29.809417 np0000007736 devstack@g-api.service[99715]: DEBUG swiftclient [None req-1413910b-d6c8-44bd-80e0-5db7b9e76727 tempest-TestImageHashVerification-1360220652 tempest-TestImageHashVerification-1360220652-project-member] RESP STATUS: 201 Created {{(pid=99715) http_log /opt/stack/data/venv/lib/python3.12/site-packages/swiftclient/client.py:161}}
Aug 19 04:04:29.809604 np0000007736 devstack@g-api.service[99715]: DEBUG swiftclient [None req-1413910b-d6c8-44bd-80e0-5db7b9e76727 tempest-TestImageHashVerification-1360220652 tempest-TestImageHashVerification-1360220652-project-member] RESP HEADERS: {'Date': 'Wed, 19 Aug 2026 04:04:29 GMT', 'Server': 'Apache/2.4.58 (Ubuntu)', 'Content-Type': 'text/html; charset=UTF-8', 'Content-Length': '0', 'Etag': '708761f3b8777ec77058e63da08eeeb6', 'Last-Modified': 'Wed, 19 Aug 2026 04:04:30 GMT', 'X-Trans-Id': 'tx9406e2f535404e598692b-006a852b4d', 'X-Openstack-Request-Id': 'tx9406e2f535404e598692b-006a852b4d', 'Connection': 'close'} {{(pid=99715) http_log /opt/stack/data/venv/lib/python3.12/site-packages/swiftclient/client.py:162}}
Aug 19 04:04:29.809795 np0000007736 devstack@g-api.service[99715]: DEBUG glance_store._drivers.swift.store [None req-1413910b-d6c8-44bd-80e0-5db7b9e76727 tempest-TestImageHashVerification-1360220652 tempest-TestImageHashVerification-1360220652-project-member] Wrote chunk 6171ac7c-903b-440c-b914-ec57bef47cab-00006 (6/?) of length 49741824 to Swift returning MD5 of content: 708761f3b8777ec77058e63da08eeeb6 {{(pid=99715) add /opt/stack/data/venv/lib/python3.12/site-packages/glance_store/_drivers/swift/store.py:1059}}
Aug 19 04:04:29.810096 np0000007736 devstack@g-api.service[99715]: DEBUG glance_store._drivers.swift.store [None req-1413910b-d6c8-44bd-80e0-5db7b9e76727 tempest-TestImageHashVerification-1360220652 tempest-TestImageHashVerification-1360220652-project-member] Not writing zero-length chunk. {{(pid=99715) add /opt/stack/data/venv/lib/python3.12/site-packages/glance_store/_drivers/swift/store.py:1028}}
Aug 19 04:04:29.841962 np0000007736 devstack@g-api.service[99715]: DEBUG swiftclient [None req-1413910b-d6c8-44bd-80e0-5db7b9e76727 tempest-TestImageHashVerification-1360220652 tempest-TestImageHashVerification-1360220652-project-member] REQ: curl -i https://10.4.3.149:8080/v1/AUTH_cfd3931d883744f0875339b8337d48e6/glance/6171ac7c-903b-440c-b914-ec57bef47cab -X PUT -H "X-Object-Manifest: glance/6171ac7c-903b-440c-b914-ec57bef47cab-" -H "X-Auth-Token: gAAAAABqhSs8R8fK..." -H "Content-Length: 0" {{(pid=99715) http_log /opt/stack/data/venv/lib/python3.12/site-packages/swiftclient/client.py:160}}
Aug 19 04:04:29.842114 np0000007736 devstack@g-api.service[99715]: DEBUG swiftclient [None req-1413910b-d6c8-44bd-80e0-5db7b9e76727 tempest-TestImageHashVerification-1360220652 tempest-TestImageHashVerification-1360220652-project-member] RESP STATUS: 201 Created {{(pid=99715) http_log /opt/stack/data/venv/lib/python3.12/site-packages/swiftclient/client.py:161}}
Aug 19 04:04:29.842436 np0000007736 devstack@g-api.service[99715]: DEBUG swiftclient [None req-1413910b-d6c8-44bd-80e0-5db7b9e76727 tempest-TestImageHashVerification-1360220652 tempest-TestImageHashVerification-1360220652-project-member] RESP HEADERS: {'Date': 'Wed, 19 Aug 2026 04:04:29 GMT', 'Server': 'Apache/2.4.58 (Ubuntu)', 'Content-Type': 'text/html; charset=UTF-8', 'Content-Length': '0', 'Etag': 'd41d8cd98f00b204e9800998ecf8427e', 'Last-Modified': 'Wed, 19 Aug 2026 04:04:30 GMT', 'X-Trans-Id': 'tx707780a1636742ee9a5e9-006a852b4d', 'X-Openstack-Request-Id': 'tx707780a1636742ee9a5e9-006a852b4d', 'Connection': 'close'} {{(pid=99715) http_log /opt/stack/data/venv/lib/python3.12/site-packages/swiftclient/client.py:162}}
Aug 19 04:04:29.843096 np0000007736 devstack@g-api.service[99715]: INFO glance.location [None req-1413910b-d6c8-44bd-80e0-5db7b9e76727 tempest-TestImageHashVerification-1360220652 tempest-TestImageHashVerification-1360220652-project-member] Image format matched and virtual size computed: 1073741824
Aug 19 04:04:29.885015 np0000007736 devstack@g-api.service[99715]: DEBUG glance_store.backend [None req-1413910b-d6c8-44bd-80e0-5db7b9e76727 tempest-TestImageHashVerification-1360220652 tempest-TestImageHashVerification-1360220652-project-member] Attempting to import store swift {{(pid=99715) _load_store /opt/stack/data/venv/lib/python3.12/site-packages/glance_store/backend.py:215}}
Aug 19 04:04:29.886874 np0000007736 devstack@g-api.service[99715]: DEBUG glance_store.capabilities [None req-1413910b-d6c8-44bd-80e0-5db7b9e76727 tempest-TestImageHashVerification-1360220652 tempest-TestImageHashVerification-1360220652-project-member] Store glance_store._drivers.swift.store.SingleTenantStore doesn't support updating dynamic storage capabilities. Please overwrite 'update_capabilities' method of the store to implement updating logics if needed. {{(pid=99715) update_capabilities /opt/stack/data/venv/lib/python3.12/site-packages/glance_store/capabilities.py:91}}
Aug 19 04:04:29.886963 np0000007736 devstack@g-api.service[99715]: DEBUG glance_store.driver [None req-1413910b-d6c8-44bd-80e0-5db7b9e76727 tempest-TestImageHashVerification-1360220652 tempest-TestImageHashVerification-1360220652-project-member] Late loading location class glance_store._drivers.swift.store.StoreLocation {{(pid=99715) get_store_location_class /opt/stack/data/venv/lib/python3.12/site-packages/glance_store/driver.py:134}}
Aug 19 04:04:29.887067 np0000007736 devstack@g-api.service[99715]: DEBUG glance_store.location [None req-1413910b-d6c8-44bd-80e0-5db7b9e76727 tempest-TestImageHashVerification-1360220652 tempest-TestImageHashVerification-1360220652-project-member] Registering scheme swift+https with {'store': , 'location_class': , 'store_entry': 'swift'} {{(pid=99715) register_scheme_map /opt/stack/data/venv/lib/python3.12/site-packages/glance_store/location.py:146}}
Aug 19 04:04:29.887143 np0000007736 devstack@g-api.service[99715]: DEBUG glance_store.location [None req-1413910b-d6c8-44bd-80e0-5db7b9e76727 tempest-TestImageHashVerification-1360220652 tempest-TestImageHashVerification-1360220652-project-member] Registering scheme swift+https with {'store': , 'location_class': , 'store_entry': 'swift'} {{(pid=99715) register_scheme_map /opt/stack/data/venv/lib/python3.12/site-packages/glance_store/location.py:146}}
