Aug 18 07:25:23.529071 np0000007613 nova-scheduler[96766]: DEBUG cotyledon.oslo_config_glue [-] workarounds.ensure_libvirt_rbd_instance_dir_cleanup = False {{(pid=96766) log_opt_values /opt/stack/data/venv/lib/python3.12/site-packages/oslo_config/cfg.py:3560}}
Aug 18 07:25:23.529071 np0000007613 nova-scheduler[96766]: DEBUG cotyledon.oslo_config_glue [-] workarounds.handle_virt_lifecycle_events = True {{(pid=96766) log_opt_values /opt/stack/data/venv/lib/python3.12/site-packages/oslo_config/cfg.py:3560}}
Aug 18 07:25:23.529248 np0000007613 nova-scheduler[96766]: DEBUG cotyledon.oslo_config_glue [-] workarounds.libvirt_disable_apic = False {{(pid=96766) log_opt_values /opt/stack/data/venv/lib/python3.12/site-packages/oslo_config/cfg.py:3560}}
Aug 18 07:25:23.529248 np0000007613 nova-scheduler[96766]: DEBUG cotyledon.oslo_config_glue [-] workarounds.never_download_image_if_on_rbd = False {{(pid=96766) log_opt_values /opt/stack/data/venv/lib/python3.12/site-packages/oslo_config/cfg.py:3560}}
Aug 18 07:25:23.529248 np0000007613 nova-scheduler[96766]: DEBUG cotyledon.oslo_config_glue [-] workarounds.qemu_monitor_announce_self_count = 3 {{(pid=96766) log_opt_values /opt/stack/data/venv/lib/python3.12/site-packages/oslo_config/cfg.py:3560}}
Aug 18 07:25:23.529248 np0000007613 nova-scheduler[96766]: DEBUG cotyledon.oslo_config_glue [-] workarounds.qemu_monitor_announce_self_interval = 1 {{(pid=96766) log_opt_values /opt/stack/data/venv/lib/python3.12/site-packages/oslo_config/cfg.py:3560}}
Aug 18 07:25:23.529248 np0000007613 nova-scheduler[96766]: DEBUG cotyledon.oslo_config_glue [-] workarounds.reserve_disk_resource_for_image_cache = False {{(pid=96766) log_opt_values /opt/stack/data/venv/lib/python3.12/site-packages/oslo_config/cfg.py:3560}}
Aug 18 07:25:23.529248 np0000007613 nova-scheduler[96766]: DEBUG cotyledon.oslo_config_glue [-] workarounds.skip_cpu_compare_at_startup = False {{(pid=96766) log_opt_values /opt/stack/data/venv/lib/python3.12/site-packages/oslo_config/cfg.py:3560}}
Aug 18 07:25:23.529248 np0000007613 nova-scheduler[96766]: DEBUG cotyledon.oslo_config_glue [-] workarounds.skip_cpu_compare_on_dest = False {{(pid=96766) log_opt_values /opt/stack/data/venv/lib/python3.12/site-packages/oslo_config/cfg.py:3560}}
Aug 18 07:25:23.529248 np0000007613 nova-scheduler[96766]: DEBUG cotyledon.oslo_config_glue [-] workarounds.skip_hypervisor_version_check_on_lm = False {{(pid=96766) log_opt_values /opt/stack/data/venv/lib/python3.12/site-packages/oslo_config/cfg.py:3560}}
Aug 18 07:25:23.529248 np0000007613 nova-scheduler[96766]: DEBUG cotyledon.oslo_config_glue [-] workarounds.skip_reserve_in_use_ironic_nodes = False {{(pid=96766) log_opt_values /opt/stack/data/venv/lib/python3.12/site-packages/oslo_config/cfg.py:3560}}
Aug 18 07:25:23.529528 np0000007613 nova-scheduler[96766]: DEBUG cotyledon.oslo_config_glue [-] workarounds.unified_limits_count_pcpu_as_vcpu = False {{(pid=96766) log_opt_values /opt/stack/data/venv/lib/python3.12/site-packages/oslo_config/cfg.py:3560}}
Aug 18 07:25:23.529528 np0000007613 nova-scheduler[96766]: DEBUG cotyledon.oslo_config_glue [-] workarounds.wait_for_vif_plugged_event_during_hard_reboot = [] {{(pid=96766) log_opt_values /opt/stack/data/venv/lib/python3.12/site-packages/oslo_config/cfg.py:3560}}
Aug 18 07:25:23.529528 np0000007613 nova-scheduler[96766]: DEBUG cotyledon.oslo_config_glue [-] wsgi.api_paste_config = /etc/nova/api-paste.ini {{(pid=96766) log_opt_values /opt/stack/data/venv/lib/python3.12/site-packages/oslo_config/cfg.py:3560}}
Aug 18 07:25:23.529528 np0000007613 nova-scheduler[96766]: DEBUG cotyledon.oslo_config_glue [-] wsgi.secure_proxy_ssl_header = None {{(pid=96766) log_opt_values /opt/stack/data/venv/lib/python3.12/site-packages/oslo_config/cfg.py:3560}}
Aug 18 07:25:23.529528 np0000007613 nova-scheduler[96766]: DEBUG cotyledon.oslo_config_glue [-] zvm.ca_file = None {{(pid=96766) log_opt_values /opt/stack/data/venv/lib/python3.12/site-packages/oslo_config/cfg.py:3560}}
Aug 18 07:25:23.529528 np0000007613 nova-scheduler[96766]: DEBUG cotyledon.oslo_config_glue [-] zvm.cloud_connector_url = None {{(pid=96766) log_opt_values /opt/stack/data/venv/lib/python3.12/site-packages/oslo_config/cfg.py:3560}}
Aug 18 07:25:23.529528 np0000007613 nova-scheduler[96766]: DEBUG cotyledon.oslo_config_glue [-] zvm.image_tmp_path = /opt/stack/data/nova/images {{(pid=96766) log_opt_values /opt/stack/data/venv/lib/python3.12/site-packages/oslo_config/cfg.py:3560}}
Aug 18 07:25:23.529528 np0000007613 nova-scheduler[96766]: DEBUG cotyledon.oslo_config_glue [-] zvm.reachable_timeout = 300 {{(pid=96766) log_opt_values /opt/stack/data/venv/lib/python3.12/site-packages/oslo_config/cfg.py:3560}}
Aug 18 07:25:23.529528 np0000007613 nova-scheduler[96766]: DEBUG cotyledon.oslo_config_glue [-] oslo_versionedobjects.fatal_exception_format_errors = False {{(pid=96766) log_opt_values /opt/stack/data/venv/lib/python3.12/site-packages/oslo_config/cfg.py:3560}}
Aug 18 07:25:23.529710 np0000007613 nova-scheduler[96766]: DEBUG cotyledon.oslo_config_glue [-] oslo_middleware.http_basic_auth_user_file = /etc/htpasswd {{(pid=96766) log_opt_values /opt/stack/data/venv/lib/python3.12/site-packages/oslo_config/cfg.py:3560}}
Aug 18 07:25:23.529710 np0000007613 nova-scheduler[96766]: DEBUG cotyledon.oslo_config_glue [-] oslo_messaging_metrics.metrics_buffer_size = 1000 {{(pid=96766) log_opt_values /opt/stack/data/venv/lib/python3.12/site-packages/oslo_config/cfg.py:3560}}
Aug 18 07:25:23.529710 np0000007613 nova-scheduler[96766]: DEBUG cotyledon.oslo_config_glue [-] oslo_messaging_metrics.metrics_enabled = False {{(pid=96766) log_opt_values /opt/stack/data/venv/lib/python3.12/site-packages/oslo_config/cfg.py:3560}}
Aug 18 07:25:23.529710 np0000007613 nova-scheduler[96766]: DEBUG cotyledon.oslo_config_glue [-] oslo_messaging_metrics.metrics_process_name = {{(pid=96766) log_opt_values /opt/stack/data/venv/lib/python3.12/site-packages/oslo_config/cfg.py:3560}}
Aug 18 07:25:23.529710 np0000007613 nova-scheduler[96766]: DEBUG cotyledon.oslo_config_glue [-] oslo_messaging_metrics.metrics_socket_file = /var/tmp/metrics_collector.sock {{(pid=96766) log_opt_values /opt/stack/data/venv/lib/python3.12/site-packages/oslo_config/cfg.py:3560}}
Aug 18 07:25:23.529710 np0000007613 nova-scheduler[96766]: DEBUG cotyledon.oslo_config_glue [-] oslo_messaging_metrics.metrics_thread_stop_timeout = 10 {{(pid=96766) log_opt_values /opt/stack/data/venv/lib/python3.12/site-packages/oslo_config/cfg.py:3560}}
Aug 18 07:25:23.529710 np0000007613 nova-scheduler[96766]: DEBUG cotyledon.oslo_config_glue [-] profiler.connection_string = messaging:// {{(pid=96766) log_opt_values /opt/stack/data/venv/lib/python3.12/site-packages/oslo_config/cfg.py:3560}}
Aug 18 07:25:23.529710 np0000007613 nova-scheduler[96766]: DEBUG cotyledon.oslo_config_glue [-] profiler.enabled = False {{(pid=96766) log_opt_values /opt/stack/data/venv/lib/python3.12/site-packages/oslo_config/cfg.py:3560}}
Aug 18 07:25:23.529710 np0000007613 nova-scheduler[96766]: DEBUG cotyledon.oslo_config_glue [-] profiler.es_doc_type = notification {{(pid=96766) log_opt_values /opt/stack/data/venv/lib/python3.12/site-packages/oslo_config/cfg.py:3560}}
Aug 18 07:25:23.529923 np0000007613 nova-scheduler[96766]: DEBUG cotyledon.oslo_config_glue [-] profiler.es_scroll_size = 10000 {{(pid=96766) log_opt_values /opt/stack/data/venv/lib/python3.12/site-packages/oslo_config/cfg.py:3560}}
Aug 18 07:25:23.529923 np0000007613 nova-scheduler[96766]: DEBUG cotyledon.oslo_config_glue [-] profiler.es_scroll_time = 2m {{(pid=96766) log_opt_values /opt/stack/data/venv/lib/python3.12/site-packages/oslo_config/cfg.py:3560}}
Aug 18 07:25:23.529923 np0000007613 nova-scheduler[96766]: DEBUG cotyledon.oslo_config_glue [-] profiler.filter_error_trace = False {{(pid=96766) log_opt_values /opt/stack/data/venv/lib/python3.12/site-packages/oslo_config/cfg.py:3560}}
Aug 18 07:25:23.529923 np0000007613 nova-scheduler[96766]: DEBUG cotyledon.oslo_config_glue [-] profiler.hmac_keys = **** {{(pid=96766) log_opt_values /opt/stack/data/venv/lib/python3.12/site-packages/oslo_config/cfg.py:3560}}
Aug 18 07:25:23.529923 np0000007613 nova-scheduler[96766]: DEBUG cotyledon.oslo_config_glue [-] profiler.sentinel_service_name = mymaster {{(pid=96766) log_opt_values /opt/stack/data/venv/lib/python3.12/site-packages/oslo_config/cfg.py:3560}}
Aug 18 07:25:23.529923 np0000007613 nova-scheduler[96766]: DEBUG cotyledon.oslo_config_glue [-] profiler.socket_timeout = 0.1 {{(pid=96766) log_opt_values /opt/stack/data/venv/lib/python3.12/site-packages/oslo_config/cfg.py:3560}}
Aug 18 07:25:23.529923 np0000007613 nova-scheduler[96766]: DEBUG cotyledon.oslo_config_glue [-] profiler.trace_requests = False {{(pid=96766) log_opt_values /opt/stack/data/venv/lib/python3.12/site-packages/oslo_config/cfg.py:3560}}
Aug 18 07:25:23.529923 np0000007613 nova-scheduler[96766]: DEBUG cotyledon.oslo_config_glue [-] profiler.trace_sqlalchemy = False {{(pid=96766) log_opt_values /opt/stack/data/venv/lib/python3.12/site-packages/oslo_config/cfg.py:3560}}
Aug 18 07:25:23.530133 np0000007613 nova-scheduler[96763]: INFO dbcounter [None req-62245202-1149-4b57-aa40-63ad09f74e19 None None] Registered counter for database nova_cell0
Aug 18 07:25:23.530174 np0000007613 nova-scheduler[96766]: DEBUG cotyledon.oslo_config_glue [-] profiler_jaeger.process_tags = {} {{(pid=96766) log_opt_values /opt/stack/data/venv/lib/python3.12/site-packages/oslo_config/cfg.py:3560}}
Aug 18 07:25:23.530174 np0000007613 nova-scheduler[96766]: DEBUG cotyledon.oslo_config_glue [-] profiler_jaeger.service_name_prefix = None {{(pid=96766) log_opt_values /opt/stack/data/venv/lib/python3.12/site-packages/oslo_config/cfg.py:3560}}
Aug 18 07:25:23.530174 np0000007613 nova-scheduler[96766]: DEBUG cotyledon.oslo_config_glue [-] profiler_otlp.service_name_prefix = None {{(pid=96766) log_opt_values /opt/stack/data/venv/lib/python3.12/site-packages/oslo_config/cfg.py:3560}}
Aug 18 07:25:23.530174 np0000007613 nova-scheduler[96766]: DEBUG cotyledon.oslo_config_glue [-] oslo_messaging_rabbit.amqp_auto_delete = False {{(pid=96766) log_opt_values /opt/stack/data/venv/lib/python3.12/site-packages/oslo_config/cfg.py:3560}}
Aug 18 07:25:23.530174 np0000007613 nova-scheduler[96766]: DEBUG cotyledon.oslo_config_glue [-] oslo_messaging_rabbit.amqp_durable_queues = False {{(pid=96766) log_opt_values /opt/stack/data/venv/lib/python3.12/site-packages/oslo_config/cfg.py:3560}}
Aug 18 07:25:23.530174 np0000007613 nova-scheduler[96766]: DEBUG cotyledon.oslo_config_glue [-] oslo_messaging_rabbit.conn_pool_min_size = 2 {{(pid=96766) log_opt_values /opt/stack/data/venv/lib/python3.12/site-packages/oslo_config/cfg.py:3560}}
Aug 18 07:25:23.530174 np0000007613 nova-scheduler[96766]: DEBUG cotyledon.oslo_config_glue [-] oslo_messaging_rabbit.conn_pool_ttl = 1200 {{(pid=96766) log_opt_values /opt/stack/data/venv/lib/python3.12/site-packages/oslo_config/cfg.py:3560}}
Aug 18 07:25:23.530174 np0000007613 nova-scheduler[96766]: DEBUG cotyledon.oslo_config_glue [-] oslo_messaging_rabbit.direct_mandatory_flag = True {{(pid=96766) log_opt_values /opt/stack/data/venv/lib/python3.12/site-packages/oslo_config/cfg.py:3560}}
Aug 18 07:25:23.530174 np0000007613 nova-scheduler[96766]: DEBUG cotyledon.oslo_config_glue [-] oslo_messaging_rabbit.enable_cancel_on_failover = False {{(pid=96766) log_opt_values /opt/stack/data/venv/lib/python3.12/site-packages/oslo_config/cfg.py:3560}}
Aug 18 07:25:23.530394 np0000007613 nova-scheduler[96766]: DEBUG cotyledon.oslo_config_glue [-] oslo_messaging_rabbit.heartbeat_rate = 3 {{(pid=96766) log_opt_values /opt/stack/data/venv/lib/python3.12/site-packages/oslo_config/cfg.py:3560}}
Aug 18 07:25:23.530394 np0000007613 nova-scheduler[96766]: DEBUG cotyledon.oslo_config_glue [-] oslo_messaging_rabbit.heartbeat_timeout_threshold = 60 {{(pid=96766) log_opt_values /opt/stack/data/venv/lib/python3.12/site-packages/oslo_config/cfg.py:3560}}
Aug 18 07:25:23.530394 np0000007613 nova-scheduler[96766]: DEBUG cotyledon.oslo_config_glue [-] oslo_messaging_rabbit.hostname = np0000007613 {{(pid=96766) log_opt_values /opt/stack/data/venv/lib/python3.12/site-packages/oslo_config/cfg.py:3560}}
Aug 18 07:25:23.530394 np0000007613 nova-scheduler[96766]: DEBUG cotyledon.oslo_config_glue [-] oslo_messaging_rabbit.kombu_compression = None {{(pid=96766) log_opt_values /opt/stack/data/venv/lib/python3.12/site-packages/oslo_config/cfg.py:3560}}
Aug 18 07:25:23.530394 np0000007613 nova-scheduler[96766]: DEBUG cotyledon.oslo_config_glue [-] oslo_messaging_rabbit.kombu_failover_strategy = round-robin {{(pid=96766) log_opt_values /opt/stack/data/venv/lib/python3.12/site-packages/oslo_config/cfg.py:3560}}
Aug 18 07:25:23.530394 np0000007613 nova-scheduler[96766]: DEBUG cotyledon.oslo_config_glue [-] oslo_messaging_rabbit.kombu_missing_consumer_retry_timeout = 60 {{(pid=96766) log_opt_values /opt/stack/data/venv/lib/python3.12/site-packages/oslo_config/cfg.py:3560}}
Aug 18 07:25:23.530394 np0000007613 nova-scheduler[96766]: DEBUG cotyledon.oslo_config_glue [-] oslo_messaging_rabbit.kombu_reconnect_delay = 1.0 {{(pid=96766) log_opt_values /opt/stack/data/venv/lib/python3.12/site-packages/oslo_config/cfg.py:3560}}
Aug 18 07:25:23.530394 np0000007613 nova-scheduler[96766]: DEBUG cotyledon.oslo_config_glue [-] oslo_messaging_rabbit.kombu_reconnect_splay = 0.0 {{(pid=96766) log_opt_values /opt/stack/data/venv/lib/python3.12/site-packages/oslo_config/cfg.py:3560}}
Aug 18 07:25:23.530394 np0000007613 nova-scheduler[96766]: DEBUG cotyledon.oslo_config_glue [-] oslo_messaging_rabbit.processname = nova-scheduler {{(pid=96766) log_opt_values /opt/stack/data/venv/lib/python3.12/site-packages/oslo_config/cfg.py:3560}}
Aug 18 07:25:23.530567 np0000007613 nova-scheduler[96766]: DEBUG cotyledon.oslo_config_glue [-] oslo_messaging_rabbit.rabbit_ha_queues = False {{(pid=96766) log_opt_values /opt/stack/data/venv/lib/python3.12/site-packages/oslo_config/cfg.py:3560}}
Aug 18 07:25:23.530567 np0000007613 nova-scheduler[96766]: DEBUG cotyledon.oslo_config_glue [-] oslo_messaging_rabbit.rabbit_interval_max = 30 {{(pid=96766) log_opt_values /opt/stack/data/venv/lib/python3.12/site-packages/oslo_config/cfg.py:3560}}
Aug 18 07:25:23.530567 np0000007613 nova-scheduler[96766]: DEBUG cotyledon.oslo_config_glue [-] oslo_messaging_rabbit.rabbit_login_method = AMQPLAIN {{(pid=96766) log_opt_values /opt/stack/data/venv/lib/python3.12/site-packages/oslo_config/cfg.py:3560}}
Aug 18 07:25:23.530567 np0000007613 nova-scheduler[96766]: DEBUG cotyledon.oslo_config_glue [-] oslo_messaging_rabbit.rabbit_qos_prefetch_count = 0 {{(pid=96766) log_opt_values /opt/stack/data/venv/lib/python3.12/site-packages/oslo_config/cfg.py:3560}}
Aug 18 07:25:23.530567 np0000007613 nova-scheduler[96766]: DEBUG cotyledon.oslo_config_glue [-] oslo_messaging_rabbit.rabbit_quorum_delivery_limit = 0 {{(pid=96766) log_opt_values /opt/stack/data/venv/lib/python3.12/site-packages/oslo_config/cfg.py:3560}}
Aug 18 07:25:23.530567 np0000007613 nova-scheduler[96766]: DEBUG cotyledon.oslo_config_glue [-] oslo_messaging_rabbit.rabbit_quorum_max_memory_bytes = 0 {{(pid=96766) log_opt_values /opt/stack/data/venv/lib/python3.12/site-packages/oslo_config/cfg.py:3560}}
Aug 18 07:25:23.530567 np0000007613 nova-scheduler[96766]: DEBUG cotyledon.oslo_config_glue [-] oslo_messaging_rabbit.rabbit_quorum_max_memory_length = 0 {{(pid=96766) log_opt_values /opt/stack/data/venv/lib/python3.12/site-packages/oslo_config/cfg.py:3560}}
Aug 18 07:25:23.530567 np0000007613 nova-scheduler[96766]: DEBUG cotyledon.oslo_config_glue [-] oslo_messaging_rabbit.rabbit_quorum_queue = False {{(pid=96766) log_opt_values /opt/stack/data/venv/lib/python3.12/site-packages/oslo_config/cfg.py:3560}}
Aug 18 07:25:23.530567 np0000007613 nova-scheduler[96766]: DEBUG cotyledon.oslo_config_glue [-] oslo_messaging_rabbit.rabbit_retry_backoff = 2 {{(pid=96766) log_opt_values /opt/stack/data/venv/lib/python3.12/site-packages/oslo_config/cfg.py:3560}}
Aug 18 07:25:23.530731 np0000007613 nova-scheduler[96766]: DEBUG cotyledon.oslo_config_glue [-] oslo_messaging_rabbit.rabbit_retry_interval = 1 {{(pid=96766) log_opt_values /opt/stack/data/venv/lib/python3.12/site-packages/oslo_config/cfg.py:3560}}
Aug 18 07:25:23.530731 np0000007613 nova-scheduler[96766]: DEBUG cotyledon.oslo_config_glue [-] oslo_messaging_rabbit.rabbit_stream_fanout = False {{(pid=96766) log_opt_values /opt/stack/data/venv/lib/python3.12/site-packages/oslo_config/cfg.py:3560}}
Aug 18 07:25:23.530731 np0000007613 nova-scheduler[96766]: DEBUG cotyledon.oslo_config_glue [-] oslo_messaging_rabbit.rabbit_transient_queues_ttl = 1800 {{(pid=96766) log_opt_values /opt/stack/data/venv/lib/python3.12/site-packages/oslo_config/cfg.py:3560}}
Aug 18 07:25:23.530731 np0000007613 nova-scheduler[96766]: DEBUG cotyledon.oslo_config_glue [-] oslo_messaging_rabbit.rabbit_transient_quorum_queue = False {{(pid=96766) log_opt_values /opt/stack/data/venv/lib/python3.12/site-packages/oslo_config/cfg.py:3560}}
Aug 18 07:25:23.530731 np0000007613 nova-scheduler[96766]: DEBUG cotyledon.oslo_config_glue [-] oslo_messaging_rabbit.rpc_conn_pool_size = 30 {{(pid=96766) log_opt_values /opt/stack/data/venv/lib/python3.12/site-packages/oslo_config/cfg.py:3560}}
Aug 18 07:25:23.530731 np0000007613 nova-scheduler[96766]: DEBUG cotyledon.oslo_config_glue [-] oslo_messaging_rabbit.ssl = False {{(pid=96766) log_opt_values /opt/stack/data/venv/lib/python3.12/site-packages/oslo_config/cfg.py:3560}}
Aug 18 07:25:23.530731 np0000007613 nova-scheduler[96766]: DEBUG cotyledon.oslo_config_glue [-] oslo_messaging_rabbit.ssl_ca_file = {{(pid=96766) log_opt_values /opt/stack/data/venv/lib/python3.12/site-packages/oslo_config/cfg.py:3560}}
Aug 18 07:25:23.530731 np0000007613 nova-scheduler[96766]: DEBUG cotyledon.oslo_config_glue [-] oslo_messaging_rabbit.ssl_cert_file = {{(pid=96766) log_opt_values /opt/stack/data/venv/lib/python3.12/site-packages/oslo_config/cfg.py:3560}}
Aug 18 07:25:23.530731 np0000007613 nova-scheduler[96766]: DEBUG cotyledon.oslo_config_glue [-] oslo_messaging_rabbit.ssl_enforce_fips_mode = False {{(pid=96766) log_opt_values /opt/stack/data/venv/lib/python3.12/site-packages/oslo_config/cfg.py:3560}}
Aug 18 07:25:23.530907 np0000007613 nova-scheduler[96766]: DEBUG cotyledon.oslo_config_glue [-] oslo_messaging_rabbit.ssl_enforce_hostname_verification = True {{(pid=96766) log_opt_values /opt/stack/data/venv/lib/python3.12/site-packages/oslo_config/cfg.py:3560}}
Aug 18 07:25:23.530907 np0000007613 nova-scheduler[96766]: DEBUG cotyledon.oslo_config_glue [-] oslo_messaging_rabbit.ssl_key_file = {{(pid=96766) log_opt_values /opt/stack/data/venv/lib/python3.12/site-packages/oslo_config/cfg.py:3560}}
Aug 18 07:25:23.530907 np0000007613 nova-scheduler[96766]: DEBUG cotyledon.oslo_config_glue [-] oslo_messaging_rabbit.ssl_version = {{(pid=96766) log_opt_values /opt/stack/data/venv/lib/python3.12/site-packages/oslo_config/cfg.py:3560}}
Aug 18 07:25:23.530907 np0000007613 nova-scheduler[96766]: DEBUG cotyledon.oslo_config_glue [-] oslo_messaging_rabbit.use_queue_manager = False {{(pid=96766) log_opt_values /opt/stack/data/venv/lib/python3.12/site-packages/oslo_config/cfg.py:3560}}
Aug 18 07:25:23.530907 np0000007613 nova-scheduler[96766]: DEBUG cotyledon.oslo_config_glue [-] oslo_messaging_notifications.driver = ['messagingv2'] {{(pid=96766) log_opt_values /opt/stack/data/venv/lib/python3.12/site-packages/oslo_config/cfg.py:3560}}
Aug 18 07:25:23.530907 np0000007613 nova-scheduler[96766]: DEBUG cotyledon.oslo_config_glue [-] oslo_messaging_notifications.retry = -1 {{(pid=96766) log_opt_values /opt/stack/data/venv/lib/python3.12/site-packages/oslo_config/cfg.py:3560}}
Aug 18 07:25:23.530907 np0000007613 nova-scheduler[96766]: DEBUG cotyledon.oslo_config_glue [-] oslo_messaging_notifications.topics = ['notifications'] {{(pid=96766) log_opt_values /opt/stack/data/venv/lib/python3.12/site-packages/oslo_config/cfg.py:3560}}
Aug 18 07:25:23.530907 np0000007613 nova-scheduler[96766]: DEBUG cotyledon.oslo_config_glue [-] oslo_messaging_notifications.transport_url = **** {{(pid=96766) log_opt_values /opt/stack/data/venv/lib/python3.12/site-packages/oslo_config/cfg.py:3560}}
Aug 18 07:25:23.530907 np0000007613 nova-scheduler[96766]: DEBUG cotyledon.oslo_config_glue [-] oslo_limit.auth_section = None {{(pid=96766) log_opt_values /opt/stack/data/venv/lib/python3.12/site-packages/oslo_config/cfg.py:3560}}
Aug 18 07:25:23.531082 np0000007613 nova-scheduler[96766]: DEBUG cotyledon.oslo_config_glue [-] oslo_limit.auth_type = None {{(pid=96766) log_opt_values /opt/stack/data/venv/lib/python3.12/site-packages/oslo_config/cfg.py:3560}}
Aug 18 07:25:23.531082 np0000007613 nova-scheduler[96766]: DEBUG cotyledon.oslo_config_glue [-] oslo_limit.cafile = None {{(pid=96766) log_opt_values /opt/stack/data/venv/lib/python3.12/site-packages/oslo_config/cfg.py:3560}}
Aug 18 07:25:23.531082 np0000007613 nova-scheduler[96766]: DEBUG cotyledon.oslo_config_glue [-] oslo_limit.certfile = None {{(pid=96766) log_opt_values /opt/stack/data/venv/lib/python3.12/site-packages/oslo_config/cfg.py:3560}}
Aug 18 07:25:23.531082 np0000007613 nova-scheduler[96766]: DEBUG cotyledon.oslo_config_glue [-] oslo_limit.collect_timing = False {{(pid=96766) log_opt_values /opt/stack/data/venv/lib/python3.12/site-packages/oslo_config/cfg.py:3560}}
Aug 18 07:25:23.531082 np0000007613 nova-scheduler[96766]: DEBUG cotyledon.oslo_config_glue [-] oslo_limit.connect_retries = None {{(pid=96766) log_opt_values /opt/stack/data/venv/lib/python3.12/site-packages/oslo_config/cfg.py:3560}}
Aug 18 07:25:23.531082 np0000007613 nova-scheduler[96766]: DEBUG cotyledon.oslo_config_glue [-] oslo_limit.connect_retry_delay = None {{(pid=96766) log_opt_values /opt/stack/data/venv/lib/python3.12/site-packages/oslo_config/cfg.py:3560}}
Aug 18 07:25:23.531082 np0000007613 nova-scheduler[96766]: DEBUG cotyledon.oslo_config_glue [-] oslo_limit.endpoint_id = None {{(pid=96766) log_opt_values /opt/stack/data/venv/lib/python3.12/site-packages/oslo_config/cfg.py:3560}}
Aug 18 07:25:23.531082 np0000007613 nova-scheduler[96766]: DEBUG cotyledon.oslo_config_glue [-] oslo_limit.endpoint_interface = public {{(pid=96766) log_opt_values /opt/stack/data/venv/lib/python3.12/site-packages/oslo_config/cfg.py:3560}}
Aug 18 07:25:23.531082 np0000007613 nova-scheduler[96766]: DEBUG cotyledon.oslo_config_glue [-] oslo_limit.endpoint_override = None {{(pid=96766) log_opt_values /opt/stack/data/venv/lib/python3.12/site-packages/oslo_config/cfg.py:3560}}
Aug 18 07:25:23.531297 np0000007613 nova-scheduler[96766]: DEBUG cotyledon.oslo_config_glue [-] oslo_limit.endpoint_region_name = None {{(pid=96766) log_opt_values /opt/stack/data/venv/lib/python3.12/site-packages/oslo_config/cfg.py:3560}}
Aug 18 07:25:23.531297 np0000007613 nova-scheduler[96766]: DEBUG cotyledon.oslo_config_glue [-] oslo_limit.endpoint_service_name = None {{(pid=96766) log_opt_values /opt/stack/data/venv/lib/python3.12/site-packages/oslo_config/cfg.py:3560}}
Aug 18 07:25:23.531297 np0000007613 nova-scheduler[96766]: DEBUG cotyledon.oslo_config_glue [-] oslo_limit.endpoint_service_type = None {{(pid=96766) log_opt_values /opt/stack/data/venv/lib/python3.12/site-packages/oslo_config/cfg.py:3560}}
Aug 18 07:25:23.531297 np0000007613 nova-scheduler[96766]: DEBUG cotyledon.oslo_config_glue [-] oslo_limit.insecure = False {{(pid=96766) log_opt_values /opt/stack/data/venv/lib/python3.12/site-packages/oslo_config/cfg.py:3560}}
Aug 18 07:25:23.531297 np0000007613 nova-scheduler[96766]: DEBUG cotyledon.oslo_config_glue [-] oslo_limit.keyfile = None {{(pid=96766) log_opt_values /opt/stack/data/venv/lib/python3.12/site-packages/oslo_config/cfg.py:3560}}
Aug 18 07:25:23.531297 np0000007613 nova-scheduler[96766]: DEBUG cotyledon.oslo_config_glue [-] oslo_limit.max_version = None {{(pid=96766) log_opt_values /opt/stack/data/venv/lib/python3.12/site-packages/oslo_config/cfg.py:3560}}
Aug 18 07:25:23.531297 np0000007613 nova-scheduler[96766]: DEBUG cotyledon.oslo_config_glue [-] oslo_limit.min_version = None {{(pid=96766) log_opt_values /opt/stack/data/venv/lib/python3.12/site-packages/oslo_config/cfg.py:3560}}
Aug 18 07:25:23.531297 np0000007613 nova-scheduler[96766]: DEBUG cotyledon.oslo_config_glue [-] oslo_limit.region_name = None {{(pid=96766) log_opt_values /opt/stack/data/venv/lib/python3.12/site-packages/oslo_config/cfg.py:3560}}
Aug 18 07:25:23.531297 np0000007613 nova-scheduler[96766]: DEBUG cotyledon.oslo_config_glue [-] oslo_limit.retriable_status_codes = None {{(pid=96766) log_opt_values /opt/stack/data/venv/lib/python3.12/site-packages/oslo_config/cfg.py:3560}}
Aug 18 07:25:23.531522 np0000007613 nova-scheduler[96766]: DEBUG cotyledon.oslo_config_glue [-] oslo_limit.service_name = None {{(pid=96766) log_opt_values /opt/stack/data/venv/lib/python3.12/site-packages/oslo_config/cfg.py:3560}}
Aug 18 07:25:23.531522 np0000007613 nova-scheduler[96766]: DEBUG cotyledon.oslo_config_glue [-] oslo_limit.service_type = None {{(pid=96766) log_opt_values /opt/stack/data/venv/lib/python3.12/site-packages/oslo_config/cfg.py:3560}}
Aug 18 07:25:23.531522 np0000007613 nova-scheduler[96766]: DEBUG cotyledon.oslo_config_glue [-] oslo_limit.split_loggers = False {{(pid=96766) log_opt_values /opt/stack/data/venv/lib/python3.12/site-packages/oslo_config/cfg.py:3560}}
Aug 18 07:25:23.531522 np0000007613 nova-scheduler[96766]: DEBUG cotyledon.oslo_config_glue [-] oslo_limit.status_code_retries = None {{(pid=96766) log_opt_values /opt/stack/data/venv/lib/python3.12/site-packages/oslo_config/cfg.py:3560}}
Aug 18 07:25:23.531522 np0000007613 nova-scheduler[96766]: DEBUG cotyledon.oslo_config_glue [-] oslo_limit.status_code_retry_delay = None {{(pid=96766) log_opt_values /opt/stack/data/venv/lib/python3.12/site-packages/oslo_config/cfg.py:3560}}
Aug 18 07:25:23.531522 np0000007613 nova-scheduler[96766]: DEBUG cotyledon.oslo_config_glue [-] oslo_limit.timeout = None {{(pid=96766) log_opt_values /opt/stack/data/venv/lib/python3.12/site-packages/oslo_config/cfg.py:3560}}
Aug 18 07:25:23.531522 np0000007613 nova-scheduler[96766]: DEBUG cotyledon.oslo_config_glue [-] oslo_limit.valid_interfaces = None {{(pid=96766) log_opt_values /opt/stack/data/venv/lib/python3.12/site-packages/oslo_config/cfg.py:3560}}
Aug 18 07:25:23.531522 np0000007613 nova-scheduler[96766]: DEBUG cotyledon.oslo_config_glue [-] oslo_limit.version = None {{(pid=96766) log_opt_values /opt/stack/data/venv/lib/python3.12/site-packages/oslo_config/cfg.py:3560}}
Aug 18 07:25:23.531522 np0000007613 nova-scheduler[96766]: DEBUG cotyledon.oslo_config_glue [-] oslo_reports.file_event_handler = None {{(pid=96766) log_opt_values /opt/stack/data/venv/lib/python3.12/site-packages/oslo_config/cfg.py:3560}}
Aug 18 07:25:23.531729 np0000007613 nova-scheduler[96766]: DEBUG cotyledon.oslo_config_glue [-] oslo_reports.file_event_handler_interval = 1 {{(pid=96766) log_opt_values /opt/stack/data/venv/lib/python3.12/site-packages/oslo_config/cfg.py:3560}}
Aug 18 07:25:23.531729 np0000007613 nova-scheduler[96766]: DEBUG cotyledon.oslo_config_glue [-] oslo_reports.log_dir = None {{(pid=96766) log_opt_values /opt/stack/data/venv/lib/python3.12/site-packages/oslo_config/cfg.py:3560}}
Aug 18 07:25:23.531729 np0000007613 nova-scheduler[96766]: DEBUG cotyledon.oslo_config_glue [-] ******************************************************************************** {{(pid=96766) log_opt_values /opt/stack/data/venv/lib/python3.12/site-packages/oslo_config/cfg.py:3567}}
Aug 18 07:25:23.531729 np0000007613 nova-scheduler[96766]: DEBUG cotyledon._service_worker [-] Run service ServiceWrapper(3) [96766] {{(pid=96766) wait_forever /opt/stack/data/venv/lib/python3.12/site-packages/cotyledon/_service_worker.py:218}}
Aug 18 07:25:23.531729 np0000007613 nova-scheduler[96766]: INFO nova.service [-] Starting scheduler node (version 33.1.0)
Aug 18 07:25:23.531729 np0000007613 nova-scheduler[96766]: INFO dbcounter [None req-98c29c06-7a2b-452d-9a74-e1fc25581f5c None None] Registered counter for database nova_cell0
Aug 18 07:25:23.533838 np0000007613 nova-scheduler[96736]: DEBUG oslo_db.sqlalchemy.engines [None req-e7b9a323-02f6-49a2-8542-f1c6edc8890a None None] MySQL server mode set to STRICT_TRANS_TABLES,STRICT_ALL_TABLES,NO_ZERO_IN_DATE,NO_ZERO_DATE,ERROR_FOR_DIVISION_BY_ZERO,TRADITIONAL,NO_ENGINE_SUBSTITUTION {{(pid=96736) _check_effective_sql_mode /opt/stack/data/venv/lib/python3.12/site-packages/oslo_db/sqlalchemy/engines.py:325}}
Aug 18 07:25:23.537818 np0000007613 nova-scheduler[96724]: DEBUG oslo_db.sqlalchemy.engines [None req-f4f22910-3ec9-43fb-89ef-51589fa1bcf1 None None] MySQL server mode set to STRICT_TRANS_TABLES,STRICT_ALL_TABLES,NO_ZERO_IN_DATE,NO_ZERO_DATE,ERROR_FOR_DIVISION_BY_ZERO,TRADITIONAL,NO_ENGINE_SUBSTITUTION {{(pid=96724) _check_effective_sql_mode /opt/stack/data/venv/lib/python3.12/site-packages/oslo_db/sqlalchemy/engines.py:325}}
Aug 18 07:25:23.542858 np0000007613 nova-scheduler[96736]: DEBUG dbcounter [-] [96736] Writer thread running {{(pid=96736) stat_writer /opt/stack/data/venv/lib/python3.12/site-packages/dbcounter.py:102}}
Aug 18 07:25:23.547136 np0000007613 nova-scheduler[96724]: DEBUG dbcounter [-] [96724] Writer thread running {{(pid=96724) stat_writer /opt/stack/data/venv/lib/python3.12/site-packages/dbcounter.py:102}}
Aug 18 07:25:23.555123 np0000007613 nova-scheduler[96763]: DEBUG oslo_db.sqlalchemy.engines [None req-62245202-1149-4b57-aa40-63ad09f74e19 None None] MySQL server mode set to STRICT_TRANS_TABLES,STRICT_ALL_TABLES,NO_ZERO_IN_DATE,NO_ZERO_DATE,ERROR_FOR_DIVISION_BY_ZERO,TRADITIONAL,NO_ENGINE_SUBSTITUTION {{(pid=96763) _check_effective_sql_mode /opt/stack/data/venv/lib/python3.12/site-packages/oslo_db/sqlalchemy/engines.py:325}}
Aug 18 07:25:23.560995 np0000007613 nova-scheduler[96736]: DEBUG nova.service [None req-e7b9a323-02f6-49a2-8542-f1c6edc8890a None None] Creating RPC server for service: nova-scheduler on topic: scheduler {{(pid=96736) start /opt/stack/nova/nova/service.py:262}}
Aug 18 07:25:23.564664 np0000007613 nova-scheduler[96724]: DEBUG nova.service [None req-f4f22910-3ec9-43fb-89ef-51589fa1bcf1 None None] Creating RPC server for service: nova-scheduler on topic: scheduler {{(pid=96724) start /opt/stack/nova/nova/service.py:262}}
Aug 18 07:25:23.565105 np0000007613 nova-scheduler[96763]: DEBUG dbcounter [-] [96763] Writer thread running {{(pid=96763) stat_writer /opt/stack/data/venv/lib/python3.12/site-packages/dbcounter.py:102}}
Aug 18 07:25:23.565430 np0000007613 nova-scheduler[96766]: DEBUG oslo_db.sqlalchemy.engines [None req-98c29c06-7a2b-452d-9a74-e1fc25581f5c None None] MySQL server mode set to STRICT_TRANS_TABLES,STRICT_ALL_TABLES,NO_ZERO_IN_DATE,NO_ZERO_DATE,ERROR_FOR_DIVISION_BY_ZERO,TRADITIONAL,NO_ENGINE_SUBSTITUTION {{(pid=96766) _check_effective_sql_mode /opt/stack/data/venv/lib/python3.12/site-packages/oslo_db/sqlalchemy/engines.py:325}}
Aug 18 07:25:23.568166 np0000007613 nova-scheduler[96763]: DEBUG nova.service [None req-62245202-1149-4b57-aa40-63ad09f74e19 None None] Creating RPC server for service: nova-scheduler on topic: scheduler {{(pid=96763) start /opt/stack/nova/nova/service.py:262}}
Aug 18 07:25:23.577111 np0000007613 nova-scheduler[96766]: DEBUG dbcounter [-] [96766] Writer thread running {{(pid=96766) stat_writer /opt/stack/data/venv/lib/python3.12/site-packages/dbcounter.py:102}}
Aug 18 07:25:23.581129 np0000007613 nova-scheduler[96766]: DEBUG nova.service [None req-98c29c06-7a2b-452d-9a74-e1fc25581f5c None None] Creating RPC server for service: nova-scheduler on topic: scheduler {{(pid=96766) start /opt/stack/nova/nova/service.py:262}}
Aug 18 07:25:23.588459 np0000007613 nova-scheduler[96736]: DEBUG nova.service [None req-e7b9a323-02f6-49a2-8542-f1c6edc8890a None None] Join ServiceGroup membership for this service scheduler {{(pid=96736) start /opt/stack/nova/nova/service.py:288}}
Aug 18 07:25:23.588709 np0000007613 nova-scheduler[96736]: DEBUG nova.servicegroup.drivers.db [None req-e7b9a323-02f6-49a2-8542-f1c6edc8890a None None] DB_Driver: join new ServiceGroup member np0000007613 to the scheduler group, service = {{(pid=96736) join /opt/stack/nova/nova/servicegroup/drivers/db.py:44}}
Aug 18 07:25:23.595529 np0000007613 nova-scheduler[96724]: DEBUG nova.service [None req-f4f22910-3ec9-43fb-89ef-51589fa1bcf1 None None] Join ServiceGroup membership for this service scheduler {{(pid=96724) start /opt/stack/nova/nova/service.py:288}}
Aug 18 07:25:23.595803 np0000007613 nova-scheduler[96724]: DEBUG nova.servicegroup.drivers.db [None req-f4f22910-3ec9-43fb-89ef-51589fa1bcf1 None None] DB_Driver: join new ServiceGroup member np0000007613 to the scheduler group, service = {{(pid=96724) join /opt/stack/nova/nova/servicegroup/drivers/db.py:44}}
Aug 18 07:25:23.597416 np0000007613 nova-scheduler[96763]: DEBUG nova.service [None req-62245202-1149-4b57-aa40-63ad09f74e19 None None] Join ServiceGroup membership for this service scheduler {{(pid=96763) start /opt/stack/nova/nova/service.py:288}}
Aug 18 07:25:23.597690 np0000007613 nova-scheduler[96763]: DEBUG nova.servicegroup.drivers.db [None req-62245202-1149-4b57-aa40-63ad09f74e19 None None] DB_Driver: join new ServiceGroup member np0000007613 to the scheduler group, service = {{(pid=96763) join /opt/stack/nova/nova/servicegroup/drivers/db.py:44}}
Aug 18 07:25:23.600959 np0000007613 nova-scheduler[96766]: DEBUG nova.service [None req-98c29c06-7a2b-452d-9a74-e1fc25581f5c None None] Join ServiceGroup membership for this service scheduler {{(pid=96766) start /opt/stack/nova/nova/service.py:288}}
Aug 18 07:25:23.601125 np0000007613 nova-scheduler[96766]: DEBUG nova.servicegroup.drivers.db [None req-98c29c06-7a2b-452d-9a74-e1fc25581f5c None None] DB_Driver: join new ServiceGroup member np0000007613 to the scheduler group, service = {{(pid=96766) join /opt/stack/nova/nova/servicegroup/drivers/db.py:44}}
Aug 18 07:25:28.618798 np0000007613 nova-scheduler[96736]: DEBUG oslo.service.backend._threading.loopingcall [-] Fixed interval looping call 'nova.servicegroup.drivers.db.DbDriver._report_state' sleeping for 119.97 seconds {{(pid=96736) _run_loop /opt/stack/data/venv/lib/python3.12/site-packages/oslo_service/backend/_threading/loopingcall.py:125}}
Aug 18 07:25:28.619098 np0000007613 nova-scheduler[96763]: DEBUG oslo.service.backend._threading.loopingcall [-] Fixed interval looping call 'nova.servicegroup.drivers.db.DbDriver._report_state' sleeping for 119.98 seconds {{(pid=96763) _run_loop /opt/stack/data/venv/lib/python3.12/site-packages/oslo_service/backend/_threading/loopingcall.py:125}}
Aug 18 07:25:28.620886 np0000007613 nova-scheduler[96724]: DEBUG oslo.service.backend._threading.loopingcall [-] Fixed interval looping call 'nova.servicegroup.drivers.db.DbDriver._report_state' sleeping for 119.98 seconds {{(pid=96724) _run_loop /opt/stack/data/venv/lib/python3.12/site-packages/oslo_service/backend/_threading/loopingcall.py:125}}
Aug 18 07:25:28.627080 np0000007613 nova-scheduler[96766]: DEBUG oslo.service.backend._threading.loopingcall [-] Fixed interval looping call 'nova.servicegroup.drivers.db.DbDriver._report_state' sleeping for 119.98 seconds {{(pid=96766) _run_loop /opt/stack/data/venv/lib/python3.12/site-packages/oslo_service/backend/_threading/loopingcall.py:125}}
Aug 18 07:25:31.603217 np0000007613 nova-scheduler[96766]: DEBUG oslo.service.backend._threading.loopingcall [None req-29488182-4489-485a-a62f-1978708d071f None None] Dynamic interval looping call 'nova.service.Service.periodic_tasks' sleeping for 60.00 seconds {{(pid=96766) _run_loop /opt/stack/data/venv/lib/python3.12/site-packages/oslo_service/backend/_threading/loopingcall.py:125}}
Aug 18 07:25:32.117791 np0000007613 nova-scheduler[95490]: DEBUG dbcounter [-] [95490] Writing DB stats nova_api:SELECT=3 {{(pid=95490) stat_writer /opt/stack/data/venv/lib/python3.12/site-packages/dbcounter.py:115}}
Aug 18 07:25:32.256496 np0000007613 nova-scheduler[95490]: DEBUG dbcounter [-] [95490] Writing DB stats nova_cell0:SELECT=1 {{(pid=95490) stat_writer /opt/stack/data/venv/lib/python3.12/site-packages/dbcounter.py:115}}
Aug 18 07:25:32.262119 np0000007613 nova-scheduler[95490]: DEBUG dbcounter [-] [95490] Writing DB stats nova_cell1:SELECT=1 {{(pid=95490) stat_writer /opt/stack/data/venv/lib/python3.12/site-packages/dbcounter.py:115}}
Aug 18 07:25:33.598517 np0000007613 nova-scheduler[96724]: DEBUG oslo.service.backend._threading.loopingcall [None req-fe2cb579-e74c-417e-8789-352eb723c46b None None] Dynamic interval looping call 'nova.service.Service.periodic_tasks' sleeping for 60.00 seconds {{(pid=96724) _run_loop /opt/stack/data/venv/lib/python3.12/site-packages/oslo_service/backend/_threading/loopingcall.py:125}}
Aug 18 07:25:38.610987 np0000007613 nova-scheduler[96736]: DEBUG dbcounter [-] [96736] Writing DB stats nova_cell0:SELECT=4,nova_cell0:INSERT=1,nova_cell0:UPDATE=1 {{(pid=96736) stat_writer /opt/stack/data/venv/lib/python3.12/site-packages/dbcounter.py:115}}
Aug 18 07:25:38.612395 np0000007613 nova-scheduler[96763]: DEBUG dbcounter [-] [96763] Writing DB stats nova_cell0:SELECT=3,nova_cell0:UPDATE=1 {{(pid=96763) stat_writer /opt/stack/data/venv/lib/python3.12/site-packages/dbcounter.py:115}}
Aug 18 07:25:38.612747 np0000007613 nova-scheduler[96724]: DEBUG dbcounter [-] [96724] Writing DB stats nova_cell0:SELECT=5,nova_cell0:INSERT=1,nova_cell0:UPDATE=1 {{(pid=96724) stat_writer /opt/stack/data/venv/lib/python3.12/site-packages/dbcounter.py:115}}
Aug 18 07:25:38.622494 np0000007613 nova-scheduler[96766]: DEBUG dbcounter [-] [96766] Writing DB stats nova_cell0:SELECT=3 {{(pid=96766) stat_writer /opt/stack/data/venv/lib/python3.12/site-packages/dbcounter.py:115}}
Aug 18 07:26:03.590931 np0000007613 nova-scheduler[96736]: DEBUG oslo.service.backend._threading.loopingcall [None req-c2a49a57-4c69-46e3-ac51-6e35cfaa782e None None] Dynamic interval looping call 'nova.service.Service.periodic_tasks' sleeping for 60.00 seconds {{(pid=96736) _run_loop /opt/stack/data/venv/lib/python3.12/site-packages/oslo_service/backend/_threading/loopingcall.py:125}}
Aug 18 07:26:03.599704 np0000007613 nova-scheduler[96763]: DEBUG oslo.service.backend._threading.loopingcall [None req-f4324ead-9206-4abd-bb03-bc0ba47e92d2 None None] Dynamic interval looping call 'nova.service.Service.periodic_tasks' sleeping for 60.00 seconds {{(pid=96763) _run_loop /opt/stack/data/venv/lib/python3.12/site-packages/oslo_service/backend/_threading/loopingcall.py:125}}
Aug 18 07:26:31.603682 np0000007613 nova-scheduler[96766]: DEBUG oslo.service.backend._threading.loopingcall [None req-29488182-4489-485a-a62f-1978708d071f None None] Dynamic interval looping call 'nova.service.Service.periodic_tasks' sleeping for 60.00 seconds {{(pid=96766) _run_loop /opt/stack/data/venv/lib/python3.12/site-packages/oslo_service/backend/_threading/loopingcall.py:125}}
Aug 18 07:26:33.599179 np0000007613 nova-scheduler[96724]: DEBUG oslo.service.backend._threading.loopingcall [None req-fe2cb579-e74c-417e-8789-352eb723c46b None None] Dynamic interval looping call 'nova.service.Service.periodic_tasks' sleeping for 60.00 seconds {{(pid=96724) _run_loop /opt/stack/data/venv/lib/python3.12/site-packages/oslo_service/backend/_threading/loopingcall.py:125}}
Aug 18 07:27:03.591599 np0000007613 nova-scheduler[96736]: DEBUG oslo.service.backend._threading.loopingcall [None req-c2a49a57-4c69-46e3-ac51-6e35cfaa782e None None] Dynamic interval looping call 'nova.service.Service.periodic_tasks' sleeping for 60.00 seconds {{(pid=96736) _run_loop /opt/stack/data/venv/lib/python3.12/site-packages/oslo_service/backend/_threading/loopingcall.py:125}}
Aug 18 07:27:03.600143 np0000007613 nova-scheduler[96763]: DEBUG oslo.service.backend._threading.loopingcall [None req-f4324ead-9206-4abd-bb03-bc0ba47e92d2 None None] Dynamic interval looping call 'nova.service.Service.periodic_tasks' sleeping for 60.00 seconds {{(pid=96763) _run_loop /opt/stack/data/venv/lib/python3.12/site-packages/oslo_service/backend/_threading/loopingcall.py:125}}
Aug 18 07:27:28.597312 np0000007613 nova-scheduler[96736]: DEBUG oslo.service.backend._threading.loopingcall [-] Fixed interval looping call 'nova.servicegroup.drivers.db.DbDriver._report_state' sleeping for 119.99 seconds {{(pid=96736) _run_loop /opt/stack/data/venv/lib/python3.12/site-packages/oslo_service/backend/_threading/loopingcall.py:125}}
Aug 18 07:27:28.603430 np0000007613 nova-scheduler[96763]: DEBUG oslo.service.backend._threading.loopingcall [-] Fixed interval looping call 'nova.servicegroup.drivers.db.DbDriver._report_state' sleeping for 120.00 seconds {{(pid=96763) _run_loop /opt/stack/data/venv/lib/python3.12/site-packages/oslo_service/backend/_threading/loopingcall.py:125}}
Aug 18 07:27:28.604674 np0000007613 nova-scheduler[96724]: DEBUG oslo.service.backend._threading.loopingcall [-] Fixed interval looping call 'nova.servicegroup.drivers.db.DbDriver._report_state' sleeping for 120.00 seconds {{(pid=96724) _run_loop /opt/stack/data/venv/lib/python3.12/site-packages/oslo_service/backend/_threading/loopingcall.py:125}}
Aug 18 07:27:28.610726 np0000007613 nova-scheduler[96766]: DEBUG oslo.service.backend._threading.loopingcall [-] Fixed interval looping call 'nova.servicegroup.drivers.db.DbDriver._report_state' sleeping for 120.00 seconds {{(pid=96766) _run_loop /opt/stack/data/venv/lib/python3.12/site-packages/oslo_service/backend/_threading/loopingcall.py:125}}
Aug 18 07:27:31.605959 np0000007613 nova-scheduler[96766]: DEBUG oslo.service.backend._threading.loopingcall [None req-29488182-4489-485a-a62f-1978708d071f None None] Dynamic interval looping call 'nova.service.Service.periodic_tasks' sleeping for 60.00 seconds {{(pid=96766) _run_loop /opt/stack/data/venv/lib/python3.12/site-packages/oslo_service/backend/_threading/loopingcall.py:125}}
Aug 18 07:27:33.599633 np0000007613 nova-scheduler[96724]: DEBUG oslo.service.backend._threading.loopingcall [None req-fe2cb579-e74c-417e-8789-352eb723c46b None None] Dynamic interval looping call 'nova.service.Service.periodic_tasks' sleeping for 60.00 seconds {{(pid=96724) _run_loop /opt/stack/data/venv/lib/python3.12/site-packages/oslo_service/backend/_threading/loopingcall.py:125}}
Aug 18 07:27:38.592797 np0000007613 nova-scheduler[96736]: DEBUG dbcounter [-] [96736] Writing DB stats nova_cell0:SELECT=1,nova_cell0:UPDATE=1 {{(pid=96736) stat_writer /opt/stack/data/venv/lib/python3.12/site-packages/dbcounter.py:115}}
Aug 18 07:27:38.606235 np0000007613 nova-scheduler[96763]: DEBUG dbcounter [-] [96763] Writing DB stats nova_cell0:SELECT=1 {{(pid=96763) stat_writer /opt/stack/data/venv/lib/python3.12/site-packages/dbcounter.py:115}}
Aug 18 07:27:38.615150 np0000007613 nova-scheduler[96724]: DEBUG dbcounter [-] [96724] Writing DB stats nova_cell0:SELECT=1 {{(pid=96724) stat_writer /opt/stack/data/venv/lib/python3.12/site-packages/dbcounter.py:115}}
Aug 18 07:27:38.616326 np0000007613 nova-scheduler[96766]: DEBUG dbcounter [-] [96766] Writing DB stats nova_cell0:SELECT=1 {{(pid=96766) stat_writer /opt/stack/data/venv/lib/python3.12/site-packages/dbcounter.py:115}}
Aug 18 07:27:42.239133 np0000007613 nova-scheduler[96736]: DEBUG nova.scheduler.manager [None req-ed30b33b-0d26-431a-8e08-7505731f781a tempest-DeleteServersTestJSON-1080269612 tempest-DeleteServersTestJSON-1080269612-project-member] Starting to schedule for instances: ['8fa19085-7b2f-4742-86b2-89a38abc1963'] {{(pid=96736) select_destinations /opt/stack/nova/nova/scheduler/manager.py:197}}
Aug 18 07:27:42.239839 np0000007613 nova-scheduler[96736]: DEBUG nova.scheduler.request_filter [None req-ed30b33b-0d26-431a-8e08-7505731f781a tempest-DeleteServersTestJSON-1080269612 tempest-DeleteServersTestJSON-1080269612-project-member] compute_status_filter request filter added forbidden trait COMPUTE_STATUS_DISABLED {{(pid=96736) compute_status_filter /opt/stack/nova/nova/scheduler/request_filter.py:253}}
Aug 18 07:27:42.239839 np0000007613 nova-scheduler[96736]: DEBUG nova.scheduler.request_filter [None req-ed30b33b-0d26-431a-8e08-7505731f781a tempest-DeleteServersTestJSON-1080269612 tempest-DeleteServersTestJSON-1080269612-project-member] Request filter 'compute_status_filter' took 0.0 seconds {{(pid=96736) wrapper /opt/stack/nova/nova/scheduler/request_filter.py:46}}
Aug 18 07:27:42.239839 np0000007613 nova-scheduler[96736]: DEBUG nova.scheduler.request_filter [None req-ed30b33b-0d26-431a-8e08-7505731f781a tempest-DeleteServersTestJSON-1080269612 tempest-DeleteServersTestJSON-1080269612-project-member] Request filter 'accelerators_filter' took 0.0 seconds {{(pid=96736) wrapper /opt/stack/nova/nova/scheduler/request_filter.py:46}}
Aug 18 07:27:42.240101 np0000007613 nova-scheduler[96736]: DEBUG nova.scheduler.request_filter [None req-ed30b33b-0d26-431a-8e08-7505731f781a tempest-DeleteServersTestJSON-1080269612 tempest-DeleteServersTestJSON-1080269612-project-member] Request filter 'packed_virtqueue_filter' took 0.0 seconds {{(pid=96736) wrapper /opt/stack/nova/nova/scheduler/request_filter.py:46}}
Aug 18 07:27:42.240352 np0000007613 nova-scheduler[96736]: DEBUG nova.scheduler.request_filter [None req-ed30b33b-0d26-431a-8e08-7505731f781a tempest-DeleteServersTestJSON-1080269612 tempest-DeleteServersTestJSON-1080269612-project-member] Request filter 'remote_managed_ports_filter' took 0.0 seconds {{(pid=96736) wrapper /opt/stack/nova/nova/scheduler/request_filter.py:46}}
Aug 18 07:27:42.240468 np0000007613 nova-scheduler[96736]: DEBUG nova.scheduler.request_filter [None req-ed30b33b-0d26-431a-8e08-7505731f781a tempest-DeleteServersTestJSON-1080269612 tempest-DeleteServersTestJSON-1080269612-project-member] ephemeral_encryption_filter skipped {{(pid=96736) ephemeral_encryption_filter /opt/stack/nova/nova/scheduler/request_filter.py:426}}
Aug 18 07:27:42.240607 np0000007613 nova-scheduler[96736]: DEBUG nova.scheduler.request_filter [None req-ed30b33b-0d26-431a-8e08-7505731f781a tempest-DeleteServersTestJSON-1080269612 tempest-DeleteServersTestJSON-1080269612-project-member] virtio_sound_filter skipped {{(pid=96736) virtio_sound_filter /opt/stack/nova/nova/scheduler/request_filter.py:460}}
Aug 18 07:27:42.240762 np0000007613 nova-scheduler[96736]: DEBUG nova.scheduler.request_filter [None req-ed30b33b-0d26-431a-8e08-7505731f781a tempest-DeleteServersTestJSON-1080269612 tempest-DeleteServersTestJSON-1080269612-project-member] tpm_secret_security_filter skipped {{(pid=96736) tpm_secret_security_filter /opt/stack/nova/nova/scheduler/request_filter.py:477}}
Aug 18 07:27:42.783275 np0000007613 nova-scheduler[96736]: INFO nova.utils [None req-ed30b33b-0d26-431a-8e08-7505731f781a tempest-DeleteServersTestJSON-1080269612 tempest-DeleteServersTestJSON-1080269612-project-member] The cell worker thread pool ForkProcess-2.cell_worker is initialized
Aug 18 07:27:42.783719 np0000007613 nova-scheduler[96736]: DEBUG oslo_concurrency.lockutils [None req-ed30b33b-0d26-431a-8e08-7505731f781a tempest-DeleteServersTestJSON-1080269612 tempest-DeleteServersTestJSON-1080269612-project-member] Acquiring lock "c16266b6-ebb7-4081-bb28-e9f59ccbfc26" by "nova.context.set_target_cell..get_or_set_cached_cell_and_set_connections" {{(pid=96736) inner /opt/stack/data/venv/lib/python3.12/site-packages/oslo_concurrency/lockutils.py:512}}
Aug 18 07:27:42.784946 np0000007613 nova-scheduler[96736]: DEBUG oslo_concurrency.lockutils [None req-ed30b33b-0d26-431a-8e08-7505731f781a tempest-DeleteServersTestJSON-1080269612 tempest-DeleteServersTestJSON-1080269612-project-member] Lock "c16266b6-ebb7-4081-bb28-e9f59ccbfc26" acquired by "nova.context.set_target_cell..get_or_set_cached_cell_and_set_connections" :: waited 0.000s {{(pid=96736) inner /opt/stack/data/venv/lib/python3.12/site-packages/oslo_concurrency/lockutils.py:525}}
Aug 18 07:27:42.785578 np0000007613 nova-scheduler[96736]: DEBUG oslo_concurrency.lockutils [None req-ed30b33b-0d26-431a-8e08-7505731f781a tempest-DeleteServersTestJSON-1080269612 tempest-DeleteServersTestJSON-1080269612-project-member] Lock "c16266b6-ebb7-4081-bb28-e9f59ccbfc26" "released" by "nova.context.set_target_cell..get_or_set_cached_cell_and_set_connections" :: held 0.002s {{(pid=96736) inner /opt/stack/data/venv/lib/python3.12/site-packages/oslo_concurrency/lockutils.py:544}}
Aug 18 07:27:42.787595 np0000007613 nova-scheduler[96736]: INFO dbcounter [None req-ed30b33b-0d26-431a-8e08-7505731f781a tempest-DeleteServersTestJSON-1080269612 tempest-DeleteServersTestJSON-1080269612-project-member] Registered counter for database nova_cell1
Aug 18 07:27:42.829516 np0000007613 nova-scheduler[96736]: DEBUG oslo_db.sqlalchemy.engines [None req-ed30b33b-0d26-431a-8e08-7505731f781a tempest-DeleteServersTestJSON-1080269612 tempest-DeleteServersTestJSON-1080269612-project-member] MySQL server mode set to STRICT_TRANS_TABLES,STRICT_ALL_TABLES,NO_ZERO_IN_DATE,NO_ZERO_DATE,ERROR_FOR_DIVISION_BY_ZERO,TRADITIONAL,NO_ENGINE_SUBSTITUTION {{(pid=96736) _check_effective_sql_mode /opt/stack/data/venv/lib/python3.12/site-packages/oslo_db/sqlalchemy/engines.py:325}}
Aug 18 07:27:42.835243 np0000007613 nova-scheduler[96736]: DEBUG dbcounter [-] [96736] Writer thread running {{(pid=96736) stat_writer /opt/stack/data/venv/lib/python3.12/site-packages/dbcounter.py:102}}
Aug 18 07:27:42.843880 np0000007613 nova-scheduler[96736]: DEBUG oslo_db.sqlalchemy.engines [None req-ed30b33b-0d26-431a-8e08-7505731f781a tempest-DeleteServersTestJSON-1080269612 tempest-DeleteServersTestJSON-1080269612-project-member] Parent process 95490 forked (96736) with an open database connection, which is being discarded and recreated. {{(pid=96736) checkout /opt/stack/data/venv/lib/python3.12/site-packages/oslo_db/sqlalchemy/engines.py:402}}
Aug 18 07:27:42.894405 np0000007613 nova-scheduler[96736]: DEBUG dbcounter [-] [96736] Writer thread running {{(pid=96736) stat_writer /opt/stack/data/venv/lib/python3.12/site-packages/dbcounter.py:102}}
