Jul 09 06:50:31.661996 np0000004856 nova-conductor[98788]: DEBUG cotyledon.oslo_config_glue [-] oslo_messaging_rabbit.processname = nova-conductor {{(pid=98788) log_opt_values /opt/stack/data/venv/lib/python3.12/site-packages/oslo_config/cfg.py:3253}}
Jul 09 06:50:31.661996 np0000004856 nova-conductor[98788]: DEBUG cotyledon.oslo_config_glue [-] oslo_messaging_rabbit.rabbit_ha_queues = False {{(pid=98788) log_opt_values /opt/stack/data/venv/lib/python3.12/site-packages/oslo_config/cfg.py:3253}}
Jul 09 06:50:31.661996 np0000004856 nova-conductor[98788]: DEBUG cotyledon.oslo_config_glue [-] oslo_messaging_rabbit.rabbit_interval_max = 30 {{(pid=98788) log_opt_values /opt/stack/data/venv/lib/python3.12/site-packages/oslo_config/cfg.py:3253}}
Jul 09 06:50:31.662180 np0000004856 nova-conductor[98788]: DEBUG cotyledon.oslo_config_glue [-] oslo_messaging_rabbit.rabbit_login_method = AMQPLAIN {{(pid=98788) log_opt_values /opt/stack/data/venv/lib/python3.12/site-packages/oslo_config/cfg.py:3253}}
Jul 09 06:50:31.662180 np0000004856 nova-conductor[98788]: DEBUG cotyledon.oslo_config_glue [-] oslo_messaging_rabbit.rabbit_qos_prefetch_count = 0 {{(pid=98788) log_opt_values /opt/stack/data/venv/lib/python3.12/site-packages/oslo_config/cfg.py:3253}}
Jul 09 06:50:31.662180 np0000004856 nova-conductor[98788]: DEBUG cotyledon.oslo_config_glue [-] oslo_messaging_rabbit.rabbit_quorum_delivery_limit = 0 {{(pid=98788) log_opt_values /opt/stack/data/venv/lib/python3.12/site-packages/oslo_config/cfg.py:3253}}
Jul 09 06:50:31.662180 np0000004856 nova-conductor[98788]: DEBUG cotyledon.oslo_config_glue [-] oslo_messaging_rabbit.rabbit_quorum_max_memory_bytes = 0 {{(pid=98788) log_opt_values /opt/stack/data/venv/lib/python3.12/site-packages/oslo_config/cfg.py:3253}}
Jul 09 06:50:31.662180 np0000004856 nova-conductor[98788]: DEBUG cotyledon.oslo_config_glue [-] oslo_messaging_rabbit.rabbit_quorum_max_memory_length = 0 {{(pid=98788) log_opt_values /opt/stack/data/venv/lib/python3.12/site-packages/oslo_config/cfg.py:3253}}
Jul 09 06:50:31.662180 np0000004856 nova-conductor[98788]: DEBUG cotyledon.oslo_config_glue [-] oslo_messaging_rabbit.rabbit_quorum_queue = False {{(pid=98788) log_opt_values /opt/stack/data/venv/lib/python3.12/site-packages/oslo_config/cfg.py:3253}}
Jul 09 06:50:31.662180 np0000004856 nova-conductor[98788]: DEBUG cotyledon.oslo_config_glue [-] oslo_messaging_rabbit.rabbit_retry_backoff = 2 {{(pid=98788) log_opt_values /opt/stack/data/venv/lib/python3.12/site-packages/oslo_config/cfg.py:3253}}
Jul 09 06:50:31.662180 np0000004856 nova-conductor[98788]: DEBUG cotyledon.oslo_config_glue [-] oslo_messaging_rabbit.rabbit_retry_interval = 1 {{(pid=98788) log_opt_values /opt/stack/data/venv/lib/python3.12/site-packages/oslo_config/cfg.py:3253}}
Jul 09 06:50:31.662180 np0000004856 nova-conductor[98788]: DEBUG cotyledon.oslo_config_glue [-] oslo_messaging_rabbit.rabbit_stream_fanout = False {{(pid=98788) log_opt_values /opt/stack/data/venv/lib/python3.12/site-packages/oslo_config/cfg.py:3253}}
Jul 09 06:50:31.662574 np0000004856 nova-conductor[98788]: DEBUG cotyledon.oslo_config_glue [-] oslo_messaging_rabbit.rabbit_transient_queues_ttl = 1800 {{(pid=98788) log_opt_values /opt/stack/data/venv/lib/python3.12/site-packages/oslo_config/cfg.py:3253}}
Jul 09 06:50:31.662574 np0000004856 nova-conductor[98788]: DEBUG cotyledon.oslo_config_glue [-] oslo_messaging_rabbit.rabbit_transient_quorum_queue = False {{(pid=98788) log_opt_values /opt/stack/data/venv/lib/python3.12/site-packages/oslo_config/cfg.py:3253}}
Jul 09 06:50:31.662574 np0000004856 nova-conductor[98788]: DEBUG cotyledon.oslo_config_glue [-] oslo_messaging_rabbit.rpc_conn_pool_size = 30 {{(pid=98788) log_opt_values /opt/stack/data/venv/lib/python3.12/site-packages/oslo_config/cfg.py:3253}}
Jul 09 06:50:31.662574 np0000004856 nova-conductor[98788]: DEBUG cotyledon.oslo_config_glue [-] oslo_messaging_rabbit.ssl = False {{(pid=98788) log_opt_values /opt/stack/data/venv/lib/python3.12/site-packages/oslo_config/cfg.py:3253}}
Jul 09 06:50:31.662574 np0000004856 nova-conductor[98788]: DEBUG cotyledon.oslo_config_glue [-] oslo_messaging_rabbit.ssl_ca_file = {{(pid=98788) log_opt_values /opt/stack/data/venv/lib/python3.12/site-packages/oslo_config/cfg.py:3253}}
Jul 09 06:50:31.662574 np0000004856 nova-conductor[98788]: DEBUG cotyledon.oslo_config_glue [-] oslo_messaging_rabbit.ssl_cert_file = {{(pid=98788) log_opt_values /opt/stack/data/venv/lib/python3.12/site-packages/oslo_config/cfg.py:3253}}
Jul 09 06:50:31.662574 np0000004856 nova-conductor[98788]: DEBUG cotyledon.oslo_config_glue [-] oslo_messaging_rabbit.ssl_enforce_fips_mode = False {{(pid=98788) log_opt_values /opt/stack/data/venv/lib/python3.12/site-packages/oslo_config/cfg.py:3253}}
Jul 09 06:50:31.662574 np0000004856 nova-conductor[98788]: DEBUG cotyledon.oslo_config_glue [-] oslo_messaging_rabbit.ssl_enforce_hostname_verification = True {{(pid=98788) log_opt_values /opt/stack/data/venv/lib/python3.12/site-packages/oslo_config/cfg.py:3253}}
Jul 09 06:50:31.662574 np0000004856 nova-conductor[98788]: DEBUG cotyledon.oslo_config_glue [-] oslo_messaging_rabbit.ssl_key_file = {{(pid=98788) log_opt_values /opt/stack/data/venv/lib/python3.12/site-packages/oslo_config/cfg.py:3253}}
Jul 09 06:50:31.662778 np0000004856 nova-conductor[98788]: DEBUG cotyledon.oslo_config_glue [-] oslo_messaging_rabbit.ssl_version = {{(pid=98788) log_opt_values /opt/stack/data/venv/lib/python3.12/site-packages/oslo_config/cfg.py:3253}}
Jul 09 06:50:31.662778 np0000004856 nova-conductor[98788]: DEBUG cotyledon.oslo_config_glue [-] oslo_messaging_rabbit.use_queue_manager = False {{(pid=98788) log_opt_values /opt/stack/data/venv/lib/python3.12/site-packages/oslo_config/cfg.py:3253}}
Jul 09 06:50:31.662778 np0000004856 nova-conductor[98788]: DEBUG cotyledon.oslo_config_glue [-] oslo_messaging_notifications.driver = [] {{(pid=98788) log_opt_values /opt/stack/data/venv/lib/python3.12/site-packages/oslo_config/cfg.py:3253}}
Jul 09 06:50:31.662778 np0000004856 nova-conductor[98788]: DEBUG cotyledon.oslo_config_glue [-] oslo_messaging_notifications.retry = -1 {{(pid=98788) log_opt_values /opt/stack/data/venv/lib/python3.12/site-packages/oslo_config/cfg.py:3253}}
Jul 09 06:50:31.662778 np0000004856 nova-conductor[98788]: DEBUG cotyledon.oslo_config_glue [-] oslo_messaging_notifications.topics = ['notifications'] {{(pid=98788) log_opt_values /opt/stack/data/venv/lib/python3.12/site-packages/oslo_config/cfg.py:3253}}
Jul 09 06:50:31.662778 np0000004856 nova-conductor[98788]: DEBUG cotyledon.oslo_config_glue [-] oslo_messaging_notifications.transport_url = **** {{(pid=98788) log_opt_values /opt/stack/data/venv/lib/python3.12/site-packages/oslo_config/cfg.py:3253}}
Jul 09 06:50:31.662778 np0000004856 nova-conductor[98788]: DEBUG cotyledon.oslo_config_glue [-] oslo_limit.auth_section = None {{(pid=98788) log_opt_values /opt/stack/data/venv/lib/python3.12/site-packages/oslo_config/cfg.py:3253}}
Jul 09 06:50:31.662778 np0000004856 nova-conductor[98788]: DEBUG cotyledon.oslo_config_glue [-] oslo_limit.auth_type = None {{(pid=98788) log_opt_values /opt/stack/data/venv/lib/python3.12/site-packages/oslo_config/cfg.py:3253}}
Jul 09 06:50:31.662778 np0000004856 nova-conductor[98788]: DEBUG cotyledon.oslo_config_glue [-] oslo_limit.cafile = None {{(pid=98788) log_opt_values /opt/stack/data/venv/lib/python3.12/site-packages/oslo_config/cfg.py:3253}}
Jul 09 06:50:31.662994 np0000004856 nova-conductor[98788]: DEBUG cotyledon.oslo_config_glue [-] oslo_limit.certfile = None {{(pid=98788) log_opt_values /opt/stack/data/venv/lib/python3.12/site-packages/oslo_config/cfg.py:3253}}
Jul 09 06:50:31.663096 np0000004856 nova-conductor[98781]: DEBUG nova.service [None req-c8030fdc-fc2e-4a72-b192-396054928048 None None] Creating RPC server for service: nova-conductor on topic: conductor {{(pid=98781) start /opt/stack/nova/nova/service.py:196}}
Jul 09 06:50:31.663130 np0000004856 nova-conductor[98788]: DEBUG cotyledon.oslo_config_glue [-] oslo_limit.collect_timing = False {{(pid=98788) log_opt_values /opt/stack/data/venv/lib/python3.12/site-packages/oslo_config/cfg.py:3253}}
Jul 09 06:50:31.663130 np0000004856 nova-conductor[98788]: DEBUG cotyledon.oslo_config_glue [-] oslo_limit.connect_retries = None {{(pid=98788) log_opt_values /opt/stack/data/venv/lib/python3.12/site-packages/oslo_config/cfg.py:3253}}
Jul 09 06:50:31.663130 np0000004856 nova-conductor[98788]: DEBUG cotyledon.oslo_config_glue [-] oslo_limit.connect_retry_delay = None {{(pid=98788) log_opt_values /opt/stack/data/venv/lib/python3.12/site-packages/oslo_config/cfg.py:3253}}
Jul 09 06:50:31.663130 np0000004856 nova-conductor[98788]: DEBUG cotyledon.oslo_config_glue [-] oslo_limit.endpoint_id = None {{(pid=98788) log_opt_values /opt/stack/data/venv/lib/python3.12/site-packages/oslo_config/cfg.py:3253}}
Jul 09 06:50:31.663130 np0000004856 nova-conductor[98788]: DEBUG cotyledon.oslo_config_glue [-] oslo_limit.endpoint_interface = public {{(pid=98788) log_opt_values /opt/stack/data/venv/lib/python3.12/site-packages/oslo_config/cfg.py:3253}}
Jul 09 06:50:31.663130 np0000004856 nova-conductor[98788]: DEBUG cotyledon.oslo_config_glue [-] oslo_limit.endpoint_override = None {{(pid=98788) log_opt_values /opt/stack/data/venv/lib/python3.12/site-packages/oslo_config/cfg.py:3253}}
Jul 09 06:50:31.663130 np0000004856 nova-conductor[98788]: DEBUG cotyledon.oslo_config_glue [-] oslo_limit.endpoint_region_name = None {{(pid=98788) log_opt_values /opt/stack/data/venv/lib/python3.12/site-packages/oslo_config/cfg.py:3253}}
Jul 09 06:50:31.663130 np0000004856 nova-conductor[98788]: DEBUG cotyledon.oslo_config_glue [-] oslo_limit.endpoint_service_name = None {{(pid=98788) log_opt_values /opt/stack/data/venv/lib/python3.12/site-packages/oslo_config/cfg.py:3253}}
Jul 09 06:50:31.663130 np0000004856 nova-conductor[98788]: DEBUG cotyledon.oslo_config_glue [-] oslo_limit.endpoint_service_type = None {{(pid=98788) log_opt_values /opt/stack/data/venv/lib/python3.12/site-packages/oslo_config/cfg.py:3253}}
Jul 09 06:50:31.663308 np0000004856 nova-conductor[98788]: DEBUG cotyledon.oslo_config_glue [-] oslo_limit.insecure = False {{(pid=98788) log_opt_values /opt/stack/data/venv/lib/python3.12/site-packages/oslo_config/cfg.py:3253}}
Jul 09 06:50:31.663308 np0000004856 nova-conductor[98788]: DEBUG cotyledon.oslo_config_glue [-] oslo_limit.keyfile = None {{(pid=98788) log_opt_values /opt/stack/data/venv/lib/python3.12/site-packages/oslo_config/cfg.py:3253}}
Jul 09 06:50:31.663308 np0000004856 nova-conductor[98788]: DEBUG cotyledon.oslo_config_glue [-] oslo_limit.max_version = None {{(pid=98788) log_opt_values /opt/stack/data/venv/lib/python3.12/site-packages/oslo_config/cfg.py:3253}}
Jul 09 06:50:31.663308 np0000004856 nova-conductor[98788]: DEBUG cotyledon.oslo_config_glue [-] oslo_limit.min_version = None {{(pid=98788) log_opt_values /opt/stack/data/venv/lib/python3.12/site-packages/oslo_config/cfg.py:3253}}
Jul 09 06:50:31.663308 np0000004856 nova-conductor[98788]: DEBUG cotyledon.oslo_config_glue [-] oslo_limit.region_name = None {{(pid=98788) log_opt_values /opt/stack/data/venv/lib/python3.12/site-packages/oslo_config/cfg.py:3253}}
Jul 09 06:50:31.663308 np0000004856 nova-conductor[98788]: DEBUG cotyledon.oslo_config_glue [-] oslo_limit.retriable_status_codes = None {{(pid=98788) log_opt_values /opt/stack/data/venv/lib/python3.12/site-packages/oslo_config/cfg.py:3253}}
Jul 09 06:50:31.663308 np0000004856 nova-conductor[98788]: DEBUG cotyledon.oslo_config_glue [-] oslo_limit.service_name = None {{(pid=98788) log_opt_values /opt/stack/data/venv/lib/python3.12/site-packages/oslo_config/cfg.py:3253}}
Jul 09 06:50:31.663308 np0000004856 nova-conductor[98788]: DEBUG cotyledon.oslo_config_glue [-] oslo_limit.service_type = None {{(pid=98788) log_opt_values /opt/stack/data/venv/lib/python3.12/site-packages/oslo_config/cfg.py:3253}}
Jul 09 06:50:31.663308 np0000004856 nova-conductor[98788]: DEBUG cotyledon.oslo_config_glue [-] oslo_limit.split_loggers = False {{(pid=98788) log_opt_values /opt/stack/data/venv/lib/python3.12/site-packages/oslo_config/cfg.py:3253}}
Jul 09 06:50:31.663494 np0000004856 nova-conductor[98788]: DEBUG cotyledon.oslo_config_glue [-] oslo_limit.status_code_retries = None {{(pid=98788) log_opt_values /opt/stack/data/venv/lib/python3.12/site-packages/oslo_config/cfg.py:3253}}
Jul 09 06:50:31.663494 np0000004856 nova-conductor[98788]: DEBUG cotyledon.oslo_config_glue [-] oslo_limit.status_code_retry_delay = None {{(pid=98788) log_opt_values /opt/stack/data/venv/lib/python3.12/site-packages/oslo_config/cfg.py:3253}}
Jul 09 06:50:31.663494 np0000004856 nova-conductor[98788]: DEBUG cotyledon.oslo_config_glue [-] oslo_limit.timeout = None {{(pid=98788) log_opt_values /opt/stack/data/venv/lib/python3.12/site-packages/oslo_config/cfg.py:3253}}
Jul 09 06:50:31.663494 np0000004856 nova-conductor[98788]: DEBUG cotyledon.oslo_config_glue [-] oslo_limit.valid_interfaces = None {{(pid=98788) log_opt_values /opt/stack/data/venv/lib/python3.12/site-packages/oslo_config/cfg.py:3253}}
Jul 09 06:50:31.663494 np0000004856 nova-conductor[98788]: DEBUG cotyledon.oslo_config_glue [-] oslo_limit.version = None {{(pid=98788) log_opt_values /opt/stack/data/venv/lib/python3.12/site-packages/oslo_config/cfg.py:3253}}
Jul 09 06:50:31.663494 np0000004856 nova-conductor[98788]: DEBUG cotyledon.oslo_config_glue [-] oslo_reports.file_event_handler = None {{(pid=98788) log_opt_values /opt/stack/data/venv/lib/python3.12/site-packages/oslo_config/cfg.py:3253}}
Jul 09 06:50:31.663494 np0000004856 nova-conductor[98788]: DEBUG cotyledon.oslo_config_glue [-] oslo_reports.file_event_handler_interval = 1 {{(pid=98788) log_opt_values /opt/stack/data/venv/lib/python3.12/site-packages/oslo_config/cfg.py:3253}}
Jul 09 06:50:31.663494 np0000004856 nova-conductor[98788]: DEBUG cotyledon.oslo_config_glue [-] oslo_reports.log_dir = None {{(pid=98788) log_opt_values /opt/stack/data/venv/lib/python3.12/site-packages/oslo_config/cfg.py:3253}}
Jul 09 06:50:31.663494 np0000004856 nova-conductor[98788]: DEBUG cotyledon.oslo_config_glue [-] ******************************************************************************** {{(pid=98788) log_opt_values /opt/stack/data/venv/lib/python3.12/site-packages/oslo_config/cfg.py:3260}}
Jul 09 06:50:31.663798 np0000004856 nova-conductor[98788]: DEBUG cotyledon._service_worker [-] Run service ServiceWrapper(3) [98788] {{(pid=98788) wait_forever /opt/stack/data/venv/lib/python3.12/site-packages/cotyledon/_service_worker.py:218}}
Jul 09 06:50:31.663798 np0000004856 nova-conductor[98788]: INFO nova.service [-] Starting conductor node (version 33.1.0)
Jul 09 06:50:31.663861 np0000004856 nova-conductor[98783]: DEBUG dbcounter [-] [98783] Writer thread running {{(pid=98783) stat_writer /opt/stack/data/venv/lib/python3.12/site-packages/dbcounter.py:102}}
Jul 09 06:50:31.668723 np0000004856 nova-conductor[98783]: DEBUG nova.service [None req-21e9fd36-daf2-4fb5-97a2-8628cdb25fdd None None] Creating RPC server for service: nova-conductor on topic: conductor {{(pid=98783) start /opt/stack/nova/nova/service.py:196}}
Jul 09 06:50:31.679912 np0000004856 nova-conductor[98781]: DEBUG nova.service [None req-c8030fdc-fc2e-4a72-b192-396054928048 None None] Join ServiceGroup membership for this service conductor {{(pid=98781) start /opt/stack/nova/nova/service.py:222}}
Jul 09 06:50:31.680110 np0000004856 nova-conductor[98781]: DEBUG nova.servicegroup.drivers.db [None req-c8030fdc-fc2e-4a72-b192-396054928048 None None] DB_Driver: join new ServiceGroup member np0000004856 to the conductor group, service = {{(pid=98781) join /opt/stack/nova/nova/servicegroup/drivers/db.py:44}}
Jul 09 06:50:31.686067 np0000004856 nova-conductor[98783]: DEBUG nova.service [None req-21e9fd36-daf2-4fb5-97a2-8628cdb25fdd None None] Join ServiceGroup membership for this service conductor {{(pid=98783) start /opt/stack/nova/nova/service.py:222}}
Jul 09 06:50:31.686257 np0000004856 nova-conductor[98783]: DEBUG nova.servicegroup.drivers.db [None req-21e9fd36-daf2-4fb5-97a2-8628cdb25fdd None None] DB_Driver: join new ServiceGroup member np0000004856 to the conductor group, service = {{(pid=98783) join /opt/stack/nova/nova/servicegroup/drivers/db.py:44}}
Jul 09 06:50:31.699902 np0000004856 nova-conductor[98785]: DEBUG dbcounter [-] [98785] Writer thread running {{(pid=98785) stat_writer /opt/stack/data/venv/lib/python3.12/site-packages/dbcounter.py:102}}
Jul 09 06:50:31.703517 np0000004856 nova-conductor[98785]: DEBUG nova.service [None req-9f945d77-0ffc-4f15-bcd5-5be2f6f9bdc3 None None] Creating RPC server for service: nova-conductor on topic: conductor {{(pid=98785) start /opt/stack/nova/nova/service.py:196}}
Jul 09 06:50:31.710682 np0000004856 nova-conductor[98788]: DEBUG dbcounter [-] [98788] Writer thread running {{(pid=98788) stat_writer /opt/stack/data/venv/lib/python3.12/site-packages/dbcounter.py:102}}
Jul 09 06:50:31.715397 np0000004856 nova-conductor[98788]: DEBUG nova.service [None req-75bde4b9-85df-49bd-93e5-2cf89ec152fc None None] Creating RPC server for service: nova-conductor on topic: conductor {{(pid=98788) start /opt/stack/nova/nova/service.py:196}}
Jul 09 06:50:31.725927 np0000004856 nova-conductor[98785]: DEBUG nova.service [None req-9f945d77-0ffc-4f15-bcd5-5be2f6f9bdc3 None None] Join ServiceGroup membership for this service conductor {{(pid=98785) start /opt/stack/nova/nova/service.py:222}}
Jul 09 06:50:31.726364 np0000004856 nova-conductor[98785]: DEBUG nova.servicegroup.drivers.db [None req-9f945d77-0ffc-4f15-bcd5-5be2f6f9bdc3 None None] DB_Driver: join new ServiceGroup member np0000004856 to the conductor group, service = {{(pid=98785) join /opt/stack/nova/nova/servicegroup/drivers/db.py:44}}
Jul 09 06:50:31.732975 np0000004856 nova-conductor[98788]: DEBUG nova.service [None req-75bde4b9-85df-49bd-93e5-2cf89ec152fc None None] Join ServiceGroup membership for this service conductor {{(pid=98788) start /opt/stack/nova/nova/service.py:222}}
Jul 09 06:50:31.733174 np0000004856 nova-conductor[98788]: DEBUG nova.servicegroup.drivers.db [None req-75bde4b9-85df-49bd-93e5-2cf89ec152fc None None] DB_Driver: join new ServiceGroup member np0000004856 to the conductor group, service = {{(pid=98788) join /opt/stack/nova/nova/servicegroup/drivers/db.py:44}}
Jul 09 06:50:32.728462 np0000004856 nova-conductor[98785]: DEBUG oslo.service.backend._threading.loopingcall [None req-8a9ff307-461d-46ea-abd0-ce1aa2b9717d None None] Dynamic interval looping call 'nova.service.Service.periodic_tasks' sleeping for 60.00 seconds {{(pid=98785) _run_loop /opt/stack/data/venv/lib/python3.12/site-packages/oslo_service/backend/_threading/loopingcall.py:125}}
Jul 09 06:50:32.735336 np0000004856 nova-conductor[98788]: DEBUG oslo.service.backend._threading.loopingcall [None req-702fda9e-0563-4123-85ec-17c26457723a None None] Dynamic interval looping call 'nova.service.Service.periodic_tasks' sleeping for 60.00 seconds {{(pid=98788) _run_loop /opt/stack/data/venv/lib/python3.12/site-packages/oslo_service/backend/_threading/loopingcall.py:125}}
Jul 09 06:50:36.703492 np0000004856 nova-conductor[98781]: DEBUG oslo.service.backend._threading.loopingcall [-] Fixed interval looping call 'nova.servicegroup.drivers.db.DbDriver._report_state' sleeping for 9.98 seconds {{(pid=98781) _run_loop /opt/stack/data/venv/lib/python3.12/site-packages/oslo_service/backend/_threading/loopingcall.py:125}}
Jul 09 06:50:36.705082 np0000004856 nova-conductor[98783]: DEBUG oslo.service.backend._threading.loopingcall [-] Fixed interval looping call 'nova.servicegroup.drivers.db.DbDriver._report_state' sleeping for 9.98 seconds {{(pid=98783) _run_loop /opt/stack/data/venv/lib/python3.12/site-packages/oslo_service/backend/_threading/loopingcall.py:125}}
Jul 09 06:50:36.736818 np0000004856 nova-conductor[98785]: DEBUG oslo.service.backend._threading.loopingcall [-] Fixed interval looping call 'nova.servicegroup.drivers.db.DbDriver._report_state' sleeping for 9.99 seconds {{(pid=98785) _run_loop /opt/stack/data/venv/lib/python3.12/site-packages/oslo_service/backend/_threading/loopingcall.py:125}}
Jul 09 06:50:36.744576 np0000004856 nova-conductor[98788]: DEBUG oslo.service.backend._threading.loopingcall [-] Fixed interval looping call 'nova.servicegroup.drivers.db.DbDriver._report_state' sleeping for 9.99 seconds {{(pid=98788) _run_loop /opt/stack/data/venv/lib/python3.12/site-packages/oslo_service/backend/_threading/loopingcall.py:125}}
Jul 09 06:50:38.682317 np0000004856 nova-conductor[98781]: DEBUG oslo.service.backend._threading.loopingcall [None req-6627f6a0-6776-40be-b598-1b04c7ca2781 None None] Dynamic interval looping call 'nova.service.Service.periodic_tasks' sleeping for 60.00 seconds {{(pid=98781) _run_loop /opt/stack/data/venv/lib/python3.12/site-packages/oslo_service/backend/_threading/loopingcall.py:125}}
Jul 09 06:50:41.435830 np0000004856 nova-conductor[97707]: DEBUG dbcounter [-] [97707] Writing DB stats nova_cell1:SELECT=1 {{(pid=97707) stat_writer /opt/stack/data/venv/lib/python3.12/site-packages/dbcounter.py:115}}
Jul 09 06:50:46.691743 np0000004856 nova-conductor[98783]: DEBUG oslo.service.backend._threading.loopingcall [-] Fixed interval looping call 'nova.servicegroup.drivers.db.DbDriver._report_state' sleeping for 9.99 seconds {{(pid=98783) _run_loop /opt/stack/data/venv/lib/python3.12/site-packages/oslo_service/backend/_threading/loopingcall.py:125}}
Jul 09 06:50:46.692052 np0000004856 nova-conductor[98781]: DEBUG oslo.service.backend._threading.loopingcall [-] Fixed interval looping call 'nova.servicegroup.drivers.db.DbDriver._report_state' sleeping for 9.99 seconds {{(pid=98781) _run_loop /opt/stack/data/venv/lib/python3.12/site-packages/oslo_service/backend/_threading/loopingcall.py:125}}
Jul 09 06:50:46.731082 np0000004856 nova-conductor[98785]: DEBUG oslo.service.backend._threading.loopingcall [-] Fixed interval looping call 'nova.servicegroup.drivers.db.DbDriver._report_state' sleeping for 10.00 seconds {{(pid=98785) _run_loop /opt/stack/data/venv/lib/python3.12/site-packages/oslo_service/backend/_threading/loopingcall.py:125}}
Jul 09 06:50:46.740950 np0000004856 nova-conductor[98788]: DEBUG oslo.service.backend._threading.loopingcall [-] Fixed interval looping call 'nova.servicegroup.drivers.db.DbDriver._report_state' sleeping for 9.99 seconds {{(pid=98788) _run_loop /opt/stack/data/venv/lib/python3.12/site-packages/oslo_service/backend/_threading/loopingcall.py:125}}
Jul 09 06:50:56.689422 np0000004856 nova-conductor[98781]: DEBUG oslo.service.backend._threading.loopingcall [-] Fixed interval looping call 'nova.servicegroup.drivers.db.DbDriver._report_state' sleeping for 9.99 seconds {{(pid=98781) _run_loop /opt/stack/data/venv/lib/python3.12/site-packages/oslo_service/backend/_threading/loopingcall.py:125}}
Jul 09 06:50:56.689953 np0000004856 nova-conductor[98783]: DEBUG oslo.service.backend._threading.loopingcall [-] Fixed interval looping call 'nova.servicegroup.drivers.db.DbDriver._report_state' sleeping for 9.99 seconds {{(pid=98783) _run_loop /opt/stack/data/venv/lib/python3.12/site-packages/oslo_service/backend/_threading/loopingcall.py:125}}
Jul 09 06:50:56.734686 np0000004856 nova-conductor[98788]: DEBUG oslo.service.backend._threading.loopingcall [-] Fixed interval looping call 'nova.servicegroup.drivers.db.DbDriver._report_state' sleeping for 10.00 seconds {{(pid=98788) _run_loop /opt/stack/data/venv/lib/python3.12/site-packages/oslo_service/backend/_threading/loopingcall.py:125}}
Jul 09 06:50:56.735181 np0000004856 nova-conductor[98785]: DEBUG oslo.service.backend._threading.loopingcall [-] Fixed interval looping call 'nova.servicegroup.drivers.db.DbDriver._report_state' sleeping for 10.00 seconds {{(pid=98785) _run_loop /opt/stack/data/venv/lib/python3.12/site-packages/oslo_service/backend/_threading/loopingcall.py:125}}
Jul 09 06:51:04.688212 np0000004856 nova-conductor[98783]: DEBUG oslo.service.backend._threading.loopingcall [None req-2c5e130a-1e47-4cd4-aca7-d02d1d67e376 None None] Dynamic interval looping call 'nova.service.Service.periodic_tasks' sleeping for 60.00 seconds {{(pid=98783) _run_loop /opt/stack/data/venv/lib/python3.12/site-packages/oslo_service/backend/_threading/loopingcall.py:125}}
Jul 09 06:51:06.686182 np0000004856 nova-conductor[98781]: DEBUG oslo.service.backend._threading.loopingcall [-] Fixed interval looping call 'nova.servicegroup.drivers.db.DbDriver._report_state' sleeping for 9.99 seconds {{(pid=98781) _run_loop /opt/stack/data/venv/lib/python3.12/site-packages/oslo_service/backend/_threading/loopingcall.py:125}}
Jul 09 06:51:06.686985 np0000004856 nova-conductor[98783]: DEBUG oslo.service.backend._threading.loopingcall [-] Fixed interval looping call 'nova.servicegroup.drivers.db.DbDriver._report_state' sleeping for 9.99 seconds {{(pid=98783) _run_loop /opt/stack/data/venv/lib/python3.12/site-packages/oslo_service/backend/_threading/loopingcall.py:125}}
Jul 09 06:51:06.733010 np0000004856 nova-conductor[98788]: DEBUG dbcounter [-] [98788] Writing DB stats nova_cell1:SELECT=8,nova_cell1:INSERT=1 {{(pid=98788) stat_writer /opt/stack/data/venv/lib/python3.12/site-packages/dbcounter.py:115}}
Jul 09 06:51:06.733887 np0000004856 nova-conductor[98785]: DEBUG dbcounter [-] [98785] Writing DB stats nova_cell1:SELECT=9 {{(pid=98785) stat_writer /opt/stack/data/venv/lib/python3.12/site-packages/dbcounter.py:115}}
Jul 09 06:51:06.738679 np0000004856 nova-conductor[98785]: DEBUG oslo.service.backend._threading.loopingcall [-] Fixed interval looping call 'nova.servicegroup.drivers.db.DbDriver._report_state' sleeping for 10.00 seconds {{(pid=98785) _run_loop /opt/stack/data/venv/lib/python3.12/site-packages/oslo_service/backend/_threading/loopingcall.py:125}}
Jul 09 06:51:06.739175 np0000004856 nova-conductor[98788]: DEBUG oslo.service.backend._threading.loopingcall [-] Fixed interval looping call 'nova.servicegroup.drivers.db.DbDriver._report_state' sleeping for 10.00 seconds {{(pid=98788) _run_loop /opt/stack/data/venv/lib/python3.12/site-packages/oslo_service/backend/_threading/loopingcall.py:125}}
Jul 09 06:51:16.682834 np0000004856 nova-conductor[98781]: DEBUG oslo.service.backend._threading.loopingcall [-] Fixed interval looping call 'nova.servicegroup.drivers.db.DbDriver._report_state' sleeping for 9.99 seconds {{(pid=98781) _run_loop /opt/stack/data/venv/lib/python3.12/site-packages/oslo_service/backend/_threading/loopingcall.py:125}}
Jul 09 06:51:16.683260 np0000004856 nova-conductor[98783]: DEBUG oslo.service.backend._threading.loopingcall [-] Fixed interval looping call 'nova.servicegroup.drivers.db.DbDriver._report_state' sleeping for 9.99 seconds {{(pid=98783) _run_loop /opt/stack/data/venv/lib/python3.12/site-packages/oslo_service/backend/_threading/loopingcall.py:125}}
Jul 09 06:51:16.742505 np0000004856 nova-conductor[98785]: DEBUG oslo.service.backend._threading.loopingcall [-] Fixed interval looping call 'nova.servicegroup.drivers.db.DbDriver._report_state' sleeping for 10.00 seconds {{(pid=98785) _run_loop /opt/stack/data/venv/lib/python3.12/site-packages/oslo_service/backend/_threading/loopingcall.py:125}}
Jul 09 06:51:16.743163 np0000004856 nova-conductor[98788]: DEBUG oslo.service.backend._threading.loopingcall [-] Fixed interval looping call 'nova.servicegroup.drivers.db.DbDriver._report_state' sleeping for 10.00 seconds {{(pid=98788) _run_loop /opt/stack/data/venv/lib/python3.12/site-packages/oslo_service/backend/_threading/loopingcall.py:125}}
Jul 09 06:51:26.702534 np0000004856 nova-conductor[98781]: DEBUG oslo.service.backend._threading.loopingcall [-] Fixed interval looping call 'nova.servicegroup.drivers.db.DbDriver._report_state' sleeping for 9.97 seconds {{(pid=98781) _run_loop /opt/stack/data/venv/lib/python3.12/site-packages/oslo_service/backend/_threading/loopingcall.py:125}}
Jul 09 06:51:26.703021 np0000004856 nova-conductor[98783]: DEBUG oslo.service.backend._threading.loopingcall [-] Fixed interval looping call 'nova.servicegroup.drivers.db.DbDriver._report_state' sleeping for 9.97 seconds {{(pid=98783) _run_loop /opt/stack/data/venv/lib/python3.12/site-packages/oslo_service/backend/_threading/loopingcall.py:125}}
Jul 09 06:51:26.740485 np0000004856 nova-conductor[98785]: DEBUG dbcounter [-] [98785] Writing DB stats nova_cell1:SELECT=2 {{(pid=98785) stat_writer /opt/stack/data/venv/lib/python3.12/site-packages/dbcounter.py:115}}
Jul 09 06:51:26.741111 np0000004856 nova-conductor[98788]: DEBUG dbcounter [-] [98788] Writing DB stats nova_cell1:SELECT=2 {{(pid=98788) stat_writer /opt/stack/data/venv/lib/python3.12/site-packages/dbcounter.py:115}}
Jul 09 06:51:26.745912 np0000004856 nova-conductor[98785]: DEBUG oslo.service.backend._threading.loopingcall [-] Fixed interval looping call 'nova.servicegroup.drivers.db.DbDriver._report_state' sleeping for 10.00 seconds {{(pid=98785) _run_loop /opt/stack/data/venv/lib/python3.12/site-packages/oslo_service/backend/_threading/loopingcall.py:125}}
Jul 09 06:51:26.746419 np0000004856 nova-conductor[98788]: DEBUG oslo.service.backend._threading.loopingcall [-] Fixed interval looping call 'nova.servicegroup.drivers.db.DbDriver._report_state' sleeping for 10.00 seconds {{(pid=98788) _run_loop /opt/stack/data/venv/lib/python3.12/site-packages/oslo_service/backend/_threading/loopingcall.py:125}}
Jul 09 06:51:32.728983 np0000004856 nova-conductor[98785]: DEBUG oslo.service.backend._threading.loopingcall [None req-8a9ff307-461d-46ea-abd0-ce1aa2b9717d None None] Dynamic interval looping call 'nova.service.Service.periodic_tasks' sleeping for 60.00 seconds {{(pid=98785) _run_loop /opt/stack/data/venv/lib/python3.12/site-packages/oslo_service/backend/_threading/loopingcall.py:125}}
Jul 09 06:51:32.735849 np0000004856 nova-conductor[98788]: DEBUG oslo.service.backend._threading.loopingcall [None req-702fda9e-0563-4123-85ec-17c26457723a None None] Dynamic interval looping call 'nova.service.Service.periodic_tasks' sleeping for 60.00 seconds {{(pid=98788) _run_loop /opt/stack/data/venv/lib/python3.12/site-packages/oslo_service/backend/_threading/loopingcall.py:125}}
Jul 09 06:51:36.674161 np0000004856 nova-conductor[98781]: DEBUG dbcounter [-] [98781] Writing DB stats nova_cell1:SELECT=14,nova_cell1:INSERT=2,nova_cell1:UPDATE=7 {{(pid=98781) stat_writer /opt/stack/data/venv/lib/python3.12/site-packages/dbcounter.py:115}}
Jul 09 06:51:36.675591 np0000004856 nova-conductor[98783]: DEBUG dbcounter [-] [98783] Writing DB stats nova_cell1:SELECT=15,nova_cell1:UPDATE=7 {{(pid=98783) stat_writer /opt/stack/data/venv/lib/python3.12/site-packages/dbcounter.py:115}}
Jul 09 06:51:36.679307 np0000004856 nova-conductor[98781]: DEBUG oslo.service.backend._threading.loopingcall [-] Fixed interval looping call 'nova.servicegroup.drivers.db.DbDriver._report_state' sleeping for 9.99 seconds {{(pid=98781) _run_loop /opt/stack/data/venv/lib/python3.12/site-packages/oslo_service/backend/_threading/loopingcall.py:125}}
Jul 09 06:51:36.680056 np0000004856 nova-conductor[98783]: DEBUG oslo.service.backend._threading.loopingcall [-] Fixed interval looping call 'nova.servicegroup.drivers.db.DbDriver._report_state' sleeping for 9.99 seconds {{(pid=98783) _run_loop /opt/stack/data/venv/lib/python3.12/site-packages/oslo_service/backend/_threading/loopingcall.py:125}}
Jul 09 06:51:36.744901 np0000004856 nova-conductor[98785]: DEBUG dbcounter [-] [98785] Writing DB stats nova_cell1:SELECT=1 {{(pid=98785) stat_writer /opt/stack/data/venv/lib/python3.12/site-packages/dbcounter.py:115}}
Jul 09 06:51:36.745397 np0000004856 nova-conductor[98788]: DEBUG dbcounter [-] [98788] Writing DB stats nova_cell1:SELECT=1 {{(pid=98788) stat_writer /opt/stack/data/venv/lib/python3.12/site-packages/dbcounter.py:115}}
Jul 09 06:51:36.749301 np0000004856 nova-conductor[98785]: DEBUG oslo.service.backend._threading.loopingcall [-] Fixed interval looping call 'nova.servicegroup.drivers.db.DbDriver._report_state' sleeping for 10.00 seconds {{(pid=98785) _run_loop /opt/stack/data/venv/lib/python3.12/site-packages/oslo_service/backend/_threading/loopingcall.py:125}}
Jul 09 06:51:36.749766 np0000004856 nova-conductor[98788]: DEBUG oslo.service.backend._threading.loopingcall [-] Fixed interval looping call 'nova.servicegroup.drivers.db.DbDriver._report_state' sleeping for 10.00 seconds {{(pid=98788) _run_loop /opt/stack/data/venv/lib/python3.12/site-packages/oslo_service/backend/_threading/loopingcall.py:125}}
Jul 09 06:51:38.683166 np0000004856 nova-conductor[98781]: DEBUG oslo.service.backend._threading.loopingcall [None req-6627f6a0-6776-40be-b598-1b04c7ca2781 None None] Dynamic interval looping call 'nova.service.Service.periodic_tasks' sleeping for 60.00 seconds {{(pid=98781) _run_loop /opt/stack/data/venv/lib/python3.12/site-packages/oslo_service/backend/_threading/loopingcall.py:125}}
Jul 09 06:51:46.675590 np0000004856 nova-conductor[98781]: DEBUG oslo.service.backend._threading.loopingcall [-] Fixed interval looping call 'nova.servicegroup.drivers.db.DbDriver._report_state' sleeping for 9.99 seconds {{(pid=98781) _run_loop /opt/stack/data/venv/lib/python3.12/site-packages/oslo_service/backend/_threading/loopingcall.py:125}}
Jul 09 06:51:46.676095 np0000004856 nova-conductor[98783]: DEBUG oslo.service.backend._threading.loopingcall [-] Fixed interval looping call 'nova.servicegroup.drivers.db.DbDriver._report_state' sleeping for 9.99 seconds {{(pid=98783) _run_loop /opt/stack/data/venv/lib/python3.12/site-packages/oslo_service/backend/_threading/loopingcall.py:125}}
Jul 09 06:51:46.752768 np0000004856 nova-conductor[98785]: DEBUG oslo.service.backend._threading.loopingcall [-] Fixed interval looping call 'nova.servicegroup.drivers.db.DbDriver._report_state' sleeping for 10.00 seconds {{(pid=98785) _run_loop /opt/stack/data/venv/lib/python3.12/site-packages/oslo_service/backend/_threading/loopingcall.py:125}}
Jul 09 06:51:46.753530 np0000004856 nova-conductor[98788]: DEBUG oslo.service.backend._threading.loopingcall [-] Fixed interval looping call 'nova.servicegroup.drivers.db.DbDriver._report_state' sleeping for 10.00 seconds {{(pid=98788) _run_loop /opt/stack/data/venv/lib/python3.12/site-packages/oslo_service/backend/_threading/loopingcall.py:125}}
Jul 09 06:51:56.672164 np0000004856 nova-conductor[98783]: DEBUG oslo.service.backend._threading.loopingcall [-] Fixed interval looping call 'nova.servicegroup.drivers.db.DbDriver._report_state' sleeping for 9.99 seconds {{(pid=98783) _run_loop /opt/stack/data/venv/lib/python3.12/site-packages/oslo_service/backend/_threading/loopingcall.py:125}}
Jul 09 06:51:56.672611 np0000004856 nova-conductor[98781]: DEBUG oslo.service.backend._threading.loopingcall [-] Fixed interval looping call 'nova.servicegroup.drivers.db.DbDriver._report_state' sleeping for 9.99 seconds {{(pid=98781) _run_loop /opt/stack/data/venv/lib/python3.12/site-packages/oslo_service/backend/_threading/loopingcall.py:125}}
Jul 09 06:51:56.750975 np0000004856 nova-conductor[98785]: DEBUG dbcounter [-] [98785] Writing DB stats nova_cell1:SELECT=4 {{(pid=98785) stat_writer /opt/stack/data/venv/lib/python3.12/site-packages/dbcounter.py:115}}
Jul 09 06:51:56.751844 np0000004856 nova-conductor[98788]: DEBUG dbcounter [-] [98788] Writing DB stats nova_cell1:SELECT=4,nova_cell1:UPDATE=1 {{(pid=98788) stat_writer /opt/stack/data/venv/lib/python3.12/site-packages/dbcounter.py:115}}
Jul 09 06:51:56.757131 np0000004856 nova-conductor[98785]: DEBUG oslo.service.backend._threading.loopingcall [-] Fixed interval looping call 'nova.servicegroup.drivers.db.DbDriver._report_state' sleeping for 10.00 seconds {{(pid=98785) _run_loop /opt/stack/data/venv/lib/python3.12/site-packages/oslo_service/backend/_threading/loopingcall.py:125}}
Jul 09 06:51:56.757703 np0000004856 nova-conductor[98788]: DEBUG oslo.service.backend._threading.loopingcall [-] Fixed interval looping call 'nova.servicegroup.drivers.db.DbDriver._report_state' sleeping for 10.00 seconds {{(pid=98788) _run_loop /opt/stack/data/venv/lib/python3.12/site-packages/oslo_service/backend/_threading/loopingcall.py:125}}
Jul 09 06:52:04.688970 np0000004856 nova-conductor[98783]: DEBUG oslo.service.backend._threading.loopingcall [None req-2c5e130a-1e47-4cd4-aca7-d02d1d67e376 None None] Dynamic interval looping call 'nova.service.Service.periodic_tasks' sleeping for 60.00 seconds {{(pid=98783) _run_loop /opt/stack/data/venv/lib/python3.12/site-packages/oslo_service/backend/_threading/loopingcall.py:125}}
Jul 09 06:52:06.668849 np0000004856 nova-conductor[98783]: DEBUG oslo.service.backend._threading.loopingcall [-] Fixed interval looping call 'nova.servicegroup.drivers.db.DbDriver._report_state' sleeping for 9.99 seconds {{(pid=98783) _run_loop /opt/stack/data/venv/lib/python3.12/site-packages/oslo_service/backend/_threading/loopingcall.py:125}}
Jul 09 06:52:06.669306 np0000004856 nova-conductor[98781]: DEBUG oslo.service.backend._threading.loopingcall [-] Fixed interval looping call 'nova.servicegroup.drivers.db.DbDriver._report_state' sleeping for 9.99 seconds {{(pid=98781) _run_loop /opt/stack/data/venv/lib/python3.12/site-packages/oslo_service/backend/_threading/loopingcall.py:125}}
Jul 09 06:52:06.754912 np0000004856 nova-conductor[98785]: DEBUG dbcounter [-] [98785] Writing DB stats nova_cell1:SELECT=1 {{(pid=98785) stat_writer /opt/stack/data/venv/lib/python3.12/site-packages/dbcounter.py:115}}
Jul 09 06:52:06.760364 np0000004856 nova-conductor[98785]: DEBUG oslo.service.backend._threading.loopingcall [-] Fixed interval looping call 'nova.servicegroup.drivers.db.DbDriver._report_state' sleeping for 10.00 seconds {{(pid=98785) _run_loop /opt/stack/data/venv/lib/python3.12/site-packages/oslo_service/backend/_threading/loopingcall.py:125}}
Jul 09 06:52:06.760887 np0000004856 nova-conductor[98788]: DEBUG oslo.service.backend._threading.loopingcall [-] Fixed interval looping call 'nova.servicegroup.drivers.db.DbDriver._report_state' sleeping for 10.00 seconds {{(pid=98788) _run_loop /opt/stack/data/venv/lib/python3.12/site-packages/oslo_service/backend/_threading/loopingcall.py:125}}
Jul 09 06:52:16.666635 np0000004856 nova-conductor[98783]: DEBUG oslo.service.backend._threading.loopingcall [-] Fixed interval looping call 'nova.servicegroup.drivers.db.DbDriver._report_state' sleeping for 9.99 seconds {{(pid=98783) _run_loop /opt/stack/data/venv/lib/python3.12/site-packages/oslo_service/backend/_threading/loopingcall.py:125}}
Jul 09 06:52:16.667139 np0000004856 nova-conductor[98781]: DEBUG oslo.service.backend._threading.loopingcall [-] Fixed interval looping call 'nova.servicegroup.drivers.db.DbDriver._report_state' sleeping for 9.99 seconds {{(pid=98781) _run_loop /opt/stack/data/venv/lib/python3.12/site-packages/oslo_service/backend/_threading/loopingcall.py:125}}
Jul 09 06:52:16.758684 np0000004856 nova-conductor[98785]: DEBUG dbcounter [-] [98785] Writing DB stats nova_cell1:SELECT=1 {{(pid=98785) stat_writer /opt/stack/data/venv/lib/python3.12/site-packages/dbcounter.py:115}}
Jul 09 06:52:16.759571 np0000004856 nova-conductor[98788]: DEBUG dbcounter [-] [98788] Writing DB stats nova_cell1:SELECT=2 {{(pid=98788) stat_writer /opt/stack/data/venv/lib/python3.12/site-packages/dbcounter.py:115}}
Jul 09 06:52:16.763743 np0000004856 nova-conductor[98785]: DEBUG oslo.service.backend._threading.loopingcall [-] Fixed interval looping call 'nova.servicegroup.drivers.db.DbDriver._report_state' sleeping for 10.00 seconds {{(pid=98785) _run_loop /opt/stack/data/venv/lib/python3.12/site-packages/oslo_service/backend/_threading/loopingcall.py:125}}
Jul 09 06:52:16.764687 np0000004856 nova-conductor[98788]: DEBUG oslo.service.backend._threading.loopingcall [-] Fixed interval looping call 'nova.servicegroup.drivers.db.DbDriver._report_state' sleeping for 10.00 seconds {{(pid=98788) _run_loop /opt/stack/data/venv/lib/python3.12/site-packages/oslo_service/backend/_threading/loopingcall.py:125}}
Jul 09 06:52:26.661932 np0000004856 nova-conductor[98783]: DEBUG oslo.service.backend._threading.loopingcall [-] Fixed interval looping call 'nova.servicegroup.drivers.db.DbDriver._report_state' sleeping for 10.00 seconds {{(pid=98783) _run_loop /opt/stack/data/venv/lib/python3.12/site-packages/oslo_service/backend/_threading/loopingcall.py:125}}
Jul 09 06:52:26.662358 np0000004856 nova-conductor[98781]: DEBUG oslo.service.backend._threading.loopingcall [-] Fixed interval looping call 'nova.servicegroup.drivers.db.DbDriver._report_state' sleeping for 10.00 seconds {{(pid=98781) _run_loop /opt/stack/data/venv/lib/python3.12/site-packages/oslo_service/backend/_threading/loopingcall.py:125}}
Jul 09 06:52:26.762575 np0000004856 nova-conductor[98785]: DEBUG dbcounter [-] [98785] Writing DB stats nova_cell1:SELECT=1 {{(pid=98785) stat_writer /opt/stack/data/venv/lib/python3.12/site-packages/dbcounter.py:115}}
Jul 09 06:52:26.763316 np0000004856 nova-conductor[98788]: DEBUG dbcounter [-] [98788] Writing DB stats nova_cell1:SELECT=1 {{(pid=98788) stat_writer /opt/stack/data/venv/lib/python3.12/site-packages/dbcounter.py:115}}
Jul 09 06:52:26.770724 np0000004856 nova-conductor[98785]: DEBUG oslo.service.backend._threading.loopingcall [-] Fixed interval looping call 'nova.servicegroup.drivers.db.DbDriver._report_state' sleeping for 9.99 seconds {{(pid=98785) _run_loop /opt/stack/data/venv/lib/python3.12/site-packages/oslo_service/backend/_threading/loopingcall.py:125}}
Jul 09 06:52:26.771922 np0000004856 nova-conductor[98788]: DEBUG oslo.service.backend._threading.loopingcall [-] Fixed interval looping call 'nova.servicegroup.drivers.db.DbDriver._report_state' sleeping for 9.99 seconds {{(pid=98788) _run_loop /opt/stack/data/venv/lib/python3.12/site-packages/oslo_service/backend/_threading/loopingcall.py:125}}
Jul 09 06:52:32.729507 np0000004856 nova-conductor[98785]: DEBUG oslo.service.backend._threading.loopingcall [None req-8a9ff307-461d-46ea-abd0-ce1aa2b9717d None None] Dynamic interval looping call 'nova.service.Service.periodic_tasks' sleeping for 60.00 seconds {{(pid=98785) _run_loop /opt/stack/data/venv/lib/python3.12/site-packages/oslo_service/backend/_threading/loopingcall.py:125}}
Jul 09 06:52:32.736359 np0000004856 nova-conductor[98788]: DEBUG oslo.service.backend._threading.loopingcall [None req-702fda9e-0563-4123-85ec-17c26457723a None None] Dynamic interval looping call 'nova.service.Service.periodic_tasks' sleeping for 60.00 seconds {{(pid=98788) _run_loop /opt/stack/data/venv/lib/python3.12/site-packages/oslo_service/backend/_threading/loopingcall.py:125}}
Jul 09 06:52:36.659390 np0000004856 nova-conductor[98783]: DEBUG dbcounter [-] [98783] Writing DB stats nova_cell1:UPDATE=6,nova_cell1:SELECT=6 {{(pid=98783) stat_writer /opt/stack/data/venv/lib/python3.12/site-packages/dbcounter.py:115}}
Jul 09 06:52:36.660377 np0000004856 nova-conductor[98781]: DEBUG dbcounter [-] [98781] Writing DB stats nova_cell1:UPDATE=6,nova_cell1:SELECT=6 {{(pid=98781) stat_writer /opt/stack/data/venv/lib/python3.12/site-packages/dbcounter.py:115}}
Jul 09 06:52:36.668855 np0000004856 nova-conductor[98781]: DEBUG oslo.service.backend._threading.loopingcall [-] Fixed interval looping call 'nova.servicegroup.drivers.db.DbDriver._report_state' sleeping for 9.99 seconds {{(pid=98781) _run_loop /opt/stack/data/venv/lib/python3.12/site-packages/oslo_service/backend/_threading/loopingcall.py:125}}
Jul 09 06:52:36.669344 np0000004856 nova-conductor[98783]: DEBUG oslo.service.backend._threading.loopingcall [-] Fixed interval looping call 'nova.servicegroup.drivers.db.DbDriver._report_state' sleeping for 9.99 seconds {{(pid=98783) _run_loop /opt/stack/data/venv/lib/python3.12/site-packages/oslo_service/backend/_threading/loopingcall.py:125}}
Jul 09 06:52:36.764365 np0000004856 nova-conductor[98785]: DEBUG oslo.service.backend._threading.loopingcall [-] Fixed interval looping call 'nova.servicegroup.drivers.db.DbDriver._report_state' sleeping for 10.00 seconds {{(pid=98785) _run_loop /opt/stack/data/venv/lib/python3.12/site-packages/oslo_service/backend/_threading/loopingcall.py:125}}
Jul 09 06:52:36.765570 np0000004856 nova-conductor[98788]: DEBUG oslo.service.backend._threading.loopingcall [-] Fixed interval looping call 'nova.servicegroup.drivers.db.DbDriver._report_state' sleeping for 10.00 seconds {{(pid=98788) _run_loop /opt/stack/data/venv/lib/python3.12/site-packages/oslo_service/backend/_threading/loopingcall.py:125}}
Jul 09 06:52:38.683645 np0000004856 nova-conductor[98781]: DEBUG oslo.service.backend._threading.loopingcall [None req-6627f6a0-6776-40be-b598-1b04c7ca2781 None None] Dynamic interval looping call 'nova.service.Service.periodic_tasks' sleeping for 60.00 seconds {{(pid=98781) _run_loop /opt/stack/data/venv/lib/python3.12/site-packages/oslo_service/backend/_threading/loopingcall.py:125}}
Jul 09 06:52:46.673688 np0000004856 nova-conductor[98783]: DEBUG oslo.service.backend._threading.loopingcall [-] Fixed interval looping call 'nova.servicegroup.drivers.db.DbDriver._report_state' sleeping for 9.99 seconds {{(pid=98783) _run_loop /opt/stack/data/venv/lib/python3.12/site-packages/oslo_service/backend/_threading/loopingcall.py:125}}
Jul 09 06:52:46.674280 np0000004856 nova-conductor[98781]: DEBUG oslo.service.backend._threading.loopingcall [-] Fixed interval looping call 'nova.servicegroup.drivers.db.DbDriver._report_state' sleeping for 9.99 seconds {{(pid=98781) _run_loop /opt/stack/data/venv/lib/python3.12/site-packages/oslo_service/backend/_threading/loopingcall.py:125}}
Jul 09 06:52:46.769459 np0000004856 nova-conductor[98788]: DEBUG oslo.service.backend._threading.loopingcall [-] Fixed interval looping call 'nova.servicegroup.drivers.db.DbDriver._report_state' sleeping for 10.00 seconds {{(pid=98788) _run_loop /opt/stack/data/venv/lib/python3.12/site-packages/oslo_service/backend/_threading/loopingcall.py:125}}
Jul 09 06:52:46.771500 np0000004856 nova-conductor[98785]: DEBUG oslo.service.backend._threading.loopingcall [-] Fixed interval looping call 'nova.servicegroup.drivers.db.DbDriver._report_state' sleeping for 9.99 seconds {{(pid=98785) _run_loop /opt/stack/data/venv/lib/python3.12/site-packages/oslo_service/backend/_threading/loopingcall.py:125}}
Jul 09 06:52:56.674205 np0000004856 nova-conductor[98783]: DEBUG oslo.service.backend._threading.loopingcall [-] Fixed interval looping call 'nova.servicegroup.drivers.db.DbDriver._report_state' sleeping for 9.99 seconds {{(pid=98783) _run_loop /opt/stack/data/venv/lib/python3.12/site-packages/oslo_service/backend/_threading/loopingcall.py:125}}
Jul 09 06:52:56.702040 np0000004856 nova-conductor[98781]: DEBUG oslo.service.backend._threading.loopingcall [-] Fixed interval looping call 'nova.servicegroup.drivers.db.DbDriver._report_state' sleeping for 9.96 seconds {{(pid=98781) _run_loop /opt/stack/data/venv/lib/python3.12/site-packages/oslo_service/backend/_threading/loopingcall.py:125}}
Jul 09 06:52:56.771529 np0000004856 nova-conductor[98785]: DEBUG oslo.service.backend._threading.loopingcall [-] Fixed interval looping call 'nova.servicegroup.drivers.db.DbDriver._report_state' sleeping for 9.99 seconds {{(pid=98785) _run_loop /opt/stack/data/venv/lib/python3.12/site-packages/oslo_service/backend/_threading/loopingcall.py:125}}
Jul 09 06:52:56.775872 np0000004856 nova-conductor[98788]: DEBUG oslo.service.backend._threading.loopingcall [-] Fixed interval looping call 'nova.servicegroup.drivers.db.DbDriver._report_state' sleeping for 9.99 seconds {{(pid=98788) _run_loop /opt/stack/data/venv/lib/python3.12/site-packages/oslo_service/backend/_threading/loopingcall.py:125}}
Jul 09 06:53:04.689675 np0000004856 nova-conductor[98783]: DEBUG oslo.service.backend._threading.loopingcall [None req-2c5e130a-1e47-4cd4-aca7-d02d1d67e376 None None] Dynamic interval looping call 'nova.service.Service.periodic_tasks' sleeping for 60.00 seconds {{(pid=98783) _run_loop /opt/stack/data/venv/lib/python3.12/site-packages/oslo_service/backend/_threading/loopingcall.py:125}}
Jul 09 06:53:06.672257 np0000004856 nova-conductor[98783]: DEBUG oslo.service.backend._threading.loopingcall [-] Fixed interval looping call 'nova.servicegroup.drivers.db.DbDriver._report_state' sleeping for 9.99 seconds {{(pid=98783) _run_loop /opt/stack/data/venv/lib/python3.12/site-packages/oslo_service/backend/_threading/loopingcall.py:125}}
Jul 09 06:53:06.742435 np0000004856 nova-conductor[98781]: DEBUG oslo.service.backend._threading.loopingcall [-] Fixed interval looping call 'nova.servicegroup.drivers.db.DbDriver._report_state' sleeping for 9.99 seconds {{(pid=98781) _run_loop /opt/stack/data/venv/lib/python3.12/site-packages/oslo_service/backend/_threading/loopingcall.py:125}}
Jul 09 06:53:06.774547 np0000004856 nova-conductor[98788]: DEBUG oslo.service.backend._threading.loopingcall [-] Fixed interval looping call 'nova.servicegroup.drivers.db.DbDriver._report_state' sleeping for 9.99 seconds {{(pid=98788) _run_loop /opt/stack/data/venv/lib/python3.12/site-packages/oslo_service/backend/_threading/loopingcall.py:125}}
Jul 09 06:53:06.776785 np0000004856 nova-conductor[98785]: DEBUG oslo.service.backend._threading.loopingcall [-] Fixed interval looping call 'nova.servicegroup.drivers.db.DbDriver._report_state' sleeping for 9.99 seconds {{(pid=98785) _run_loop /opt/stack/data/venv/lib/python3.12/site-packages/oslo_service/backend/_threading/loopingcall.py:125}}
Jul 09 06:53:16.684551 np0000004856 nova-conductor[98783]: DEBUG oslo.service.backend._threading.loopingcall [-] Fixed interval looping call 'nova.servicegroup.drivers.db.DbDriver._report_state' sleeping for 9.98 seconds {{(pid=98783) _run_loop /opt/stack/data/venv/lib/python3.12/site-packages/oslo_service/backend/_threading/loopingcall.py:125}}
