Jul 09 06:50:31.218866 np0000004856 nova-conductor[98587]: DEBUG cotyledon.oslo_config_glue [-] oslo_versionedobjects.fatal_exception_format_errors = False {{(pid=98587) log_opt_values /opt/stack/data/venv/lib/python3.12/site-packages/oslo_config/cfg.py:3253}}
Jul 09 06:50:31.218866 np0000004856 nova-conductor[98587]: DEBUG cotyledon.oslo_config_glue [-] oslo_middleware.http_basic_auth_user_file = /etc/htpasswd {{(pid=98587) log_opt_values /opt/stack/data/venv/lib/python3.12/site-packages/oslo_config/cfg.py:3253}}
Jul 09 06:50:31.218866 np0000004856 nova-conductor[98587]: DEBUG cotyledon.oslo_config_glue [-] profiler.connection_string = messaging:// {{(pid=98587) log_opt_values /opt/stack/data/venv/lib/python3.12/site-packages/oslo_config/cfg.py:3253}}
Jul 09 06:50:31.218866 np0000004856 nova-conductor[98587]: DEBUG cotyledon.oslo_config_glue [-] profiler.enabled = False {{(pid=98587) log_opt_values /opt/stack/data/venv/lib/python3.12/site-packages/oslo_config/cfg.py:3253}}
Jul 09 06:50:31.218866 np0000004856 nova-conductor[98587]: DEBUG cotyledon.oslo_config_glue [-] profiler.es_doc_type = notification {{(pid=98587) log_opt_values /opt/stack/data/venv/lib/python3.12/site-packages/oslo_config/cfg.py:3253}}
Jul 09 06:50:31.218866 np0000004856 nova-conductor[98587]: DEBUG cotyledon.oslo_config_glue [-] profiler.es_scroll_size = 10000 {{(pid=98587) log_opt_values /opt/stack/data/venv/lib/python3.12/site-packages/oslo_config/cfg.py:3253}}
Jul 09 06:50:31.218866 np0000004856 nova-conductor[98587]: DEBUG cotyledon.oslo_config_glue [-] profiler.es_scroll_time = 2m {{(pid=98587) log_opt_values /opt/stack/data/venv/lib/python3.12/site-packages/oslo_config/cfg.py:3253}}
Jul 09 06:50:31.218866 np0000004856 nova-conductor[98587]: DEBUG cotyledon.oslo_config_glue [-] profiler.filter_error_trace = False {{(pid=98587) log_opt_values /opt/stack/data/venv/lib/python3.12/site-packages/oslo_config/cfg.py:3253}}
Jul 09 06:50:31.219059 np0000004856 nova-conductor[98587]: DEBUG cotyledon.oslo_config_glue [-] profiler.hmac_keys = **** {{(pid=98587) log_opt_values /opt/stack/data/venv/lib/python3.12/site-packages/oslo_config/cfg.py:3253}}
Jul 09 06:50:31.219059 np0000004856 nova-conductor[98587]: DEBUG cotyledon.oslo_config_glue [-] profiler.sentinel_service_name = mymaster {{(pid=98587) log_opt_values /opt/stack/data/venv/lib/python3.12/site-packages/oslo_config/cfg.py:3253}}
Jul 09 06:50:31.219059 np0000004856 nova-conductor[98587]: DEBUG cotyledon.oslo_config_glue [-] profiler.socket_timeout = 0.1 {{(pid=98587) log_opt_values /opt/stack/data/venv/lib/python3.12/site-packages/oslo_config/cfg.py:3253}}
Jul 09 06:50:31.219059 np0000004856 nova-conductor[98587]: DEBUG cotyledon.oslo_config_glue [-] profiler.trace_requests = False {{(pid=98587) log_opt_values /opt/stack/data/venv/lib/python3.12/site-packages/oslo_config/cfg.py:3253}}
Jul 09 06:50:31.219059 np0000004856 nova-conductor[98587]: DEBUG cotyledon.oslo_config_glue [-] profiler.trace_sqlalchemy = False {{(pid=98587) log_opt_values /opt/stack/data/venv/lib/python3.12/site-packages/oslo_config/cfg.py:3253}}
Jul 09 06:50:31.219059 np0000004856 nova-conductor[98587]: DEBUG cotyledon.oslo_config_glue [-] profiler_jaeger.process_tags = {} {{(pid=98587) log_opt_values /opt/stack/data/venv/lib/python3.12/site-packages/oslo_config/cfg.py:3253}}
Jul 09 06:50:31.219059 np0000004856 nova-conductor[98587]: DEBUG cotyledon.oslo_config_glue [-] profiler_jaeger.service_name_prefix = None {{(pid=98587) log_opt_values /opt/stack/data/venv/lib/python3.12/site-packages/oslo_config/cfg.py:3253}}
Jul 09 06:50:31.219059 np0000004856 nova-conductor[98587]: DEBUG cotyledon.oslo_config_glue [-] profiler_otlp.service_name_prefix = None {{(pid=98587) log_opt_values /opt/stack/data/venv/lib/python3.12/site-packages/oslo_config/cfg.py:3253}}
Jul 09 06:50:31.219059 np0000004856 nova-conductor[98587]: DEBUG cotyledon.oslo_config_glue [-] oslo_messaging_rabbit.amqp_auto_delete = False {{(pid=98587) log_opt_values /opt/stack/data/venv/lib/python3.12/site-packages/oslo_config/cfg.py:3253}}
Jul 09 06:50:31.219224 np0000004856 nova-conductor[98587]: DEBUG cotyledon.oslo_config_glue [-] oslo_messaging_rabbit.amqp_durable_queues = False {{(pid=98587) log_opt_values /opt/stack/data/venv/lib/python3.12/site-packages/oslo_config/cfg.py:3253}}
Jul 09 06:50:31.219224 np0000004856 nova-conductor[98587]: DEBUG cotyledon.oslo_config_glue [-] oslo_messaging_rabbit.conn_pool_min_size = 2 {{(pid=98587) log_opt_values /opt/stack/data/venv/lib/python3.12/site-packages/oslo_config/cfg.py:3253}}
Jul 09 06:50:31.219224 np0000004856 nova-conductor[98587]: DEBUG cotyledon.oslo_config_glue [-] oslo_messaging_rabbit.conn_pool_ttl = 1200 {{(pid=98587) log_opt_values /opt/stack/data/venv/lib/python3.12/site-packages/oslo_config/cfg.py:3253}}
Jul 09 06:50:31.219224 np0000004856 nova-conductor[98587]: DEBUG cotyledon.oslo_config_glue [-] oslo_messaging_rabbit.direct_mandatory_flag = True {{(pid=98587) log_opt_values /opt/stack/data/venv/lib/python3.12/site-packages/oslo_config/cfg.py:3253}}
Jul 09 06:50:31.219224 np0000004856 nova-conductor[98587]: DEBUG cotyledon.oslo_config_glue [-] oslo_messaging_rabbit.enable_cancel_on_failover = False {{(pid=98587) log_opt_values /opt/stack/data/venv/lib/python3.12/site-packages/oslo_config/cfg.py:3253}}
Jul 09 06:50:31.219224 np0000004856 nova-conductor[98587]: DEBUG cotyledon.oslo_config_glue [-] oslo_messaging_rabbit.heartbeat_rate = 3 {{(pid=98587) log_opt_values /opt/stack/data/venv/lib/python3.12/site-packages/oslo_config/cfg.py:3253}}
Jul 09 06:50:31.219224 np0000004856 nova-conductor[98587]: DEBUG cotyledon.oslo_config_glue [-] oslo_messaging_rabbit.heartbeat_timeout_threshold = 60 {{(pid=98587) log_opt_values /opt/stack/data/venv/lib/python3.12/site-packages/oslo_config/cfg.py:3253}}
Jul 09 06:50:31.219224 np0000004856 nova-conductor[98587]: DEBUG cotyledon.oslo_config_glue [-] oslo_messaging_rabbit.hostname = np0000004856 {{(pid=98587) log_opt_values /opt/stack/data/venv/lib/python3.12/site-packages/oslo_config/cfg.py:3253}}
Jul 09 06:50:31.219224 np0000004856 nova-conductor[98587]: DEBUG cotyledon.oslo_config_glue [-] oslo_messaging_rabbit.kombu_compression = None {{(pid=98587) log_opt_values /opt/stack/data/venv/lib/python3.12/site-packages/oslo_config/cfg.py:3253}}
Jul 09 06:50:31.219389 np0000004856 nova-conductor[98587]: DEBUG cotyledon.oslo_config_glue [-] oslo_messaging_rabbit.kombu_failover_strategy = round-robin {{(pid=98587) log_opt_values /opt/stack/data/venv/lib/python3.12/site-packages/oslo_config/cfg.py:3253}}
Jul 09 06:50:31.219389 np0000004856 nova-conductor[98587]: DEBUG cotyledon.oslo_config_glue [-] oslo_messaging_rabbit.kombu_missing_consumer_retry_timeout = 60 {{(pid=98587) log_opt_values /opt/stack/data/venv/lib/python3.12/site-packages/oslo_config/cfg.py:3253}}
Jul 09 06:50:31.219389 np0000004856 nova-conductor[98587]: DEBUG cotyledon.oslo_config_glue [-] oslo_messaging_rabbit.kombu_reconnect_delay = 1.0 {{(pid=98587) log_opt_values /opt/stack/data/venv/lib/python3.12/site-packages/oslo_config/cfg.py:3253}}
Jul 09 06:50:31.219389 np0000004856 nova-conductor[98587]: DEBUG cotyledon.oslo_config_glue [-] oslo_messaging_rabbit.kombu_reconnect_splay = 0.0 {{(pid=98587) log_opt_values /opt/stack/data/venv/lib/python3.12/site-packages/oslo_config/cfg.py:3253}}
Jul 09 06:50:31.219389 np0000004856 nova-conductor[98587]: DEBUG cotyledon.oslo_config_glue [-] oslo_messaging_rabbit.processname = nova-conductor {{(pid=98587) log_opt_values /opt/stack/data/venv/lib/python3.12/site-packages/oslo_config/cfg.py:3253}}
Jul 09 06:50:31.219389 np0000004856 nova-conductor[98587]: DEBUG cotyledon.oslo_config_glue [-] oslo_messaging_rabbit.rabbit_ha_queues = False {{(pid=98587) log_opt_values /opt/stack/data/venv/lib/python3.12/site-packages/oslo_config/cfg.py:3253}}
Jul 09 06:50:31.219389 np0000004856 nova-conductor[98587]: DEBUG cotyledon.oslo_config_glue [-] oslo_messaging_rabbit.rabbit_interval_max = 30 {{(pid=98587) log_opt_values /opt/stack/data/venv/lib/python3.12/site-packages/oslo_config/cfg.py:3253}}
Jul 09 06:50:31.219389 np0000004856 nova-conductor[98587]: DEBUG cotyledon.oslo_config_glue [-] oslo_messaging_rabbit.rabbit_login_method = AMQPLAIN {{(pid=98587) log_opt_values /opt/stack/data/venv/lib/python3.12/site-packages/oslo_config/cfg.py:3253}}
Jul 09 06:50:31.219548 np0000004856 nova-conductor[98587]: DEBUG cotyledon.oslo_config_glue [-] oslo_messaging_rabbit.rabbit_qos_prefetch_count = 0 {{(pid=98587) log_opt_values /opt/stack/data/venv/lib/python3.12/site-packages/oslo_config/cfg.py:3253}}
Jul 09 06:50:31.219548 np0000004856 nova-conductor[98587]: DEBUG cotyledon.oslo_config_glue [-] oslo_messaging_rabbit.rabbit_quorum_delivery_limit = 0 {{(pid=98587) log_opt_values /opt/stack/data/venv/lib/python3.12/site-packages/oslo_config/cfg.py:3253}}
Jul 09 06:50:31.219548 np0000004856 nova-conductor[98587]: DEBUG cotyledon.oslo_config_glue [-] oslo_messaging_rabbit.rabbit_quorum_max_memory_bytes = 0 {{(pid=98587) log_opt_values /opt/stack/data/venv/lib/python3.12/site-packages/oslo_config/cfg.py:3253}}
Jul 09 06:50:31.219548 np0000004856 nova-conductor[98587]: DEBUG cotyledon.oslo_config_glue [-] oslo_messaging_rabbit.rabbit_quorum_max_memory_length = 0 {{(pid=98587) log_opt_values /opt/stack/data/venv/lib/python3.12/site-packages/oslo_config/cfg.py:3253}}
Jul 09 06:50:31.219548 np0000004856 nova-conductor[98587]: DEBUG cotyledon.oslo_config_glue [-] oslo_messaging_rabbit.rabbit_quorum_queue = False {{(pid=98587) log_opt_values /opt/stack/data/venv/lib/python3.12/site-packages/oslo_config/cfg.py:3253}}
Jul 09 06:50:31.219548 np0000004856 nova-conductor[98587]: DEBUG cotyledon.oslo_config_glue [-] oslo_messaging_rabbit.rabbit_retry_backoff = 2 {{(pid=98587) log_opt_values /opt/stack/data/venv/lib/python3.12/site-packages/oslo_config/cfg.py:3253}}
Jul 09 06:50:31.219548 np0000004856 nova-conductor[98587]: DEBUG cotyledon.oslo_config_glue [-] oslo_messaging_rabbit.rabbit_retry_interval = 1 {{(pid=98587) log_opt_values /opt/stack/data/venv/lib/python3.12/site-packages/oslo_config/cfg.py:3253}}
Jul 09 06:50:31.219548 np0000004856 nova-conductor[98587]: DEBUG cotyledon.oslo_config_glue [-] oslo_messaging_rabbit.rabbit_stream_fanout = False {{(pid=98587) log_opt_values /opt/stack/data/venv/lib/python3.12/site-packages/oslo_config/cfg.py:3253}}
Jul 09 06:50:31.219701 np0000004856 nova-conductor[98587]: DEBUG cotyledon.oslo_config_glue [-] oslo_messaging_rabbit.rabbit_transient_queues_ttl = 1800 {{(pid=98587) log_opt_values /opt/stack/data/venv/lib/python3.12/site-packages/oslo_config/cfg.py:3253}}
Jul 09 06:50:31.219701 np0000004856 nova-conductor[98587]: DEBUG cotyledon.oslo_config_glue [-] oslo_messaging_rabbit.rabbit_transient_quorum_queue = False {{(pid=98587) log_opt_values /opt/stack/data/venv/lib/python3.12/site-packages/oslo_config/cfg.py:3253}}
Jul 09 06:50:31.219701 np0000004856 nova-conductor[98587]: DEBUG cotyledon.oslo_config_glue [-] oslo_messaging_rabbit.rpc_conn_pool_size = 30 {{(pid=98587) log_opt_values /opt/stack/data/venv/lib/python3.12/site-packages/oslo_config/cfg.py:3253}}
Jul 09 06:50:31.219701 np0000004856 nova-conductor[98587]: DEBUG cotyledon.oslo_config_glue [-] oslo_messaging_rabbit.ssl = False {{(pid=98587) log_opt_values /opt/stack/data/venv/lib/python3.12/site-packages/oslo_config/cfg.py:3253}}
Jul 09 06:50:31.219701 np0000004856 nova-conductor[98587]: DEBUG cotyledon.oslo_config_glue [-] oslo_messaging_rabbit.ssl_ca_file = {{(pid=98587) log_opt_values /opt/stack/data/venv/lib/python3.12/site-packages/oslo_config/cfg.py:3253}}
Jul 09 06:50:31.219701 np0000004856 nova-conductor[98587]: DEBUG cotyledon.oslo_config_glue [-] oslo_messaging_rabbit.ssl_cert_file = {{(pid=98587) log_opt_values /opt/stack/data/venv/lib/python3.12/site-packages/oslo_config/cfg.py:3253}}
Jul 09 06:50:31.219701 np0000004856 nova-conductor[98587]: DEBUG cotyledon.oslo_config_glue [-] oslo_messaging_rabbit.ssl_enforce_fips_mode = False {{(pid=98587) log_opt_values /opt/stack/data/venv/lib/python3.12/site-packages/oslo_config/cfg.py:3253}}
Jul 09 06:50:31.219701 np0000004856 nova-conductor[98587]: DEBUG cotyledon.oslo_config_glue [-] oslo_messaging_rabbit.ssl_enforce_hostname_verification = True {{(pid=98587) log_opt_values /opt/stack/data/venv/lib/python3.12/site-packages/oslo_config/cfg.py:3253}}
Jul 09 06:50:31.219701 np0000004856 nova-conductor[98587]: DEBUG cotyledon.oslo_config_glue [-] oslo_messaging_rabbit.ssl_key_file = {{(pid=98587) log_opt_values /opt/stack/data/venv/lib/python3.12/site-packages/oslo_config/cfg.py:3253}}
Jul 09 06:50:31.219938 np0000004856 nova-conductor[98587]: DEBUG cotyledon.oslo_config_glue [-] oslo_messaging_rabbit.ssl_version = {{(pid=98587) log_opt_values /opt/stack/data/venv/lib/python3.12/site-packages/oslo_config/cfg.py:3253}}
Jul 09 06:50:31.219938 np0000004856 nova-conductor[98587]: DEBUG cotyledon.oslo_config_glue [-] oslo_messaging_rabbit.use_queue_manager = False {{(pid=98587) log_opt_values /opt/stack/data/venv/lib/python3.12/site-packages/oslo_config/cfg.py:3253}}
Jul 09 06:50:31.219938 np0000004856 nova-conductor[98587]: DEBUG cotyledon.oslo_config_glue [-] oslo_messaging_notifications.driver = ['messagingv2'] {{(pid=98587) log_opt_values /opt/stack/data/venv/lib/python3.12/site-packages/oslo_config/cfg.py:3253}}
Jul 09 06:50:31.219938 np0000004856 nova-conductor[98587]: DEBUG cotyledon.oslo_config_glue [-] oslo_messaging_notifications.retry = -1 {{(pid=98587) log_opt_values /opt/stack/data/venv/lib/python3.12/site-packages/oslo_config/cfg.py:3253}}
Jul 09 06:50:31.219938 np0000004856 nova-conductor[98587]: DEBUG cotyledon.oslo_config_glue [-] oslo_messaging_notifications.topics = ['notifications'] {{(pid=98587) log_opt_values /opt/stack/data/venv/lib/python3.12/site-packages/oslo_config/cfg.py:3253}}
Jul 09 06:50:31.219938 np0000004856 nova-conductor[98587]: DEBUG cotyledon.oslo_config_glue [-] oslo_messaging_notifications.transport_url = **** {{(pid=98587) log_opt_values /opt/stack/data/venv/lib/python3.12/site-packages/oslo_config/cfg.py:3253}}
Jul 09 06:50:31.219938 np0000004856 nova-conductor[98587]: DEBUG cotyledon.oslo_config_glue [-] oslo_limit.auth_section = None {{(pid=98587) log_opt_values /opt/stack/data/venv/lib/python3.12/site-packages/oslo_config/cfg.py:3253}}
Jul 09 06:50:31.219938 np0000004856 nova-conductor[98587]: DEBUG cotyledon.oslo_config_glue [-] oslo_limit.auth_type = None {{(pid=98587) log_opt_values /opt/stack/data/venv/lib/python3.12/site-packages/oslo_config/cfg.py:3253}}
Jul 09 06:50:31.219938 np0000004856 nova-conductor[98587]: DEBUG cotyledon.oslo_config_glue [-] oslo_limit.cafile = None {{(pid=98587) log_opt_values /opt/stack/data/venv/lib/python3.12/site-packages/oslo_config/cfg.py:3253}}
Jul 09 06:50:31.220116 np0000004856 nova-conductor[98587]: DEBUG cotyledon.oslo_config_glue [-] oslo_limit.certfile = None {{(pid=98587) log_opt_values /opt/stack/data/venv/lib/python3.12/site-packages/oslo_config/cfg.py:3253}}
Jul 09 06:50:31.220116 np0000004856 nova-conductor[98587]: DEBUG cotyledon.oslo_config_glue [-] oslo_limit.collect_timing = False {{(pid=98587) log_opt_values /opt/stack/data/venv/lib/python3.12/site-packages/oslo_config/cfg.py:3253}}
Jul 09 06:50:31.220116 np0000004856 nova-conductor[98587]: DEBUG cotyledon.oslo_config_glue [-] oslo_limit.connect_retries = None {{(pid=98587) log_opt_values /opt/stack/data/venv/lib/python3.12/site-packages/oslo_config/cfg.py:3253}}
Jul 09 06:50:31.220116 np0000004856 nova-conductor[98587]: DEBUG cotyledon.oslo_config_glue [-] oslo_limit.connect_retry_delay = None {{(pid=98587) log_opt_values /opt/stack/data/venv/lib/python3.12/site-packages/oslo_config/cfg.py:3253}}
Jul 09 06:50:31.220116 np0000004856 nova-conductor[98587]: DEBUG cotyledon.oslo_config_glue [-] oslo_limit.endpoint_id = None {{(pid=98587) log_opt_values /opt/stack/data/venv/lib/python3.12/site-packages/oslo_config/cfg.py:3253}}
Jul 09 06:50:31.220116 np0000004856 nova-conductor[98587]: DEBUG cotyledon.oslo_config_glue [-] oslo_limit.endpoint_interface = public {{(pid=98587) log_opt_values /opt/stack/data/venv/lib/python3.12/site-packages/oslo_config/cfg.py:3253}}
Jul 09 06:50:31.220116 np0000004856 nova-conductor[98587]: DEBUG cotyledon.oslo_config_glue [-] oslo_limit.endpoint_override = None {{(pid=98587) log_opt_values /opt/stack/data/venv/lib/python3.12/site-packages/oslo_config/cfg.py:3253}}
Jul 09 06:50:31.220116 np0000004856 nova-conductor[98587]: DEBUG cotyledon.oslo_config_glue [-] oslo_limit.endpoint_region_name = None {{(pid=98587) log_opt_values /opt/stack/data/venv/lib/python3.12/site-packages/oslo_config/cfg.py:3253}}
Jul 09 06:50:31.220116 np0000004856 nova-conductor[98587]: DEBUG cotyledon.oslo_config_glue [-] oslo_limit.endpoint_service_name = None {{(pid=98587) log_opt_values /opt/stack/data/venv/lib/python3.12/site-packages/oslo_config/cfg.py:3253}}
Jul 09 06:50:31.220282 np0000004856 nova-conductor[98587]: DEBUG cotyledon.oslo_config_glue [-] oslo_limit.endpoint_service_type = None {{(pid=98587) log_opt_values /opt/stack/data/venv/lib/python3.12/site-packages/oslo_config/cfg.py:3253}}
Jul 09 06:50:31.220282 np0000004856 nova-conductor[98587]: DEBUG cotyledon.oslo_config_glue [-] oslo_limit.insecure = False {{(pid=98587) log_opt_values /opt/stack/data/venv/lib/python3.12/site-packages/oslo_config/cfg.py:3253}}
Jul 09 06:50:31.220282 np0000004856 nova-conductor[98587]: DEBUG cotyledon.oslo_config_glue [-] oslo_limit.keyfile = None {{(pid=98587) log_opt_values /opt/stack/data/venv/lib/python3.12/site-packages/oslo_config/cfg.py:3253}}
Jul 09 06:50:31.220282 np0000004856 nova-conductor[98587]: DEBUG cotyledon.oslo_config_glue [-] oslo_limit.max_version = None {{(pid=98587) log_opt_values /opt/stack/data/venv/lib/python3.12/site-packages/oslo_config/cfg.py:3253}}
Jul 09 06:50:31.220282 np0000004856 nova-conductor[98587]: DEBUG cotyledon.oslo_config_glue [-] oslo_limit.min_version = None {{(pid=98587) log_opt_values /opt/stack/data/venv/lib/python3.12/site-packages/oslo_config/cfg.py:3253}}
Jul 09 06:50:31.220282 np0000004856 nova-conductor[98587]: DEBUG cotyledon.oslo_config_glue [-] oslo_limit.region_name = None {{(pid=98587) log_opt_values /opt/stack/data/venv/lib/python3.12/site-packages/oslo_config/cfg.py:3253}}
Jul 09 06:50:31.220282 np0000004856 nova-conductor[98587]: DEBUG cotyledon.oslo_config_glue [-] oslo_limit.retriable_status_codes = None {{(pid=98587) log_opt_values /opt/stack/data/venv/lib/python3.12/site-packages/oslo_config/cfg.py:3253}}
Jul 09 06:50:31.220282 np0000004856 nova-conductor[98587]: DEBUG cotyledon.oslo_config_glue [-] oslo_limit.service_name = None {{(pid=98587) log_opt_values /opt/stack/data/venv/lib/python3.12/site-packages/oslo_config/cfg.py:3253}}
Jul 09 06:50:31.220282 np0000004856 nova-conductor[98587]: DEBUG cotyledon.oslo_config_glue [-] oslo_limit.service_type = None {{(pid=98587) log_opt_values /opt/stack/data/venv/lib/python3.12/site-packages/oslo_config/cfg.py:3253}}
Jul 09 06:50:31.220454 np0000004856 nova-conductor[98587]: DEBUG cotyledon.oslo_config_glue [-] oslo_limit.split_loggers = False {{(pid=98587) log_opt_values /opt/stack/data/venv/lib/python3.12/site-packages/oslo_config/cfg.py:3253}}
Jul 09 06:50:31.220454 np0000004856 nova-conductor[98587]: DEBUG cotyledon.oslo_config_glue [-] oslo_limit.status_code_retries = None {{(pid=98587) log_opt_values /opt/stack/data/venv/lib/python3.12/site-packages/oslo_config/cfg.py:3253}}
Jul 09 06:50:31.220454 np0000004856 nova-conductor[98587]: DEBUG cotyledon.oslo_config_glue [-] oslo_limit.status_code_retry_delay = None {{(pid=98587) log_opt_values /opt/stack/data/venv/lib/python3.12/site-packages/oslo_config/cfg.py:3253}}
Jul 09 06:50:31.220454 np0000004856 nova-conductor[98587]: DEBUG cotyledon.oslo_config_glue [-] oslo_limit.timeout = None {{(pid=98587) log_opt_values /opt/stack/data/venv/lib/python3.12/site-packages/oslo_config/cfg.py:3253}}
Jul 09 06:50:31.220454 np0000004856 nova-conductor[98587]: DEBUG cotyledon.oslo_config_glue [-] oslo_limit.valid_interfaces = None {{(pid=98587) log_opt_values /opt/stack/data/venv/lib/python3.12/site-packages/oslo_config/cfg.py:3253}}
Jul 09 06:50:31.220454 np0000004856 nova-conductor[98587]: DEBUG cotyledon.oslo_config_glue [-] oslo_limit.version = None {{(pid=98587) log_opt_values /opt/stack/data/venv/lib/python3.12/site-packages/oslo_config/cfg.py:3253}}
Jul 09 06:50:31.220454 np0000004856 nova-conductor[98587]: DEBUG cotyledon.oslo_config_glue [-] oslo_reports.file_event_handler = None {{(pid=98587) log_opt_values /opt/stack/data/venv/lib/python3.12/site-packages/oslo_config/cfg.py:3253}}
Jul 09 06:50:31.220454 np0000004856 nova-conductor[98587]: DEBUG cotyledon.oslo_config_glue [-] oslo_reports.file_event_handler_interval = 1 {{(pid=98587) log_opt_values /opt/stack/data/venv/lib/python3.12/site-packages/oslo_config/cfg.py:3253}}
Jul 09 06:50:31.220454 np0000004856 nova-conductor[98587]: DEBUG cotyledon.oslo_config_glue [-] oslo_reports.log_dir = None {{(pid=98587) log_opt_values /opt/stack/data/venv/lib/python3.12/site-packages/oslo_config/cfg.py:3253}}
Jul 09 06:50:31.220622 np0000004856 nova-conductor[98587]: DEBUG cotyledon.oslo_config_glue [-] ******************************************************************************** {{(pid=98587) log_opt_values /opt/stack/data/venv/lib/python3.12/site-packages/oslo_config/cfg.py:3260}}
Jul 09 06:50:31.220622 np0000004856 nova-conductor[98587]: DEBUG cotyledon._service_worker [-] Run service ServiceWrapper(3) [98587] {{(pid=98587) wait_forever /opt/stack/data/venv/lib/python3.12/site-packages/cotyledon/_service_worker.py:218}}
Jul 09 06:50:31.220622 np0000004856 nova-conductor[98587]: INFO nova.service [-] Starting conductor node (version 33.1.0)
Jul 09 06:50:31.220686 np0000004856 nova-conductor[98576]: DEBUG oslo_db.sqlalchemy.engines [None req-65d707cd-2d13-4b12-9daa-fcce0c5daf18 None None] MySQL server mode set to STRICT_TRANS_TABLES,STRICT_ALL_TABLES,NO_ZERO_IN_DATE,NO_ZERO_DATE,ERROR_FOR_DIVISION_BY_ZERO,TRADITIONAL,NO_ENGINE_SUBSTITUTION {{(pid=98576) _check_effective_sql_mode /opt/stack/data/venv/lib/python3.12/site-packages/oslo_db/sqlalchemy/engines.py:325}}
Jul 09 06:50:31.220726 np0000004856 nova-conductor[98587]: INFO dbcounter [None req-d273c5c1-b95e-493e-bd99-48568f664496 None None] Registered counter for database nova_cell0
Jul 09 06:50:31.220749 np0000004856 nova-conductor[98568]: DEBUG oslo_db.sqlalchemy.engines [None req-a65828ce-35a5-4b32-8cd3-13a0cc824cd5 None None] MySQL server mode set to STRICT_TRANS_TABLES,STRICT_ALL_TABLES,NO_ZERO_IN_DATE,NO_ZERO_DATE,ERROR_FOR_DIVISION_BY_ZERO,TRADITIONAL,NO_ENGINE_SUBSTITUTION {{(pid=98568) _check_effective_sql_mode /opt/stack/data/venv/lib/python3.12/site-packages/oslo_db/sqlalchemy/engines.py:325}}
Jul 09 06:50:31.220790 np0000004856 nova-conductor[98576]: DEBUG dbcounter [-] [98576] Writer thread running {{(pid=98576) stat_writer /opt/stack/data/venv/lib/python3.12/site-packages/dbcounter.py:102}}
Jul 09 06:50:31.220816 np0000004856 nova-conductor[98583]: DEBUG oslo_db.sqlalchemy.engines [None req-2df4289a-be6e-46df-82f7-88d5d122ffd3 None None] MySQL server mode set to STRICT_TRANS_TABLES,STRICT_ALL_TABLES,NO_ZERO_IN_DATE,NO_ZERO_DATE,ERROR_FOR_DIVISION_BY_ZERO,TRADITIONAL,NO_ENGINE_SUBSTITUTION {{(pid=98583) _check_effective_sql_mode /opt/stack/data/venv/lib/python3.12/site-packages/oslo_db/sqlalchemy/engines.py:325}}
Jul 09 06:50:31.220842 np0000004856 nova-conductor[98568]: DEBUG dbcounter [-] [98568] Writer thread running {{(pid=98568) stat_writer /opt/stack/data/venv/lib/python3.12/site-packages/dbcounter.py:102}}
Jul 09 06:50:31.220866 np0000004856 nova-conductor[98583]: DEBUG dbcounter [-] [98583] Writer thread running {{(pid=98583) stat_writer /opt/stack/data/venv/lib/python3.12/site-packages/dbcounter.py:102}}
Jul 09 06:50:31.220888 np0000004856 nova-conductor[98576]: DEBUG nova.service [None req-65d707cd-2d13-4b12-9daa-fcce0c5daf18 None None] Creating RPC server for service: nova-conductor on topic: conductor {{(pid=98576) start /opt/stack/nova/nova/service.py:196}}
Jul 09 06:50:31.220910 np0000004856 nova-conductor[98568]: DEBUG nova.service [None req-a65828ce-35a5-4b32-8cd3-13a0cc824cd5 None None] Creating RPC server for service: nova-conductor on topic: conductor {{(pid=98568) start /opt/stack/nova/nova/service.py:196}}
Jul 09 06:50:31.226264 np0000004856 nova-conductor[98583]: DEBUG nova.service [None req-2df4289a-be6e-46df-82f7-88d5d122ffd3 None None] Creating RPC server for service: nova-conductor on topic: conductor {{(pid=98583) start /opt/stack/nova/nova/service.py:196}}
Jul 09 06:50:31.246676 np0000004856 nova-conductor[98576]: DEBUG nova.service [None req-65d707cd-2d13-4b12-9daa-fcce0c5daf18 None None] Join ServiceGroup membership for this service conductor {{(pid=98576) start /opt/stack/nova/nova/service.py:222}}
Jul 09 06:50:31.246981 np0000004856 nova-conductor[98576]: DEBUG nova.servicegroup.drivers.db [None req-65d707cd-2d13-4b12-9daa-fcce0c5daf18 None None] DB_Driver: join new ServiceGroup member np0000004856 to the conductor group, service = {{(pid=98576) join /opt/stack/nova/nova/servicegroup/drivers/db.py:44}}
Jul 09 06:50:31.247461 np0000004856 nova-conductor[98587]: DEBUG oslo_db.sqlalchemy.engines [None req-d273c5c1-b95e-493e-bd99-48568f664496 None None] MySQL server mode set to STRICT_TRANS_TABLES,STRICT_ALL_TABLES,NO_ZERO_IN_DATE,NO_ZERO_DATE,ERROR_FOR_DIVISION_BY_ZERO,TRADITIONAL,NO_ENGINE_SUBSTITUTION {{(pid=98587) _check_effective_sql_mode /opt/stack/data/venv/lib/python3.12/site-packages/oslo_db/sqlalchemy/engines.py:325}}
Jul 09 06:50:31.248038 np0000004856 nova-conductor[98583]: DEBUG nova.service [None req-2df4289a-be6e-46df-82f7-88d5d122ffd3 None None] Join ServiceGroup membership for this service conductor {{(pid=98583) start /opt/stack/nova/nova/service.py:222}}
Jul 09 06:50:31.248324 np0000004856 nova-conductor[98583]: DEBUG nova.servicegroup.drivers.db [None req-2df4289a-be6e-46df-82f7-88d5d122ffd3 None None] DB_Driver: join new ServiceGroup member np0000004856 to the conductor group, service = {{(pid=98583) join /opt/stack/nova/nova/servicegroup/drivers/db.py:44}}
Jul 09 06:50:31.251990 np0000004856 nova-conductor[98568]: DEBUG nova.service [None req-a65828ce-35a5-4b32-8cd3-13a0cc824cd5 None None] Join ServiceGroup membership for this service conductor {{(pid=98568) start /opt/stack/nova/nova/service.py:222}}
Jul 09 06:50:31.252239 np0000004856 nova-conductor[98568]: DEBUG nova.servicegroup.drivers.db [None req-a65828ce-35a5-4b32-8cd3-13a0cc824cd5 None None] DB_Driver: join new ServiceGroup member np0000004856 to the conductor group, service = {{(pid=98568) join /opt/stack/nova/nova/servicegroup/drivers/db.py:44}}
Jul 09 06:50:31.262446 np0000004856 nova-conductor[98587]: DEBUG dbcounter [-] [98587] Writer thread running {{(pid=98587) stat_writer /opt/stack/data/venv/lib/python3.12/site-packages/dbcounter.py:102}}
Jul 09 06:50:31.265990 np0000004856 nova-conductor[98587]: DEBUG nova.service [None req-d273c5c1-b95e-493e-bd99-48568f664496 None None] Creating RPC server for service: nova-conductor on topic: conductor {{(pid=98587) start /opt/stack/nova/nova/service.py:196}}
Jul 09 06:50:31.287350 np0000004856 nova-conductor[98587]: DEBUG nova.service [None req-d273c5c1-b95e-493e-bd99-48568f664496 None None] Join ServiceGroup membership for this service conductor {{(pid=98587) start /opt/stack/nova/nova/service.py:222}}
Jul 09 06:50:31.287544 np0000004856 nova-conductor[98587]: DEBUG nova.servicegroup.drivers.db [None req-d273c5c1-b95e-493e-bd99-48568f664496 None None] DB_Driver: join new ServiceGroup member np0000004856 to the conductor group, service = {{(pid=98587) join /opt/stack/nova/nova/servicegroup/drivers/db.py:44}}
Jul 09 06:50:36.259211 np0000004856 nova-conductor[98583]: DEBUG oslo.service.backend._threading.loopingcall [-] Fixed interval looping call 'nova.servicegroup.drivers.db.DbDriver._report_state' sleeping for 119.99 seconds {{(pid=98583) _run_loop /opt/stack/data/venv/lib/python3.12/site-packages/oslo_service/backend/_threading/loopingcall.py:125}}
Jul 09 06:50:36.260955 np0000004856 nova-conductor[98576]: DEBUG oslo.service.backend._threading.loopingcall [-] Fixed interval looping call 'nova.servicegroup.drivers.db.DbDriver._report_state' sleeping for 119.99 seconds {{(pid=98576) _run_loop /opt/stack/data/venv/lib/python3.12/site-packages/oslo_service/backend/_threading/loopingcall.py:125}}
Jul 09 06:50:36.261986 np0000004856 nova-conductor[98568]: DEBUG oslo.service.backend._threading.loopingcall [-] Fixed interval looping call 'nova.servicegroup.drivers.db.DbDriver._report_state' sleeping for 119.99 seconds {{(pid=98568) _run_loop /opt/stack/data/venv/lib/python3.12/site-packages/oslo_service/backend/_threading/loopingcall.py:125}}
Jul 09 06:50:36.301515 np0000004856 nova-conductor[98587]: DEBUG oslo.service.backend._threading.loopingcall [-] Fixed interval looping call 'nova.servicegroup.drivers.db.DbDriver._report_state' sleeping for 119.99 seconds {{(pid=98587) _run_loop /opt/stack/data/venv/lib/python3.12/site-packages/oslo_service/backend/_threading/loopingcall.py:125}}
Jul 09 06:50:39.815537 np0000004856 nova-conductor[97152]: DEBUG dbcounter [-] [97152] Writing DB stats nova_api:SELECT=1 {{(pid=97152) stat_writer /opt/stack/data/venv/lib/python3.12/site-packages/dbcounter.py:115}}
Jul 09 06:50:39.944770 np0000004856 nova-conductor[97152]: DEBUG dbcounter [-] [97152] Writing DB stats nova_cell0:SELECT=1 {{(pid=97152) stat_writer /opt/stack/data/venv/lib/python3.12/site-packages/dbcounter.py:115}}
Jul 09 06:50:39.949484 np0000004856 nova-conductor[97152]: DEBUG dbcounter [-] [97152] Writing DB stats nova_cell1:SELECT=1 {{(pid=97152) stat_writer /opt/stack/data/venv/lib/python3.12/site-packages/dbcounter.py:115}}
Jul 09 06:50:46.254816 np0000004856 nova-conductor[98583]: DEBUG dbcounter [-] [98583] Writing DB stats nova_cell0:SELECT=4,nova_cell0:INSERT=1,nova_cell0:UPDATE=1 {{(pid=98583) stat_writer /opt/stack/data/venv/lib/python3.12/site-packages/dbcounter.py:115}}
Jul 09 06:50:46.258774 np0000004856 nova-conductor[98576]: DEBUG dbcounter [-] [98576] Writing DB stats nova_cell0:SELECT=4,nova_cell0:INSERT=1,nova_cell0:UPDATE=1 {{(pid=98576) stat_writer /opt/stack/data/venv/lib/python3.12/site-packages/dbcounter.py:115}}
Jul 09 06:50:46.259594 np0000004856 nova-conductor[98568]: DEBUG dbcounter [-] [98568] Writing DB stats nova_cell0:SELECT=5,nova_cell0:INSERT=1 {{(pid=98568) stat_writer /opt/stack/data/venv/lib/python3.12/site-packages/dbcounter.py:115}}
Jul 09 06:50:46.295739 np0000004856 nova-conductor[98587]: DEBUG dbcounter [-] [98587] Writing DB stats nova_cell0:SELECT=3 {{(pid=98587) stat_writer /opt/stack/data/venv/lib/python3.12/site-packages/dbcounter.py:115}}
Jul 09 06:50:59.254135 np0000004856 nova-conductor[98568]: DEBUG oslo.service.backend._threading.loopingcall [None req-79efef63-f9b1-4de1-bb61-837612e8ac49 None None] Dynamic interval looping call 'nova.service.Service.periodic_tasks' sleeping for 60.00 seconds {{(pid=98568) _run_loop /opt/stack/data/venv/lib/python3.12/site-packages/oslo_service/backend/_threading/loopingcall.py:125}}
Jul 09 06:51:16.249870 np0000004856 nova-conductor[98576]: DEBUG oslo.service.backend._threading.loopingcall [None req-0a4da3e4-0ab6-4ea5-a2e6-c5e675aab076 None None] Dynamic interval looping call 'nova.service.Service.periodic_tasks' sleeping for 60.00 seconds {{(pid=98576) _run_loop /opt/stack/data/venv/lib/python3.12/site-packages/oslo_service/backend/_threading/loopingcall.py:125}}
Jul 09 06:51:18.250276 np0000004856 nova-conductor[98583]: DEBUG oslo.service.backend._threading.loopingcall [None req-ebbdc251-858f-4b3d-b89b-07a69e0da4d0 None None] Dynamic interval looping call 'nova.service.Service.periodic_tasks' sleeping for 60.00 seconds {{(pid=98583) _run_loop /opt/stack/data/venv/lib/python3.12/site-packages/oslo_service/backend/_threading/loopingcall.py:125}}
Jul 09 06:51:29.289733 np0000004856 nova-conductor[98587]: DEBUG oslo.service.backend._threading.loopingcall [None req-dfbc1cd9-2e4e-4833-9f62-ccb275703519 None None] Dynamic interval looping call 'nova.service.Service.periodic_tasks' sleeping for 60.00 seconds {{(pid=98587) _run_loop /opt/stack/data/venv/lib/python3.12/site-packages/oslo_service/backend/_threading/loopingcall.py:125}}
Jul 09 06:51:59.254626 np0000004856 nova-conductor[98568]: DEBUG oslo.service.backend._threading.loopingcall [None req-79efef63-f9b1-4de1-bb61-837612e8ac49 None None] Dynamic interval looping call 'nova.service.Service.periodic_tasks' sleeping for 60.00 seconds {{(pid=98568) _run_loop /opt/stack/data/venv/lib/python3.12/site-packages/oslo_service/backend/_threading/loopingcall.py:125}}
Jul 09 06:52:16.250480 np0000004856 nova-conductor[98576]: DEBUG oslo.service.backend._threading.loopingcall [None req-0a4da3e4-0ab6-4ea5-a2e6-c5e675aab076 None None] Dynamic interval looping call 'nova.service.Service.periodic_tasks' sleeping for 60.00 seconds {{(pid=98576) _run_loop /opt/stack/data/venv/lib/python3.12/site-packages/oslo_service/backend/_threading/loopingcall.py:125}}
Jul 09 06:52:18.250774 np0000004856 nova-conductor[98583]: DEBUG oslo.service.backend._threading.loopingcall [None req-ebbdc251-858f-4b3d-b89b-07a69e0da4d0 None None] Dynamic interval looping call 'nova.service.Service.periodic_tasks' sleeping for 60.00 seconds {{(pid=98583) _run_loop /opt/stack/data/venv/lib/python3.12/site-packages/oslo_service/backend/_threading/loopingcall.py:125}}
Jul 09 06:52:29.290137 np0000004856 nova-conductor[98587]: DEBUG oslo.service.backend._threading.loopingcall [None req-dfbc1cd9-2e4e-4833-9f62-ccb275703519 None None] Dynamic interval looping call 'nova.service.Service.periodic_tasks' sleeping for 60.00 seconds {{(pid=98587) _run_loop /opt/stack/data/venv/lib/python3.12/site-packages/oslo_service/backend/_threading/loopingcall.py:125}}
Jul 09 06:52:36.260450 np0000004856 nova-conductor[98583]: DEBUG oslo.service.backend._threading.loopingcall [-] Fixed interval looping call 'nova.servicegroup.drivers.db.DbDriver._report_state' sleeping for 119.99 seconds {{(pid=98583) _run_loop /opt/stack/data/venv/lib/python3.12/site-packages/oslo_service/backend/_threading/loopingcall.py:125}}
Jul 09 06:52:36.261346 np0000004856 nova-conductor[98576]: DEBUG oslo.service.backend._threading.loopingcall [-] Fixed interval looping call 'nova.servicegroup.drivers.db.DbDriver._report_state' sleeping for 119.99 seconds {{(pid=98576) _run_loop /opt/stack/data/venv/lib/python3.12/site-packages/oslo_service/backend/_threading/loopingcall.py:125}}
Jul 09 06:52:36.262319 np0000004856 nova-conductor[98568]: DEBUG oslo.service.backend._threading.loopingcall [-] Fixed interval looping call 'nova.servicegroup.drivers.db.DbDriver._report_state' sleeping for 119.99 seconds {{(pid=98568) _run_loop /opt/stack/data/venv/lib/python3.12/site-packages/oslo_service/backend/_threading/loopingcall.py:125}}
Jul 09 06:52:36.295911 np0000004856 nova-conductor[98587]: DEBUG oslo.service.backend._threading.loopingcall [-] Fixed interval looping call 'nova.servicegroup.drivers.db.DbDriver._report_state' sleeping for 120.00 seconds {{(pid=98587) _run_loop /opt/stack/data/venv/lib/python3.12/site-packages/oslo_service/backend/_threading/loopingcall.py:125}}
Jul 09 06:52:44.130749 np0000004856 nova-conductor[98576]: DEBUG oslo_db.sqlalchemy.engines [None req-e0e38d89-3e45-4562-8cbb-8dd7d248beb5 tempest-DeleteServersTestJSON-491088627 tempest-DeleteServersTestJSON-491088627-project-member] Parent process 97152 forked (98576) with an open database connection, which is being discarded and recreated. {{(pid=98576) checkout /opt/stack/data/venv/lib/python3.12/site-packages/oslo_db/sqlalchemy/engines.py:402}}
Jul 09 06:52:44.190360 np0000004856 nova-conductor[98576]: DEBUG dbcounter [-] [98576] Writer thread running {{(pid=98576) stat_writer /opt/stack/data/venv/lib/python3.12/site-packages/dbcounter.py:102}}
Jul 09 06:52:45.744279 np0000004856 nova-conductor[98576]: DEBUG nova.conductor.manager [None req-e0e38d89-3e45-4562-8cbb-8dd7d248beb5 tempest-DeleteServersTestJSON-491088627 tempest-DeleteServersTestJSON-491088627-project-member] Took 1.55 seconds to select destinations for 1 instance(s). {{(pid=98576) _schedule_instances /opt/stack/nova/nova/conductor/manager.py:968}}
Jul 09 06:52:45.771144 np0000004856 nova-conductor[98576]: DEBUG oslo_concurrency.lockutils [None req-e0e38d89-3e45-4562-8cbb-8dd7d248beb5 tempest-DeleteServersTestJSON-491088627 tempest-DeleteServersTestJSON-491088627-project-member] Acquiring lock "e72069f1-e5cb-4434-89ee-1f8a599b4909" by "nova.context.set_target_cell..get_or_set_cached_cell_and_set_connections" {{(pid=98576) inner /opt/stack/data/venv/lib/python3.12/site-packages/oslo_concurrency/lockutils.py:511}}
Jul 09 06:52:45.771365 np0000004856 nova-conductor[98576]: DEBUG oslo_concurrency.lockutils [None req-e0e38d89-3e45-4562-8cbb-8dd7d248beb5 tempest-DeleteServersTestJSON-491088627 tempest-DeleteServersTestJSON-491088627-project-member] Lock "e72069f1-e5cb-4434-89ee-1f8a599b4909" acquired by "nova.context.set_target_cell..get_or_set_cached_cell_and_set_connections" :: waited 0.000s {{(pid=98576) inner /opt/stack/data/venv/lib/python3.12/site-packages/oslo_concurrency/lockutils.py:524}}
Jul 09 06:52:45.772881 np0000004856 nova-conductor[98576]: DEBUG oslo_concurrency.lockutils [None req-e0e38d89-3e45-4562-8cbb-8dd7d248beb5 tempest-DeleteServersTestJSON-491088627 tempest-DeleteServersTestJSON-491088627-project-member] Lock "e72069f1-e5cb-4434-89ee-1f8a599b4909" "released" by "nova.context.set_target_cell..get_or_set_cached_cell_and_set_connections" :: held 0.001s {{(pid=98576) inner /opt/stack/data/venv/lib/python3.12/site-packages/oslo_concurrency/lockutils.py:543}}
Jul 09 06:52:45.774284 np0000004856 nova-conductor[98576]: INFO dbcounter [None req-e0e38d89-3e45-4562-8cbb-8dd7d248beb5 tempest-DeleteServersTestJSON-491088627 tempest-DeleteServersTestJSON-491088627-project-member] Registered counter for database nova_cell1
Jul 09 06:52:45.825253 np0000004856 nova-conductor[98576]: DEBUG oslo_db.sqlalchemy.engines [None req-e0e38d89-3e45-4562-8cbb-8dd7d248beb5 tempest-DeleteServersTestJSON-491088627 tempest-DeleteServersTestJSON-491088627-project-member] MySQL server mode set to STRICT_TRANS_TABLES,STRICT_ALL_TABLES,NO_ZERO_IN_DATE,NO_ZERO_DATE,ERROR_FOR_DIVISION_BY_ZERO,TRADITIONAL,NO_ENGINE_SUBSTITUTION {{(pid=98576) _check_effective_sql_mode /opt/stack/data/venv/lib/python3.12/site-packages/oslo_db/sqlalchemy/engines.py:325}}
Jul 09 06:52:45.832613 np0000004856 nova-conductor[98576]: DEBUG dbcounter [-] [98576] Writer thread running {{(pid=98576) stat_writer /opt/stack/data/venv/lib/python3.12/site-packages/dbcounter.py:102}}
Jul 09 06:52:45.912918 np0000004856 nova-conductor[98576]: INFO nova.utils [None req-e0e38d89-3e45-4562-8cbb-8dd7d248beb5 tempest-DeleteServersTestJSON-491088627 tempest-DeleteServersTestJSON-491088627-project-member] The cell worker thread pool ForkProcess-2.cell_worker is initialized
Jul 09 06:52:45.913246 np0000004856 nova-conductor[98576]: DEBUG oslo_concurrency.lockutils [None req-e0e38d89-3e45-4562-8cbb-8dd7d248beb5 tempest-DeleteServersTestJSON-491088627 tempest-DeleteServersTestJSON-491088627-project-member] Acquiring lock "00000000-0000-0000-0000-000000000000" by "nova.context.set_target_cell..get_or_set_cached_cell_and_set_connections" {{(pid=98576) inner /opt/stack/data/venv/lib/python3.12/site-packages/oslo_concurrency/lockutils.py:511}}
Jul 09 06:52:45.913382 np0000004856 nova-conductor[98576]: DEBUG oslo_concurrency.lockutils [None req-e0e38d89-3e45-4562-8cbb-8dd7d248beb5 tempest-DeleteServersTestJSON-491088627 tempest-DeleteServersTestJSON-491088627-project-member] Lock "00000000-0000-0000-0000-000000000000" acquired by "nova.context.set_target_cell..get_or_set_cached_cell_and_set_connections" :: waited 0.000s {{(pid=98576) inner /opt/stack/data/venv/lib/python3.12/site-packages/oslo_concurrency/lockutils.py:524}}
Jul 09 06:52:45.913753 np0000004856 nova-conductor[98576]: DEBUG oslo_concurrency.lockutils [None req-e0e38d89-3e45-4562-8cbb-8dd7d248beb5 tempest-DeleteServersTestJSON-491088627 tempest-DeleteServersTestJSON-491088627-project-member] Lock "00000000-0000-0000-0000-000000000000" "released" by "nova.context.set_target_cell..get_or_set_cached_cell_and_set_connections" :: held 0.000s {{(pid=98576) inner /opt/stack/data/venv/lib/python3.12/site-packages/oslo_concurrency/lockutils.py:543}}
Jul 09 06:52:45.914615 np0000004856 nova-conductor[98576]: DEBUG oslo_concurrency.lockutils [None req-e0e38d89-3e45-4562-8cbb-8dd7d248beb5 tempest-DeleteServersTestJSON-491088627 tempest-DeleteServersTestJSON-491088627-project-member] Acquiring lock "e72069f1-e5cb-4434-89ee-1f8a599b4909" by "nova.context.set_target_cell..get_or_set_cached_cell_and_set_connections" {{(pid=98576) inner /opt/stack/data/venv/lib/python3.12/site-packages/oslo_concurrency/lockutils.py:511}}
Jul 09 06:52:45.914896 np0000004856 nova-conductor[98576]: DEBUG oslo_concurrency.lockutils [None req-e0e38d89-3e45-4562-8cbb-8dd7d248beb5 tempest-DeleteServersTestJSON-491088627 tempest-DeleteServersTestJSON-491088627-project-member] Lock "e72069f1-e5cb-4434-89ee-1f8a599b4909" acquired by "nova.context.set_target_cell..get_or_set_cached_cell_and_set_connections" :: waited 0.000s {{(pid=98576) inner /opt/stack/data/venv/lib/python3.12/site-packages/oslo_concurrency/lockutils.py:524}}
Jul 09 06:52:45.915033 np0000004856 nova-conductor[98576]: DEBUG oslo_concurrency.lockutils [None req-e0e38d89-3e45-4562-8cbb-8dd7d248beb5 tempest-DeleteServersTestJSON-491088627 tempest-DeleteServersTestJSON-491088627-project-member] Lock "e72069f1-e5cb-4434-89ee-1f8a599b4909" "released" by "nova.context.set_target_cell..get_or_set_cached_cell_and_set_connections" :: held 0.000s {{(pid=98576) inner /opt/stack/data/venv/lib/python3.12/site-packages/oslo_concurrency/lockutils.py:543}}
Jul 09 06:52:45.916749 np0000004856 nova-conductor[98576]: INFO dbcounter [None req-e0e38d89-3e45-4562-8cbb-8dd7d248beb5 tempest-DeleteServersTestJSON-491088627 tempest-DeleteServersTestJSON-491088627-project-member] Registered counter for database nova_cell0
Jul 09 06:52:45.960531 np0000004856 nova-conductor[98576]: DEBUG oslo_db.sqlalchemy.engines [None req-e0e38d89-3e45-4562-8cbb-8dd7d248beb5 tempest-DeleteServersTestJSON-491088627 tempest-DeleteServersTestJSON-491088627-project-member] MySQL server mode set to STRICT_TRANS_TABLES,STRICT_ALL_TABLES,NO_ZERO_IN_DATE,NO_ZERO_DATE,ERROR_FOR_DIVISION_BY_ZERO,TRADITIONAL,NO_ENGINE_SUBSTITUTION {{(pid=98576) _check_effective_sql_mode /opt/stack/data/venv/lib/python3.12/site-packages/oslo_db/sqlalchemy/engines.py:325}}
Jul 09 06:52:45.967151 np0000004856 nova-conductor[98576]: DEBUG dbcounter [-] [98576] Writer thread running {{(pid=98576) stat_writer /opt/stack/data/venv/lib/python3.12/site-packages/dbcounter.py:102}}
Jul 09 06:52:45.978539 np0000004856 nova-conductor[98576]: DEBUG nova.quota [None req-e0e38d89-3e45-4562-8cbb-8dd7d248beb5 tempest-DeleteServersTestJSON-491088627 tempest-DeleteServersTestJSON-491088627-project-member] Getting quotas for project 1bcee9a2761245ff914ab9b62d336f19. Resources: {'ram', 'instances', 'cores'} {{(pid=98576) _get_quotas /opt/stack/nova/nova/quota.py:389}}
Jul 09 06:52:45.982929 np0000004856 nova-conductor[98576]: DEBUG nova.quota [None req-e0e38d89-3e45-4562-8cbb-8dd7d248beb5 tempest-DeleteServersTestJSON-491088627 tempest-DeleteServersTestJSON-491088627-project-member] Getting quotas for user 05969f305f2c4f0fa703e7dd89757adf and project 1bcee9a2761245ff914ab9b62d336f19. Resources: {'ram', 'instances', 'cores'} {{(pid=98576) _get_quotas /opt/stack/nova/nova/quota.py:379}}
Jul 09 06:52:45.995197 np0000004856 nova-conductor[98576]: DEBUG nova.conductor.manager [None req-e0e38d89-3e45-4562-8cbb-8dd7d248beb5 tempest-DeleteServersTestJSON-491088627 tempest-DeleteServersTestJSON-491088627-project-member] [instance: 395f3083-9d80-4dde-affe-8aba987a7d7c] Selected host: np0000004856; Selected node: np0000004856; Alternates: [] {{(pid=98576) schedule_and_build_instances /opt/stack/nova/nova/conductor/manager.py:1784}}
Jul 09 06:52:45.995999 np0000004856 nova-conductor[98576]: DEBUG oslo_concurrency.lockutils [None req-e0e38d89-3e45-4562-8cbb-8dd7d248beb5 tempest-DeleteServersTestJSON-491088627 tempest-DeleteServersTestJSON-491088627-project-member] Acquiring lock "e72069f1-e5cb-4434-89ee-1f8a599b4909" by "nova.context.set_target_cell..get_or_set_cached_cell_and_set_connections" {{(pid=98576) inner /opt/stack/data/venv/lib/python3.12/site-packages/oslo_concurrency/lockutils.py:511}}
Jul 09 06:52:45.995999 np0000004856 nova-conductor[98576]: DEBUG oslo_concurrency.lockutils [None req-e0e38d89-3e45-4562-8cbb-8dd7d248beb5 tempest-DeleteServersTestJSON-491088627 tempest-DeleteServersTestJSON-491088627-project-member] Lock "e72069f1-e5cb-4434-89ee-1f8a599b4909" acquired by "nova.context.set_target_cell..get_or_set_cached_cell_and_set_connections" :: waited 0.000s {{(pid=98576) inner /opt/stack/data/venv/lib/python3.12/site-packages/oslo_concurrency/lockutils.py:524}}
Jul 09 06:52:45.995999 np0000004856 nova-conductor[98576]: DEBUG oslo_concurrency.lockutils [None req-e0e38d89-3e45-4562-8cbb-8dd7d248beb5 tempest-DeleteServersTestJSON-491088627 tempest-DeleteServersTestJSON-491088627-project-member] Lock "e72069f1-e5cb-4434-89ee-1f8a599b4909" "released" by "nova.context.set_target_cell..get_or_set_cached_cell_and_set_connections" :: held 0.000s {{(pid=98576) inner /opt/stack/data/venv/lib/python3.12/site-packages/oslo_concurrency/lockutils.py:543}}
Jul 09 06:52:46.006057 np0000004856 nova-conductor[98576]: DEBUG nova.conductor.manager [None req-e0e38d89-3e45-4562-8cbb-8dd7d248beb5 tempest-DeleteServersTestJSON-491088627 tempest-DeleteServersTestJSON-491088627-project-member] [instance: 395f3083-9d80-4dde-affe-8aba987a7d7c] block_device_mapping [BlockDeviceMapping(attachment_id=,boot_index=0,connection_info=None,created_at=,delete_on_termination=True,deleted=,deleted_at=,destination_type='local',device_name=None,device_type='disk',disk_bus=None,encrypted=False,encryption_format=None,encryption_options=None,encryption_secret_uuid=None,guest_format=None,id=,image_id='728d2e99-0a96-4e10-8de8-419ff2b93741',instance=,instance_uuid=,no_device=False,snapshot_id=None,source_type='image',tag=None,updated_at=,uuid=,volume_id=None,volume_size=None,volume_type=None)] {{(pid=98576) _create_block_device_mapping /opt/stack/nova/nova/conductor/manager.py:1529}}
Jul 09 06:52:46.007681 np0000004856 nova-conductor[98576]: DEBUG oslo_concurrency.lockutils [None req-e0e38d89-3e45-4562-8cbb-8dd7d248beb5 tempest-DeleteServersTestJSON-491088627 tempest-DeleteServersTestJSON-491088627-project-member] Acquiring lock "e72069f1-e5cb-4434-89ee-1f8a599b4909" by "nova.context.set_target_cell..get_or_set_cached_cell_and_set_connections" {{(pid=98576) inner /opt/stack/data/venv/lib/python3.12/site-packages/oslo_concurrency/lockutils.py:511}}
Jul 09 06:52:46.007829 np0000004856 nova-conductor[98576]: DEBUG oslo_concurrency.lockutils [None req-e0e38d89-3e45-4562-8cbb-8dd7d248beb5 tempest-DeleteServersTestJSON-491088627 tempest-DeleteServersTestJSON-491088627-project-member] Lock "e72069f1-e5cb-4434-89ee-1f8a599b4909" acquired by "nova.context.set_target_cell..get_or_set_cached_cell_and_set_connections" :: waited 0.000s {{(pid=98576) inner /opt/stack/data/venv/lib/python3.12/site-packages/oslo_concurrency/lockutils.py:524}}
Jul 09 06:52:46.007984 np0000004856 nova-conductor[98576]: DEBUG oslo_concurrency.lockutils [None req-e0e38d89-3e45-4562-8cbb-8dd7d248beb5 tempest-DeleteServersTestJSON-491088627 tempest-DeleteServersTestJSON-491088627-project-member] Lock "e72069f1-e5cb-4434-89ee-1f8a599b4909" "released" by "nova.context.set_target_cell..get_or_set_cached_cell_and_set_connections" :: held 0.000s {{(pid=98576) inner /opt/stack/data/venv/lib/python3.12/site-packages/oslo_concurrency/lockutils.py:543}}
Jul 09 06:52:46.049342 np0000004856 nova-conductor[98576]: DEBUG oslo_concurrency.lockutils [None req-e0e38d89-3e45-4562-8cbb-8dd7d248beb5 tempest-DeleteServersTestJSON-491088627 tempest-DeleteServersTestJSON-491088627-project-member] Acquiring lock "e72069f1-e5cb-4434-89ee-1f8a599b4909" by "nova.context.set_target_cell..get_or_set_cached_cell_and_set_connections" {{(pid=98576) inner /opt/stack/data/venv/lib/python3.12/site-packages/oslo_concurrency/lockutils.py:511}}
Jul 09 06:52:46.049638 np0000004856 nova-conductor[98576]: DEBUG oslo_concurrency.lockutils [None req-e0e38d89-3e45-4562-8cbb-8dd7d248beb5 tempest-DeleteServersTestJSON-491088627 tempest-DeleteServersTestJSON-491088627-project-member] Lock "e72069f1-e5cb-4434-89ee-1f8a599b4909" acquired by "nova.context.set_target_cell..get_or_set_cached_cell_and_set_connections" :: waited 0.000s {{(pid=98576) inner /opt/stack/data/venv/lib/python3.12/site-packages/oslo_concurrency/lockutils.py:524}}
Jul 09 06:52:46.049837 np0000004856 nova-conductor[98576]: DEBUG oslo_concurrency.lockutils [None req-e0e38d89-3e45-4562-8cbb-8dd7d248beb5 tempest-DeleteServersTestJSON-491088627 tempest-DeleteServersTestJSON-491088627-project-member] Lock "e72069f1-e5cb-4434-89ee-1f8a599b4909" "released" by "nova.context.set_target_cell..get_or_set_cached_cell_and_set_connections" :: held 0.000s {{(pid=98576) inner /opt/stack/data/venv/lib/python3.12/site-packages/oslo_concurrency/lockutils.py:543}}
Jul 09 06:52:46.050370 np0000004856 nova-conductor[98576]: DEBUG oslo_concurrency.lockutils [None req-e0e38d89-3e45-4562-8cbb-8dd7d248beb5 tempest-DeleteServersTestJSON-491088627 tempest-DeleteServersTestJSON-491088627-project-member] Acquiring lock "compute-rpcapi-router" {{(pid=98576) lock /opt/stack/data/venv/lib/python3.12/site-packages/oslo_concurrency/lockutils.py:395}}
