Aug 08 01:35:24.385025 np0000006770 devstack@g-api.service[99803]: DEBUG glance.api.middleware.version_negotiation [None req-7347f35c-b6f7-4642-947c-94ce132b5458 tempest-ServerActionsTestOtherA-346434927 tempest-ServerActionsTestOtherA-346434927-project-member] Using url versioning {{(pid=99803) process_request /opt/stack/glance/glance/api/middleware/version_negotiation.py:57}}
Aug 08 01:35:24.385881 np0000006770 devstack@g-api.service[99803]: DEBUG glance.api.middleware.version_negotiation [None req-7347f35c-b6f7-4642-947c-94ce132b5458 tempest-ServerActionsTestOtherA-346434927 tempest-ServerActionsTestOtherA-346434927-project-member] Matched version: v2 {{(pid=99803) process_request /opt/stack/glance/glance/api/middleware/version_negotiation.py:69}}
Aug 08 01:35:24.385881 np0000006770 devstack@g-api.service[99803]: DEBUG glance.api.middleware.version_negotiation [None req-7347f35c-b6f7-4642-947c-94ce132b5458 tempest-ServerActionsTestOtherA-346434927 tempest-ServerActionsTestOtherA-346434927-project-member] new path /v2/schemas/image {{(pid=99803) process_request /opt/stack/glance/glance/api/middleware/version_negotiation.py:70}}
Aug 08 01:35:24.400495 np0000006770 devstack@g-api.service[99803]: [pid: 99803|app: 0|req: 70/201] 127.0.0.1 () {44 vars in 1051 bytes} [Sat Aug 8 01:35:24 2026] GET /v2/schemas/image => generated 6083 bytes in 18 msecs (HTTP/1.1 200) 4 headers in 158 bytes (1 switches on core 0)
Aug 08 01:35:24.405409 np0000006770 devstack@g-api.service[99804]: DEBUG swiftclient [None req-bd6a6db8-efbe-44bc-a809-badf426fae35 tempest-AttachVolumeShelveTestJSON-1825341363 tempest-AttachVolumeShelveTestJSON-1825341363-project-member] REQ: curl -i https://10.4.3.75:8080/v1/AUTH_d3cde2c3658444e2a65d15a568e6aa84/glance -I -H "X-Auth-Token: gAAAAABqdofcXS2v..." {{(pid=99804) http_log /opt/stack/data/venv/lib/python3.12/site-packages/swiftclient/client.py:160}}
Aug 08 01:35:24.406817 np0000006770 devstack@g-api.service[99804]: DEBUG swiftclient [None req-bd6a6db8-efbe-44bc-a809-badf426fae35 tempest-AttachVolumeShelveTestJSON-1825341363 tempest-AttachVolumeShelveTestJSON-1825341363-project-member] RESP STATUS: 204 No Content {{(pid=99804) http_log /opt/stack/data/venv/lib/python3.12/site-packages/swiftclient/client.py:161}}
Aug 08 01:35:24.406817 np0000006770 devstack@g-api.service[99804]: DEBUG swiftclient [None req-bd6a6db8-efbe-44bc-a809-badf426fae35 tempest-AttachVolumeShelveTestJSON-1825341363 tempest-AttachVolumeShelveTestJSON-1825341363-project-member] RESP HEADERS: {'Date': 'Sat, 08 Aug 2026 01:35:24 GMT', 'Server': 'Apache/2.4.58 (Ubuntu)', 'Content-Type': 'text/plain; charset=utf-8', 'X-Container-Object-Count': '5', 'X-Container-Bytes-Used': '87883776', 'X-Timestamp': '1786152638.15585', 'Last-Modified': 'Sat, 08 Aug 2026 01:30:39 GMT', 'Accept-Ranges': 'bytes', 'X-Storage-Policy': 'Policy-0', 'X-Container-Sharding': 'False', 'Vary': 'Accept', 'X-Trans-Id': 'tx02ba358088d84ea4b6dab-006a7687dc', 'X-Openstack-Request-Id': 'tx02ba358088d84ea4b6dab-006a7687dc', 'Connection': 'close'} {{(pid=99804) http_log /opt/stack/data/venv/lib/python3.12/site-packages/swiftclient/client.py:162}}
Aug 08 01:35:24.406817 np0000006770 devstack@g-api.service[99804]: DEBUG glance_store._drivers.swift.store [None req-bd6a6db8-efbe-44bc-a809-badf426fae35 tempest-AttachVolumeShelveTestJSON-1825341363 tempest-AttachVolumeShelveTestJSON-1825341363-project-member] Adding image object 'b7d5829a-28b8-47ae-b2fd-598fd5bdf438' to Swift {{(pid=99804) add /opt/stack/data/venv/lib/python3.12/site-packages/glance_store/_drivers/swift/store.py:970}}
Aug 08 01:35:24.406817 np0000006770 devstack@g-api.service[99804]: DEBUG glance_store._drivers.swift.store [None req-bd6a6db8-efbe-44bc-a809-badf426fae35 tempest-AttachVolumeShelveTestJSON-1825341363 tempest-AttachVolumeShelveTestJSON-1825341363-project-member] Cannot determine image size because it is either not provided in the request or chunked-transfer encoding is used. Adding image as a segmented object to Swift. {{(pid=99804) add /opt/stack/data/venv/lib/python3.12/site-packages/glance_store/_drivers/swift/store.py:994}}
Aug 08 01:35:24.412080 np0000006770 devstack@g-api.service[99802]: DEBUG glance.api.middleware.version_negotiation [None req-7347f35c-b6f7-4642-947c-94ce132b5458 tempest-ServerActionsTestOtherA-346434927 tempest-ServerActionsTestOtherA-346434927-project-member] Determining version of request: GET /v2/schemas/image Accept: */* {{(pid=99802) process_request /opt/stack/glance/glance/api/middleware/version_negotiation.py:44}}
Aug 08 01:35:24.412080 np0000006770 devstack@g-api.service[99802]: DEBUG glance.api.middleware.version_negotiation [None req-7347f35c-b6f7-4642-947c-94ce132b5458 tempest-ServerActionsTestOtherA-346434927 tempest-ServerActionsTestOtherA-346434927-project-member] Using url versioning {{(pid=99802) process_request /opt/stack/glance/glance/api/middleware/version_negotiation.py:57}}
Aug 08 01:35:24.412080 np0000006770 devstack@g-api.service[99802]: DEBUG glance.api.middleware.version_negotiation [None req-7347f35c-b6f7-4642-947c-94ce132b5458 tempest-ServerActionsTestOtherA-346434927 tempest-ServerActionsTestOtherA-346434927-project-member] Matched version: v2 {{(pid=99802) process_request /opt/stack/glance/glance/api/middleware/version_negotiation.py:69}}
Aug 08 01:35:24.412080 np0000006770 devstack@g-api.service[99802]: DEBUG glance.api.middleware.version_negotiation [None req-7347f35c-b6f7-4642-947c-94ce132b5458 tempest-ServerActionsTestOtherA-346434927 tempest-ServerActionsTestOtherA-346434927-project-member] new path /v2/schemas/image {{(pid=99802) process_request /opt/stack/glance/glance/api/middleware/version_negotiation.py:70}}
Aug 08 01:35:24.413888 np0000006770 devstack@g-api.service[99804]: DEBUG oslo_utils.imageutils.format_inspector [None req-bd6a6db8-efbe-44bc-a809-badf426fae35 tempest-AttachVolumeShelveTestJSON-1825341363 tempest-AttachVolumeShelveTestJSON-1825341363-project-member] Format inspector for vmdk does not match, excluding from consideration (Signature KDMV not found: b'QFI\xfb') {{(pid=99804) _process_chunk /opt/stack/data/venv/lib/python3.12/site-packages/oslo_utils/imageutils/format_inspector.py:1758}}
Aug 08 01:35:24.418213 np0000006770 devstack@g-api.service[99802]: [pid: 99802|app: 0|req: 67/202] 127.0.0.1 () {44 vars in 1051 bytes} [Sat Aug 8 01:35:24 2026] GET /v2/schemas/image => generated 6083 bytes in 7 msecs (HTTP/1.1 200) 4 headers in 158 bytes (1 switches on core 0)
Aug 08 01:35:24.418612 np0000006770 devstack@g-api.service[99804]: DEBUG oslo_utils.imageutils.format_inspector [None req-bd6a6db8-efbe-44bc-a809-badf426fae35 tempest-AttachVolumeShelveTestJSON-1825341363 tempest-AttachVolumeShelveTestJSON-1825341363-project-member] Format inspector for vhdx does not match, excluding from consideration (Region signature not found at 30000) {{(pid=99804) _process_chunk /opt/stack/data/venv/lib/python3.12/site-packages/oslo_utils/imageutils/format_inspector.py:1758}}
Aug 08 01:35:24.457502 np0000006770 devstack@g-api.service[99803]: DEBUG glance.api.middleware.version_negotiation [None req-7347f35c-b6f7-4642-947c-94ce132b5458 tempest-ServerActionsTestOtherA-346434927 tempest-ServerActionsTestOtherA-346434927-project-member] Determining version of request: GET /v2/images/cfab4a18-46b4-4ebe-a49f-dc37b3e4106d Accept: */* {{(pid=99803) process_request /opt/stack/glance/glance/api/middleware/version_negotiation.py:44}}
Aug 08 01:35:24.460876 np0000006770 devstack@g-api.service[99803]: DEBUG glance.api.middleware.version_negotiation [None req-7347f35c-b6f7-4642-947c-94ce132b5458 tempest-ServerActionsTestOtherA-346434927 tempest-ServerActionsTestOtherA-346434927-project-member] Using url versioning {{(pid=99803) process_request /opt/stack/glance/glance/api/middleware/version_negotiation.py:57}}
Aug 08 01:35:24.460876 np0000006770 devstack@g-api.service[99803]: DEBUG glance.api.middleware.version_negotiation [None req-7347f35c-b6f7-4642-947c-94ce132b5458 tempest-ServerActionsTestOtherA-346434927 tempest-ServerActionsTestOtherA-346434927-project-member] Matched version: v2 {{(pid=99803) process_request /opt/stack/glance/glance/api/middleware/version_negotiation.py:69}}
Aug 08 01:35:24.460876 np0000006770 devstack@g-api.service[99803]: DEBUG glance.api.middleware.version_negotiation [None req-7347f35c-b6f7-4642-947c-94ce132b5458 tempest-ServerActionsTestOtherA-346434927 tempest-ServerActionsTestOtherA-346434927-project-member] new path /v2/images/cfab4a18-46b4-4ebe-a49f-dc37b3e4106d {{(pid=99803) process_request /opt/stack/glance/glance/api/middleware/version_negotiation.py:70}}
Aug 08 01:35:24.474007 np0000006770 devstack@g-api.service[99803]: [pid: 99803|app: 0|req: 71/203] 127.0.0.1 () {44 vars in 1111 bytes} [Sat Aug 8 01:35:24 2026] GET /v2/images/cfab4a18-46b4-4ebe-a49f-dc37b3e4106d => generated 1044 bytes in 17 msecs (HTTP/1.1 200) 4 headers in 158 bytes (1 switches on core 0)
Aug 08 01:35:24.488879 np0000006770 devstack@g-api.service[99802]: DEBUG glance.api.middleware.version_negotiation [None req-7347f35c-b6f7-4642-947c-94ce132b5458 tempest-ServerActionsTestOtherA-346434927 tempest-ServerActionsTestOtherA-346434927-project-member] Determining version of request: GET /v2/schemas/image Accept: */* {{(pid=99802) process_request /opt/stack/glance/glance/api/middleware/version_negotiation.py:44}}
Aug 08 01:35:24.489236 np0000006770 devstack@g-api.service[99802]: DEBUG glance.api.middleware.version_negotiation [None req-7347f35c-b6f7-4642-947c-94ce132b5458 tempest-ServerActionsTestOtherA-346434927 tempest-ServerActionsTestOtherA-346434927-project-member] Using url versioning {{(pid=99802) process_request /opt/stack/glance/glance/api/middleware/version_negotiation.py:57}}
Aug 08 01:35:24.489439 np0000006770 devstack@g-api.service[99802]: DEBUG glance.api.middleware.version_negotiation [None req-7347f35c-b6f7-4642-947c-94ce132b5458 tempest-ServerActionsTestOtherA-346434927 tempest-ServerActionsTestOtherA-346434927-project-member] Matched version: v2 {{(pid=99802) process_request /opt/stack/glance/glance/api/middleware/version_negotiation.py:69}}
Aug 08 01:35:24.489675 np0000006770 devstack@g-api.service[99802]: DEBUG glance.api.middleware.version_negotiation [None req-7347f35c-b6f7-4642-947c-94ce132b5458 tempest-ServerActionsTestOtherA-346434927 tempest-ServerActionsTestOtherA-346434927-project-member] new path /v2/schemas/image {{(pid=99802) process_request /opt/stack/glance/glance/api/middleware/version_negotiation.py:70}}
Aug 08 01:35:24.497367 np0000006770 devstack@g-api.service[99802]: [pid: 99802|app: 0|req: 68/204] 127.0.0.1 () {44 vars in 1051 bytes} [Sat Aug 8 01:35:24 2026] GET /v2/schemas/image => generated 6083 bytes in 9 msecs (HTTP/1.1 200) 4 headers in 158 bytes (1 switches on core 0)
Aug 08 01:35:24.520682 np0000006770 devstack@g-api.service[99803]: DEBUG glance.api.middleware.version_negotiation [None req-7347f35c-b6f7-4642-947c-94ce132b5458 tempest-ServerActionsTestOtherA-346434927 tempest-ServerActionsTestOtherA-346434927-project-member] Determining version of request: GET /v2/schemas/image Accept: */* {{(pid=99803) process_request /opt/stack/glance/glance/api/middleware/version_negotiation.py:44}}
Aug 08 01:35:24.520682 np0000006770 devstack@g-api.service[99803]: DEBUG glance.api.middleware.version_negotiation [None req-7347f35c-b6f7-4642-947c-94ce132b5458 tempest-ServerActionsTestOtherA-346434927 tempest-ServerActionsTestOtherA-346434927-project-member] Using url versioning {{(pid=99803) process_request /opt/stack/glance/glance/api/middleware/version_negotiation.py:57}}
Aug 08 01:35:24.520773 np0000006770 devstack@g-api.service[99803]: DEBUG glance.api.middleware.version_negotiation [None req-7347f35c-b6f7-4642-947c-94ce132b5458 tempest-ServerActionsTestOtherA-346434927 tempest-ServerActionsTestOtherA-346434927-project-member] Matched version: v2 {{(pid=99803) process_request /opt/stack/glance/glance/api/middleware/version_negotiation.py:69}}
Aug 08 01:35:24.521349 np0000006770 devstack@g-api.service[99803]: DEBUG glance.api.middleware.version_negotiation [None req-7347f35c-b6f7-4642-947c-94ce132b5458 tempest-ServerActionsTestOtherA-346434927 tempest-ServerActionsTestOtherA-346434927-project-member] new path /v2/schemas/image {{(pid=99803) process_request /opt/stack/glance/glance/api/middleware/version_negotiation.py:70}}
Aug 08 01:35:24.529847 np0000006770 devstack@g-api.service[99803]: [pid: 99803|app: 0|req: 72/205] 127.0.0.1 () {44 vars in 1051 bytes} [Sat Aug 8 01:35:24 2026] GET /v2/schemas/image => generated 6083 bytes in 10 msecs (HTTP/1.1 200) 4 headers in 158 bytes (1 switches on core 0)
Aug 08 01:35:25.268726 np0000006770 devstack@g-api.service[99802]: DEBUG glance.api.middleware.version_negotiation [None req-7347f35c-b6f7-4642-947c-94ce132b5458 tempest-ServerActionsTestOtherA-346434927 tempest-ServerActionsTestOtherA-346434927-project-member] Determining version of request: GET /versions Accept: */* {{(pid=99802) process_request /opt/stack/glance/glance/api/middleware/version_negotiation.py:44}}
Aug 08 01:35:25.268726 np0000006770 devstack@g-api.service[99802]: [pid: 99802|app: 0|req: 69/206] 127.0.0.1 () {44 vars in 1035 bytes} [Sat Aug 8 01:35:25 2026] GET /versions => generated 1501 bytes in 1 msecs (HTTP/1.1 200) 3 headers in 92 bytes (1 switches on core 0)
Aug 08 01:35:25.284836 np0000006770 devstack@g-api.service[99803]: DEBUG glance.api.middleware.version_negotiation [None req-7347f35c-b6f7-4642-947c-94ce132b5458 tempest-ServerActionsTestOtherA-346434927 tempest-ServerActionsTestOtherA-346434927-project-member] Determining version of request: GET /v2/images/cfab4a18-46b4-4ebe-a49f-dc37b3e4106d/locations Accept: */* {{(pid=99803) process_request /opt/stack/glance/glance/api/middleware/version_negotiation.py:44}}
Aug 08 01:35:25.285583 np0000006770 devstack@g-api.service[99803]: DEBUG glance.api.middleware.version_negotiation [None req-7347f35c-b6f7-4642-947c-94ce132b5458 tempest-ServerActionsTestOtherA-346434927 tempest-ServerActionsTestOtherA-346434927-project-member] Using url versioning {{(pid=99803) process_request /opt/stack/glance/glance/api/middleware/version_negotiation.py:57}}
Aug 08 01:35:25.285816 np0000006770 devstack@g-api.service[99803]: DEBUG glance.api.middleware.version_negotiation [None req-7347f35c-b6f7-4642-947c-94ce132b5458 tempest-ServerActionsTestOtherA-346434927 tempest-ServerActionsTestOtherA-346434927-project-member] Matched version: v2 {{(pid=99803) process_request /opt/stack/glance/glance/api/middleware/version_negotiation.py:69}}
Aug 08 01:35:25.286051 np0000006770 devstack@g-api.service[99803]: DEBUG glance.api.middleware.version_negotiation [None req-7347f35c-b6f7-4642-947c-94ce132b5458 tempest-ServerActionsTestOtherA-346434927 tempest-ServerActionsTestOtherA-346434927-project-member] new path /v2/images/cfab4a18-46b4-4ebe-a49f-dc37b3e4106d/locations {{(pid=99803) process_request /opt/stack/glance/glance/api/middleware/version_negotiation.py:70}}
Aug 08 01:35:25.319078 np0000006770 devstack@g-api.service[99804]: DEBUG swiftclient [None req-bd6a6db8-efbe-44bc-a809-badf426fae35 tempest-AttachVolumeShelveTestJSON-1825341363 tempest-AttachVolumeShelveTestJSON-1825341363-project-member] REQ: curl -i https://10.4.3.75:8080/v1/AUTH_d3cde2c3658444e2a65d15a568e6aa84/glance/b7d5829a-28b8-47ae-b2fd-598fd5bdf438-00001 -X PUT -H "X-Auth-Token: gAAAAABqdofcXS2v..." {{(pid=99804) http_log /opt/stack/data/venv/lib/python3.12/site-packages/swiftclient/client.py:160}}
Aug 08 01:35:25.319407 np0000006770 devstack@g-api.service[99804]: DEBUG swiftclient [None req-bd6a6db8-efbe-44bc-a809-badf426fae35 tempest-AttachVolumeShelveTestJSON-1825341363 tempest-AttachVolumeShelveTestJSON-1825341363-project-member] RESP STATUS: 201 Created {{(pid=99804) http_log /opt/stack/data/venv/lib/python3.12/site-packages/swiftclient/client.py:161}}
Aug 08 01:35:25.319506 np0000006770 devstack@g-api.service[99804]: DEBUG swiftclient [None req-bd6a6db8-efbe-44bc-a809-badf426fae35 tempest-AttachVolumeShelveTestJSON-1825341363 tempest-AttachVolumeShelveTestJSON-1825341363-project-member] RESP HEADERS: {'Date': 'Sat, 08 Aug 2026 01:35:25 GMT', 'Server': 'Apache/2.4.58 (Ubuntu)', 'Content-Type': 'text/html; charset=UTF-8', 'Content-Length': '0', 'Etag': '9854ce5f07b8ec76860b8331d8260c56', 'Last-Modified': 'Sat, 08 Aug 2026 01:35:25 GMT', 'X-Trans-Id': 'txca3e869a5ae4425ca9093-006a7687dc', 'X-Openstack-Request-Id': 'txca3e869a5ae4425ca9093-006a7687dc', 'Connection': 'close'} {{(pid=99804) http_log /opt/stack/data/venv/lib/python3.12/site-packages/swiftclient/client.py:162}}
Aug 08 01:35:25.320289 np0000006770 devstack@g-api.service[99804]: DEBUG glance_store._drivers.swift.store [None req-bd6a6db8-efbe-44bc-a809-badf426fae35 tempest-AttachVolumeShelveTestJSON-1825341363 tempest-AttachVolumeShelveTestJSON-1825341363-project-member] Wrote chunk b7d5829a-28b8-47ae-b2fd-598fd5bdf438-00001 (1/?) of length 53936128 to Swift returning MD5 of content: 9854ce5f07b8ec76860b8331d8260c56 {{(pid=99804) add /opt/stack/data/venv/lib/python3.12/site-packages/glance_store/_drivers/swift/store.py:1059}}
Aug 08 01:35:25.323531 np0000006770 devstack@g-api.service[99804]: DEBUG glance_store._drivers.swift.store [None req-bd6a6db8-efbe-44bc-a809-badf426fae35 tempest-AttachVolumeShelveTestJSON-1825341363 tempest-AttachVolumeShelveTestJSON-1825341363-project-member] Not writing zero-length chunk. {{(pid=99804) add /opt/stack/data/venv/lib/python3.12/site-packages/glance_store/_drivers/swift/store.py:1028}}
Aug 08 01:35:25.352005 np0000006770 devstack@g-api.service[99803]: [pid: 99803|app: 0|req: 73/207] 127.0.0.1 () {44 vars in 1131 bytes} [Sat Aug 8 01:35:25 2026] GET /v2/images/cfab4a18-46b4-4ebe-a49f-dc37b3e4106d/locations => generated 92 bytes in 67 msecs (HTTP/1.1 200) 4 headers in 156 bytes (1 switches on core 0)
Aug 08 01:35:25.364960 np0000006770 devstack@g-api.service[99802]: DEBUG glance.api.middleware.version_negotiation [None req-7347f35c-b6f7-4642-947c-94ce132b5458 tempest-ServerActionsTestOtherA-346434927 tempest-ServerActionsTestOtherA-346434927-project-member] Determining version of request: GET /v2/images/cfab4a18-46b4-4ebe-a49f-dc37b3e4106d Accept: */* {{(pid=99802) process_request /opt/stack/glance/glance/api/middleware/version_negotiation.py:44}}
Aug 08 01:35:25.364960 np0000006770 devstack@g-api.service[99802]: DEBUG glance.api.middleware.version_negotiation [None req-7347f35c-b6f7-4642-947c-94ce132b5458 tempest-ServerActionsTestOtherA-346434927 tempest-ServerActionsTestOtherA-346434927-project-member] Using url versioning {{(pid=99802) process_request /opt/stack/glance/glance/api/middleware/version_negotiation.py:57}}
Aug 08 01:35:25.365261 np0000006770 devstack@g-api.service[99804]: DEBUG swiftclient [None req-bd6a6db8-efbe-44bc-a809-badf426fae35 tempest-AttachVolumeShelveTestJSON-1825341363 tempest-AttachVolumeShelveTestJSON-1825341363-project-member] REQ: curl -i https://10.4.3.75:8080/v1/AUTH_d3cde2c3658444e2a65d15a568e6aa84/glance/b7d5829a-28b8-47ae-b2fd-598fd5bdf438 -X PUT -H "X-Object-Manifest: glance/b7d5829a-28b8-47ae-b2fd-598fd5bdf438-" -H "X-Auth-Token: gAAAAABqdofcXS2v..." -H "Content-Length: 0" {{(pid=99804) http_log /opt/stack/data/venv/lib/python3.12/site-packages/swiftclient/client.py:160}}
Aug 08 01:35:25.365261 np0000006770 devstack@g-api.service[99804]: DEBUG swiftclient [None req-bd6a6db8-efbe-44bc-a809-badf426fae35 tempest-AttachVolumeShelveTestJSON-1825341363 tempest-AttachVolumeShelveTestJSON-1825341363-project-member] RESP STATUS: 201 Created {{(pid=99804) http_log /opt/stack/data/venv/lib/python3.12/site-packages/swiftclient/client.py:161}}
Aug 08 01:35:25.365261 np0000006770 devstack@g-api.service[99804]: DEBUG swiftclient [None req-bd6a6db8-efbe-44bc-a809-badf426fae35 tempest-AttachVolumeShelveTestJSON-1825341363 tempest-AttachVolumeShelveTestJSON-1825341363-project-member] RESP HEADERS: {'Date': 'Sat, 08 Aug 2026 01:35:25 GMT', 'Server': 'Apache/2.4.58 (Ubuntu)', 'Content-Type': 'text/html; charset=UTF-8', 'Content-Length': '0', 'Etag': 'd41d8cd98f00b204e9800998ecf8427e', 'Last-Modified': 'Sat, 08 Aug 2026 01:35:26 GMT', 'X-Trans-Id': 'tx7aa034fb4307464d9ee3c-006a7687dd', 'X-Openstack-Request-Id': 'tx7aa034fb4307464d9ee3c-006a7687dd', 'Connection': 'close'} {{(pid=99804) http_log /opt/stack/data/venv/lib/python3.12/site-packages/swiftclient/client.py:162}}
Aug 08 01:35:25.365653 np0000006770 devstack@g-api.service[99804]: INFO glance.location [None req-bd6a6db8-efbe-44bc-a809-badf426fae35 tempest-AttachVolumeShelveTestJSON-1825341363 tempest-AttachVolumeShelveTestJSON-1825341363-project-member] Image format matched and virtual size computed: 1073741824
Aug 08 01:35:25.366457 np0000006770 devstack@g-api.service[99802]: DEBUG glance.api.middleware.version_negotiation [None req-7347f35c-b6f7-4642-947c-94ce132b5458 tempest-ServerActionsTestOtherA-346434927 tempest-ServerActionsTestOtherA-346434927-project-member] Matched version: v2 {{(pid=99802) process_request /opt/stack/glance/glance/api/middleware/version_negotiation.py:69}}
Aug 08 01:35:25.366767 np0000006770 devstack@g-api.service[99802]: DEBUG glance.api.middleware.version_negotiation [None req-7347f35c-b6f7-4642-947c-94ce132b5458 tempest-ServerActionsTestOtherA-346434927 tempest-ServerActionsTestOtherA-346434927-project-member] new path /v2/images/cfab4a18-46b4-4ebe-a49f-dc37b3e4106d {{(pid=99802) process_request /opt/stack/glance/glance/api/middleware/version_negotiation.py:70}}
Aug 08 01:35:25.381258 np0000006770 devstack@g-api.service[99802]: [pid: 99802|app: 0|req: 70/208] 127.0.0.1 () {44 vars in 1111 bytes} [Sat Aug 8 01:35:25 2026] GET /v2/images/cfab4a18-46b4-4ebe-a49f-dc37b3e4106d => generated 1044 bytes in 17 msecs (HTTP/1.1 200) 4 headers in 158 bytes (1 switches on core 0)
Aug 08 01:35:25.395097 np0000006770 devstack@g-api.service[99803]: DEBUG glance.api.middleware.version_negotiation [None req-7347f35c-b6f7-4642-947c-94ce132b5458 service glance] Determining version of request: GET /v2/schemas/image Accept: */* {{(pid=99803) process_request /opt/stack/glance/glance/api/middleware/version_negotiation.py:44}}
Aug 08 01:35:25.395563 np0000006770 devstack@g-api.service[99803]: DEBUG glance.api.middleware.version_negotiation [None req-7347f35c-b6f7-4642-947c-94ce132b5458 service glance] Using url versioning {{(pid=99803) process_request /opt/stack/glance/glance/api/middleware/version_negotiation.py:57}}
Aug 08 01:35:25.396202 np0000006770 devstack@g-api.service[99803]: DEBUG glance.api.middleware.version_negotiation [None req-7347f35c-b6f7-4642-947c-94ce132b5458 service glance] Matched version: v2 {{(pid=99803) process_request /opt/stack/glance/glance/api/middleware/version_negotiation.py:69}}
Aug 08 01:35:25.396202 np0000006770 devstack@g-api.service[99803]: DEBUG glance.api.middleware.version_negotiation [None req-7347f35c-b6f7-4642-947c-94ce132b5458 service glance] new path /v2/schemas/image {{(pid=99803) process_request /opt/stack/glance/glance/api/middleware/version_negotiation.py:70}}
Aug 08 01:35:25.402229 np0000006770 devstack@g-api.service[99803]: [pid: 99803|app: 0|req: 74/209] 127.0.0.1 () {44 vars in 1051 bytes} [Sat Aug 8 01:35:25 2026] GET /v2/schemas/image => generated 6083 bytes in 7 msecs (HTTP/1.1 200) 4 headers in 158 bytes (1 switches on core 0)
Aug 08 01:35:25.415433 np0000006770 devstack@g-api.service[99802]: DEBUG glance.api.middleware.version_negotiation [None req-7347f35c-b6f7-4642-947c-94ce132b5458 tempest-ServerActionsTestOtherA-346434927 tempest-ServerActionsTestOtherA-346434927-project-member] Determining version of request: GET /v2/schemas/image Accept: */* {{(pid=99802) process_request /opt/stack/glance/glance/api/middleware/version_negotiation.py:44}}
Aug 08 01:35:25.415681 np0000006770 devstack@g-api.service[99802]: DEBUG glance.api.middleware.version_negotiation [None req-7347f35c-b6f7-4642-947c-94ce132b5458 tempest-ServerActionsTestOtherA-346434927 tempest-ServerActionsTestOtherA-346434927-project-member] Using url versioning {{(pid=99802) process_request /opt/stack/glance/glance/api/middleware/version_negotiation.py:57}}
Aug 08 01:35:25.417993 np0000006770 devstack@g-api.service[99802]: DEBUG glance.api.middleware.version_negotiation [None req-7347f35c-b6f7-4642-947c-94ce132b5458 tempest-ServerActionsTestOtherA-346434927 tempest-ServerActionsTestOtherA-346434927-project-member] Matched version: v2 {{(pid=99802) process_request /opt/stack/glance/glance/api/middleware/version_negotiation.py:69}}
Aug 08 01:35:25.417993 np0000006770 devstack@g-api.service[99802]: DEBUG glance.api.middleware.version_negotiation [None req-7347f35c-b6f7-4642-947c-94ce132b5458 tempest-ServerActionsTestOtherA-346434927 tempest-ServerActionsTestOtherA-346434927-project-member] new path /v2/schemas/image {{(pid=99802) process_request /opt/stack/glance/glance/api/middleware/version_negotiation.py:70}}
Aug 08 01:35:25.420096 np0000006770 devstack@g-api.service[99802]: [pid: 99802|app: 0|req: 71/210] 127.0.0.1 () {44 vars in 1051 bytes} [Sat Aug 8 01:35:25 2026] GET /v2/schemas/image => generated 6083 bytes in 4 msecs (HTTP/1.1 200) 4 headers in 158 bytes (1 switches on core 0)
Aug 08 01:35:25.457306 np0000006770 devstack@g-api.service[99804]: DEBUG glance_store.backend [None req-bd6a6db8-efbe-44bc-a809-badf426fae35 tempest-AttachVolumeShelveTestJSON-1825341363 tempest-AttachVolumeShelveTestJSON-1825341363-project-member] Attempting to import store swift {{(pid=99804) _load_store /opt/stack/data/venv/lib/python3.12/site-packages/glance_store/backend.py:215}}
Aug 08 01:35:25.459187 np0000006770 devstack@g-api.service[99804]: DEBUG glance_store.capabilities [None req-bd6a6db8-efbe-44bc-a809-badf426fae35 tempest-AttachVolumeShelveTestJSON-1825341363 tempest-AttachVolumeShelveTestJSON-1825341363-project-member] Store glance_store._drivers.swift.store.SingleTenantStore doesn't support updating dynamic storage capabilities. Please overwrite 'update_capabilities' method of the store to implement updating logics if needed. {{(pid=99804) update_capabilities /opt/stack/data/venv/lib/python3.12/site-packages/glance_store/capabilities.py:91}}
Aug 08 01:35:25.459439 np0000006770 devstack@g-api.service[99804]: DEBUG glance_store.driver [None req-bd6a6db8-efbe-44bc-a809-badf426fae35 tempest-AttachVolumeShelveTestJSON-1825341363 tempest-AttachVolumeShelveTestJSON-1825341363-project-member] Late loading location class glance_store._drivers.swift.store.StoreLocation {{(pid=99804) get_store_location_class /opt/stack/data/venv/lib/python3.12/site-packages/glance_store/driver.py:134}}
Aug 08 01:35:25.459439 np0000006770 devstack@g-api.service[99804]: DEBUG glance_store.location [None req-bd6a6db8-efbe-44bc-a809-badf426fae35 tempest-AttachVolumeShelveTestJSON-1825341363 tempest-AttachVolumeShelveTestJSON-1825341363-project-member] Registering scheme swift+https with {'store': , 'location_class': , 'store_entry': 'swift'} {{(pid=99804) register_scheme_map /opt/stack/data/venv/lib/python3.12/site-packages/glance_store/location.py:146}}
Aug 08 01:35:25.462843 np0000006770 devstack@g-api.service[99804]: DEBUG glance_store.location [None req-bd6a6db8-efbe-44bc-a809-badf426fae35 tempest-AttachVolumeShelveTestJSON-1825341363 tempest-AttachVolumeShelveTestJSON-1825341363-project-member] Registering scheme swift+https with {'store': , 'location_class': , 'store_entry': 'swift'} {{(pid=99804) register_scheme_map /opt/stack/data/venv/lib/python3.12/site-packages/glance_store/location.py:146}}
Aug 08 01:35:25.462843 np0000006770 devstack@g-api.service[99804]: DEBUG glance_store.location [None req-bd6a6db8-efbe-44bc-a809-badf426fae35 tempest-AttachVolumeShelveTestJSON-1825341363 tempest-AttachVolumeShelveTestJSON-1825341363-project-member] Registering scheme swift with {'store': , 'location_class': , 'store_entry': 'swift'} {{(pid=99804) register_scheme_map /opt/stack/data/venv/lib/python3.12/site-packages/glance_store/location.py:146}}
Aug 08 01:35:25.462843 np0000006770 devstack@g-api.service[99804]: DEBUG glance_store.location [None req-bd6a6db8-efbe-44bc-a809-badf426fae35 tempest-AttachVolumeShelveTestJSON-1825341363 tempest-AttachVolumeShelveTestJSON-1825341363-project-member] Registering scheme swift+https with {'store': , 'location_class': , 'store_entry': 'swift'} {{(pid=99804) register_scheme_map /opt/stack/data/venv/lib/python3.12/site-packages/glance_store/location.py:146}}
Aug 08 01:35:25.462843 np0000006770 devstack@g-api.service[99804]: DEBUG glance_store.location [None req-bd6a6db8-efbe-44bc-a809-badf426fae35 tempest-AttachVolumeShelveTestJSON-1825341363 tempest-AttachVolumeShelveTestJSON-1825341363-project-member] Registering scheme swift with {'store': , 'location_class': , 'store_entry': 'swift'} {{(pid=99804) register_scheme_map /opt/stack/data/venv/lib/python3.12/site-packages/glance_store/location.py:146}}
Aug 08 01:35:25.462843 np0000006770 devstack@g-api.service[99804]: DEBUG glance_store.location [None req-bd6a6db8-efbe-44bc-a809-badf426fae35 tempest-AttachVolumeShelveTestJSON-1825341363 tempest-AttachVolumeShelveTestJSON-1825341363-project-member] Registering scheme swift+http with {'store': , 'location_class': , 'store_entry': 'swift'} {{(pid=99804) register_scheme_map /opt/stack/data/venv/lib/python3.12/site-packages/glance_store/location.py:146}}
Aug 08 01:35:25.462843 np0000006770 devstack@g-api.service[99804]: DEBUG glance_store.location [None req-bd6a6db8-efbe-44bc-a809-badf426fae35 tempest-AttachVolumeShelveTestJSON-1825341363 tempest-AttachVolumeShelveTestJSON-1825341363-project-member] Registering scheme swift+https with {'store': , 'location_class': , 'store_entry': 'swift'} {{(pid=99804) register_scheme_map /opt/stack/data/venv/lib/python3.12/site-packages/glance_store/location.py:146}}
Aug 08 01:35:25.462843 np0000006770 devstack@g-api.service[99804]: DEBUG glance_store.location [None req-bd6a6db8-efbe-44bc-a809-badf426fae35 tempest-AttachVolumeShelveTestJSON-1825341363 tempest-AttachVolumeShelveTestJSON-1825341363-project-member] Registering scheme swift with {'store': , 'location_class': , 'store_entry': 'swift'} {{(pid=99804) register_scheme_map /opt/stack/data/venv/lib/python3.12/site-packages/glance_store/location.py:146}}
Aug 08 01:35:25.462843 np0000006770 devstack@g-api.service[99804]: DEBUG glance_store.location [None req-bd6a6db8-efbe-44bc-a809-badf426fae35 tempest-AttachVolumeShelveTestJSON-1825341363 tempest-AttachVolumeShelveTestJSON-1825341363-project-member] Registering scheme swift+http with {'store': , 'location_class': , 'store_entry': 'swift'} {{(pid=99804) register_scheme_map /opt/stack/data/venv/lib/python3.12/site-packages/glance_store/location.py:146}}
Aug 08 01:35:25.462843 np0000006770 devstack@g-api.service[99804]: DEBUG glance_store.location [None req-bd6a6db8-efbe-44bc-a809-badf426fae35 tempest-AttachVolumeShelveTestJSON-1825341363 tempest-AttachVolumeShelveTestJSON-1825341363-project-member] Registering scheme swift+config with {'store': , 'location_class': , 'store_entry': 'swift'} {{(pid=99804) register_scheme_map /opt/stack/data/venv/lib/python3.12/site-packages/glance_store/location.py:146}}
Aug 08 01:35:25.462843 np0000006770 devstack@g-api.service[99804]: DEBUG glance_store.backend [None req-bd6a6db8-efbe-44bc-a809-badf426fae35 tempest-AttachVolumeShelveTestJSON-1825341363 tempest-AttachVolumeShelveTestJSON-1825341363-project-member] Skipping store.set_acls... not implemented. {{(pid=99804) set_acls /opt/stack/data/venv/lib/python3.12/site-packages/glance_store/backend.py:507}}
Aug 08 01:35:25.462843 np0000006770 devstack@g-api.service[99804]: [pid: 99804|app: 0|req: 66/211] 127.0.0.1 () {46 vars in 1154 bytes} [Sat Aug 8 01:35:22 2026] PUT /v2/images/b7d5829a-28b8-47ae-b2fd-598fd5bdf438/file => generated 0 bytes in 3076 msecs (HTTP/1.1 204) 4 headers in 171 bytes (1 switches on core 0)
Aug 08 01:35:25.625199 np0000006770 devstack@g-api.service[99803]: DEBUG glance.api.middleware.version_negotiation [None req-7347f35c-b6f7-4642-947c-94ce132b5458 tempest-ServerActionsTestOtherA-346434927 tempest-ServerActionsTestOtherA-346434927-project-member] Determining version of request: GET /v2/images/b7d5829a-28b8-47ae-b2fd-598fd5bdf438 Accept: */* {{(pid=99803) process_request /opt/stack/glance/glance/api/middleware/version_negotiation.py:44}}
Aug 08 01:35:25.626020 np0000006770 devstack@g-api.service[99803]: DEBUG glance.api.middleware.version_negotiation [None req-7347f35c-b6f7-4642-947c-94ce132b5458 tempest-ServerActionsTestOtherA-346434927 tempest-ServerActionsTestOtherA-346434927-project-member] Using url versioning {{(pid=99803) process_request /opt/stack/glance/glance/api/middleware/version_negotiation.py:57}}
Aug 08 01:35:25.628673 np0000006770 devstack@g-api.service[99803]: DEBUG glance.api.middleware.version_negotiation [None req-7347f35c-b6f7-4642-947c-94ce132b5458 tempest-ServerActionsTestOtherA-346434927 tempest-ServerActionsTestOtherA-346434927-project-member] Matched version: v2 {{(pid=99803) process_request /opt/stack/glance/glance/api/middleware/version_negotiation.py:69}}
Aug 08 01:35:25.628673 np0000006770 devstack@g-api.service[99803]: DEBUG glance.api.middleware.version_negotiation [None req-7347f35c-b6f7-4642-947c-94ce132b5458 tempest-ServerActionsTestOtherA-346434927 tempest-ServerActionsTestOtherA-346434927-project-member] new path /v2/images/b7d5829a-28b8-47ae-b2fd-598fd5bdf438 {{(pid=99803) process_request /opt/stack/glance/glance/api/middleware/version_negotiation.py:70}}
Aug 08 01:35:25.667479 np0000006770 devstack@g-api.service[99803]: [pid: 99803|app: 0|req: 75/212] 127.0.0.1 () {44 vars in 1111 bytes} [Sat Aug 8 01:35:25 2026] GET /v2/images/b7d5829a-28b8-47ae-b2fd-598fd5bdf438 => generated 1619 bytes in 42 msecs (HTTP/1.1 200) 4 headers in 158 bytes (1 switches on core 0)
Aug 08 01:35:25.733396 np0000006770 devstack@g-api.service[99802]: DEBUG glance.api.middleware.version_negotiation [None req-7347f35c-b6f7-4642-947c-94ce132b5458 tempest-ServerActionsTestOtherA-346434927 tempest-ServerActionsTestOtherA-346434927-project-member] Determining version of request: GET /v2/schemas/image Accept: */* {{(pid=99802) process_request /opt/stack/glance/glance/api/middleware/version_negotiation.py:44}}
Aug 08 01:35:25.733727 np0000006770 devstack@g-api.service[99802]: DEBUG glance.api.middleware.version_negotiation [None req-7347f35c-b6f7-4642-947c-94ce132b5458 tempest-ServerActionsTestOtherA-346434927 tempest-ServerActionsTestOtherA-346434927-project-member] Using url versioning {{(pid=99802) process_request /opt/stack/glance/glance/api/middleware/version_negotiation.py:57}}
Aug 08 01:35:25.733965 np0000006770 devstack@g-api.service[99802]: DEBUG glance.api.middleware.version_negotiation [None req-7347f35c-b6f7-4642-947c-94ce132b5458 tempest-ServerActionsTestOtherA-346434927 tempest-ServerActionsTestOtherA-346434927-project-member] Matched version: v2 {{(pid=99802) process_request /opt/stack/glance/glance/api/middleware/version_negotiation.py:69}}
Aug 08 01:35:25.734131 np0000006770 devstack@g-api.service[99802]: DEBUG glance.api.middleware.version_negotiation [None req-7347f35c-b6f7-4642-947c-94ce132b5458 tempest-ServerActionsTestOtherA-346434927 tempest-ServerActionsTestOtherA-346434927-project-member] new path /v2/schemas/image {{(pid=99802) process_request /opt/stack/glance/glance/api/middleware/version_negotiation.py:70}}
Aug 08 01:35:25.741989 np0000006770 devstack@g-api.service[99802]: [pid: 99802|app: 0|req: 72/213] 127.0.0.1 () {44 vars in 1051 bytes} [Sat Aug 8 01:35:25 2026] GET /v2/schemas/image => generated 6083 bytes in 6 msecs (HTTP/1.1 200) 4 headers in 158 bytes (1 switches on core 0)
Aug 08 01:35:29.987650 np0000006770 devstack@g-api.service[99804]: DEBUG glance.api.middleware.version_negotiation [None req-bd6a6db8-efbe-44bc-a809-badf426fae35 tempest-AttachVolumeShelveTestJSON-1825341363 tempest-AttachVolumeShelveTestJSON-1825341363-project-member] Determining version of request: GET /v2/schemas/image Accept: */* {{(pid=99804) process_request /opt/stack/glance/glance/api/middleware/version_negotiation.py:44}}
Aug 08 01:35:29.987650 np0000006770 devstack@g-api.service[99804]: DEBUG glance.api.middleware.version_negotiation [None req-bd6a6db8-efbe-44bc-a809-badf426fae35 tempest-AttachVolumeShelveTestJSON-1825341363 tempest-AttachVolumeShelveTestJSON-1825341363-project-member] Using url versioning {{(pid=99804) process_request /opt/stack/glance/glance/api/middleware/version_negotiation.py:57}}
Aug 08 01:35:29.987650 np0000006770 devstack@g-api.service[99804]: DEBUG glance.api.middleware.version_negotiation [None req-bd6a6db8-efbe-44bc-a809-badf426fae35 tempest-AttachVolumeShelveTestJSON-1825341363 tempest-AttachVolumeShelveTestJSON-1825341363-project-member] Matched version: v2 {{(pid=99804) process_request /opt/stack/glance/glance/api/middleware/version_negotiation.py:69}}
Aug 08 01:35:29.987650 np0000006770 devstack@g-api.service[99804]: DEBUG glance.api.middleware.version_negotiation [None req-bd6a6db8-efbe-44bc-a809-badf426fae35 tempest-AttachVolumeShelveTestJSON-1825341363 tempest-AttachVolumeShelveTestJSON-1825341363-project-member] new path /v2/schemas/image {{(pid=99804) process_request /opt/stack/glance/glance/api/middleware/version_negotiation.py:70}}
Aug 08 01:35:29.996668 np0000006770 devstack@g-api.service[99804]: [pid: 99804|app: 0|req: 67/214] 127.0.0.1 () {44 vars in 1051 bytes} [Sat Aug 8 01:35:29 2026] GET /v2/schemas/image => generated 6083 bytes in 12 msecs (HTTP/1.1 200) 4 headers in 158 bytes (1 switches on core 0)
Aug 08 01:35:30.050756 np0000006770 devstack@g-api.service[99803]: DEBUG glance.api.middleware.version_negotiation [None req-bd6a6db8-efbe-44bc-a809-badf426fae35 tempest-AttachVolumeShelveTestJSON-1825341363 tempest-AttachVolumeShelveTestJSON-1825341363-project-member] Determining version of request: POST /v2/images Accept: */* {{(pid=99803) process_request /opt/stack/glance/glance/api/middleware/version_negotiation.py:44}}
Aug 08 01:35:30.052632 np0000006770 devstack@g-api.service[99803]: DEBUG glance.api.middleware.version_negotiation [None req-bd6a6db8-efbe-44bc-a809-badf426fae35 tempest-AttachVolumeShelveTestJSON-1825341363 tempest-AttachVolumeShelveTestJSON-1825341363-project-member] Using url versioning {{(pid=99803) process_request /opt/stack/glance/glance/api/middleware/version_negotiation.py:57}}
Aug 08 01:35:30.052632 np0000006770 devstack@g-api.service[99803]: DEBUG glance.api.middleware.version_negotiation [None req-bd6a6db8-efbe-44bc-a809-badf426fae35 tempest-AttachVolumeShelveTestJSON-1825341363 tempest-AttachVolumeShelveTestJSON-1825341363-project-member] Matched version: v2 {{(pid=99803) process_request /opt/stack/glance/glance/api/middleware/version_negotiation.py:69}}
Aug 08 01:35:30.052632 np0000006770 devstack@g-api.service[99803]: DEBUG glance.api.middleware.version_negotiation [None req-bd6a6db8-efbe-44bc-a809-badf426fae35 tempest-AttachVolumeShelveTestJSON-1825341363 tempest-AttachVolumeShelveTestJSON-1825341363-project-member] new path /v2/images {{(pid=99803) process_request /opt/stack/glance/glance/api/middleware/version_negotiation.py:70}}
Aug 08 01:35:30.078981 np0000006770 devstack@g-api.service[99802]: DEBUG glance.api.middleware.version_negotiation [None req-bd6a6db8-efbe-44bc-a809-badf426fae35 tempest-AttachVolumeShelveTestJSON-1825341363 tempest-AttachVolumeShelveTestJSON-1825341363-project-member] Determining version of request: GET /v2/images/b7d5829a-28b8-47ae-b2fd-598fd5bdf438 Accept: */* {{(pid=99802) process_request /opt/stack/glance/glance/api/middleware/version_negotiation.py:44}}
Aug 08 01:35:30.079454 np0000006770 devstack@g-api.service[99802]: DEBUG glance.api.middleware.version_negotiation [None req-bd6a6db8-efbe-44bc-a809-badf426fae35 tempest-AttachVolumeShelveTestJSON-1825341363 tempest-AttachVolumeShelveTestJSON-1825341363-project-member] Using url versioning {{(pid=99802) process_request /opt/stack/glance/glance/api/middleware/version_negotiation.py:57}}
Aug 08 01:35:30.079454 np0000006770 devstack@g-api.service[99802]: DEBUG glance.api.middleware.version_negotiation [None req-bd6a6db8-efbe-44bc-a809-badf426fae35 tempest-AttachVolumeShelveTestJSON-1825341363 tempest-AttachVolumeShelveTestJSON-1825341363-project-member] Matched version: v2 {{(pid=99802) process_request /opt/stack/glance/glance/api/middleware/version_negotiation.py:69}}
Aug 08 01:35:30.079533 np0000006770 devstack@g-api.service[99802]: DEBUG glance.api.middleware.version_negotiation [None req-bd6a6db8-efbe-44bc-a809-badf426fae35 tempest-AttachVolumeShelveTestJSON-1825341363 tempest-AttachVolumeShelveTestJSON-1825341363-project-member] new path /v2/images/b7d5829a-28b8-47ae-b2fd-598fd5bdf438 {{(pid=99802) process_request /opt/stack/glance/glance/api/middleware/version_negotiation.py:70}}
Aug 08 01:35:30.113241 np0000006770 devstack@g-api.service[99802]: [pid: 99802|app: 0|req: 73/215] 127.0.0.1 () {44 vars in 1111 bytes} [Sat Aug 8 01:35:30 2026] GET /v2/images/b7d5829a-28b8-47ae-b2fd-598fd5bdf438 => generated 1619 bytes in 33 msecs (HTTP/1.1 200) 4 headers in 158 bytes (1 switches on core 0)
Aug 08 01:35:30.154165 np0000006770 devstack@g-api.service[99804]: DEBUG glance.api.middleware.version_negotiation [None req-51fddfda-432d-43bd-a875-8c86217f0583 tempest-ServerBootFromVolumeStableRescueTest-1165484834 tempest-ServerBootFromVolumeStableRescueTest-1165484834-project-member] Determining version of request: GET /v2/schemas/image Accept: */* {{(pid=99804) process_request /opt/stack/glance/glance/api/middleware/version_negotiation.py:44}}
Aug 08 01:35:30.154655 np0000006770 devstack@g-api.service[99804]: DEBUG glance.api.middleware.version_negotiation [None req-51fddfda-432d-43bd-a875-8c86217f0583 tempest-ServerBootFromVolumeStableRescueTest-1165484834 tempest-ServerBootFromVolumeStableRescueTest-1165484834-project-member] Using url versioning {{(pid=99804) process_request /opt/stack/glance/glance/api/middleware/version_negotiation.py:57}}
Aug 08 01:35:30.154962 np0000006770 devstack@g-api.service[99804]: DEBUG glance.api.middleware.version_negotiation [None req-51fddfda-432d-43bd-a875-8c86217f0583 tempest-ServerBootFromVolumeStableRescueTest-1165484834 tempest-ServerBootFromVolumeStableRescueTest-1165484834-project-member] Matched version: v2 {{(pid=99804) process_request /opt/stack/glance/glance/api/middleware/version_negotiation.py:69}}
Aug 08 01:35:30.156084 np0000006770 devstack@g-api.service[99804]: DEBUG glance.api.middleware.version_negotiation [None req-51fddfda-432d-43bd-a875-8c86217f0583 tempest-ServerBootFromVolumeStableRescueTest-1165484834 tempest-ServerBootFromVolumeStableRescueTest-1165484834-project-member] new path /v2/schemas/image {{(pid=99804) process_request /opt/stack/glance/glance/api/middleware/version_negotiation.py:70}}
Aug 08 01:35:30.163020 np0000006770 devstack@g-api.service[99804]: [pid: 99804|app: 0|req: 68/216] 127.0.0.1 () {44 vars in 1051 bytes} [Sat Aug 8 01:35:30 2026] GET /v2/schemas/image => generated 6083 bytes in 8 msecs (HTTP/1.1 200) 4 headers in 158 bytes (1 switches on core 0)
Aug 08 01:35:30.954466 np0000006770 devstack@g-api.service[99803]: [pid: 99803|app: 0|req: 76/217] 127.0.0.1 () {46 vars in 1051 bytes} [Sat Aug 8 01:35:30 2026] POST /v2/images => generated 1359 bytes in 905 msecs (HTTP/1.1 201) 6 headers in 316 bytes (1 switches on core 0)
Aug 08 01:35:31.049697 np0000006770 devstack@g-api.service[99802]: DEBUG glance.api.middleware.version_negotiation [None req-9a3c784e-e5d7-418f-99d7-713c073c0c4d tempest-AttachVolumeShelveTestJSON-1825341363 tempest-AttachVolumeShelveTestJSON-1825341363-project-member] Determining version of request: GET /v2/images/62d020d7-f05b-4bf2-a314-51a9daa38032 Accept: application/json {{(pid=99802) process_request /opt/stack/glance/glance/api/middleware/version_negotiation.py:44}}
Aug 08 01:35:31.049830 np0000006770 devstack@g-api.service[99802]: DEBUG glance.api.middleware.version_negotiation [None req-9a3c784e-e5d7-418f-99d7-713c073c0c4d tempest-AttachVolumeShelveTestJSON-1825341363 tempest-AttachVolumeShelveTestJSON-1825341363-project-member] Using url versioning {{(pid=99802) process_request /opt/stack/glance/glance/api/middleware/version_negotiation.py:57}}
Aug 08 01:35:31.050481 np0000006770 devstack@g-api.service[99802]: DEBUG glance.api.middleware.version_negotiation [None req-9a3c784e-e5d7-418f-99d7-713c073c0c4d tempest-AttachVolumeShelveTestJSON-1825341363 tempest-AttachVolumeShelveTestJSON-1825341363-project-member] Matched version: v2 {{(pid=99802) process_request /opt/stack/glance/glance/api/middleware/version_negotiation.py:69}}
Aug 08 01:35:31.050481 np0000006770 devstack@g-api.service[99802]: DEBUG glance.api.middleware.version_negotiation [None req-9a3c784e-e5d7-418f-99d7-713c073c0c4d tempest-AttachVolumeShelveTestJSON-1825341363 tempest-AttachVolumeShelveTestJSON-1825341363-project-member] new path /v2/images/62d020d7-f05b-4bf2-a314-51a9daa38032 {{(pid=99802) process_request /opt/stack/glance/glance/api/middleware/version_negotiation.py:70}}
Aug 08 01:35:31.068420 np0000006770 devstack@g-api.service[99802]: [pid: 99802|app: 0|req: 74/218] 127.0.0.1 () {40 vars in 834 bytes} [Sat Aug 8 01:35:31 2026] GET /v2/images/62d020d7-f05b-4bf2-a314-51a9daa38032 => generated 1359 bytes in 19 msecs (HTTP/1.1 200) 4 headers in 158 bytes (1 switches on core 0)
Aug 08 01:35:31.255671 np0000006770 devstack@g-api.service[99804]: DEBUG glance.api.middleware.version_negotiation [None req-9a3c784e-e5d7-418f-99d7-713c073c0c4d tempest-AttachVolumeShelveTestJSON-1825341363 tempest-AttachVolumeShelveTestJSON-1825341363-project-member] Determining version of request: GET /v2/images/62d020d7-f05b-4bf2-a314-51a9daa38032 Accept: */* {{(pid=99804) process_request /opt/stack/glance/glance/api/middleware/version_negotiation.py:44}}
Aug 08 01:35:31.256356 np0000006770 devstack@g-api.service[99804]: DEBUG glance.api.middleware.version_negotiation [None req-9a3c784e-e5d7-418f-99d7-713c073c0c4d tempest-AttachVolumeShelveTestJSON-1825341363 tempest-AttachVolumeShelveTestJSON-1825341363-project-member] Using url versioning {{(pid=99804) process_request /opt/stack/glance/glance/api/middleware/version_negotiation.py:57}}
Aug 08 01:35:31.256356 np0000006770 devstack@g-api.service[99804]: DEBUG glance.api.middleware.version_negotiation [None req-9a3c784e-e5d7-418f-99d7-713c073c0c4d tempest-AttachVolumeShelveTestJSON-1825341363 tempest-AttachVolumeShelveTestJSON-1825341363-project-member] Matched version: v2 {{(pid=99804) process_request /opt/stack/glance/glance/api/middleware/version_negotiation.py:69}}
Aug 08 01:35:31.256356 np0000006770 devstack@g-api.service[99804]: DEBUG glance.api.middleware.version_negotiation [None req-9a3c784e-e5d7-418f-99d7-713c073c0c4d tempest-AttachVolumeShelveTestJSON-1825341363 tempest-AttachVolumeShelveTestJSON-1825341363-project-member] new path /v2/images/62d020d7-f05b-4bf2-a314-51a9daa38032 {{(pid=99804) process_request /opt/stack/glance/glance/api/middleware/version_negotiation.py:70}}
Aug 08 01:35:31.280893 np0000006770 devstack@g-api.service[99804]: [pid: 99804|app: 0|req: 69/219] 127.0.0.1 () {44 vars in 1111 bytes} [Sat Aug 8 01:35:31 2026] GET /v2/images/62d020d7-f05b-4bf2-a314-51a9daa38032 => generated 1359 bytes in 26 msecs (HTTP/1.1 200) 4 headers in 158 bytes (1 switches on core 0)
Aug 08 01:35:31.339102 np0000006770 devstack@g-api.service[99803]: DEBUG glance.api.middleware.version_negotiation [None req-51fddfda-432d-43bd-a875-8c86217f0583 tempest-ServerBootFromVolumeStableRescueTest-1165484834 tempest-ServerBootFromVolumeStableRescueTest-1165484834-project-member] Determining version of request: GET /v2/schemas/image Accept: */* {{(pid=99803) process_request /opt/stack/glance/glance/api/middleware/version_negotiation.py:44}}
Aug 08 01:35:31.339102 np0000006770 devstack@g-api.service[99803]: DEBUG glance.api.middleware.version_negotiation [None req-51fddfda-432d-43bd-a875-8c86217f0583 tempest-ServerBootFromVolumeStableRescueTest-1165484834 tempest-ServerBootFromVolumeStableRescueTest-1165484834-project-member] Using url versioning {{(pid=99803) process_request /opt/stack/glance/glance/api/middleware/version_negotiation.py:57}}
Aug 08 01:35:31.339102 np0000006770 devstack@g-api.service[99803]: DEBUG glance.api.middleware.version_negotiation [None req-51fddfda-432d-43bd-a875-8c86217f0583 tempest-ServerBootFromVolumeStableRescueTest-1165484834 tempest-ServerBootFromVolumeStableRescueTest-1165484834-project-member] Matched version: v2 {{(pid=99803) process_request /opt/stack/glance/glance/api/middleware/version_negotiation.py:69}}
Aug 08 01:35:31.339102 np0000006770 devstack@g-api.service[99803]: DEBUG glance.api.middleware.version_negotiation [None req-51fddfda-432d-43bd-a875-8c86217f0583 tempest-ServerBootFromVolumeStableRescueTest-1165484834 tempest-ServerBootFromVolumeStableRescueTest-1165484834-project-member] new path /v2/schemas/image {{(pid=99803) process_request /opt/stack/glance/glance/api/middleware/version_negotiation.py:70}}
Aug 08 01:35:31.344796 np0000006770 devstack@g-api.service[99803]: [pid: 99803|app: 0|req: 77/220] 127.0.0.1 () {44 vars in 1051 bytes} [Sat Aug 8 01:35:31 2026] GET /v2/schemas/image => generated 6083 bytes in 7 msecs (HTTP/1.1 200) 4 headers in 158 bytes (1 switches on core 0)
Aug 08 01:35:32.081850 np0000006770 devstack@g-api.service[99802]: DEBUG glance.api.middleware.version_negotiation [None req-b9ded0b6-c6ff-4766-bf23-62d04b9599cb tempest-ServerBootFromVolumeStableRescueTest-1165484834 tempest-ServerBootFromVolumeStableRescueTest-1165484834-project-member] Determining version of request: GET /v2/images/62d020d7-f05b-4bf2-a314-51a9daa38032 Accept: application/json {{(pid=99802) process_request /opt/stack/glance/glance/api/middleware/version_negotiation.py:44}}
