Aug 08 01:30:08.150253 np0000006770 nova-scheduler[93530]: DEBUG cotyledon.oslo_config_glue [-] oslo_messaging_rabbit.rabbit_quorum_max_memory_bytes = 0 {{(pid=93530) log_opt_values /opt/stack/data/venv/lib/python3.12/site-packages/oslo_config/cfg.py:3545}}
Aug 08 01:30:08.150253 np0000006770 nova-scheduler[93530]: DEBUG cotyledon.oslo_config_glue [-] oslo_messaging_rabbit.rabbit_quorum_max_memory_length = 0 {{(pid=93530) log_opt_values /opt/stack/data/venv/lib/python3.12/site-packages/oslo_config/cfg.py:3545}}
Aug 08 01:30:08.150253 np0000006770 nova-scheduler[93530]: DEBUG cotyledon.oslo_config_glue [-] oslo_messaging_rabbit.rabbit_quorum_queue = False {{(pid=93530) log_opt_values /opt/stack/data/venv/lib/python3.12/site-packages/oslo_config/cfg.py:3545}}
Aug 08 01:30:08.150253 np0000006770 nova-scheduler[93530]: DEBUG cotyledon.oslo_config_glue [-] oslo_messaging_rabbit.rabbit_retry_backoff = 2 {{(pid=93530) log_opt_values /opt/stack/data/venv/lib/python3.12/site-packages/oslo_config/cfg.py:3545}}
Aug 08 01:30:08.150253 np0000006770 nova-scheduler[93530]: DEBUG cotyledon.oslo_config_glue [-] oslo_messaging_rabbit.rabbit_retry_interval = 1 {{(pid=93530) log_opt_values /opt/stack/data/venv/lib/python3.12/site-packages/oslo_config/cfg.py:3545}}
Aug 08 01:30:08.150253 np0000006770 nova-scheduler[93530]: DEBUG cotyledon.oslo_config_glue [-] oslo_messaging_rabbit.rabbit_stream_fanout = False {{(pid=93530) log_opt_values /opt/stack/data/venv/lib/python3.12/site-packages/oslo_config/cfg.py:3545}}
Aug 08 01:30:08.150586 np0000006770 nova-scheduler[93530]: DEBUG cotyledon.oslo_config_glue [-] oslo_messaging_rabbit.rabbit_transient_queues_ttl = 1800 {{(pid=93530) log_opt_values /opt/stack/data/venv/lib/python3.12/site-packages/oslo_config/cfg.py:3545}}
Aug 08 01:30:08.150586 np0000006770 nova-scheduler[93530]: DEBUG cotyledon.oslo_config_glue [-] oslo_messaging_rabbit.rabbit_transient_quorum_queue = False {{(pid=93530) log_opt_values /opt/stack/data/venv/lib/python3.12/site-packages/oslo_config/cfg.py:3545}}
Aug 08 01:30:08.150586 np0000006770 nova-scheduler[93530]: DEBUG cotyledon.oslo_config_glue [-] oslo_messaging_rabbit.rpc_conn_pool_size = 30 {{(pid=93530) log_opt_values /opt/stack/data/venv/lib/python3.12/site-packages/oslo_config/cfg.py:3545}}
Aug 08 01:30:08.150586 np0000006770 nova-scheduler[93530]: DEBUG cotyledon.oslo_config_glue [-] oslo_messaging_rabbit.ssl = False {{(pid=93530) log_opt_values /opt/stack/data/venv/lib/python3.12/site-packages/oslo_config/cfg.py:3545}}
Aug 08 01:30:08.150586 np0000006770 nova-scheduler[93530]: DEBUG cotyledon.oslo_config_glue [-] oslo_messaging_rabbit.ssl_ca_file = {{(pid=93530) log_opt_values /opt/stack/data/venv/lib/python3.12/site-packages/oslo_config/cfg.py:3545}}
Aug 08 01:30:08.150586 np0000006770 nova-scheduler[93530]: DEBUG cotyledon.oslo_config_glue [-] oslo_messaging_rabbit.ssl_cert_file = {{(pid=93530) log_opt_values /opt/stack/data/venv/lib/python3.12/site-packages/oslo_config/cfg.py:3545}}
Aug 08 01:30:08.150586 np0000006770 nova-scheduler[93530]: DEBUG cotyledon.oslo_config_glue [-] oslo_messaging_rabbit.ssl_enforce_fips_mode = False {{(pid=93530) log_opt_values /opt/stack/data/venv/lib/python3.12/site-packages/oslo_config/cfg.py:3545}}
Aug 08 01:30:08.150586 np0000006770 nova-scheduler[93530]: DEBUG cotyledon.oslo_config_glue [-] oslo_messaging_rabbit.ssl_enforce_hostname_verification = True {{(pid=93530) log_opt_values /opt/stack/data/venv/lib/python3.12/site-packages/oslo_config/cfg.py:3545}}
Aug 08 01:30:08.150586 np0000006770 nova-scheduler[93530]: DEBUG cotyledon.oslo_config_glue [-] oslo_messaging_rabbit.ssl_key_file = {{(pid=93530) log_opt_values /opt/stack/data/venv/lib/python3.12/site-packages/oslo_config/cfg.py:3545}}
Aug 08 01:30:08.150758 np0000006770 nova-scheduler[93530]: DEBUG cotyledon.oslo_config_glue [-] oslo_messaging_rabbit.ssl_version = {{(pid=93530) log_opt_values /opt/stack/data/venv/lib/python3.12/site-packages/oslo_config/cfg.py:3545}}
Aug 08 01:30:08.150758 np0000006770 nova-scheduler[93530]: DEBUG cotyledon.oslo_config_glue [-] oslo_messaging_rabbit.use_queue_manager = False {{(pid=93530) log_opt_values /opt/stack/data/venv/lib/python3.12/site-packages/oslo_config/cfg.py:3545}}
Aug 08 01:30:08.150758 np0000006770 nova-scheduler[93530]: DEBUG cotyledon.oslo_config_glue [-] oslo_messaging_notifications.driver = ['messagingv2'] {{(pid=93530) log_opt_values /opt/stack/data/venv/lib/python3.12/site-packages/oslo_config/cfg.py:3545}}
Aug 08 01:30:08.150758 np0000006770 nova-scheduler[93530]: DEBUG cotyledon.oslo_config_glue [-] oslo_messaging_notifications.retry = -1 {{(pid=93530) log_opt_values /opt/stack/data/venv/lib/python3.12/site-packages/oslo_config/cfg.py:3545}}
Aug 08 01:30:08.150758 np0000006770 nova-scheduler[93530]: DEBUG cotyledon.oslo_config_glue [-] oslo_messaging_notifications.topics = ['notifications'] {{(pid=93530) log_opt_values /opt/stack/data/venv/lib/python3.12/site-packages/oslo_config/cfg.py:3545}}
Aug 08 01:30:08.150758 np0000006770 nova-scheduler[93530]: DEBUG cotyledon.oslo_config_glue [-] oslo_messaging_notifications.transport_url = **** {{(pid=93530) log_opt_values /opt/stack/data/venv/lib/python3.12/site-packages/oslo_config/cfg.py:3545}}
Aug 08 01:30:08.150758 np0000006770 nova-scheduler[93530]: DEBUG cotyledon.oslo_config_glue [-] oslo_limit.auth_section = None {{(pid=93530) log_opt_values /opt/stack/data/venv/lib/python3.12/site-packages/oslo_config/cfg.py:3545}}
Aug 08 01:30:08.150758 np0000006770 nova-scheduler[93530]: DEBUG cotyledon.oslo_config_glue [-] oslo_limit.auth_type = None {{(pid=93530) log_opt_values /opt/stack/data/venv/lib/python3.12/site-packages/oslo_config/cfg.py:3545}}
Aug 08 01:30:08.150758 np0000006770 nova-scheduler[93530]: DEBUG cotyledon.oslo_config_glue [-] oslo_limit.cafile = None {{(pid=93530) log_opt_values /opt/stack/data/venv/lib/python3.12/site-packages/oslo_config/cfg.py:3545}}
Aug 08 01:30:08.150979 np0000006770 nova-scheduler[93530]: DEBUG cotyledon.oslo_config_glue [-] oslo_limit.certfile = None {{(pid=93530) log_opt_values /opt/stack/data/venv/lib/python3.12/site-packages/oslo_config/cfg.py:3545}}
Aug 08 01:30:08.150979 np0000006770 nova-scheduler[93530]: DEBUG cotyledon.oslo_config_glue [-] oslo_limit.collect_timing = False {{(pid=93530) log_opt_values /opt/stack/data/venv/lib/python3.12/site-packages/oslo_config/cfg.py:3545}}
Aug 08 01:30:08.150979 np0000006770 nova-scheduler[93530]: DEBUG cotyledon.oslo_config_glue [-] oslo_limit.connect_retries = None {{(pid=93530) log_opt_values /opt/stack/data/venv/lib/python3.12/site-packages/oslo_config/cfg.py:3545}}
Aug 08 01:30:08.150979 np0000006770 nova-scheduler[93530]: DEBUG cotyledon.oslo_config_glue [-] oslo_limit.connect_retry_delay = None {{(pid=93530) log_opt_values /opt/stack/data/venv/lib/python3.12/site-packages/oslo_config/cfg.py:3545}}
Aug 08 01:30:08.150979 np0000006770 nova-scheduler[93530]: DEBUG cotyledon.oslo_config_glue [-] oslo_limit.endpoint_id = None {{(pid=93530) log_opt_values /opt/stack/data/venv/lib/python3.12/site-packages/oslo_config/cfg.py:3545}}
Aug 08 01:30:08.150979 np0000006770 nova-scheduler[93530]: DEBUG cotyledon.oslo_config_glue [-] oslo_limit.endpoint_interface = public {{(pid=93530) log_opt_values /opt/stack/data/venv/lib/python3.12/site-packages/oslo_config/cfg.py:3545}}
Aug 08 01:30:08.150979 np0000006770 nova-scheduler[93530]: DEBUG cotyledon.oslo_config_glue [-] oslo_limit.endpoint_override = None {{(pid=93530) log_opt_values /opt/stack/data/venv/lib/python3.12/site-packages/oslo_config/cfg.py:3545}}
Aug 08 01:30:08.150979 np0000006770 nova-scheduler[93530]: DEBUG cotyledon.oslo_config_glue [-] oslo_limit.endpoint_region_name = None {{(pid=93530) log_opt_values /opt/stack/data/venv/lib/python3.12/site-packages/oslo_config/cfg.py:3545}}
Aug 08 01:30:08.150979 np0000006770 nova-scheduler[93530]: DEBUG cotyledon.oslo_config_glue [-] oslo_limit.endpoint_service_name = None {{(pid=93530) log_opt_values /opt/stack/data/venv/lib/python3.12/site-packages/oslo_config/cfg.py:3545}}
Aug 08 01:30:08.151209 np0000006770 nova-scheduler[93530]: DEBUG cotyledon.oslo_config_glue [-] oslo_limit.endpoint_service_type = None {{(pid=93530) log_opt_values /opt/stack/data/venv/lib/python3.12/site-packages/oslo_config/cfg.py:3545}}
Aug 08 01:30:08.151209 np0000006770 nova-scheduler[93530]: DEBUG cotyledon.oslo_config_glue [-] oslo_limit.insecure = False {{(pid=93530) log_opt_values /opt/stack/data/venv/lib/python3.12/site-packages/oslo_config/cfg.py:3545}}
Aug 08 01:30:08.151209 np0000006770 nova-scheduler[93530]: DEBUG cotyledon.oslo_config_glue [-] oslo_limit.keyfile = None {{(pid=93530) log_opt_values /opt/stack/data/venv/lib/python3.12/site-packages/oslo_config/cfg.py:3545}}
Aug 08 01:30:08.151209 np0000006770 nova-scheduler[93530]: DEBUG cotyledon.oslo_config_glue [-] oslo_limit.max_version = None {{(pid=93530) log_opt_values /opt/stack/data/venv/lib/python3.12/site-packages/oslo_config/cfg.py:3545}}
Aug 08 01:30:08.151209 np0000006770 nova-scheduler[93530]: DEBUG cotyledon.oslo_config_glue [-] oslo_limit.min_version = None {{(pid=93530) log_opt_values /opt/stack/data/venv/lib/python3.12/site-packages/oslo_config/cfg.py:3545}}
Aug 08 01:30:08.151209 np0000006770 nova-scheduler[93530]: DEBUG cotyledon.oslo_config_glue [-] oslo_limit.region_name = None {{(pid=93530) log_opt_values /opt/stack/data/venv/lib/python3.12/site-packages/oslo_config/cfg.py:3545}}
Aug 08 01:30:08.151209 np0000006770 nova-scheduler[93530]: DEBUG cotyledon.oslo_config_glue [-] oslo_limit.retriable_status_codes = None {{(pid=93530) log_opt_values /opt/stack/data/venv/lib/python3.12/site-packages/oslo_config/cfg.py:3545}}
Aug 08 01:30:08.151209 np0000006770 nova-scheduler[93530]: DEBUG cotyledon.oslo_config_glue [-] oslo_limit.service_name = None {{(pid=93530) log_opt_values /opt/stack/data/venv/lib/python3.12/site-packages/oslo_config/cfg.py:3545}}
Aug 08 01:30:08.151209 np0000006770 nova-scheduler[93530]: DEBUG cotyledon.oslo_config_glue [-] oslo_limit.service_type = None {{(pid=93530) log_opt_values /opt/stack/data/venv/lib/python3.12/site-packages/oslo_config/cfg.py:3545}}
Aug 08 01:30:08.151429 np0000006770 nova-scheduler[93530]: DEBUG cotyledon.oslo_config_glue [-] oslo_limit.split_loggers = False {{(pid=93530) log_opt_values /opt/stack/data/venv/lib/python3.12/site-packages/oslo_config/cfg.py:3545}}
Aug 08 01:30:08.151429 np0000006770 nova-scheduler[93530]: DEBUG cotyledon.oslo_config_glue [-] oslo_limit.status_code_retries = None {{(pid=93530) log_opt_values /opt/stack/data/venv/lib/python3.12/site-packages/oslo_config/cfg.py:3545}}
Aug 08 01:30:08.151429 np0000006770 nova-scheduler[93530]: DEBUG cotyledon.oslo_config_glue [-] oslo_limit.status_code_retry_delay = None {{(pid=93530) log_opt_values /opt/stack/data/venv/lib/python3.12/site-packages/oslo_config/cfg.py:3545}}
Aug 08 01:30:08.151429 np0000006770 nova-scheduler[93530]: DEBUG cotyledon.oslo_config_glue [-] oslo_limit.timeout = None {{(pid=93530) log_opt_values /opt/stack/data/venv/lib/python3.12/site-packages/oslo_config/cfg.py:3545}}
Aug 08 01:30:08.151429 np0000006770 nova-scheduler[93530]: DEBUG cotyledon.oslo_config_glue [-] oslo_limit.valid_interfaces = None {{(pid=93530) log_opt_values /opt/stack/data/venv/lib/python3.12/site-packages/oslo_config/cfg.py:3545}}
Aug 08 01:30:08.151429 np0000006770 nova-scheduler[93530]: DEBUG cotyledon.oslo_config_glue [-] oslo_limit.version = None {{(pid=93530) log_opt_values /opt/stack/data/venv/lib/python3.12/site-packages/oslo_config/cfg.py:3545}}
Aug 08 01:30:08.151429 np0000006770 nova-scheduler[93530]: DEBUG cotyledon.oslo_config_glue [-] oslo_reports.file_event_handler = None {{(pid=93530) log_opt_values /opt/stack/data/venv/lib/python3.12/site-packages/oslo_config/cfg.py:3545}}
Aug 08 01:30:08.151429 np0000006770 nova-scheduler[93530]: DEBUG cotyledon.oslo_config_glue [-] oslo_reports.file_event_handler_interval = 1 {{(pid=93530) log_opt_values /opt/stack/data/venv/lib/python3.12/site-packages/oslo_config/cfg.py:3545}}
Aug 08 01:30:08.151429 np0000006770 nova-scheduler[93530]: DEBUG cotyledon.oslo_config_glue [-] oslo_reports.log_dir = None {{(pid=93530) log_opt_values /opt/stack/data/venv/lib/python3.12/site-packages/oslo_config/cfg.py:3545}}
Aug 08 01:30:08.151695 np0000006770 nova-scheduler[93530]: DEBUG cotyledon.oslo_config_glue [-] ******************************************************************************** {{(pid=93530) log_opt_values /opt/stack/data/venv/lib/python3.12/site-packages/oslo_config/cfg.py:3552}}
Aug 08 01:30:08.151695 np0000006770 nova-scheduler[93530]: DEBUG cotyledon._service_worker [-] Run service ServiceWrapper(0) [93530] {{(pid=93530) wait_forever /opt/stack/data/venv/lib/python3.12/site-packages/cotyledon/_service_worker.py:218}}
Aug 08 01:30:08.151695 np0000006770 nova-scheduler[93530]: INFO nova.service [-] Starting scheduler node (version 33.1.0)
Aug 08 01:30:08.151695 np0000006770 nova-scheduler[93530]: INFO dbcounter [None req-addb9962-4ec2-4272-b261-56d7fc462421 None None] Registered counter for database nova_cell0
Aug 08 01:30:08.159728 np0000006770 nova-scheduler[93542]: DEBUG oslo_db.sqlalchemy.engines [None req-9a878b30-eecc-4f86-9715-098acd101716 None None] MySQL server mode set to STRICT_TRANS_TABLES,STRICT_ALL_TABLES,NO_ZERO_IN_DATE,NO_ZERO_DATE,ERROR_FOR_DIVISION_BY_ZERO,TRADITIONAL,NO_ENGINE_SUBSTITUTION {{(pid=93542) _check_effective_sql_mode /opt/stack/data/venv/lib/python3.12/site-packages/oslo_db/sqlalchemy/engines.py:325}}
Aug 08 01:30:08.163701 np0000006770 nova-scheduler[93544]: DEBUG oslo_db.sqlalchemy.engines [None req-46ce8797-c76c-40dd-a7f8-9995e6e16291 None None] MySQL server mode set to STRICT_TRANS_TABLES,STRICT_ALL_TABLES,NO_ZERO_IN_DATE,NO_ZERO_DATE,ERROR_FOR_DIVISION_BY_ZERO,TRADITIONAL,NO_ENGINE_SUBSTITUTION {{(pid=93544) _check_effective_sql_mode /opt/stack/data/venv/lib/python3.12/site-packages/oslo_db/sqlalchemy/engines.py:325}}
Aug 08 01:30:08.167565 np0000006770 nova-scheduler[93530]: DEBUG oslo_db.sqlalchemy.engines [None req-addb9962-4ec2-4272-b261-56d7fc462421 None None] MySQL server mode set to STRICT_TRANS_TABLES,STRICT_ALL_TABLES,NO_ZERO_IN_DATE,NO_ZERO_DATE,ERROR_FOR_DIVISION_BY_ZERO,TRADITIONAL,NO_ENGINE_SUBSTITUTION {{(pid=93530) _check_effective_sql_mode /opt/stack/data/venv/lib/python3.12/site-packages/oslo_db/sqlalchemy/engines.py:325}}
Aug 08 01:30:08.169874 np0000006770 nova-scheduler[93542]: DEBUG dbcounter [-] [93542] Writer thread running {{(pid=93542) stat_writer /opt/stack/data/venv/lib/python3.12/site-packages/dbcounter.py:102}}
Aug 08 01:30:08.175234 np0000006770 nova-scheduler[93544]: DEBUG dbcounter [-] [93544] Writer thread running {{(pid=93544) stat_writer /opt/stack/data/venv/lib/python3.12/site-packages/dbcounter.py:102}}
Aug 08 01:30:08.177137 np0000006770 nova-scheduler[93530]: DEBUG dbcounter [-] [93530] Writer thread running {{(pid=93530) stat_writer /opt/stack/data/venv/lib/python3.12/site-packages/dbcounter.py:102}}
Aug 08 01:30:08.188092 np0000006770 nova-scheduler[93542]: DEBUG nova.service [None req-9a878b30-eecc-4f86-9715-098acd101716 None None] Creating RPC server for service: nova-scheduler on topic: scheduler {{(pid=93542) start /opt/stack/nova/nova/service.py:196}}
Aug 08 01:30:08.192925 np0000006770 nova-scheduler[93544]: DEBUG nova.service [None req-46ce8797-c76c-40dd-a7f8-9995e6e16291 None None] Creating RPC server for service: nova-scheduler on topic: scheduler {{(pid=93544) start /opt/stack/nova/nova/service.py:196}}
Aug 08 01:30:08.193210 np0000006770 nova-scheduler[93530]: DEBUG nova.service [None req-addb9962-4ec2-4272-b261-56d7fc462421 None None] Creating RPC server for service: nova-scheduler on topic: scheduler {{(pid=93530) start /opt/stack/nova/nova/service.py:196}}
Aug 08 01:30:08.215802 np0000006770 nova-scheduler[93542]: DEBUG nova.service [None req-9a878b30-eecc-4f86-9715-098acd101716 None None] Join ServiceGroup membership for this service scheduler {{(pid=93542) start /opt/stack/nova/nova/service.py:222}}
Aug 08 01:30:08.216161 np0000006770 nova-scheduler[93542]: DEBUG nova.servicegroup.drivers.db [None req-9a878b30-eecc-4f86-9715-098acd101716 None None] DB_Driver: join new ServiceGroup member np0000006770 to the scheduler group, service = {{(pid=93542) join /opt/stack/nova/nova/servicegroup/drivers/db.py:44}}
Aug 08 01:30:08.219399 np0000006770 nova-scheduler[93530]: DEBUG nova.service [None req-addb9962-4ec2-4272-b261-56d7fc462421 None None] Join ServiceGroup membership for this service scheduler {{(pid=93530) start /opt/stack/nova/nova/service.py:222}}
Aug 08 01:30:08.219588 np0000006770 nova-scheduler[93530]: DEBUG nova.servicegroup.drivers.db [None req-addb9962-4ec2-4272-b261-56d7fc462421 None None] DB_Driver: join new ServiceGroup member np0000006770 to the scheduler group, service = {{(pid=93530) join /opt/stack/nova/nova/servicegroup/drivers/db.py:44}}
Aug 08 01:30:08.220441 np0000006770 nova-scheduler[93544]: DEBUG nova.service [None req-46ce8797-c76c-40dd-a7f8-9995e6e16291 None None] Join ServiceGroup membership for this service scheduler {{(pid=93544) start /opt/stack/nova/nova/service.py:222}}
Aug 08 01:30:08.220656 np0000006770 nova-scheduler[93544]: DEBUG nova.servicegroup.drivers.db [None req-46ce8797-c76c-40dd-a7f8-9995e6e16291 None None] DB_Driver: join new ServiceGroup member np0000006770 to the scheduler group, service = {{(pid=93544) join /opt/stack/nova/nova/servicegroup/drivers/db.py:44}}
Aug 08 01:30:13.233990 np0000006770 nova-scheduler[93542]: DEBUG oslo.service.backend._threading.loopingcall [-] Fixed interval looping call 'nova.servicegroup.drivers.db.DbDriver._report_state' sleeping for 119.99 seconds {{(pid=93542) _run_loop /opt/stack/data/venv/lib/python3.12/site-packages/oslo_service/backend/_threading/loopingcall.py:125}}
Aug 08 01:30:13.234659 np0000006770 nova-scheduler[93544]: DEBUG oslo.service.backend._threading.loopingcall [-] Fixed interval looping call 'nova.servicegroup.drivers.db.DbDriver._report_state' sleeping for 119.99 seconds {{(pid=93544) _run_loop /opt/stack/data/venv/lib/python3.12/site-packages/oslo_service/backend/_threading/loopingcall.py:125}}
Aug 08 01:30:13.247420 np0000006770 nova-scheduler[93530]: DEBUG oslo.service.backend._threading.loopingcall [-] Fixed interval looping call 'nova.servicegroup.drivers.db.DbDriver._report_state' sleeping for 119.97 seconds {{(pid=93530) _run_loop /opt/stack/data/venv/lib/python3.12/site-packages/oslo_service/backend/_threading/loopingcall.py:125}}
Aug 08 01:30:14.221897 np0000006770 nova-scheduler[93530]: DEBUG oslo.service.backend._threading.loopingcall [None req-26917d34-c0f8-4ac3-829c-ff12f7d3c0fc None None] Dynamic interval looping call 'nova.service.Service.periodic_tasks' sleeping for 60.00 seconds {{(pid=93530) _run_loop /opt/stack/data/venv/lib/python3.12/site-packages/oslo_service/backend/_threading/loopingcall.py:125}}
Aug 08 01:30:16.751456 np0000006770 nova-scheduler[92288]: DEBUG dbcounter [-] [92288] Writing DB stats nova_api:SELECT=3 {{(pid=92288) stat_writer /opt/stack/data/venv/lib/python3.12/site-packages/dbcounter.py:115}}
Aug 08 01:30:16.876342 np0000006770 nova-scheduler[92288]: DEBUG dbcounter [-] [92288] Writing DB stats nova_cell0:SELECT=1 {{(pid=92288) stat_writer /opt/stack/data/venv/lib/python3.12/site-packages/dbcounter.py:115}}
Aug 08 01:30:16.879691 np0000006770 nova-scheduler[92288]: DEBUG dbcounter [-] [92288] Writing DB stats nova_cell1:SELECT=1 {{(pid=92288) stat_writer /opt/stack/data/venv/lib/python3.12/site-packages/dbcounter.py:115}}
Aug 08 01:30:23.228173 np0000006770 nova-scheduler[93542]: DEBUG dbcounter [-] [93542] Writing DB stats nova_cell0:SELECT=4,nova_cell0:INSERT=1,nova_cell0:UPDATE=1 {{(pid=93542) stat_writer /opt/stack/data/venv/lib/python3.12/site-packages/dbcounter.py:115}}
Aug 08 01:30:23.231420 np0000006770 nova-scheduler[93544]: DEBUG dbcounter [-] [93544] Writing DB stats nova_cell0:SELECT=5,nova_cell0:INSERT=1,nova_cell0:UPDATE=1 {{(pid=93544) stat_writer /opt/stack/data/venv/lib/python3.12/site-packages/dbcounter.py:115}}
Aug 08 01:30:23.239638 np0000006770 nova-scheduler[93530]: DEBUG dbcounter [-] [93530] Writing DB stats nova_cell0:SELECT=5,nova_cell0:INSERT=1 {{(pid=93530) stat_writer /opt/stack/data/venv/lib/python3.12/site-packages/dbcounter.py:115}}
Aug 08 01:30:26.223205 np0000006770 nova-scheduler[93544]: DEBUG oslo.service.backend._threading.loopingcall [None req-be235bbc-99d4-4e70-8227-9d2cca7d5243 None None] Dynamic interval looping call 'nova.service.Service.periodic_tasks' sleeping for 60.00 seconds {{(pid=93544) _run_loop /opt/stack/data/venv/lib/python3.12/site-packages/oslo_service/backend/_threading/loopingcall.py:125}}
Aug 08 01:30:55.219066 np0000006770 nova-scheduler[93542]: DEBUG oslo.service.backend._threading.loopingcall [None req-244d0116-3f49-422a-934a-e7c080a96421 None None] Dynamic interval looping call 'nova.service.Service.periodic_tasks' sleeping for 60.00 seconds {{(pid=93542) _run_loop /opt/stack/data/venv/lib/python3.12/site-packages/oslo_service/backend/_threading/loopingcall.py:125}}
Aug 08 01:31:14.222438 np0000006770 nova-scheduler[93530]: DEBUG oslo.service.backend._threading.loopingcall [None req-26917d34-c0f8-4ac3-829c-ff12f7d3c0fc None None] Dynamic interval looping call 'nova.service.Service.periodic_tasks' sleeping for 60.00 seconds {{(pid=93530) _run_loop /opt/stack/data/venv/lib/python3.12/site-packages/oslo_service/backend/_threading/loopingcall.py:125}}
Aug 08 01:31:26.223601 np0000006770 nova-scheduler[93544]: DEBUG oslo.service.backend._threading.loopingcall [None req-be235bbc-99d4-4e70-8227-9d2cca7d5243 None None] Dynamic interval looping call 'nova.service.Service.periodic_tasks' sleeping for 60.00 seconds {{(pid=93544) _run_loop /opt/stack/data/venv/lib/python3.12/site-packages/oslo_service/backend/_threading/loopingcall.py:125}}
Aug 08 01:31:55.220159 np0000006770 nova-scheduler[93542]: DEBUG oslo.service.backend._threading.loopingcall [None req-244d0116-3f49-422a-934a-e7c080a96421 None None] Dynamic interval looping call 'nova.service.Service.periodic_tasks' sleeping for 60.00 seconds {{(pid=93542) _run_loop /opt/stack/data/venv/lib/python3.12/site-packages/oslo_service/backend/_threading/loopingcall.py:125}}
Aug 08 01:32:13.230121 np0000006770 nova-scheduler[93530]: DEBUG oslo.service.backend._threading.loopingcall [-] Fixed interval looping call 'nova.servicegroup.drivers.db.DbDriver._report_state' sleeping for 119.99 seconds {{(pid=93530) _run_loop /opt/stack/data/venv/lib/python3.12/site-packages/oslo_service/backend/_threading/loopingcall.py:125}}
Aug 08 01:32:13.230606 np0000006770 nova-scheduler[93544]: DEBUG oslo.service.backend._threading.loopingcall [-] Fixed interval looping call 'nova.servicegroup.drivers.db.DbDriver._report_state' sleeping for 119.99 seconds {{(pid=93544) _run_loop /opt/stack/data/venv/lib/python3.12/site-packages/oslo_service/backend/_threading/loopingcall.py:125}}
Aug 08 01:32:13.230886 np0000006770 nova-scheduler[93542]: DEBUG oslo.service.backend._threading.loopingcall [-] Fixed interval looping call 'nova.servicegroup.drivers.db.DbDriver._report_state' sleeping for 119.99 seconds {{(pid=93542) _run_loop /opt/stack/data/venv/lib/python3.12/site-packages/oslo_service/backend/_threading/loopingcall.py:125}}
Aug 08 01:32:14.222868 np0000006770 nova-scheduler[93530]: DEBUG oslo.service.backend._threading.loopingcall [None req-26917d34-c0f8-4ac3-829c-ff12f7d3c0fc None None] Dynamic interval looping call 'nova.service.Service.periodic_tasks' sleeping for 60.00 seconds {{(pid=93530) _run_loop /opt/stack/data/venv/lib/python3.12/site-packages/oslo_service/backend/_threading/loopingcall.py:125}}
Aug 08 01:32:23.223698 np0000006770 nova-scheduler[93530]: DEBUG dbcounter [-] [93530] Writing DB stats nova_cell0:SELECT=1,nova_cell0:UPDATE=1 {{(pid=93530) stat_writer /opt/stack/data/venv/lib/python3.12/site-packages/dbcounter.py:115}}
Aug 08 01:32:23.227290 np0000006770 nova-scheduler[93542]: DEBUG dbcounter [-] [93542] Writing DB stats nova_cell0:SELECT=1,nova_cell0:UPDATE=1 {{(pid=93542) stat_writer /opt/stack/data/venv/lib/python3.12/site-packages/dbcounter.py:115}}
Aug 08 01:32:23.228219 np0000006770 nova-scheduler[93544]: DEBUG dbcounter [-] [93544] Writing DB stats nova_cell0:SELECT=1,nova_cell0:UPDATE=1 {{(pid=93544) stat_writer /opt/stack/data/venv/lib/python3.12/site-packages/dbcounter.py:115}}
Aug 08 01:32:26.225382 np0000006770 nova-scheduler[93544]: DEBUG oslo.service.backend._threading.loopingcall [None req-be235bbc-99d4-4e70-8227-9d2cca7d5243 None None] Dynamic interval looping call 'nova.service.Service.periodic_tasks' sleeping for 60.00 seconds {{(pid=93544) _run_loop /opt/stack/data/venv/lib/python3.12/site-packages/oslo_service/backend/_threading/loopingcall.py:125}}
Aug 08 01:32:38.174223 np0000006770 nova-scheduler[93542]: DEBUG nova.scheduler.manager [None req-21a2b0e8-8585-4a14-b45a-f3f5a79036b6 tempest-ServerRescueNegativeTestJSON-1001957208 tempest-ServerRescueNegativeTestJSON-1001957208-project-member] Starting to schedule for instances: ['cbc5d406-e5b2-4881-a283-10bd95ae3878'] {{(pid=93542) select_destinations /opt/stack/nova/nova/scheduler/manager.py:209}}
Aug 08 01:32:38.174950 np0000006770 nova-scheduler[93542]: DEBUG nova.scheduler.request_filter [None req-21a2b0e8-8585-4a14-b45a-f3f5a79036b6 tempest-ServerRescueNegativeTestJSON-1001957208 tempest-ServerRescueNegativeTestJSON-1001957208-project-member] compute_status_filter request filter added forbidden trait COMPUTE_STATUS_DISABLED {{(pid=93542) compute_status_filter /opt/stack/nova/nova/scheduler/request_filter.py:253}}
Aug 08 01:32:38.175067 np0000006770 nova-scheduler[93542]: DEBUG nova.scheduler.request_filter [None req-21a2b0e8-8585-4a14-b45a-f3f5a79036b6 tempest-ServerRescueNegativeTestJSON-1001957208 tempest-ServerRescueNegativeTestJSON-1001957208-project-member] Request filter 'compute_status_filter' took 0.0 seconds {{(pid=93542) wrapper /opt/stack/nova/nova/scheduler/request_filter.py:46}}
Aug 08 01:32:38.175254 np0000006770 nova-scheduler[93542]: DEBUG nova.scheduler.request_filter [None req-21a2b0e8-8585-4a14-b45a-f3f5a79036b6 tempest-ServerRescueNegativeTestJSON-1001957208 tempest-ServerRescueNegativeTestJSON-1001957208-project-member] Request filter 'accelerators_filter' took 0.0 seconds {{(pid=93542) wrapper /opt/stack/nova/nova/scheduler/request_filter.py:46}}
Aug 08 01:32:38.175431 np0000006770 nova-scheduler[93542]: DEBUG nova.scheduler.request_filter [None req-21a2b0e8-8585-4a14-b45a-f3f5a79036b6 tempest-ServerRescueNegativeTestJSON-1001957208 tempest-ServerRescueNegativeTestJSON-1001957208-project-member] Request filter 'packed_virtqueue_filter' took 0.0 seconds {{(pid=93542) wrapper /opt/stack/nova/nova/scheduler/request_filter.py:46}}
Aug 08 01:32:38.175690 np0000006770 nova-scheduler[93542]: DEBUG nova.scheduler.request_filter [None req-21a2b0e8-8585-4a14-b45a-f3f5a79036b6 tempest-ServerRescueNegativeTestJSON-1001957208 tempest-ServerRescueNegativeTestJSON-1001957208-project-member] Request filter 'remote_managed_ports_filter' took 0.0 seconds {{(pid=93542) wrapper /opt/stack/nova/nova/scheduler/request_filter.py:46}}
Aug 08 01:32:38.175817 np0000006770 nova-scheduler[93542]: DEBUG nova.scheduler.request_filter [None req-21a2b0e8-8585-4a14-b45a-f3f5a79036b6 tempest-ServerRescueNegativeTestJSON-1001957208 tempest-ServerRescueNegativeTestJSON-1001957208-project-member] ephemeral_encryption_filter skipped {{(pid=93542) ephemeral_encryption_filter /opt/stack/nova/nova/scheduler/request_filter.py:426}}
Aug 08 01:32:38.176157 np0000006770 nova-scheduler[93542]: DEBUG nova.scheduler.request_filter [None req-21a2b0e8-8585-4a14-b45a-f3f5a79036b6 tempest-ServerRescueNegativeTestJSON-1001957208 tempest-ServerRescueNegativeTestJSON-1001957208-project-member] virtio_sound_filter skipped {{(pid=93542) virtio_sound_filter /opt/stack/nova/nova/scheduler/request_filter.py:460}}
Aug 08 01:32:38.176157 np0000006770 nova-scheduler[93542]: DEBUG nova.scheduler.request_filter [None req-21a2b0e8-8585-4a14-b45a-f3f5a79036b6 tempest-ServerRescueNegativeTestJSON-1001957208 tempest-ServerRescueNegativeTestJSON-1001957208-project-member] tpm_secret_security_filter skipped {{(pid=93542) tpm_secret_security_filter /opt/stack/nova/nova/scheduler/request_filter.py:477}}
Aug 08 01:32:38.770929 np0000006770 nova-scheduler[93542]: INFO nova.utils [None req-21a2b0e8-8585-4a14-b45a-f3f5a79036b6 tempest-ServerRescueNegativeTestJSON-1001957208 tempest-ServerRescueNegativeTestJSON-1001957208-project-member] The cell worker thread pool ForkProcess-2.cell_worker is initialized
Aug 08 01:32:38.771380 np0000006770 nova-scheduler[93542]: DEBUG oslo_concurrency.lockutils [None req-21a2b0e8-8585-4a14-b45a-f3f5a79036b6 tempest-ServerRescueNegativeTestJSON-1001957208 tempest-ServerRescueNegativeTestJSON-1001957208-project-member] Acquiring lock "1e8a2f96-c28b-4c2e-9085-a55a91b6c581" by "nova.context.set_target_cell..get_or_set_cached_cell_and_set_connections" {{(pid=93542) inner /opt/stack/data/venv/lib/python3.12/site-packages/oslo_concurrency/lockutils.py:512}}
Aug 08 01:32:38.772528 np0000006770 nova-scheduler[93542]: DEBUG oslo_concurrency.lockutils [None req-21a2b0e8-8585-4a14-b45a-f3f5a79036b6 tempest-ServerRescueNegativeTestJSON-1001957208 tempest-ServerRescueNegativeTestJSON-1001957208-project-member] Lock "1e8a2f96-c28b-4c2e-9085-a55a91b6c581" acquired by "nova.context.set_target_cell..get_or_set_cached_cell_and_set_connections" :: waited 0.000s {{(pid=93542) inner /opt/stack/data/venv/lib/python3.12/site-packages/oslo_concurrency/lockutils.py:525}}
Aug 08 01:32:38.773244 np0000006770 nova-scheduler[93542]: DEBUG oslo_concurrency.lockutils [None req-21a2b0e8-8585-4a14-b45a-f3f5a79036b6 tempest-ServerRescueNegativeTestJSON-1001957208 tempest-ServerRescueNegativeTestJSON-1001957208-project-member] Lock "1e8a2f96-c28b-4c2e-9085-a55a91b6c581" "released" by "nova.context.set_target_cell..get_or_set_cached_cell_and_set_connections" :: held 0.002s {{(pid=93542) inner /opt/stack/data/venv/lib/python3.12/site-packages/oslo_concurrency/lockutils.py:544}}
Aug 08 01:32:38.774793 np0000006770 nova-scheduler[93542]: INFO dbcounter [None req-21a2b0e8-8585-4a14-b45a-f3f5a79036b6 tempest-ServerRescueNegativeTestJSON-1001957208 tempest-ServerRescueNegativeTestJSON-1001957208-project-member] Registered counter for database nova_cell1
Aug 08 01:32:38.810933 np0000006770 nova-scheduler[93542]: DEBUG oslo_db.sqlalchemy.engines [None req-21a2b0e8-8585-4a14-b45a-f3f5a79036b6 tempest-ServerRescueNegativeTestJSON-1001957208 tempest-ServerRescueNegativeTestJSON-1001957208-project-member] MySQL server mode set to STRICT_TRANS_TABLES,STRICT_ALL_TABLES,NO_ZERO_IN_DATE,NO_ZERO_DATE,ERROR_FOR_DIVISION_BY_ZERO,TRADITIONAL,NO_ENGINE_SUBSTITUTION {{(pid=93542) _check_effective_sql_mode /opt/stack/data/venv/lib/python3.12/site-packages/oslo_db/sqlalchemy/engines.py:325}}
Aug 08 01:32:38.815523 np0000006770 nova-scheduler[93542]: DEBUG dbcounter [-] [93542] Writer thread running {{(pid=93542) stat_writer /opt/stack/data/venv/lib/python3.12/site-packages/dbcounter.py:102}}
Aug 08 01:32:38.828241 np0000006770 nova-scheduler[93542]: DEBUG oslo_db.sqlalchemy.engines [None req-21a2b0e8-8585-4a14-b45a-f3f5a79036b6 tempest-ServerRescueNegativeTestJSON-1001957208 tempest-ServerRescueNegativeTestJSON-1001957208-project-member] Parent process 92288 forked (93542) with an open database connection, which is being discarded and recreated. {{(pid=93542) checkout /opt/stack/data/venv/lib/python3.12/site-packages/oslo_db/sqlalchemy/engines.py:402}}
Aug 08 01:32:38.872522 np0000006770 nova-scheduler[93542]: DEBUG dbcounter [-] [93542] Writer thread running {{(pid=93542) stat_writer /opt/stack/data/venv/lib/python3.12/site-packages/dbcounter.py:102}}
Aug 08 01:32:38.875374 np0000006770 nova-scheduler[93542]: DEBUG oslo_concurrency.lockutils [None req-21a2b0e8-8585-4a14-b45a-f3f5a79036b6 tempest-ServerRescueNegativeTestJSON-1001957208 tempest-ServerRescueNegativeTestJSON-1001957208-project-member] Acquiring lock "1e8a2f96-c28b-4c2e-9085-a55a91b6c581" by "nova.context.set_target_cell..get_or_set_cached_cell_and_set_connections" {{(pid=93542) inner /opt/stack/data/venv/lib/python3.12/site-packages/oslo_concurrency/lockutils.py:512}}
Aug 08 01:32:38.875557 np0000006770 nova-scheduler[93542]: DEBUG oslo_concurrency.lockutils [None req-21a2b0e8-8585-4a14-b45a-f3f5a79036b6 tempest-ServerRescueNegativeTestJSON-1001957208 tempest-ServerRescueNegativeTestJSON-1001957208-project-member] Lock "1e8a2f96-c28b-4c2e-9085-a55a91b6c581" acquired by "nova.context.set_target_cell..get_or_set_cached_cell_and_set_connections" :: waited 0.000s {{(pid=93542) inner /opt/stack/data/venv/lib/python3.12/site-packages/oslo_concurrency/lockutils.py:525}}
Aug 08 01:32:38.875702 np0000006770 nova-scheduler[93542]: DEBUG oslo_concurrency.lockutils [None req-21a2b0e8-8585-4a14-b45a-f3f5a79036b6 tempest-ServerRescueNegativeTestJSON-1001957208 tempest-ServerRescueNegativeTestJSON-1001957208-project-member] Lock "1e8a2f96-c28b-4c2e-9085-a55a91b6c581" "released" by "nova.context.set_target_cell..get_or_set_cached_cell_and_set_connections" :: held 0.000s {{(pid=93542) inner /opt/stack/data/venv/lib/python3.12/site-packages/oslo_concurrency/lockutils.py:544}}
Aug 08 01:32:38.878772 np0000006770 nova-scheduler[93542]: DEBUG oslo_concurrency.lockutils [None req-21a2b0e8-8585-4a14-b45a-f3f5a79036b6 tempest-ServerRescueNegativeTestJSON-1001957208 tempest-ServerRescueNegativeTestJSON-1001957208-project-member] Acquiring lock "np0000006770-np0000006770" by "nova.scheduler.host_manager.HostState.update.._locked_update" {{(pid=93542) inner /opt/stack/data/venv/lib/python3.12/site-packages/oslo_concurrency/lockutils.py:512}}
Aug 08 01:32:38.878903 np0000006770 nova-scheduler[93542]: DEBUG oslo_concurrency.lockutils [None req-21a2b0e8-8585-4a14-b45a-f3f5a79036b6 tempest-ServerRescueNegativeTestJSON-1001957208 tempest-ServerRescueNegativeTestJSON-1001957208-project-member] Lock "np0000006770-np0000006770" acquired by "nova.scheduler.host_manager.HostState.update.._locked_update" :: waited 0.000s {{(pid=93542) inner /opt/stack/data/venv/lib/python3.12/site-packages/oslo_concurrency/lockutils.py:525}}
Aug 08 01:32:38.879797 np0000006770 nova-scheduler[93542]: DEBUG nova.scheduler.host_manager [None req-21a2b0e8-8585-4a14-b45a-f3f5a79036b6 tempest-ServerRescueNegativeTestJSON-1001957208 tempest-ServerRescueNegativeTestJSON-1001957208-project-member] Update host state from compute node: ComputeNode(cpu_allocation_ratio=4.0,cpu_info='{"arch": "x86_64", "model": "EPYC-Milan", "vendor": "AMD", "topology": {"cells": 1, "sockets": 16, "cores": 1, "threads": 1}, "maxphysaddr": {"mode": "emulate", "bits": 40}, "features": ["erms", "lm", "de", "pku", "nrip-save", "pse36", "skip-l1dfl-vmentry", "lfence-always-serializing", "sse4a", "cmov", "spec-ctrl", "amd-stibp", "virt-ssbd", "clzero", "clflushopt", "nx", "bmi1", "cr8legacy", "vgif", "wbnoinvd", "avx2", "tsc-scale", "avx", "apic", "arat", "hypervisor", "cx16", "lahf_lm", "no-nested-data-bp", "tsc_adjust", "msr", "sep", "ibpb", "vaes", "amd-ssbd", "pause-filter", "null-sel-clr-base", "xsaveerptr", "rdctl-no", "clflush", "arch-capabilities", "movbe", "abm", "topoext", "f16c", "xsavec", "rdseed", "ssbd", "fsgsbase", "amd-psfd", "rdtscp", "npt", "smap", "sha-ni", "tsc", "mmxext", "vmcb-clean", "stibp", "pclmuldq", "perfctr_core", "pge", "flushbyasid", "mmx", "sse", "umip", "cx8", "clwb", "svm", "fma", "bmi2", "pcid", "adx", "sse4.1", "popcnt", "lbrv", "pni", "cmp_legacy", "svme-addr-chk", "pschange-mc-no", "fxsr", "x2apic", "fxsr_opt", "pfthreshold", "invpcid", "osvw", "stibp-always-on", "aes", "misalignsse", "xgetbv1", "sse4.2", "fpu", "sse2", "xsaveopt", "ssse3", "vpclmulqdq", "xsave", "pat", "mca", "v-vmsave-vmload", "mtrr", "xsaves", "mce", "pse", "rdpid", "syscall", "pdpe1gb", "gds-no", "vme", "mds-no", "pae", "tsc-deadline", "fsrm", "3dnowprefetch", "ibrs", "rdrand", "smep"]}',created_at=2026-08-08T01:30:30Z,current_workload=0,deleted=False,deleted_at=None,disk_allocation_ratio=1.0,disk_available_least=73,free_disk_gb=95,free_ram_mb=62765,host='np0000006770',host_ip=10.4.3.75,hypervisor_hostname='np0000006770',hypervisor_type='QEMU',hypervisor_version=8002002,id=1,local_gb=95,local_gb_used=0,mapped=1,memory_mb=63277,memory_mb_used=512,metrics='[]',numa_topology='{"nova_object.name": "NUMATopology", "nova_object.namespace": "nova", "nova_object.version": "1.2", "nova_object.data": {"cells": [{"nova_object.name": "NUMACell", "nova_object.namespace": "nova", "nova_object.version": "1.5", "nova_object.data": {"id": 0, "cpuset": [0, 1, 2, 3, 4, 5, 6, 7, 8, 9, 10, 11, 12, 13, 14, 15], "pcpuset": [0, 1, 2, 3, 4, 5, 6, 7, 8, 9, 10, 11, 12, 13, 14, 15], "memory": 63277, "cpu_usage": 0, "memory_usage": 0, "pinned_cpus": [], "siblings": [[6], [12], [2], [15], [5], [11], [8], [14], [4], [1], [7], [10], [0], [13], [3], [9]], "mempages": [{"nova_object.name": "NUMAPagesTopology", "nova_object.namespace": "nova", "nova_object.version": "1.1", "nova_object.data": {"size_kb": 4, "total": 16177929, "used": 0, "reserved": 0}, "nova_object.changes": ["reserved", "total", "size_kb", "used"]}, {"nova_object.name": "NUMAPagesTopology", "nova_object.namespace": "nova", "nova_object.version": "1.1", "nova_object.data": {"size_kb": 2048, "total": 41, "used": 0, "reserved": 0}, "nova_object.changes": ["reserved", "total", "size_kb", "used"]}, {"nova_object.name": "NUMAPagesTopology", "nova_object.namespace": "nova", "nova_object.version": "1.1", "nova_object.data": {"size_kb": 1048576, "total": 0, "used": 0, "reserved": 0}, "nova_object.changes": ["reserved", "total", "size_kb", "used"]}], "network_metadata": {"nova_object.name": "NetworkMetadata", "nova_object.namespace": "nova", "nova_object.version": "1.0", "nova_object.data": {"physnets": [], "tunneled": false}, "nova_object.changes": ["physnets", "tunneled"]}, "socket": null}, "nova_object.changes": ["socket", "pcpuset", "mempages", "pinned_cpus", "cpuset", "network_metadata", "memory", "memory_usage", "id", "cpu_usage", "siblings"]}]}, "nova_object.changes": ["cells"]}',pci_device_pools=PciDevicePoolList,ram_allocation_ratio=1.0,running_vms=0,service_id=4,stats={failed_builds='0',uptime=' 01:32:17 up 13 min, 2 users, load average: 1.60, 1.40, 0.77
Aug 08 01:32:38.879797 np0000006770 nova-scheduler[93542]: '},supported_hv_specs=[HVSpec,HVSpec,HVSpec,HVSpec,HVSpec,HVSpec,HVSpec,HVSpec,HVSpec,HVSpec,HVSpec,HVSpec,HVSpec,HVSpec,HVSpec,HVSpec,HVSpec,HVSpec,HVSpec,HVSpec,HVSpec,HVSpec,HVSpec,HVSpec,HVSpec],updated_at=2026-08-08T01:32:18Z,uuid=d4543060-3c38-4f6f-8349-4a5538f4c282,vcpus=16,vcpus_used=0) {{(pid=93542) _locked_update /opt/stack/nova/nova/scheduler/host_manager.py:168}}
Aug 08 01:32:38.880479 np0000006770 nova-scheduler[93542]: DEBUG nova.scheduler.host_manager [None req-21a2b0e8-8585-4a14-b45a-f3f5a79036b6 tempest-ServerRescueNegativeTestJSON-1001957208 tempest-ServerRescueNegativeTestJSON-1001957208-project-member] Update host state with aggregates: [] {{(pid=93542) _locked_update /opt/stack/nova/nova/scheduler/host_manager.py:171}}
Aug 08 01:32:38.880587 np0000006770 nova-scheduler[93542]: DEBUG nova.scheduler.host_manager [None req-21a2b0e8-8585-4a14-b45a-f3f5a79036b6 tempest-ServerRescueNegativeTestJSON-1001957208 tempest-ServerRescueNegativeTestJSON-1001957208-project-member] Update host state with service dict: {'id': 4, 'uuid': 'b8973829-961c-479f-a97a-6fad1fc50db4', 'host': 'np0000006770', 'binary': 'nova-compute', 'topic': 'compute', 'report_count': 2, 'disabled': False, 'disabled_reason': None, 'last_seen_up': datetime.datetime(2026, 8, 8, 1, 32, 36, tzinfo=datetime.timezone.utc), 'forced_down': False, 'version': 72, 'created_at': datetime.datetime(2026, 8, 8, 1, 30, 29, tzinfo=datetime.timezone.utc), 'updated_at': datetime.datetime(2026, 8, 8, 1, 32, 36, tzinfo=datetime.timezone.utc), 'deleted_at': None, 'deleted': False} {{(pid=93542) _locked_update /opt/stack/nova/nova/scheduler/host_manager.py:174}}
Aug 08 01:32:38.880696 np0000006770 nova-scheduler[93542]: DEBUG nova.scheduler.host_manager [None req-21a2b0e8-8585-4a14-b45a-f3f5a79036b6 tempest-ServerRescueNegativeTestJSON-1001957208 tempest-ServerRescueNegativeTestJSON-1001957208-project-member] Update host state with instances: [] {{(pid=93542) _locked_update /opt/stack/nova/nova/scheduler/host_manager.py:177}}
Aug 08 01:32:38.880792 np0000006770 nova-scheduler[93542]: DEBUG oslo_concurrency.lockutils [None req-21a2b0e8-8585-4a14-b45a-f3f5a79036b6 tempest-ServerRescueNegativeTestJSON-1001957208 tempest-ServerRescueNegativeTestJSON-1001957208-project-member] Lock "np0000006770-np0000006770" "released" by "nova.scheduler.host_manager.HostState.update.._locked_update" :: held 0.002s {{(pid=93542) inner /opt/stack/data/venv/lib/python3.12/site-packages/oslo_concurrency/lockutils.py:544}}
Aug 08 01:32:38.881199 np0000006770 nova-scheduler[93542]: DEBUG nova.filters [None req-21a2b0e8-8585-4a14-b45a-f3f5a79036b6 tempest-ServerRescueNegativeTestJSON-1001957208 tempest-ServerRescueNegativeTestJSON-1001957208-project-member] Starting with 1 host(s) {{(pid=93542) get_filtered_objects /opt/stack/nova/nova/filters.py:70}}
Aug 08 01:32:38.881465 np0000006770 nova-scheduler[93542]: DEBUG nova.filters [None req-21a2b0e8-8585-4a14-b45a-f3f5a79036b6 tempest-ServerRescueNegativeTestJSON-1001957208 tempest-ServerRescueNegativeTestJSON-1001957208-project-member] Filter ComputeFilter returned 1 host(s) {{(pid=93542) get_filtered_objects /opt/stack/nova/nova/filters.py:102}}
Aug 08 01:32:38.881564 np0000006770 nova-scheduler[93542]: DEBUG nova.filters [None req-21a2b0e8-8585-4a14-b45a-f3f5a79036b6 tempest-ServerRescueNegativeTestJSON-1001957208 tempest-ServerRescueNegativeTestJSON-1001957208-project-member] Filter ComputeCapabilitiesFilter returned 1 host(s) {{(pid=93542) get_filtered_objects /opt/stack/nova/nova/filters.py:102}}
Aug 08 01:32:38.881771 np0000006770 nova-scheduler[93542]: DEBUG nova.filters [None req-21a2b0e8-8585-4a14-b45a-f3f5a79036b6 tempest-ServerRescueNegativeTestJSON-1001957208 tempest-ServerRescueNegativeTestJSON-1001957208-project-member] Filter ImagePropertiesFilter returned 1 host(s) {{(pid=93542) get_filtered_objects /opt/stack/nova/nova/filters.py:102}}
Aug 08 01:32:38.881887 np0000006770 nova-scheduler[93542]: DEBUG nova.filters [None req-21a2b0e8-8585-4a14-b45a-f3f5a79036b6 tempest-ServerRescueNegativeTestJSON-1001957208 tempest-ServerRescueNegativeTestJSON-1001957208-project-member] Filter ServerGroupAntiAffinityFilter returned 1 host(s) {{(pid=93542) get_filtered_objects /opt/stack/nova/nova/filters.py:102}}
Aug 08 01:32:38.882022 np0000006770 nova-scheduler[93542]: DEBUG nova.filters [None req-21a2b0e8-8585-4a14-b45a-f3f5a79036b6 tempest-ServerRescueNegativeTestJSON-1001957208 tempest-ServerRescueNegativeTestJSON-1001957208-project-member] Filter ServerGroupAffinityFilter returned 1 host(s) {{(pid=93542) get_filtered_objects /opt/stack/nova/nova/filters.py:102}}
Aug 08 01:32:38.882125 np0000006770 nova-scheduler[93542]: DEBUG nova.filters [None req-21a2b0e8-8585-4a14-b45a-f3f5a79036b6 tempest-ServerRescueNegativeTestJSON-1001957208 tempest-ServerRescueNegativeTestJSON-1001957208-project-member] Filter SameHostFilter returned 1 host(s) {{(pid=93542) get_filtered_objects /opt/stack/nova/nova/filters.py:102}}
Aug 08 01:32:38.882227 np0000006770 nova-scheduler[93542]: DEBUG nova.filters [None req-21a2b0e8-8585-4a14-b45a-f3f5a79036b6 tempest-ServerRescueNegativeTestJSON-1001957208 tempest-ServerRescueNegativeTestJSON-1001957208-project-member] Filter DifferentHostFilter returned 1 host(s) {{(pid=93542) get_filtered_objects /opt/stack/nova/nova/filters.py:102}}
Aug 08 01:32:38.882343 np0000006770 nova-scheduler[93542]: DEBUG nova.scheduler.manager [None req-21a2b0e8-8585-4a14-b45a-f3f5a79036b6 tempest-ServerRescueNegativeTestJSON-1001957208 tempest-ServerRescueNegativeTestJSON-1001957208-project-member] Filtered [(np0000006770, np0000006770) ram: 62765MB disk: 74752MB io_ops: 0 instances: 0, allocation_candidates: 1] {{(pid=93542) _get_sorted_hosts /opt/stack/nova/nova/scheduler/manager.py:742}}
Aug 08 01:32:38.882523 np0000006770 nova-scheduler[93542]: DEBUG nova.scheduler.manager [None req-21a2b0e8-8585-4a14-b45a-f3f5a79036b6 tempest-ServerRescueNegativeTestJSON-1001957208 tempest-ServerRescueNegativeTestJSON-1001957208-project-member] Weighed [WeighedHost [host: (np0000006770, np0000006770) ram: 62765MB disk: 74752MB io_ops: 0 instances: 0, allocation_candidates: 1, weight: 0.0]] {{(pid=93542) _get_sorted_hosts /opt/stack/nova/nova/scheduler/manager.py:764}}
Aug 08 01:32:38.882663 np0000006770 nova-scheduler[93542]: DEBUG nova.scheduler.utils [None req-21a2b0e8-8585-4a14-b45a-f3f5a79036b6 tempest-ServerRescueNegativeTestJSON-1001957208 tempest-ServerRescueNegativeTestJSON-1001957208-project-member] Attempting to claim resources in the placement API for instance cbc5d406-e5b2-4881-a283-10bd95ae3878 {{(pid=93542) claim_resources /opt/stack/nova/nova/scheduler/utils.py:1345}}
Aug 08 01:32:39.023892 np0000006770 nova-scheduler[93542]: DEBUG nova.scheduler.manager [None req-21a2b0e8-8585-4a14-b45a-f3f5a79036b6 tempest-ServerRescueNegativeTestJSON-1001957208 tempest-ServerRescueNegativeTestJSON-1001957208-project-member] [instance: cbc5d406-e5b2-4881-a283-10bd95ae3878] Selected host: (np0000006770, np0000006770) ram: 62765MB disk: 74752MB io_ops: 0 instances: 0, allocation_candidates: 1 {{(pid=93542) _consume_selected_host /opt/stack/nova/nova/scheduler/manager.py:624}}
Aug 08 01:32:39.024272 np0000006770 nova-scheduler[93542]: DEBUG oslo_concurrency.lockutils [None req-21a2b0e8-8585-4a14-b45a-f3f5a79036b6 tempest-ServerRescueNegativeTestJSON-1001957208 tempest-ServerRescueNegativeTestJSON-1001957208-project-member] Acquiring lock "np0000006770-np0000006770" by "nova.scheduler.host_manager.HostState.consume_from_request.._locked" {{(pid=93542) inner /opt/stack/data/venv/lib/python3.12/site-packages/oslo_concurrency/lockutils.py:512}}
Aug 08 01:32:39.024504 np0000006770 nova-scheduler[93542]: DEBUG oslo_concurrency.lockutils [None req-21a2b0e8-8585-4a14-b45a-f3f5a79036b6 tempest-ServerRescueNegativeTestJSON-1001957208 tempest-ServerRescueNegativeTestJSON-1001957208-project-member] Lock "np0000006770-np0000006770" acquired by "nova.scheduler.host_manager.HostState.consume_from_request.._locked" :: waited 0.000s {{(pid=93542) inner /opt/stack/data/venv/lib/python3.12/site-packages/oslo_concurrency/lockutils.py:525}}
Aug 08 01:32:39.024740 np0000006770 nova-scheduler[93542]: DEBUG oslo_concurrency.lockutils [None req-21a2b0e8-8585-4a14-b45a-f3f5a79036b6 tempest-ServerRescueNegativeTestJSON-1001957208 tempest-ServerRescueNegativeTestJSON-1001957208-project-member] Lock "np0000006770-np0000006770" "released" by "nova.scheduler.host_manager.HostState.consume_from_request.._locked" :: held 0.000s {{(pid=93542) inner /opt/stack/data/venv/lib/python3.12/site-packages/oslo_concurrency/lockutils.py:544}}
Aug 08 01:32:42.649480 np0000006770 nova-scheduler[93530]: DEBUG nova.scheduler.manager [None req-ae373293-dc27-4658-90e0-25f4a0d659d5 tempest-ServerActionsTestOtherB-1997165309 tempest-ServerActionsTestOtherB-1997165309-project-member] Starting to schedule for instances: ['93a20d5c-4fd6-4f5e-a22e-c7b58e0b6a61'] {{(pid=93530) select_destinations /opt/stack/nova/nova/scheduler/manager.py:209}}
Aug 08 01:32:42.650053 np0000006770 nova-scheduler[93530]: DEBUG nova.scheduler.request_filter [None req-ae373293-dc27-4658-90e0-25f4a0d659d5 tempest-ServerActionsTestOtherB-1997165309 tempest-ServerActionsTestOtherB-1997165309-project-member] compute_status_filter request filter added forbidden trait COMPUTE_STATUS_DISABLED {{(pid=93530) compute_status_filter /opt/stack/nova/nova/scheduler/request_filter.py:253}}
Aug 08 01:32:42.650560 np0000006770 nova-scheduler[93530]: DEBUG nova.scheduler.request_filter [None req-ae373293-dc27-4658-90e0-25f4a0d659d5 tempest-ServerActionsTestOtherB-1997165309 tempest-ServerActionsTestOtherB-1997165309-project-member] Request filter 'compute_status_filter' took 0.0 seconds {{(pid=93530) wrapper /opt/stack/nova/nova/scheduler/request_filter.py:46}}
Aug 08 01:32:42.650819 np0000006770 nova-scheduler[93530]: DEBUG nova.scheduler.request_filter [None req-ae373293-dc27-4658-90e0-25f4a0d659d5 tempest-ServerActionsTestOtherB-1997165309 tempest-ServerActionsTestOtherB-1997165309-project-member] Request filter 'accelerators_filter' took 0.0 seconds {{(pid=93530) wrapper /opt/stack/nova/nova/scheduler/request_filter.py:46}}
Aug 08 01:32:42.651075 np0000006770 nova-scheduler[93530]: DEBUG nova.scheduler.request_filter [None req-ae373293-dc27-4658-90e0-25f4a0d659d5 tempest-ServerActionsTestOtherB-1997165309 tempest-ServerActionsTestOtherB-1997165309-project-member] Request filter 'packed_virtqueue_filter' took 0.0 seconds {{(pid=93530) wrapper /opt/stack/nova/nova/scheduler/request_filter.py:46}}
Aug 08 01:32:42.651297 np0000006770 nova-scheduler[93530]: DEBUG nova.scheduler.request_filter [None req-ae373293-dc27-4658-90e0-25f4a0d659d5 tempest-ServerActionsTestOtherB-1997165309 tempest-ServerActionsTestOtherB-1997165309-project-member] Request filter 'remote_managed_ports_filter' took 0.0 seconds {{(pid=93530) wrapper /opt/stack/nova/nova/scheduler/request_filter.py:46}}
Aug 08 01:32:42.651462 np0000006770 nova-scheduler[93530]: DEBUG nova.scheduler.request_filter [None req-ae373293-dc27-4658-90e0-25f4a0d659d5 tempest-ServerActionsTestOtherB-1997165309 tempest-ServerActionsTestOtherB-1997165309-project-member] ephemeral_encryption_filter skipped {{(pid=93530) ephemeral_encryption_filter /opt/stack/nova/nova/scheduler/request_filter.py:426}}
