Jun 23 10:28:22.565440 np0000003455 nova-scheduler[96215]: DEBUG cotyledon.oslo_config_glue [-] profiler.es_scroll_time = 2m {{(pid=96215) log_opt_values /opt/stack/data/venv/lib/python3.12/site-packages/oslo_config/cfg.py:3253}}
Jun 23 10:28:22.565440 np0000003455 nova-scheduler[96215]: DEBUG cotyledon.oslo_config_glue [-] profiler.filter_error_trace = False {{(pid=96215) log_opt_values /opt/stack/data/venv/lib/python3.12/site-packages/oslo_config/cfg.py:3253}}
Jun 23 10:28:22.565440 np0000003455 nova-scheduler[96215]: DEBUG cotyledon.oslo_config_glue [-] profiler.hmac_keys = **** {{(pid=96215) log_opt_values /opt/stack/data/venv/lib/python3.12/site-packages/oslo_config/cfg.py:3253}}
Jun 23 10:28:22.565440 np0000003455 nova-scheduler[96215]: DEBUG cotyledon.oslo_config_glue [-] profiler.sentinel_service_name = mymaster {{(pid=96215) log_opt_values /opt/stack/data/venv/lib/python3.12/site-packages/oslo_config/cfg.py:3253}}
Jun 23 10:28:22.565440 np0000003455 nova-scheduler[96215]: DEBUG cotyledon.oslo_config_glue [-] profiler.socket_timeout = 0.1 {{(pid=96215) log_opt_values /opt/stack/data/venv/lib/python3.12/site-packages/oslo_config/cfg.py:3253}}
Jun 23 10:28:22.565716 np0000003455 nova-scheduler[96215]: DEBUG cotyledon.oslo_config_glue [-] profiler.trace_requests = False {{(pid=96215) log_opt_values /opt/stack/data/venv/lib/python3.12/site-packages/oslo_config/cfg.py:3253}}
Jun 23 10:28:22.565716 np0000003455 nova-scheduler[96215]: DEBUG cotyledon.oslo_config_glue [-] profiler.trace_sqlalchemy = False {{(pid=96215) log_opt_values /opt/stack/data/venv/lib/python3.12/site-packages/oslo_config/cfg.py:3253}}
Jun 23 10:28:22.565716 np0000003455 nova-scheduler[96215]: DEBUG cotyledon.oslo_config_glue [-] profiler_jaeger.process_tags = {} {{(pid=96215) log_opt_values /opt/stack/data/venv/lib/python3.12/site-packages/oslo_config/cfg.py:3253}}
Jun 23 10:28:22.565716 np0000003455 nova-scheduler[96215]: DEBUG cotyledon.oslo_config_glue [-] profiler_jaeger.service_name_prefix = None {{(pid=96215) log_opt_values /opt/stack/data/venv/lib/python3.12/site-packages/oslo_config/cfg.py:3253}}
Jun 23 10:28:22.565716 np0000003455 nova-scheduler[96215]: DEBUG cotyledon.oslo_config_glue [-] profiler_otlp.service_name_prefix = None {{(pid=96215) log_opt_values /opt/stack/data/venv/lib/python3.12/site-packages/oslo_config/cfg.py:3253}}
Jun 23 10:28:22.565716 np0000003455 nova-scheduler[96215]: DEBUG cotyledon.oslo_config_glue [-] oslo_messaging_rabbit.amqp_auto_delete = False {{(pid=96215) log_opt_values /opt/stack/data/venv/lib/python3.12/site-packages/oslo_config/cfg.py:3253}}
Jun 23 10:28:22.565716 np0000003455 nova-scheduler[96215]: DEBUG cotyledon.oslo_config_glue [-] oslo_messaging_rabbit.amqp_durable_queues = False {{(pid=96215) log_opt_values /opt/stack/data/venv/lib/python3.12/site-packages/oslo_config/cfg.py:3253}}
Jun 23 10:28:22.565716 np0000003455 nova-scheduler[96215]: DEBUG cotyledon.oslo_config_glue [-] oslo_messaging_rabbit.conn_pool_min_size = 2 {{(pid=96215) log_opt_values /opt/stack/data/venv/lib/python3.12/site-packages/oslo_config/cfg.py:3253}}
Jun 23 10:28:22.565716 np0000003455 nova-scheduler[96215]: DEBUG cotyledon.oslo_config_glue [-] oslo_messaging_rabbit.conn_pool_ttl = 1200 {{(pid=96215) log_opt_values /opt/stack/data/venv/lib/python3.12/site-packages/oslo_config/cfg.py:3253}}
Jun 23 10:28:22.565941 np0000003455 nova-scheduler[96215]: DEBUG cotyledon.oslo_config_glue [-] oslo_messaging_rabbit.direct_mandatory_flag = True {{(pid=96215) log_opt_values /opt/stack/data/venv/lib/python3.12/site-packages/oslo_config/cfg.py:3253}}
Jun 23 10:28:22.565941 np0000003455 nova-scheduler[96215]: DEBUG cotyledon.oslo_config_glue [-] oslo_messaging_rabbit.enable_cancel_on_failover = False {{(pid=96215) log_opt_values /opt/stack/data/venv/lib/python3.12/site-packages/oslo_config/cfg.py:3253}}
Jun 23 10:28:22.565941 np0000003455 nova-scheduler[96215]: DEBUG cotyledon.oslo_config_glue [-] oslo_messaging_rabbit.heartbeat_rate = 3 {{(pid=96215) log_opt_values /opt/stack/data/venv/lib/python3.12/site-packages/oslo_config/cfg.py:3253}}
Jun 23 10:28:22.565941 np0000003455 nova-scheduler[96215]: DEBUG cotyledon.oslo_config_glue [-] oslo_messaging_rabbit.heartbeat_timeout_threshold = 60 {{(pid=96215) log_opt_values /opt/stack/data/venv/lib/python3.12/site-packages/oslo_config/cfg.py:3253}}
Jun 23 10:28:22.565941 np0000003455 nova-scheduler[96215]: DEBUG cotyledon.oslo_config_glue [-] oslo_messaging_rabbit.hostname = np0000003455 {{(pid=96215) log_opt_values /opt/stack/data/venv/lib/python3.12/site-packages/oslo_config/cfg.py:3253}}
Jun 23 10:28:22.565941 np0000003455 nova-scheduler[96215]: DEBUG cotyledon.oslo_config_glue [-] oslo_messaging_rabbit.kombu_compression = None {{(pid=96215) log_opt_values /opt/stack/data/venv/lib/python3.12/site-packages/oslo_config/cfg.py:3253}}
Jun 23 10:28:22.565941 np0000003455 nova-scheduler[96215]: DEBUG cotyledon.oslo_config_glue [-] oslo_messaging_rabbit.kombu_failover_strategy = round-robin {{(pid=96215) log_opt_values /opt/stack/data/venv/lib/python3.12/site-packages/oslo_config/cfg.py:3253}}
Jun 23 10:28:22.565941 np0000003455 nova-scheduler[96215]: DEBUG cotyledon.oslo_config_glue [-] oslo_messaging_rabbit.kombu_missing_consumer_retry_timeout = 60 {{(pid=96215) log_opt_values /opt/stack/data/venv/lib/python3.12/site-packages/oslo_config/cfg.py:3253}}
Jun 23 10:28:22.565941 np0000003455 nova-scheduler[96215]: DEBUG cotyledon.oslo_config_glue [-] oslo_messaging_rabbit.kombu_reconnect_delay = 1.0 {{(pid=96215) log_opt_values /opt/stack/data/venv/lib/python3.12/site-packages/oslo_config/cfg.py:3253}}
Jun 23 10:28:22.566199 np0000003455 nova-scheduler[96215]: DEBUG cotyledon.oslo_config_glue [-] oslo_messaging_rabbit.kombu_reconnect_splay = 0.0 {{(pid=96215) log_opt_values /opt/stack/data/venv/lib/python3.12/site-packages/oslo_config/cfg.py:3253}}
Jun 23 10:28:22.566199 np0000003455 nova-scheduler[96215]: DEBUG cotyledon.oslo_config_glue [-] oslo_messaging_rabbit.processname = nova-scheduler {{(pid=96215) log_opt_values /opt/stack/data/venv/lib/python3.12/site-packages/oslo_config/cfg.py:3253}}
Jun 23 10:28:22.566199 np0000003455 nova-scheduler[96215]: DEBUG cotyledon.oslo_config_glue [-] oslo_messaging_rabbit.rabbit_ha_queues = False {{(pid=96215) log_opt_values /opt/stack/data/venv/lib/python3.12/site-packages/oslo_config/cfg.py:3253}}
Jun 23 10:28:22.566199 np0000003455 nova-scheduler[96215]: DEBUG cotyledon.oslo_config_glue [-] oslo_messaging_rabbit.rabbit_interval_max = 30 {{(pid=96215) log_opt_values /opt/stack/data/venv/lib/python3.12/site-packages/oslo_config/cfg.py:3253}}
Jun 23 10:28:22.566199 np0000003455 nova-scheduler[96215]: DEBUG cotyledon.oslo_config_glue [-] oslo_messaging_rabbit.rabbit_login_method = AMQPLAIN {{(pid=96215) log_opt_values /opt/stack/data/venv/lib/python3.12/site-packages/oslo_config/cfg.py:3253}}
Jun 23 10:28:22.566199 np0000003455 nova-scheduler[96215]: DEBUG cotyledon.oslo_config_glue [-] oslo_messaging_rabbit.rabbit_qos_prefetch_count = 0 {{(pid=96215) log_opt_values /opt/stack/data/venv/lib/python3.12/site-packages/oslo_config/cfg.py:3253}}
Jun 23 10:28:22.566199 np0000003455 nova-scheduler[96215]: DEBUG cotyledon.oslo_config_glue [-] oslo_messaging_rabbit.rabbit_quorum_delivery_limit = 0 {{(pid=96215) log_opt_values /opt/stack/data/venv/lib/python3.12/site-packages/oslo_config/cfg.py:3253}}
Jun 23 10:28:22.566199 np0000003455 nova-scheduler[96215]: DEBUG cotyledon.oslo_config_glue [-] oslo_messaging_rabbit.rabbit_quorum_max_memory_bytes = 0 {{(pid=96215) log_opt_values /opt/stack/data/venv/lib/python3.12/site-packages/oslo_config/cfg.py:3253}}
Jun 23 10:28:22.566199 np0000003455 nova-scheduler[96215]: DEBUG cotyledon.oslo_config_glue [-] oslo_messaging_rabbit.rabbit_quorum_max_memory_length = 0 {{(pid=96215) log_opt_values /opt/stack/data/venv/lib/python3.12/site-packages/oslo_config/cfg.py:3253}}
Jun 23 10:28:22.566400 np0000003455 nova-scheduler[96215]: DEBUG cotyledon.oslo_config_glue [-] oslo_messaging_rabbit.rabbit_quorum_queue = False {{(pid=96215) log_opt_values /opt/stack/data/venv/lib/python3.12/site-packages/oslo_config/cfg.py:3253}}
Jun 23 10:28:22.566400 np0000003455 nova-scheduler[96215]: DEBUG cotyledon.oslo_config_glue [-] oslo_messaging_rabbit.rabbit_retry_backoff = 2 {{(pid=96215) log_opt_values /opt/stack/data/venv/lib/python3.12/site-packages/oslo_config/cfg.py:3253}}
Jun 23 10:28:22.566400 np0000003455 nova-scheduler[96215]: DEBUG cotyledon.oslo_config_glue [-] oslo_messaging_rabbit.rabbit_retry_interval = 1 {{(pid=96215) log_opt_values /opt/stack/data/venv/lib/python3.12/site-packages/oslo_config/cfg.py:3253}}
Jun 23 10:28:22.566400 np0000003455 nova-scheduler[96215]: DEBUG cotyledon.oslo_config_glue [-] oslo_messaging_rabbit.rabbit_stream_fanout = False {{(pid=96215) log_opt_values /opt/stack/data/venv/lib/python3.12/site-packages/oslo_config/cfg.py:3253}}
Jun 23 10:28:22.566485 np0000003455 nova-scheduler[96213]: INFO dbcounter [None req-ed0826c4-788b-406c-8aa6-f42d3b3b79d9 None None] Registered counter for database nova_cell0
Jun 23 10:28:22.566522 np0000003455 nova-scheduler[96215]: DEBUG cotyledon.oslo_config_glue [-] oslo_messaging_rabbit.rabbit_transient_queues_ttl = 1800 {{(pid=96215) log_opt_values /opt/stack/data/venv/lib/python3.12/site-packages/oslo_config/cfg.py:3253}}
Jun 23 10:28:22.566522 np0000003455 nova-scheduler[96215]: DEBUG cotyledon.oslo_config_glue [-] oslo_messaging_rabbit.rabbit_transient_quorum_queue = False {{(pid=96215) log_opt_values /opt/stack/data/venv/lib/python3.12/site-packages/oslo_config/cfg.py:3253}}
Jun 23 10:28:22.566522 np0000003455 nova-scheduler[96215]: DEBUG cotyledon.oslo_config_glue [-] oslo_messaging_rabbit.rpc_conn_pool_size = 30 {{(pid=96215) log_opt_values /opt/stack/data/venv/lib/python3.12/site-packages/oslo_config/cfg.py:3253}}
Jun 23 10:28:22.566522 np0000003455 nova-scheduler[96215]: DEBUG cotyledon.oslo_config_glue [-] oslo_messaging_rabbit.ssl = False {{(pid=96215) log_opt_values /opt/stack/data/venv/lib/python3.12/site-packages/oslo_config/cfg.py:3253}}
Jun 23 10:28:22.566522 np0000003455 nova-scheduler[96215]: DEBUG cotyledon.oslo_config_glue [-] oslo_messaging_rabbit.ssl_ca_file = {{(pid=96215) log_opt_values /opt/stack/data/venv/lib/python3.12/site-packages/oslo_config/cfg.py:3253}}
Jun 23 10:28:22.566522 np0000003455 nova-scheduler[96215]: DEBUG cotyledon.oslo_config_glue [-] oslo_messaging_rabbit.ssl_cert_file = {{(pid=96215) log_opt_values /opt/stack/data/venv/lib/python3.12/site-packages/oslo_config/cfg.py:3253}}
Jun 23 10:28:22.566522 np0000003455 nova-scheduler[96215]: DEBUG cotyledon.oslo_config_glue [-] oslo_messaging_rabbit.ssl_enforce_fips_mode = False {{(pid=96215) log_opt_values /opt/stack/data/venv/lib/python3.12/site-packages/oslo_config/cfg.py:3253}}
Jun 23 10:28:22.566522 np0000003455 nova-scheduler[96215]: DEBUG cotyledon.oslo_config_glue [-] oslo_messaging_rabbit.ssl_enforce_hostname_verification = True {{(pid=96215) log_opt_values /opt/stack/data/venv/lib/python3.12/site-packages/oslo_config/cfg.py:3253}}
Jun 23 10:28:22.566522 np0000003455 nova-scheduler[96215]: DEBUG cotyledon.oslo_config_glue [-] oslo_messaging_rabbit.ssl_key_file = {{(pid=96215) log_opt_values /opt/stack/data/venv/lib/python3.12/site-packages/oslo_config/cfg.py:3253}}
Jun 23 10:28:22.566735 np0000003455 nova-scheduler[96215]: DEBUG cotyledon.oslo_config_glue [-] oslo_messaging_rabbit.ssl_version = {{(pid=96215) log_opt_values /opt/stack/data/venv/lib/python3.12/site-packages/oslo_config/cfg.py:3253}}
Jun 23 10:28:22.566735 np0000003455 nova-scheduler[96215]: DEBUG cotyledon.oslo_config_glue [-] oslo_messaging_rabbit.use_queue_manager = False {{(pid=96215) log_opt_values /opt/stack/data/venv/lib/python3.12/site-packages/oslo_config/cfg.py:3253}}
Jun 23 10:28:22.566735 np0000003455 nova-scheduler[96215]: DEBUG cotyledon.oslo_config_glue [-] oslo_messaging_notifications.driver = ['messagingv2'] {{(pid=96215) log_opt_values /opt/stack/data/venv/lib/python3.12/site-packages/oslo_config/cfg.py:3253}}
Jun 23 10:28:22.566735 np0000003455 nova-scheduler[96215]: DEBUG cotyledon.oslo_config_glue [-] oslo_messaging_notifications.retry = -1 {{(pid=96215) log_opt_values /opt/stack/data/venv/lib/python3.12/site-packages/oslo_config/cfg.py:3253}}
Jun 23 10:28:22.566735 np0000003455 nova-scheduler[96215]: DEBUG cotyledon.oslo_config_glue [-] oslo_messaging_notifications.topics = ['notifications'] {{(pid=96215) log_opt_values /opt/stack/data/venv/lib/python3.12/site-packages/oslo_config/cfg.py:3253}}
Jun 23 10:28:22.566735 np0000003455 nova-scheduler[96215]: DEBUG cotyledon.oslo_config_glue [-] oslo_messaging_notifications.transport_url = **** {{(pid=96215) log_opt_values /opt/stack/data/venv/lib/python3.12/site-packages/oslo_config/cfg.py:3253}}
Jun 23 10:28:22.566735 np0000003455 nova-scheduler[96215]: DEBUG cotyledon.oslo_config_glue [-] oslo_limit.auth_section = None {{(pid=96215) log_opt_values /opt/stack/data/venv/lib/python3.12/site-packages/oslo_config/cfg.py:3253}}
Jun 23 10:28:22.566735 np0000003455 nova-scheduler[96215]: DEBUG cotyledon.oslo_config_glue [-] oslo_limit.auth_type = None {{(pid=96215) log_opt_values /opt/stack/data/venv/lib/python3.12/site-packages/oslo_config/cfg.py:3253}}
Jun 23 10:28:22.566735 np0000003455 nova-scheduler[96215]: DEBUG cotyledon.oslo_config_glue [-] oslo_limit.cafile = None {{(pid=96215) log_opt_values /opt/stack/data/venv/lib/python3.12/site-packages/oslo_config/cfg.py:3253}}
Jun 23 10:28:22.566907 np0000003455 nova-scheduler[96215]: DEBUG cotyledon.oslo_config_glue [-] oslo_limit.certfile = None {{(pid=96215) log_opt_values /opt/stack/data/venv/lib/python3.12/site-packages/oslo_config/cfg.py:3253}}
Jun 23 10:28:22.566907 np0000003455 nova-scheduler[96215]: DEBUG cotyledon.oslo_config_glue [-] oslo_limit.collect_timing = False {{(pid=96215) log_opt_values /opt/stack/data/venv/lib/python3.12/site-packages/oslo_config/cfg.py:3253}}
Jun 23 10:28:22.566907 np0000003455 nova-scheduler[96215]: DEBUG cotyledon.oslo_config_glue [-] oslo_limit.connect_retries = None {{(pid=96215) log_opt_values /opt/stack/data/venv/lib/python3.12/site-packages/oslo_config/cfg.py:3253}}
Jun 23 10:28:22.566907 np0000003455 nova-scheduler[96215]: DEBUG cotyledon.oslo_config_glue [-] oslo_limit.connect_retry_delay = None {{(pid=96215) log_opt_values /opt/stack/data/venv/lib/python3.12/site-packages/oslo_config/cfg.py:3253}}
Jun 23 10:28:22.566907 np0000003455 nova-scheduler[96215]: DEBUG cotyledon.oslo_config_glue [-] oslo_limit.endpoint_id = None {{(pid=96215) log_opt_values /opt/stack/data/venv/lib/python3.12/site-packages/oslo_config/cfg.py:3253}}
Jun 23 10:28:22.566907 np0000003455 nova-scheduler[96215]: DEBUG cotyledon.oslo_config_glue [-] oslo_limit.endpoint_interface = public {{(pid=96215) log_opt_values /opt/stack/data/venv/lib/python3.12/site-packages/oslo_config/cfg.py:3253}}
Jun 23 10:28:22.566907 np0000003455 nova-scheduler[96215]: DEBUG cotyledon.oslo_config_glue [-] oslo_limit.endpoint_override = None {{(pid=96215) log_opt_values /opt/stack/data/venv/lib/python3.12/site-packages/oslo_config/cfg.py:3253}}
Jun 23 10:28:22.566907 np0000003455 nova-scheduler[96215]: DEBUG cotyledon.oslo_config_glue [-] oslo_limit.endpoint_region_name = None {{(pid=96215) log_opt_values /opt/stack/data/venv/lib/python3.12/site-packages/oslo_config/cfg.py:3253}}
Jun 23 10:28:22.566907 np0000003455 nova-scheduler[96215]: DEBUG cotyledon.oslo_config_glue [-] oslo_limit.endpoint_service_name = None {{(pid=96215) log_opt_values /opt/stack/data/venv/lib/python3.12/site-packages/oslo_config/cfg.py:3253}}
Jun 23 10:28:22.567111 np0000003455 nova-scheduler[96215]: DEBUG cotyledon.oslo_config_glue [-] oslo_limit.endpoint_service_type = None {{(pid=96215) log_opt_values /opt/stack/data/venv/lib/python3.12/site-packages/oslo_config/cfg.py:3253}}
Jun 23 10:28:22.567111 np0000003455 nova-scheduler[96215]: DEBUG cotyledon.oslo_config_glue [-] oslo_limit.insecure = False {{(pid=96215) log_opt_values /opt/stack/data/venv/lib/python3.12/site-packages/oslo_config/cfg.py:3253}}
Jun 23 10:28:22.567111 np0000003455 nova-scheduler[96215]: DEBUG cotyledon.oslo_config_glue [-] oslo_limit.keyfile = None {{(pid=96215) log_opt_values /opt/stack/data/venv/lib/python3.12/site-packages/oslo_config/cfg.py:3253}}
Jun 23 10:28:22.567111 np0000003455 nova-scheduler[96215]: DEBUG cotyledon.oslo_config_glue [-] oslo_limit.max_version = None {{(pid=96215) log_opt_values /opt/stack/data/venv/lib/python3.12/site-packages/oslo_config/cfg.py:3253}}
Jun 23 10:28:22.567111 np0000003455 nova-scheduler[96215]: DEBUG cotyledon.oslo_config_glue [-] oslo_limit.min_version = None {{(pid=96215) log_opt_values /opt/stack/data/venv/lib/python3.12/site-packages/oslo_config/cfg.py:3253}}
Jun 23 10:28:22.567111 np0000003455 nova-scheduler[96215]: DEBUG cotyledon.oslo_config_glue [-] oslo_limit.region_name = None {{(pid=96215) log_opt_values /opt/stack/data/venv/lib/python3.12/site-packages/oslo_config/cfg.py:3253}}
Jun 23 10:28:22.567111 np0000003455 nova-scheduler[96215]: DEBUG cotyledon.oslo_config_glue [-] oslo_limit.retriable_status_codes = None {{(pid=96215) log_opt_values /opt/stack/data/venv/lib/python3.12/site-packages/oslo_config/cfg.py:3253}}
Jun 23 10:28:22.567111 np0000003455 nova-scheduler[96215]: DEBUG cotyledon.oslo_config_glue [-] oslo_limit.service_name = None {{(pid=96215) log_opt_values /opt/stack/data/venv/lib/python3.12/site-packages/oslo_config/cfg.py:3253}}
Jun 23 10:28:22.567111 np0000003455 nova-scheduler[96215]: DEBUG cotyledon.oslo_config_glue [-] oslo_limit.service_type = None {{(pid=96215) log_opt_values /opt/stack/data/venv/lib/python3.12/site-packages/oslo_config/cfg.py:3253}}
Jun 23 10:28:22.567300 np0000003455 nova-scheduler[96215]: DEBUG cotyledon.oslo_config_glue [-] oslo_limit.split_loggers = False {{(pid=96215) log_opt_values /opt/stack/data/venv/lib/python3.12/site-packages/oslo_config/cfg.py:3253}}
Jun 23 10:28:22.567300 np0000003455 nova-scheduler[96215]: DEBUG cotyledon.oslo_config_glue [-] oslo_limit.status_code_retries = None {{(pid=96215) log_opt_values /opt/stack/data/venv/lib/python3.12/site-packages/oslo_config/cfg.py:3253}}
Jun 23 10:28:22.567300 np0000003455 nova-scheduler[96215]: DEBUG cotyledon.oslo_config_glue [-] oslo_limit.status_code_retry_delay = None {{(pid=96215) log_opt_values /opt/stack/data/venv/lib/python3.12/site-packages/oslo_config/cfg.py:3253}}
Jun 23 10:28:22.567300 np0000003455 nova-scheduler[96215]: DEBUG cotyledon.oslo_config_glue [-] oslo_limit.timeout = None {{(pid=96215) log_opt_values /opt/stack/data/venv/lib/python3.12/site-packages/oslo_config/cfg.py:3253}}
Jun 23 10:28:22.567300 np0000003455 nova-scheduler[96215]: DEBUG cotyledon.oslo_config_glue [-] oslo_limit.valid_interfaces = None {{(pid=96215) log_opt_values /opt/stack/data/venv/lib/python3.12/site-packages/oslo_config/cfg.py:3253}}
Jun 23 10:28:22.567300 np0000003455 nova-scheduler[96215]: DEBUG cotyledon.oslo_config_glue [-] oslo_limit.version = None {{(pid=96215) log_opt_values /opt/stack/data/venv/lib/python3.12/site-packages/oslo_config/cfg.py:3253}}
Jun 23 10:28:22.567300 np0000003455 nova-scheduler[96215]: DEBUG cotyledon.oslo_config_glue [-] oslo_reports.file_event_handler = None {{(pid=96215) log_opt_values /opt/stack/data/venv/lib/python3.12/site-packages/oslo_config/cfg.py:3253}}
Jun 23 10:28:22.567300 np0000003455 nova-scheduler[96215]: DEBUG cotyledon.oslo_config_glue [-] oslo_reports.file_event_handler_interval = 1 {{(pid=96215) log_opt_values /opt/stack/data/venv/lib/python3.12/site-packages/oslo_config/cfg.py:3253}}
Jun 23 10:28:22.567300 np0000003455 nova-scheduler[96215]: DEBUG cotyledon.oslo_config_glue [-] oslo_reports.log_dir = None {{(pid=96215) log_opt_values /opt/stack/data/venv/lib/python3.12/site-packages/oslo_config/cfg.py:3253}}
Jun 23 10:28:22.567575 np0000003455 nova-scheduler[96215]: DEBUG cotyledon.oslo_config_glue [-] ******************************************************************************** {{(pid=96215) log_opt_values /opt/stack/data/venv/lib/python3.12/site-packages/oslo_config/cfg.py:3260}}
Jun 23 10:28:22.567575 np0000003455 nova-scheduler[96215]: DEBUG cotyledon._service_worker [-] Run service ServiceWrapper(3) [96215] {{(pid=96215) wait_forever /opt/stack/data/venv/lib/python3.12/site-packages/cotyledon/_service_worker.py:218}}
Jun 23 10:28:22.567575 np0000003455 nova-scheduler[96215]: INFO nova.service [-] Starting scheduler node (version 33.1.0)
Jun 23 10:28:22.567690 np0000003455 nova-scheduler[96182]: DEBUG oslo_db.sqlalchemy.engines [None req-330f764d-596e-4f2b-8a37-be5a4cd6c53d None None] MySQL server mode set to STRICT_TRANS_TABLES,STRICT_ALL_TABLES,NO_ZERO_IN_DATE,NO_ZERO_DATE,ERROR_FOR_DIVISION_BY_ZERO,TRADITIONAL,NO_ENGINE_SUBSTITUTION {{(pid=96182) _check_effective_sql_mode /opt/stack/data/venv/lib/python3.12/site-packages/oslo_db/sqlalchemy/engines.py:325}}
Jun 23 10:28:22.567730 np0000003455 nova-scheduler[96215]: INFO dbcounter [None req-4764aa2c-bbb5-4af3-b392-0b277678f392 None None] Registered counter for database nova_cell0
Jun 23 10:28:22.568690 np0000003455 nova-scheduler[96197]: DEBUG oslo_db.sqlalchemy.engines [None req-f87b5c64-8f47-45f9-bcc1-fbcf567f9abe None None] MySQL server mode set to STRICT_TRANS_TABLES,STRICT_ALL_TABLES,NO_ZERO_IN_DATE,NO_ZERO_DATE,ERROR_FOR_DIVISION_BY_ZERO,TRADITIONAL,NO_ENGINE_SUBSTITUTION {{(pid=96197) _check_effective_sql_mode /opt/stack/data/venv/lib/python3.12/site-packages/oslo_db/sqlalchemy/engines.py:325}}
Jun 23 10:28:22.571749 np0000003455 nova-scheduler[96182]: DEBUG dbcounter [-] [96182] Writer thread running {{(pid=96182) stat_writer /opt/stack/data/venv/lib/python3.12/site-packages/dbcounter.py:102}}
Jun 23 10:28:22.581736 np0000003455 nova-scheduler[96197]: DEBUG dbcounter [-] [96197] Writer thread running {{(pid=96197) stat_writer /opt/stack/data/venv/lib/python3.12/site-packages/dbcounter.py:102}}
Jun 23 10:28:22.591517 np0000003455 nova-scheduler[96182]: DEBUG nova.service [None req-330f764d-596e-4f2b-8a37-be5a4cd6c53d None None] Creating RPC server for service: nova-scheduler on topic: scheduler {{(pid=96182) start /opt/stack/nova/nova/service.py:196}}
Jun 23 10:28:22.593188 np0000003455 nova-scheduler[96213]: DEBUG oslo_db.sqlalchemy.engines [None req-ed0826c4-788b-406c-8aa6-f42d3b3b79d9 None None] MySQL server mode set to STRICT_TRANS_TABLES,STRICT_ALL_TABLES,NO_ZERO_IN_DATE,NO_ZERO_DATE,ERROR_FOR_DIVISION_BY_ZERO,TRADITIONAL,NO_ENGINE_SUBSTITUTION {{(pid=96213) _check_effective_sql_mode /opt/stack/data/venv/lib/python3.12/site-packages/oslo_db/sqlalchemy/engines.py:325}}
Jun 23 10:28:22.601001 np0000003455 nova-scheduler[96197]: DEBUG nova.service [None req-f87b5c64-8f47-45f9-bcc1-fbcf567f9abe None None] Creating RPC server for service: nova-scheduler on topic: scheduler {{(pid=96197) start /opt/stack/nova/nova/service.py:196}}
Jun 23 10:28:22.603751 np0000003455 nova-scheduler[96213]: DEBUG dbcounter [-] [96213] Writer thread running {{(pid=96213) stat_writer /opt/stack/data/venv/lib/python3.12/site-packages/dbcounter.py:102}}
Jun 23 10:28:22.607569 np0000003455 nova-scheduler[96213]: DEBUG nova.service [None req-ed0826c4-788b-406c-8aa6-f42d3b3b79d9 None None] Creating RPC server for service: nova-scheduler on topic: scheduler {{(pid=96213) start /opt/stack/nova/nova/service.py:196}}
Jun 23 10:28:22.608707 np0000003455 nova-scheduler[96215]: DEBUG oslo_db.sqlalchemy.engines [None req-4764aa2c-bbb5-4af3-b392-0b277678f392 None None] MySQL server mode set to STRICT_TRANS_TABLES,STRICT_ALL_TABLES,NO_ZERO_IN_DATE,NO_ZERO_DATE,ERROR_FOR_DIVISION_BY_ZERO,TRADITIONAL,NO_ENGINE_SUBSTITUTION {{(pid=96215) _check_effective_sql_mode /opt/stack/data/venv/lib/python3.12/site-packages/oslo_db/sqlalchemy/engines.py:325}}
Jun 23 10:28:22.618380 np0000003455 nova-scheduler[96182]: DEBUG nova.service [None req-330f764d-596e-4f2b-8a37-be5a4cd6c53d None None] Join ServiceGroup membership for this service scheduler {{(pid=96182) start /opt/stack/nova/nova/service.py:222}}
Jun 23 10:28:22.618640 np0000003455 nova-scheduler[96182]: DEBUG nova.servicegroup.drivers.db [None req-330f764d-596e-4f2b-8a37-be5a4cd6c53d None None] DB_Driver: join new ServiceGroup member np0000003455 to the scheduler group, service = {{(pid=96182) join /opt/stack/nova/nova/servicegroup/drivers/db.py:44}}
Jun 23 10:28:22.619542 np0000003455 nova-scheduler[96215]: DEBUG dbcounter [-] [96215] Writer thread running {{(pid=96215) stat_writer /opt/stack/data/venv/lib/python3.12/site-packages/dbcounter.py:102}}
Jun 23 10:28:22.623038 np0000003455 nova-scheduler[96197]: DEBUG nova.service [None req-f87b5c64-8f47-45f9-bcc1-fbcf567f9abe None None] Join ServiceGroup membership for this service scheduler {{(pid=96197) start /opt/stack/nova/nova/service.py:222}}
Jun 23 10:28:22.623243 np0000003455 nova-scheduler[96197]: DEBUG nova.servicegroup.drivers.db [None req-f87b5c64-8f47-45f9-bcc1-fbcf567f9abe None None] DB_Driver: join new ServiceGroup member np0000003455 to the scheduler group, service = {{(pid=96197) join /opt/stack/nova/nova/servicegroup/drivers/db.py:44}}
Jun 23 10:28:22.623476 np0000003455 nova-scheduler[96215]: DEBUG nova.service [None req-4764aa2c-bbb5-4af3-b392-0b277678f392 None None] Creating RPC server for service: nova-scheduler on topic: scheduler {{(pid=96215) start /opt/stack/nova/nova/service.py:196}}
Jun 23 10:28:22.628194 np0000003455 nova-scheduler[96213]: DEBUG nova.service [None req-ed0826c4-788b-406c-8aa6-f42d3b3b79d9 None None] Join ServiceGroup membership for this service scheduler {{(pid=96213) start /opt/stack/nova/nova/service.py:222}}
Jun 23 10:28:22.628477 np0000003455 nova-scheduler[96213]: DEBUG nova.servicegroup.drivers.db [None req-ed0826c4-788b-406c-8aa6-f42d3b3b79d9 None None] DB_Driver: join new ServiceGroup member np0000003455 to the scheduler group, service = {{(pid=96213) join /opt/stack/nova/nova/servicegroup/drivers/db.py:44}}
Jun 23 10:28:22.640579 np0000003455 nova-scheduler[96215]: DEBUG nova.service [None req-4764aa2c-bbb5-4af3-b392-0b277678f392 None None] Join ServiceGroup membership for this service scheduler {{(pid=96215) start /opt/stack/nova/nova/service.py:222}}
Jun 23 10:28:22.640750 np0000003455 nova-scheduler[96215]: DEBUG nova.servicegroup.drivers.db [None req-4764aa2c-bbb5-4af3-b392-0b277678f392 None None] DB_Driver: join new ServiceGroup member np0000003455 to the scheduler group, service = {{(pid=96215) join /opt/stack/nova/nova/servicegroup/drivers/db.py:44}}
Jun 23 10:28:24.625330 np0000003455 nova-scheduler[96197]: DEBUG oslo.service.backend._threading.loopingcall [None req-2dfb82a0-c140-42cf-8a81-b014d55b0e21 None None] Dynamic interval looping call 'nova.service.Service.periodic_tasks' sleeping for 60.00 seconds {{(pid=96197) _run_loop /opt/stack/data/venv/lib/python3.12/site-packages/oslo_service/backend/_threading/loopingcall.py:125}}
Jun 23 10:28:27.629850 np0000003455 nova-scheduler[96182]: DEBUG oslo.service.backend._threading.loopingcall [-] Fixed interval looping call 'nova.servicegroup.drivers.db.DbDriver._report_state' sleeping for 119.99 seconds {{(pid=96182) _run_loop /opt/stack/data/venv/lib/python3.12/site-packages/oslo_service/backend/_threading/loopingcall.py:125}}
Jun 23 10:28:27.631226 np0000003455 nova-scheduler[96197]: DEBUG oslo.service.backend._threading.loopingcall [-] Fixed interval looping call 'nova.servicegroup.drivers.db.DbDriver._report_state' sleeping for 119.99 seconds {{(pid=96197) _run_loop /opt/stack/data/venv/lib/python3.12/site-packages/oslo_service/backend/_threading/loopingcall.py:125}}
Jun 23 10:28:27.638190 np0000003455 nova-scheduler[96213]: DEBUG oslo.service.backend._threading.loopingcall [-] Fixed interval looping call 'nova.servicegroup.drivers.db.DbDriver._report_state' sleeping for 119.99 seconds {{(pid=96213) _run_loop /opt/stack/data/venv/lib/python3.12/site-packages/oslo_service/backend/_threading/loopingcall.py:125}}
Jun 23 10:28:27.650442 np0000003455 nova-scheduler[96215]: DEBUG oslo.service.backend._threading.loopingcall [-] Fixed interval looping call 'nova.servicegroup.drivers.db.DbDriver._report_state' sleeping for 119.99 seconds {{(pid=96215) _run_loop /opt/stack/data/venv/lib/python3.12/site-packages/oslo_service/backend/_threading/loopingcall.py:125}}
Jun 23 10:28:31.121963 np0000003455 nova-scheduler[94940]: DEBUG dbcounter [-] [94940] Writing DB stats nova_api:SELECT=3 {{(pid=94940) stat_writer /opt/stack/data/venv/lib/python3.12/site-packages/dbcounter.py:115}}
Jun 23 10:28:31.253775 np0000003455 nova-scheduler[94940]: DEBUG dbcounter [-] [94940] Writing DB stats nova_cell0:SELECT=1 {{(pid=94940) stat_writer /opt/stack/data/venv/lib/python3.12/site-packages/dbcounter.py:115}}
Jun 23 10:28:31.265569 np0000003455 nova-scheduler[94940]: DEBUG dbcounter [-] [94940] Writing DB stats nova_cell1:SELECT=1 {{(pid=94940) stat_writer /opt/stack/data/venv/lib/python3.12/site-packages/dbcounter.py:115}}
Jun 23 10:28:37.626983 np0000003455 nova-scheduler[96182]: DEBUG dbcounter [-] [96182] Writing DB stats nova_cell0:SELECT=4,nova_cell0:INSERT=1,nova_cell0:UPDATE=1 {{(pid=96182) stat_writer /opt/stack/data/venv/lib/python3.12/site-packages/dbcounter.py:115}}
Jun 23 10:28:37.629528 np0000003455 nova-scheduler[96197]: DEBUG dbcounter [-] [96197] Writing DB stats nova_cell0:SELECT=5,nova_cell0:INSERT=1 {{(pid=96197) stat_writer /opt/stack/data/venv/lib/python3.12/site-packages/dbcounter.py:115}}
Jun 23 10:28:37.635766 np0000003455 nova-scheduler[96213]: DEBUG dbcounter [-] [96213] Writing DB stats nova_cell0:SELECT=3 {{(pid=96213) stat_writer /opt/stack/data/venv/lib/python3.12/site-packages/dbcounter.py:115}}
Jun 23 10:28:37.647784 np0000003455 nova-scheduler[96215]: DEBUG dbcounter [-] [96215] Writing DB stats nova_cell0:SELECT=3 {{(pid=96215) stat_writer /opt/stack/data/venv/lib/python3.12/site-packages/dbcounter.py:115}}
Jun 23 10:28:39.620798 np0000003455 nova-scheduler[96182]: DEBUG oslo.service.backend._threading.loopingcall [None req-ff3ca879-d45d-4add-a0b0-25dede3bb1ec None None] Dynamic interval looping call 'nova.service.Service.periodic_tasks' sleeping for 60.00 seconds {{(pid=96182) _run_loop /opt/stack/data/venv/lib/python3.12/site-packages/oslo_service/backend/_threading/loopingcall.py:125}}
Jun 23 10:28:53.630657 np0000003455 nova-scheduler[96213]: DEBUG oslo.service.backend._threading.loopingcall [None req-0374e19c-a403-4fb2-83ff-472ad96d62e8 None None] Dynamic interval looping call 'nova.service.Service.periodic_tasks' sleeping for 60.00 seconds {{(pid=96213) _run_loop /opt/stack/data/venv/lib/python3.12/site-packages/oslo_service/backend/_threading/loopingcall.py:125}}
Jun 23 10:28:57.642470 np0000003455 nova-scheduler[96215]: DEBUG oslo.service.backend._threading.loopingcall [None req-cca01146-c27b-485f-9216-e3eb4240448b None None] Dynamic interval looping call 'nova.service.Service.periodic_tasks' sleeping for 60.00 seconds {{(pid=96215) _run_loop /opt/stack/data/venv/lib/python3.12/site-packages/oslo_service/backend/_threading/loopingcall.py:125}}
Jun 23 10:29:24.625846 np0000003455 nova-scheduler[96197]: DEBUG oslo.service.backend._threading.loopingcall [None req-2dfb82a0-c140-42cf-8a81-b014d55b0e21 None None] Dynamic interval looping call 'nova.service.Service.periodic_tasks' sleeping for 60.00 seconds {{(pid=96197) _run_loop /opt/stack/data/venv/lib/python3.12/site-packages/oslo_service/backend/_threading/loopingcall.py:125}}
Jun 23 10:29:39.621347 np0000003455 nova-scheduler[96182]: DEBUG oslo.service.backend._threading.loopingcall [None req-ff3ca879-d45d-4add-a0b0-25dede3bb1ec None None] Dynamic interval looping call 'nova.service.Service.periodic_tasks' sleeping for 60.00 seconds {{(pid=96182) _run_loop /opt/stack/data/venv/lib/python3.12/site-packages/oslo_service/backend/_threading/loopingcall.py:125}}
Jun 23 10:29:53.631116 np0000003455 nova-scheduler[96213]: DEBUG oslo.service.backend._threading.loopingcall [None req-0374e19c-a403-4fb2-83ff-472ad96d62e8 None None] Dynamic interval looping call 'nova.service.Service.periodic_tasks' sleeping for 60.00 seconds {{(pid=96213) _run_loop /opt/stack/data/venv/lib/python3.12/site-packages/oslo_service/backend/_threading/loopingcall.py:125}}
Jun 23 10:29:57.642952 np0000003455 nova-scheduler[96215]: DEBUG oslo.service.backend._threading.loopingcall [None req-cca01146-c27b-485f-9216-e3eb4240448b None None] Dynamic interval looping call 'nova.service.Service.periodic_tasks' sleeping for 60.00 seconds {{(pid=96215) _run_loop /opt/stack/data/venv/lib/python3.12/site-packages/oslo_service/backend/_threading/loopingcall.py:125}}
Jun 23 10:30:24.626385 np0000003455 nova-scheduler[96197]: DEBUG oslo.service.backend._threading.loopingcall [None req-2dfb82a0-c140-42cf-8a81-b014d55b0e21 None None] Dynamic interval looping call 'nova.service.Service.periodic_tasks' sleeping for 60.00 seconds {{(pid=96197) _run_loop /opt/stack/data/venv/lib/python3.12/site-packages/oslo_service/backend/_threading/loopingcall.py:125}}
Jun 23 10:30:27.628326 np0000003455 nova-scheduler[96182]: DEBUG oslo.service.backend._threading.loopingcall [-] Fixed interval looping call 'nova.servicegroup.drivers.db.DbDriver._report_state' sleeping for 119.99 seconds {{(pid=96182) _run_loop /opt/stack/data/venv/lib/python3.12/site-packages/oslo_service/backend/_threading/loopingcall.py:125}}
Jun 23 10:30:27.628780 np0000003455 nova-scheduler[96197]: DEBUG oslo.service.backend._threading.loopingcall [-] Fixed interval looping call 'nova.servicegroup.drivers.db.DbDriver._report_state' sleeping for 119.99 seconds {{(pid=96197) _run_loop /opt/stack/data/venv/lib/python3.12/site-packages/oslo_service/backend/_threading/loopingcall.py:125}}
Jun 23 10:30:27.631665 np0000003455 nova-scheduler[96213]: DEBUG oslo.service.backend._threading.loopingcall [-] Fixed interval looping call 'nova.servicegroup.drivers.db.DbDriver._report_state' sleeping for 120.00 seconds {{(pid=96213) _run_loop /opt/stack/data/venv/lib/python3.12/site-packages/oslo_service/backend/_threading/loopingcall.py:125}}
Jun 23 10:30:27.644133 np0000003455 nova-scheduler[96215]: DEBUG oslo.service.backend._threading.loopingcall [-] Fixed interval looping call 'nova.servicegroup.drivers.db.DbDriver._report_state' sleeping for 120.00 seconds {{(pid=96215) _run_loop /opt/stack/data/venv/lib/python3.12/site-packages/oslo_service/backend/_threading/loopingcall.py:125}}
Jun 23 10:30:37.623227 np0000003455 nova-scheduler[96182]: DEBUG dbcounter [-] [96182] Writing DB stats nova_cell0:SELECT=1,nova_cell0:UPDATE=1 {{(pid=96182) stat_writer /opt/stack/data/venv/lib/python3.12/site-packages/dbcounter.py:115}}
Jun 23 10:30:37.626032 np0000003455 nova-scheduler[96197]: DEBUG dbcounter [-] [96197] Writing DB stats nova_cell0:SELECT=1,nova_cell0:UPDATE=1 {{(pid=96197) stat_writer /opt/stack/data/venv/lib/python3.12/site-packages/dbcounter.py:115}}
Jun 23 10:30:37.630059 np0000003455 nova-scheduler[96213]: DEBUG dbcounter [-] [96213] Writing DB stats nova_cell0:SELECT=1 {{(pid=96213) stat_writer /opt/stack/data/venv/lib/python3.12/site-packages/dbcounter.py:115}}
Jun 23 10:30:37.642249 np0000003455 nova-scheduler[96215]: DEBUG dbcounter [-] [96215] Writing DB stats nova_cell0:SELECT=1 {{(pid=96215) stat_writer /opt/stack/data/venv/lib/python3.12/site-packages/dbcounter.py:115}}
Jun 23 10:30:39.621922 np0000003455 nova-scheduler[96182]: DEBUG oslo.service.backend._threading.loopingcall [None req-ff3ca879-d45d-4add-a0b0-25dede3bb1ec None None] Dynamic interval looping call 'nova.service.Service.periodic_tasks' sleeping for 60.00 seconds {{(pid=96182) _run_loop /opt/stack/data/venv/lib/python3.12/site-packages/oslo_service/backend/_threading/loopingcall.py:125}}
Jun 23 10:30:47.929042 np0000003455 nova-scheduler[96182]: DEBUG nova.scheduler.manager [None req-d15836e5-7d8b-4c01-8d7c-e0cd83f01bb2 tempest-ServersNegativeTestJSON-250901241 tempest-ServersNegativeTestJSON-250901241-project-member] Starting to schedule for instances: ['25f7bdb9-1934-48be-828f-d198fddda93c'] {{(pid=96182) select_destinations /opt/stack/nova/nova/scheduler/manager.py:210}}
Jun 23 10:30:47.929551 np0000003455 nova-scheduler[96182]: DEBUG nova.scheduler.request_filter [None req-d15836e5-7d8b-4c01-8d7c-e0cd83f01bb2 tempest-ServersNegativeTestJSON-250901241 tempest-ServersNegativeTestJSON-250901241-project-member] compute_status_filter request filter added forbidden trait COMPUTE_STATUS_DISABLED {{(pid=96182) compute_status_filter /opt/stack/nova/nova/scheduler/request_filter.py:253}}
Jun 23 10:30:47.930090 np0000003455 nova-scheduler[96182]: DEBUG nova.scheduler.request_filter [None req-d15836e5-7d8b-4c01-8d7c-e0cd83f01bb2 tempest-ServersNegativeTestJSON-250901241 tempest-ServersNegativeTestJSON-250901241-project-member] Request filter 'compute_status_filter' took 0.0 seconds {{(pid=96182) wrapper /opt/stack/nova/nova/scheduler/request_filter.py:46}}
Jun 23 10:30:47.930090 np0000003455 nova-scheduler[96182]: DEBUG nova.scheduler.request_filter [None req-d15836e5-7d8b-4c01-8d7c-e0cd83f01bb2 tempest-ServersNegativeTestJSON-250901241 tempest-ServersNegativeTestJSON-250901241-project-member] Request filter 'accelerators_filter' took 0.0 seconds {{(pid=96182) wrapper /opt/stack/nova/nova/scheduler/request_filter.py:46}}
Jun 23 10:30:47.930090 np0000003455 nova-scheduler[96182]: DEBUG nova.scheduler.request_filter [None req-d15836e5-7d8b-4c01-8d7c-e0cd83f01bb2 tempest-ServersNegativeTestJSON-250901241 tempest-ServersNegativeTestJSON-250901241-project-member] Request filter 'packed_virtqueue_filter' took 0.0 seconds {{(pid=96182) wrapper /opt/stack/nova/nova/scheduler/request_filter.py:46}}
Jun 23 10:30:47.930398 np0000003455 nova-scheduler[96182]: DEBUG nova.scheduler.request_filter [None req-d15836e5-7d8b-4c01-8d7c-e0cd83f01bb2 tempest-ServersNegativeTestJSON-250901241 tempest-ServersNegativeTestJSON-250901241-project-member] Request filter 'remote_managed_ports_filter' took 0.0 seconds {{(pid=96182) wrapper /opt/stack/nova/nova/scheduler/request_filter.py:46}}
Jun 23 10:30:47.930927 np0000003455 nova-scheduler[96182]: DEBUG nova.scheduler.request_filter [None req-d15836e5-7d8b-4c01-8d7c-e0cd83f01bb2 tempest-ServersNegativeTestJSON-250901241 tempest-ServersNegativeTestJSON-250901241-project-member] ephemeral_encryption_filter skipped {{(pid=96182) ephemeral_encryption_filter /opt/stack/nova/nova/scheduler/request_filter.py:426}}
Jun 23 10:30:47.930927 np0000003455 nova-scheduler[96182]: DEBUG nova.scheduler.request_filter [None req-d15836e5-7d8b-4c01-8d7c-e0cd83f01bb2 tempest-ServersNegativeTestJSON-250901241 tempest-ServersNegativeTestJSON-250901241-project-member] virtio_sound_filter skipped {{(pid=96182) virtio_sound_filter /opt/stack/nova/nova/scheduler/request_filter.py:460}}
Jun 23 10:30:47.930927 np0000003455 nova-scheduler[96182]: DEBUG nova.scheduler.request_filter [None req-d15836e5-7d8b-4c01-8d7c-e0cd83f01bb2 tempest-ServersNegativeTestJSON-250901241 tempest-ServersNegativeTestJSON-250901241-project-member] tpm_secret_security_filter skipped {{(pid=96182) tpm_secret_security_filter /opt/stack/nova/nova/scheduler/request_filter.py:477}}
Jun 23 10:30:48.572269 np0000003455 nova-scheduler[96182]: INFO nova.utils [None req-d15836e5-7d8b-4c01-8d7c-e0cd83f01bb2 tempest-ServersNegativeTestJSON-250901241 tempest-ServersNegativeTestJSON-250901241-project-member] The cell worker thread pool ForkProcess-1.cell_worker is initialized
Jun 23 10:30:48.572759 np0000003455 nova-scheduler[96182]: DEBUG oslo_concurrency.lockutils [None req-d15836e5-7d8b-4c01-8d7c-e0cd83f01bb2 tempest-ServersNegativeTestJSON-250901241 tempest-ServersNegativeTestJSON-250901241-project-member] Acquiring lock "f465116f-e031-4fbc-9c48-59956f7d8b22" by "nova.context.set_target_cell..get_or_set_cached_cell_and_set_connections" {{(pid=96182) inner /opt/stack/data/venv/lib/python3.12/site-packages/oslo_concurrency/lockutils.py:511}}
Jun 23 10:30:48.572788 np0000003455 nova-scheduler[96182]: DEBUG oslo_concurrency.lockutils [None req-d15836e5-7d8b-4c01-8d7c-e0cd83f01bb2 tempest-ServersNegativeTestJSON-250901241 tempest-ServersNegativeTestJSON-250901241-project-member] Lock "f465116f-e031-4fbc-9c48-59956f7d8b22" acquired by "nova.context.set_target_cell..get_or_set_cached_cell_and_set_connections" :: waited 0.000s {{(pid=96182) inner /opt/stack/data/venv/lib/python3.12/site-packages/oslo_concurrency/lockutils.py:524}}
Jun 23 10:30:48.574121 np0000003455 nova-scheduler[96182]: DEBUG oslo_concurrency.lockutils [None req-d15836e5-7d8b-4c01-8d7c-e0cd83f01bb2 tempest-ServersNegativeTestJSON-250901241 tempest-ServersNegativeTestJSON-250901241-project-member] Lock "f465116f-e031-4fbc-9c48-59956f7d8b22" "released" by "nova.context.set_target_cell..get_or_set_cached_cell_and_set_connections" :: held 0.001s {{(pid=96182) inner /opt/stack/data/venv/lib/python3.12/site-packages/oslo_concurrency/lockutils.py:543}}
Jun 23 10:30:48.577670 np0000003455 nova-scheduler[96182]: INFO dbcounter [None req-d15836e5-7d8b-4c01-8d7c-e0cd83f01bb2 tempest-ServersNegativeTestJSON-250901241 tempest-ServersNegativeTestJSON-250901241-project-member] Registered counter for database nova_cell1
Jun 23 10:30:48.626425 np0000003455 nova-scheduler[96182]: DEBUG oslo_db.sqlalchemy.engines [None req-d15836e5-7d8b-4c01-8d7c-e0cd83f01bb2 tempest-ServersNegativeTestJSON-250901241 tempest-ServersNegativeTestJSON-250901241-project-member] MySQL server mode set to STRICT_TRANS_TABLES,STRICT_ALL_TABLES,NO_ZERO_IN_DATE,NO_ZERO_DATE,ERROR_FOR_DIVISION_BY_ZERO,TRADITIONAL,NO_ENGINE_SUBSTITUTION {{(pid=96182) _check_effective_sql_mode /opt/stack/data/venv/lib/python3.12/site-packages/oslo_db/sqlalchemy/engines.py:325}}
Jun 23 10:30:48.632161 np0000003455 nova-scheduler[96182]: DEBUG dbcounter [-] [96182] Writer thread running {{(pid=96182) stat_writer /opt/stack/data/venv/lib/python3.12/site-packages/dbcounter.py:102}}
Jun 23 10:30:48.650490 np0000003455 nova-scheduler[96182]: DEBUG oslo_db.sqlalchemy.engines [None req-d15836e5-7d8b-4c01-8d7c-e0cd83f01bb2 tempest-ServersNegativeTestJSON-250901241 tempest-ServersNegativeTestJSON-250901241-project-member] Parent process 94940 forked (96182) with an open database connection, which is being discarded and recreated. {{(pid=96182) checkout /opt/stack/data/venv/lib/python3.12/site-packages/oslo_db/sqlalchemy/engines.py:402}}
Jun 23 10:30:48.701664 np0000003455 nova-scheduler[96182]: DEBUG dbcounter [-] [96182] Writer thread running {{(pid=96182) stat_writer /opt/stack/data/venv/lib/python3.12/site-packages/dbcounter.py:102}}
Jun 23 10:30:48.711843 np0000003455 nova-scheduler[96182]: DEBUG oslo_concurrency.lockutils [None req-d15836e5-7d8b-4c01-8d7c-e0cd83f01bb2 tempest-ServersNegativeTestJSON-250901241 tempest-ServersNegativeTestJSON-250901241-project-member] Acquiring lock "f465116f-e031-4fbc-9c48-59956f7d8b22" by "nova.context.set_target_cell..get_or_set_cached_cell_and_set_connections" {{(pid=96182) inner /opt/stack/data/venv/lib/python3.12/site-packages/oslo_concurrency/lockutils.py:511}}
Jun 23 10:30:48.711843 np0000003455 nova-scheduler[96182]: DEBUG oslo_concurrency.lockutils [None req-d15836e5-7d8b-4c01-8d7c-e0cd83f01bb2 tempest-ServersNegativeTestJSON-250901241 tempest-ServersNegativeTestJSON-250901241-project-member] Lock "f465116f-e031-4fbc-9c48-59956f7d8b22" acquired by "nova.context.set_target_cell..get_or_set_cached_cell_and_set_connections" :: waited 0.000s {{(pid=96182) inner /opt/stack/data/venv/lib/python3.12/site-packages/oslo_concurrency/lockutils.py:524}}
Jun 23 10:30:48.711843 np0000003455 nova-scheduler[96182]: DEBUG oslo_concurrency.lockutils [None req-d15836e5-7d8b-4c01-8d7c-e0cd83f01bb2 tempest-ServersNegativeTestJSON-250901241 tempest-ServersNegativeTestJSON-250901241-project-member] Lock "f465116f-e031-4fbc-9c48-59956f7d8b22" "released" by "nova.context.set_target_cell..get_or_set_cached_cell_and_set_connections" :: held 0.000s {{(pid=96182) inner /opt/stack/data/venv/lib/python3.12/site-packages/oslo_concurrency/lockutils.py:543}}
Jun 23 10:30:48.715798 np0000003455 nova-scheduler[96182]: DEBUG oslo_concurrency.lockutils [None req-d15836e5-7d8b-4c01-8d7c-e0cd83f01bb2 tempest-ServersNegativeTestJSON-250901241 tempest-ServersNegativeTestJSON-250901241-project-member] Acquiring lock "('np0000003455', 'np0000003455')" by "nova.scheduler.host_manager.HostState.update.._locked_update" {{(pid=96182) inner /opt/stack/data/venv/lib/python3.12/site-packages/oslo_concurrency/lockutils.py:511}}
Jun 23 10:30:48.716349 np0000003455 nova-scheduler[96182]: DEBUG oslo_concurrency.lockutils [None req-d15836e5-7d8b-4c01-8d7c-e0cd83f01bb2 tempest-ServersNegativeTestJSON-250901241 tempest-ServersNegativeTestJSON-250901241-project-member] Lock "('np0000003455', 'np0000003455')" acquired by "nova.scheduler.host_manager.HostState.update.._locked_update" :: waited 0.000s {{(pid=96182) inner /opt/stack/data/venv/lib/python3.12/site-packages/oslo_concurrency/lockutils.py:524}}
Jun 23 10:30:48.717774 np0000003455 nova-scheduler[96182]: DEBUG nova.scheduler.host_manager [None req-d15836e5-7d8b-4c01-8d7c-e0cd83f01bb2 tempest-ServersNegativeTestJSON-250901241 tempest-ServersNegativeTestJSON-250901241-project-member] Update host state from compute node: ComputeNode(cpu_allocation_ratio=4.0,cpu_info='{"arch": "x86_64", "model": "EPYC-Milan", "vendor": "AMD", "topology": {"cells": 1, "sockets": 16, "cores": 1, "threads": 1}, "maxphysaddr": {"mode": "emulate", "bits": 40}, "features": ["cx8", "nrip-save", "pat", "pae", "xsaveerptr", "ibrs", "mds-no", "stibp", "rdseed", "fma", "no-nested-data-bp", "pge", "clflushopt", "fxsr", "null-sel-clr-base", "fsgsbase", "misalignsse", "perfctr_core", "ibpb", "pdpe1gb", "erms", "lfence-always-serializing", "amd-stibp", "hypervisor", "cmov", "mce", "xsaves", "osvw", "tsc-deadline", "stibp-always-on", "vpclmulqdq", "arat", "umip", "popcnt", "npt", "invpcid", "pse36", "svm", "f16c", "nx", "flushbyasid", "ssbd", "amd-psfd", "movbe", "lm", "aes", "skip-l1dfl-vmentry", "syscall", "rdrand", "vgif", "pclmuldq", "spec-ctrl", "vme", "vmcb-clean", "msr", "mmxext", "xsavec", "svme-addr-chk", "rdctl-no", "xgetbv1", "apic", "x2apic", "smap", "gds-no", "pku", "adx", "pcid", "avx", "vaes", "sse", "sse4.1", "lbrv", "mca", "fsrm", "sse2", "cmp_legacy", "rdpid", "arch-capabilities", "v-vmsave-vmload", "3dnowprefetch", "virt-ssbd", "mmx", "tsc_adjust", "rdtscp", "xsave", "pni", "fxsr_opt", "pfthreshold", "clwb", "tsc", "tsc-scale", "de", "cx16", "abm", "avx2", "bmi1", "sha-ni", "clflush", "xsaveopt", "lahf_lm", "sep", "ssse3", "sse4.2", "mtrr", "pause-filter", "pse", "cr8legacy", "sse4a", "amd-ssbd", "clzero", "fpu", "bmi2", "topoext", "pschange-mc-no", "smep", "wbnoinvd"]}',created_at=2026-06-23T10:28:47Z,current_workload=0,deleted=False,deleted_at=None,disk_allocation_ratio=1.0,disk_available_least=74,free_disk_gb=95,free_ram_mb=63789,host='np0000003455',host_ip=10.4.3.187,hypervisor_hostname='np0000003455',hypervisor_type='QEMU',hypervisor_version=8002002,id=1,local_gb=95,local_gb_used=0,mapped=1,memory_mb=64301,memory_mb_used=512,metrics='[]',numa_topology='{"nova_object.name": "NUMATopology", "nova_object.namespace": "nova", "nova_object.version": "1.2", "nova_object.data": {"cells": [{"nova_object.name": "NUMACell", "nova_object.namespace": "nova", "nova_object.version": "1.5", "nova_object.data": {"id": 0, "cpuset": [0, 1, 2, 3, 4, 5, 6, 7, 8, 9, 10, 11, 12, 13, 14, 15], "pcpuset": [0, 1, 2, 3, 4, 5, 6, 7, 8, 9, 10, 11, 12, 13, 14, 15], "memory": 64301, "cpu_usage": 0, "memory_usage": 0, "pinned_cpus": [], "siblings": [[6], [12], [2], [15], [5], [11], [8], [14], [4], [1], [7], [10], [0], [13], [3], [9]], "mempages": [{"nova_object.name": "NUMAPagesTopology", "nova_object.namespace": "nova", "nova_object.version": "1.1", "nova_object.data": {"size_kb": 4, "total": 16461069, "used": 0, "reserved": 0}, "nova_object.changes": ["used", "size_kb", "reserved", "total"]}, {"nova_object.name": "NUMAPagesTopology", "nova_object.namespace": "nova", "nova_object.version": "1.1", "nova_object.data": {"size_kb": 2048, "total": 0, "used": 0, "reserved": 0}, "nova_object.changes": ["used", "size_kb", "reserved", "total"]}, {"nova_object.name": "NUMAPagesTopology", "nova_object.namespace": "nova", "nova_object.version": "1.1", "nova_object.data": {"size_kb": 1048576, "total": 0, "used": 0, "reserved": 0}, "nova_object.changes": ["used", "size_kb", "reserved", "total"]}], "network_metadata": {"nova_object.name": "NetworkMetadata", "nova_object.namespace": "nova", "nova_object.version": "1.0", "nova_object.data": {"physnets": [], "tunneled": false}, "nova_object.changes": ["physnets", "tunneled"]}, "socket": null}, "nova_object.changes": ["id", "socket", "siblings", "mempages", "network_metadata", "pcpuset", "memory_usage", "cpuset", "memory", "pinned_cpus", "cpu_usage"]}]}, "nova_object.changes": ["cells"]}',pci_device_pools=PciDevicePoolList,ram_allocation_ratio=1.0,running_vms=0,service_id=3,stats={failed_builds='0',uptime=' 10:30:33 up 25 min, 2 users, load average: 1.22, 1.48, 0.88
Jun 23 10:30:48.717774 np0000003455 nova-scheduler[96182]: '},supported_hv_specs=[HVSpec,HVSpec,HVSpec,HVSpec,HVSpec,HVSpec,HVSpec,HVSpec,HVSpec,HVSpec,HVSpec,HVSpec,HVSpec,HVSpec,HVSpec,HVSpec,HVSpec,HVSpec,HVSpec,HVSpec,HVSpec,HVSpec,HVSpec,HVSpec,HVSpec],updated_at=2026-06-23T10:30:35Z,uuid=58a19bdc-6dbe-4b9d-bb96-fee0c0719fda,vcpus=16,vcpus_used=0) {{(pid=96182) _locked_update /opt/stack/nova/nova/scheduler/host_manager.py:168}}
Jun 23 10:30:48.717774 np0000003455 nova-scheduler[96182]: DEBUG nova.scheduler.host_manager [None req-d15836e5-7d8b-4c01-8d7c-e0cd83f01bb2 tempest-ServersNegativeTestJSON-250901241 tempest-ServersNegativeTestJSON-250901241-project-member] Update host state with aggregates: [] {{(pid=96182) _locked_update /opt/stack/nova/nova/scheduler/host_manager.py:171}}
