Jun 23 10:41:46.923496 np0000003455 swift-container-server[84496]: container-server: 127.0.0.1 - - [23/Jun/2026:10:41:46 +0000] "PUT /sdb1/486/AUTH_bde85afb4a7a421cb0ced033c3a2a507/tempest-volumesbackupstest-backup-container-1735640689/volume_415604b4-14fd-4ac0-82ce-614a2901af0d/20260623104139/az_nova_backup_809f9838-fe95-4daa-a4ed-9e3ceae71f6c-00011" 201 - "PUT http://10.4.3.187:8081/sdb1/437/AUTH_bde85afb4a7a421cb0ced033c3a2a507/tempest-volumesbackupstest-backup-container-1735640689/volume_415604b4-14fd-4ac0-82ce-614a2901af0d/20260623104139/az_nova_backup_809f9838-fe95-4daa-a4ed-9e3ceae71f6c-00011" "tx6cf3bde603fa4f03b8876-006a3a62ea" "object-server 84032" 0.0004 "-" 84496 0
Jun 23 10:41:46.926259 np0000003455 container-server[84493]: 127.0.0.1 - - [23/Jun/2026:10:41:46 +0000] "PUT /sdb1/54/AUTH_7412411cd07a4647a1483cc8c8cfbe35/volumebackups/volume_cff63388-4200-4996-90db-6daa25a5529c/20260623104134/az_nova_backup_4ff1be09-35b0-4f39-a538-6cae4b941ac8_metadata" 201 - "PUT http://10.4.3.187:8081/sdb1/10/AUTH_7412411cd07a4647a1483cc8c8cfbe35/volumebackups/volume_cff63388-4200-4996-90db-6daa25a5529c/20260623104134/az_nova_backup_4ff1be09-35b0-4f39-a538-6cae4b941ac8_metadata" "tx95aa98957e7642ab8a917-006a3a62ea" "object-server 84032" 0.0005 "-" 84493 0
Jun 23 10:41:46.926354 np0000003455 swift-container-server[84493]: container-server: 127.0.0.1 - - [23/Jun/2026:10:41:46 +0000] "PUT /sdb1/54/AUTH_7412411cd07a4647a1483cc8c8cfbe35/volumebackups/volume_cff63388-4200-4996-90db-6daa25a5529c/20260623104134/az_nova_backup_4ff1be09-35b0-4f39-a538-6cae4b941ac8_metadata" 201 - "PUT http://10.4.3.187:8081/sdb1/10/AUTH_7412411cd07a4647a1483cc8c8cfbe35/volumebackups/volume_cff63388-4200-4996-90db-6daa25a5529c/20260623104134/az_nova_backup_4ff1be09-35b0-4f39-a538-6cae4b941ac8_metadata" "tx95aa98957e7642ab8a917-006a3a62ea" "object-server 84032" 0.0005 "-" 84493 0
Jun 23 10:41:47.517719 np0000003455 container-server[84494]: 127.0.0.1 - - [23/Jun/2026:10:41:47 +0000] "PUT /sdb1/486/AUTH_bde85afb4a7a421cb0ced033c3a2a507/tempest-volumesbackupstest-backup-container-1735640689/volume_415604b4-14fd-4ac0-82ce-614a2901af0d/20260623104139/az_nova_backup_809f9838-fe95-4daa-a4ed-9e3ceae71f6c-00012" 201 - "PUT http://10.4.3.187:8081/sdb1/103/AUTH_bde85afb4a7a421cb0ced033c3a2a507/tempest-volumesbackupstest-backup-container-1735640689/volume_415604b4-14fd-4ac0-82ce-614a2901af0d/20260623104139/az_nova_backup_809f9838-fe95-4daa-a4ed-9e3ceae71f6c-00012" "tx056ec8ae9592483db0fa4-006a3a62eb" "object-server 84032" 0.0004 "-" 84494 0
Jun 23 10:41:47.518024 np0000003455 swift-container-server[84494]: container-server: 127.0.0.1 - - [23/Jun/2026:10:41:47 +0000] "PUT /sdb1/486/AUTH_bde85afb4a7a421cb0ced033c3a2a507/tempest-volumesbackupstest-backup-container-1735640689/volume_415604b4-14fd-4ac0-82ce-614a2901af0d/20260623104139/az_nova_backup_809f9838-fe95-4daa-a4ed-9e3ceae71f6c-00012" 201 - "PUT http://10.4.3.187:8081/sdb1/103/AUTH_bde85afb4a7a421cb0ced033c3a2a507/tempest-volumesbackupstest-backup-container-1735640689/volume_415604b4-14fd-4ac0-82ce-614a2901af0d/20260623104139/az_nova_backup_809f9838-fe95-4daa-a4ed-9e3ceae71f6c-00012" "tx056ec8ae9592483db0fa4-006a3a62eb" "object-server 84032" 0.0004 "-" 84494 0
Jun 23 10:41:48.087918 np0000003455 container-server[84492]: 127.0.0.1 - - [23/Jun/2026:10:41:48 +0000] "PUT /sdb1/486/AUTH_bde85afb4a7a421cb0ced033c3a2a507/tempest-volumesbackupstest-backup-container-1735640689/volume_415604b4-14fd-4ac0-82ce-614a2901af0d/20260623104139/az_nova_backup_809f9838-fe95-4daa-a4ed-9e3ceae71f6c-00013" 201 - "PUT http://10.4.3.187:8081/sdb1/295/AUTH_bde85afb4a7a421cb0ced033c3a2a507/tempest-volumesbackupstest-backup-container-1735640689/volume_415604b4-14fd-4ac0-82ce-614a2901af0d/20260623104139/az_nova_backup_809f9838-fe95-4daa-a4ed-9e3ceae71f6c-00013" "txdabd2f00de6f48d6a42e0-006a3a62ec" "object-server 84029" 0.0004 "-" 84492 0
Jun 23 10:41:48.088346 np0000003455 swift-container-server[84492]: container-server: 127.0.0.1 - - [23/Jun/2026:10:41:48 +0000] "PUT /sdb1/486/AUTH_bde85afb4a7a421cb0ced033c3a2a507/tempest-volumesbackupstest-backup-container-1735640689/volume_415604b4-14fd-4ac0-82ce-614a2901af0d/20260623104139/az_nova_backup_809f9838-fe95-4daa-a4ed-9e3ceae71f6c-00013" 201 - "PUT http://10.4.3.187:8081/sdb1/295/AUTH_bde85afb4a7a421cb0ced033c3a2a507/tempest-volumesbackupstest-backup-container-1735640689/volume_415604b4-14fd-4ac0-82ce-614a2901af0d/20260623104139/az_nova_backup_809f9838-fe95-4daa-a4ed-9e3ceae71f6c-00013" "txdabd2f00de6f48d6a42e0-006a3a62ec" "object-server 84029" 0.0004 "-" 84492 0
Jun 23 10:41:48.690678 np0000003455 container-server[84493]: 127.0.0.1 - - [23/Jun/2026:10:41:48 +0000] "PUT /sdb1/486/AUTH_bde85afb4a7a421cb0ced033c3a2a507/tempest-volumesbackupstest-backup-container-1735640689/volume_415604b4-14fd-4ac0-82ce-614a2901af0d/20260623104139/az_nova_backup_809f9838-fe95-4daa-a4ed-9e3ceae71f6c-00014" 201 - "PUT http://10.4.3.187:8081/sdb1/72/AUTH_bde85afb4a7a421cb0ced033c3a2a507/tempest-volumesbackupstest-backup-container-1735640689/volume_415604b4-14fd-4ac0-82ce-614a2901af0d/20260623104139/az_nova_backup_809f9838-fe95-4daa-a4ed-9e3ceae71f6c-00014" "tx3a49d20a15744c76ad0cc-006a3a62ec" "object-server 84029" 0.0005 "-" 84493 0
Jun 23 10:41:48.691028 np0000003455 swift-container-server[84493]: container-server: 127.0.0.1 - - [23/Jun/2026:10:41:48 +0000] "PUT /sdb1/486/AUTH_bde85afb4a7a421cb0ced033c3a2a507/tempest-volumesbackupstest-backup-container-1735640689/volume_415604b4-14fd-4ac0-82ce-614a2901af0d/20260623104139/az_nova_backup_809f9838-fe95-4daa-a4ed-9e3ceae71f6c-00014" 201 - "PUT http://10.4.3.187:8081/sdb1/72/AUTH_bde85afb4a7a421cb0ced033c3a2a507/tempest-volumesbackupstest-backup-container-1735640689/volume_415604b4-14fd-4ac0-82ce-614a2901af0d/20260623104139/az_nova_backup_809f9838-fe95-4daa-a4ed-9e3ceae71f6c-00014" "tx3a49d20a15744c76ad0cc-006a3a62ec" "object-server 84029" 0.0005 "-" 84493 0
Jun 23 10:41:49.275283 np0000003455 container-server[84493]: 127.0.0.1 - - [23/Jun/2026:10:41:49 +0000] "PUT /sdb1/486/AUTH_bde85afb4a7a421cb0ced033c3a2a507/tempest-volumesbackupstest-backup-container-1735640689/volume_415604b4-14fd-4ac0-82ce-614a2901af0d/20260623104139/az_nova_backup_809f9838-fe95-4daa-a4ed-9e3ceae71f6c-00015" 201 - "PUT http://10.4.3.187:8081/sdb1/472/AUTH_bde85afb4a7a421cb0ced033c3a2a507/tempest-volumesbackupstest-backup-container-1735640689/volume_415604b4-14fd-4ac0-82ce-614a2901af0d/20260623104139/az_nova_backup_809f9838-fe95-4daa-a4ed-9e3ceae71f6c-00015" "tx0a61478694fc44b49f522-006a3a62ed" "object-server 84026" 0.0005 "-" 84493 0
Jun 23 10:41:49.275550 np0000003455 swift-container-server[84493]: container-server: 127.0.0.1 - - [23/Jun/2026:10:41:49 +0000] "PUT /sdb1/486/AUTH_bde85afb4a7a421cb0ced033c3a2a507/tempest-volumesbackupstest-backup-container-1735640689/volume_415604b4-14fd-4ac0-82ce-614a2901af0d/20260623104139/az_nova_backup_809f9838-fe95-4daa-a4ed-9e3ceae71f6c-00015" 201 - "PUT http://10.4.3.187:8081/sdb1/472/AUTH_bde85afb4a7a421cb0ced033c3a2a507/tempest-volumesbackupstest-backup-container-1735640689/volume_415604b4-14fd-4ac0-82ce-614a2901af0d/20260623104139/az_nova_backup_809f9838-fe95-4daa-a4ed-9e3ceae71f6c-00015" "tx0a61478694fc44b49f522-006a3a62ed" "object-server 84026" 0.0005 "-" 84493 0
Jun 23 10:41:49.882674 np0000003455 container-server[84492]: 127.0.0.1 - - [23/Jun/2026:10:41:49 +0000] "PUT /sdb1/486/AUTH_bde85afb4a7a421cb0ced033c3a2a507/tempest-volumesbackupstest-backup-container-1735640689/volume_415604b4-14fd-4ac0-82ce-614a2901af0d/20260623104139/az_nova_backup_809f9838-fe95-4daa-a4ed-9e3ceae71f6c-00016" 201 - "PUT http://10.4.3.187:8081/sdb1/316/AUTH_bde85afb4a7a421cb0ced033c3a2a507/tempest-volumesbackupstest-backup-container-1735640689/volume_415604b4-14fd-4ac0-82ce-614a2901af0d/20260623104139/az_nova_backup_809f9838-fe95-4daa-a4ed-9e3ceae71f6c-00016" "txcd981e2b9e9149b18287e-006a3a62ed" "object-server 84038" 0.0005 "-" 84492 0
Jun 23 10:41:49.883249 np0000003455 swift-container-server[84492]: container-server: 127.0.0.1 - - [23/Jun/2026:10:41:49 +0000] "PUT /sdb1/486/AUTH_bde85afb4a7a421cb0ced033c3a2a507/tempest-volumesbackupstest-backup-container-1735640689/volume_415604b4-14fd-4ac0-82ce-614a2901af0d/20260623104139/az_nova_backup_809f9838-fe95-4daa-a4ed-9e3ceae71f6c-00016" 201 - "PUT http://10.4.3.187:8081/sdb1/316/AUTH_bde85afb4a7a421cb0ced033c3a2a507/tempest-volumesbackupstest-backup-container-1735640689/volume_415604b4-14fd-4ac0-82ce-614a2901af0d/20260623104139/az_nova_backup_809f9838-fe95-4daa-a4ed-9e3ceae71f6c-00016" "txcd981e2b9e9149b18287e-006a3a62ed" "object-server 84038" 0.0005 "-" 84492 0
Jun 23 10:41:50.893137 np0000003455 swift-container-server[84496]: container-server: 127.0.0.1 - - [23/Jun/2026:10:41:50 +0000] "GET /sdb1/407/AUTH_7b249a5ea5f545f9abf30c0e04955299/tempest-volumesbackupsv39test-backup-container-800720676" 200 6472 "GET http://10.4.3.187:8081/v1/AUTH_7b249a5ea5f545f9abf30c0e04955299/tempest-volumesbackupsv39test-backup-container-800720676?format=json&prefix=volume_ef3de8e0-9149-4910-945c-43c6c29c63f3%2F20260623104132%2Faz_nova_backup_e5654612-3e72-4fae-bf3e-cda697fa6dac&states=listing" "tx6a6a6c534486494fbc338-006a3a62ee" "proxy-server 86137" 0.0112 "-" 84496 0
Jun 23 10:41:50.899189 np0000003455 swift-container-server[84494]: container-server: 127.0.0.1 - - [23/Jun/2026:10:41:50 +0000] "HEAD /sdb1/367/AUTH_c68ae161bb3e4a3bbee048a506e3fa50/volumebackups" 204 - "HEAD http://10.4.3.187:8081/v1/AUTH_c68ae161bb3e4a3bbee048a506e3fa50/volumebackups" "txce3b96cdeed042dca1628-006a3a62ee" "proxy-server 86137" 0.0015 "-" 84494 0
Jun 23 10:41:50.903331 np0000003455 swift-container-server[84493]: container-server: 127.0.0.1 - - [23/Jun/2026:10:41:50 +0000] "GET /sdb1/367/AUTH_c68ae161bb3e4a3bbee048a506e3fa50/volumebackups" 200 6477 "GET http://10.4.3.187:8081/v1/AUTH_c68ae161bb3e4a3bbee048a506e3fa50/volumebackups?format=json&prefix=volume_869caa48-6122-4774-b292-8745cd01fcfe%2F20260623104018%2Faz_nova_backup_dc57ae7f-ddd6-4ea9-9d6c-8abdf4da6394&states=listing" "txce3b96cdeed042dca1628-006a3a62ee" "proxy-server 86137" 0.0029 "-" 84493 0
Jun 23 10:41:50.906605 np0000003455 swift-container-server[84496]: container-server: 127.0.0.1 - - [23/Jun/2026:10:41:50 +0000] "GET /sdb1/407/AUTH_7b249a5ea5f545f9abf30c0e04955299/tempest-volumesbackupsv39test-backup-container-800720676" 200 2 "GET http://10.4.3.187:8081/v1/AUTH_7b249a5ea5f545f9abf30c0e04955299/tempest-volumesbackupsv39test-backup-container-800720676?format=json&marker=volume_ef3de8e0-9149-4910-945c-43c6c29c63f3%2F20260623104132%2Faz_nova_backup_e5654612-3e72-4fae-bf3e-cda697fa6dac_sha256file&prefix=volume_ef3de8e0-9149-4910-945c-43c6c29c63f3%2F20260623104132%2Faz_nova_backup_e5654612-3e72-4fae-bf3e-cda697fa6dac&states=listing" "txbb5cace3dc6f4139bf278-006a3a62ee" "proxy-server 86137" 0.0060 "-" 84496 0
Jun 23 10:41:50.906605 np0000003455 swift-container-server[84496]: container-server: 127.0.0.1 - - [23/Jun/2026:10:41:50 +0000] "GET /sdb1/367/AUTH_c68ae161bb3e4a3bbee048a506e3fa50/volumebackups" 200 2 "GET http://10.4.3.187:8081/v1/AUTH_c68ae161bb3e4a3bbee048a506e3fa50/volumebackups?format=json&marker=volume_869caa48-6122-4774-b292-8745cd01fcfe%2F20260623104018%2Faz_nova_backup_dc57ae7f-ddd6-4ea9-9d6c-8abdf4da6394_sha256file&prefix=volume_869caa48-6122-4774-b292-8745cd01fcfe%2F20260623104018%2Faz_nova_backup_dc57ae7f-ddd6-4ea9-9d6c-8abdf4da6394&states=listing" "tx7022369235554b5292d70-006a3a62ee" "proxy-server 86137" 0.0031 "-" 84496 0
Jun 23 10:41:50.908269 np0000003455 swift-container-server[84493]: container-server: 127.0.0.1 - - [23/Jun/2026:10:41:50 +0000] "PUT /sdb1/486/AUTH_bde85afb4a7a421cb0ced033c3a2a507/tempest-volumesbackupstest-backup-container-1735640689/volume_415604b4-14fd-4ac0-82ce-614a2901af0d/20260623104139/az_nova_backup_809f9838-fe95-4daa-a4ed-9e3ceae71f6c-00017" 201 - "PUT http://10.4.3.187:8081/sdb1/214/AUTH_bde85afb4a7a421cb0ced033c3a2a507/tempest-volumesbackupstest-backup-container-1735640689/volume_415604b4-14fd-4ac0-82ce-614a2901af0d/20260623104139/az_nova_backup_809f9838-fe95-4daa-a4ed-9e3ceae71f6c-00017" "txf6e07e3ed12e4a11878a7-006a3a62ee" "object-server 84038" 0.0006 "-" 84493 0
Jun 23 10:41:50.911614 np0000003455 swift-container-server[84494]: container-server: 127.0.0.1 - - [23/Jun/2026:10:41:50 +0000] "DELETE /sdb1/407/AUTH_7b249a5ea5f545f9abf30c0e04955299/tempest-volumesbackupsv39test-backup-container-800720676/volume_ef3de8e0-9149-4910-945c-43c6c29c63f3/20260623104132/az_nova_backup_e5654612-3e72-4fae-bf3e-cda697fa6dac-00001" 204 - "DELETE http://10.4.3.187:8081/sdb1/92/AUTH_7b249a5ea5f545f9abf30c0e04955299/tempest-volumesbackupsv39test-backup-container-800720676/volume_ef3de8e0-9149-4910-945c-43c6c29c63f3/20260623104132/az_nova_backup_e5654612-3e72-4fae-bf3e-cda697fa6dac-00001" "txea5873e130b241aeb25d8-006a3a62ee" "object-server 84026" 0.0004 "-" 84494 0
Jun 23 10:41:50.914449 np0000003455 swift-container-server[84493]: container-server: 127.0.0.1 - - [23/Jun/2026:10:41:50 +0000] "DELETE /sdb1/367/AUTH_c68ae161bb3e4a3bbee048a506e3fa50/volumebackups/volume_869caa48-6122-4774-b292-8745cd01fcfe/20260623104018/az_nova_backup_dc57ae7f-ddd6-4ea9-9d6c-8abdf4da6394-00001" 204 - "DELETE http://10.4.3.187:8081/sdb1/287/AUTH_c68ae161bb3e4a3bbee048a506e3fa50/volumebackups/volume_869caa48-6122-4774-b292-8745cd01fcfe/20260623104018/az_nova_backup_dc57ae7f-ddd6-4ea9-9d6c-8abdf4da6394-00001" "txabe80469f6694d61b7385-006a3a62ee" "object-server 84029" 0.0004 "-" 84493 0
Jun 23 10:41:50.421206 np0000003455 container-server[84496]: 127.0.0.1 - - [23/Jun/2026:10:41:50 +0000] "GET /sdb1/407/AUTH_7b249a5ea5f545f9abf30c0e04955299/tempest-volumesbackupsv39test-backup-container-800720676" 200 6472 "GET http://10.4.3.187:8081/v1/AUTH_7b249a5ea5f545f9abf30c0e04955299/tempest-volumesbackupsv39test-backup-container-800720676?format=json&prefix=volume_ef3de8e0-9149-4910-945c-43c6c29c63f3%2F20260623104132%2Faz_nova_backup_e5654612-3e72-4fae-bf3e-cda697fa6dac&states=listing" "tx6a6a6c534486494fbc338-006a3a62ee" "proxy-server 86137" 0.0112 "-" 84496 0
Jun 23 10:41:50.915900 np0000003455 swift-container-server[84496]: container-server: 127.0.0.1 - - [23/Jun/2026:10:41:50 +0000] "DELETE /sdb1/407/AUTH_7b249a5ea5f545f9abf30c0e04955299/tempest-volumesbackupsv39test-backup-container-800720676/volume_ef3de8e0-9149-4910-945c-43c6c29c63f3/20260623104132/az_nova_backup_e5654612-3e72-4fae-bf3e-cda697fa6dac-00002" 204 - "DELETE http://10.4.3.187:8081/sdb1/366/AUTH_7b249a5ea5f545f9abf30c0e04955299/tempest-volumesbackupsv39test-backup-container-800720676/volume_ef3de8e0-9149-4910-945c-43c6c29c63f3/20260623104132/az_nova_backup_e5654612-3e72-4fae-bf3e-cda697fa6dac-00002" "txecb600f8741146c4aafd7-006a3a62ee" "object-server 84032" 0.0006 "-" 84496 0
Jun 23 10:41:50.423518 np0000003455 container-server[84494]: 127.0.0.1 - - [23/Jun/2026:10:41:50 +0000] "HEAD /sdb1/367/AUTH_c68ae161bb3e4a3bbee048a506e3fa50/volumebackups" 204 - "HEAD http://10.4.3.187:8081/v1/AUTH_c68ae161bb3e4a3bbee048a506e3fa50/volumebackups" "txce3b96cdeed042dca1628-006a3a62ee" "proxy-server 86137" 0.0015 "-" 84494 0
Jun 23 10:41:50.917149 np0000003455 swift-container-server[84492]: container-server: 127.0.0.1 - - [23/Jun/2026:10:41:50 +0000] "DELETE /sdb1/367/AUTH_c68ae161bb3e4a3bbee048a506e3fa50/volumebackups/volume_869caa48-6122-4774-b292-8745cd01fcfe/20260623104018/az_nova_backup_dc57ae7f-ddd6-4ea9-9d6c-8abdf4da6394-00002" 204 - "DELETE http://10.4.3.187:8081/sdb1/13/AUTH_c68ae161bb3e4a3bbee048a506e3fa50/volumebackups/volume_869caa48-6122-4774-b292-8745cd01fcfe/20260623104018/az_nova_backup_dc57ae7f-ddd6-4ea9-9d6c-8abdf4da6394-00002" "txa4ae8bd1710e4f928e3f1-006a3a62ee" "object-server 84032" 0.0006 "-" 84492 0
Jun 23 10:41:50.919430 np0000003455 swift-container-server[84494]: container-server: 127.0.0.1 - - [23/Jun/2026:10:41:50 +0000] "DELETE /sdb1/407/AUTH_7b249a5ea5f545f9abf30c0e04955299/tempest-volumesbackupsv39test-backup-container-800720676/volume_ef3de8e0-9149-4910-945c-43c6c29c63f3/20260623104132/az_nova_backup_e5654612-3e72-4fae-bf3e-cda697fa6dac-00003" 204 - "DELETE http://10.4.3.187:8081/sdb1/279/AUTH_7b249a5ea5f545f9abf30c0e04955299/tempest-volumesbackupsv39test-backup-container-800720676/volume_ef3de8e0-9149-4910-945c-43c6c29c63f3/20260623104132/az_nova_backup_e5654612-3e72-4fae-bf3e-cda697fa6dac-00003" "txbe741f4503cf4e0c8cac2-006a3a62ee" "object-server 84038" 0.0004 "-" 84494 0
Jun 23 10:41:50.920796 np0000003455 swift-container-server[84496]: container-server: 127.0.0.1 - - [23/Jun/2026:10:41:50 +0000] "DELETE /sdb1/367/AUTH_c68ae161bb3e4a3bbee048a506e3fa50/volumebackups/volume_869caa48-6122-4774-b292-8745cd01fcfe/20260623104018/az_nova_backup_dc57ae7f-ddd6-4ea9-9d6c-8abdf4da6394-00003" 204 - "DELETE http://10.4.3.187:8081/sdb1/281/AUTH_c68ae161bb3e4a3bbee048a506e3fa50/volumebackups/volume_869caa48-6122-4774-b292-8745cd01fcfe/20260623104018/az_nova_backup_dc57ae7f-ddd6-4ea9-9d6c-8abdf4da6394-00003" "tx6e6742c9cb3c41bd9a25f-006a3a62ee" "object-server 84032" 0.0005 "-" 84496 0
Jun 23 10:41:50.921374 np0000003455 swift-container-server[84493]: container-server: 127.0.0.1 - - [23/Jun/2026:10:41:50 +0000] "DELETE /sdb1/407/AUTH_7b249a5ea5f545f9abf30c0e04955299/tempest-volumesbackupsv39test-backup-container-800720676/volume_ef3de8e0-9149-4910-945c-43c6c29c63f3/20260623104132/az_nova_backup_e5654612-3e72-4fae-bf3e-cda697fa6dac-00004" 204 - "DELETE http://10.4.3.187:8081/sdb1/481/AUTH_7b249a5ea5f545f9abf30c0e04955299/tempest-volumesbackupsv39test-backup-container-800720676/volume_ef3de8e0-9149-4910-945c-43c6c29c63f3/20260623104132/az_nova_backup_e5654612-3e72-4fae-bf3e-cda697fa6dac-00004" "tx03eb098e704047bf9609e-006a3a62ee" "object-server 84026" 0.0005 "-" 84493 0
Jun 23 10:41:50.923326 np0000003455 swift-container-server[84492]: container-server: 127.0.0.1 - - [23/Jun/2026:10:41:50 +0000] "DELETE /sdb1/367/AUTH_c68ae161bb3e4a3bbee048a506e3fa50/volumebackups/volume_869caa48-6122-4774-b292-8745cd01fcfe/20260623104018/az_nova_backup_dc57ae7f-ddd6-4ea9-9d6c-8abdf4da6394-00004" 204 - "DELETE http://10.4.3.187:8081/sdb1/161/AUTH_c68ae161bb3e4a3bbee048a506e3fa50/volumebackups/volume_869caa48-6122-4774-b292-8745cd01fcfe/20260623104018/az_nova_backup_dc57ae7f-ddd6-4ea9-9d6c-8abdf4da6394-00004" "txc0abbc7d95c54c66bcdc3-006a3a62ee" "object-server 84029" 0.0004 "-" 84492 0
Jun 23 10:41:50.923778 np0000003455 swift-container-server[84496]: container-server: 127.0.0.1 - - [23/Jun/2026:10:41:50 +0000] "DELETE /sdb1/407/AUTH_7b249a5ea5f545f9abf30c0e04955299/tempest-volumesbackupsv39test-backup-container-800720676/volume_ef3de8e0-9149-4910-945c-43c6c29c63f3/20260623104132/az_nova_backup_e5654612-3e72-4fae-bf3e-cda697fa6dac-00005" 204 - "DELETE http://10.4.3.187:8081/sdb1/42/AUTH_7b249a5ea5f545f9abf30c0e04955299/tempest-volumesbackupsv39test-backup-container-800720676/volume_ef3de8e0-9149-4910-945c-43c6c29c63f3/20260623104132/az_nova_backup_e5654612-3e72-4fae-bf3e-cda697fa6dac-00005" "tx2bb48fbfa5774fcc8f8d7-006a3a62ee" "object-server 84038" 0.0005 "-" 84496 0
Jun 23 10:41:50.923778 np0000003455 swift-container-server[84496]: container-server: 127.0.0.1 - - [23/Jun/2026:10:41:50 +0000] "GET /sdb1/54/AUTH_7412411cd07a4647a1483cc8c8cfbe35/volumebackups" 200 6472 "GET http://10.4.3.187:8081/v1/AUTH_7412411cd07a4647a1483cc8c8cfbe35/volumebackups?format=json&prefix=volume_cff63388-4200-4996-90db-6daa25a5529c%2F20260623104134%2Faz_nova_backup_4ff1be09-35b0-4f39-a538-6cae4b941ac8&states=listing" "txf07d1e4f0c924b9a854ad-006a3a62ee" "proxy-server 86137" 0.0131 "-" 84496 0
Jun 23 10:41:50.924497 np0000003455 swift-container-server[84492]: container-server: 127.0.0.1 - - [23/Jun/2026:10:41:50 +0000] "DELETE /sdb1/367/AUTH_c68ae161bb3e4a3bbee048a506e3fa50/volumebackups/volume_869caa48-6122-4774-b292-8745cd01fcfe/20260623104018/az_nova_backup_dc57ae7f-ddd6-4ea9-9d6c-8abdf4da6394-00005" 204 - "DELETE http://10.4.3.187:8081/sdb1/455/AUTH_c68ae161bb3e4a3bbee048a506e3fa50/volumebackups/volume_869caa48-6122-4774-b292-8745cd01fcfe/20260623104018/az_nova_backup_dc57ae7f-ddd6-4ea9-9d6c-8abdf4da6394-00005" "txf42d9e6a9379431bba462-006a3a62ee" "object-server 84026" 0.0006 "-" 84492 0
Jun 23 10:41:50.925187 np0000003455 swift-container-server[84496]: container-server: 127.0.0.1 - - [23/Jun/2026:10:41:50 +0000] "DELETE /sdb1/407/AUTH_7b249a5ea5f545f9abf30c0e04955299/tempest-volumesbackupsv39test-backup-container-800720676/volume_ef3de8e0-9149-4910-945c-43c6c29c63f3/20260623104132/az_nova_backup_e5654612-3e72-4fae-bf3e-cda697fa6dac-00006" 204 - "DELETE http://10.4.3.187:8081/sdb1/112/AUTH_7b249a5ea5f545f9abf30c0e04955299/tempest-volumesbackupsv39test-backup-container-800720676/volume_ef3de8e0-9149-4910-945c-43c6c29c63f3/20260623104132/az_nova_backup_e5654612-3e72-4fae-bf3e-cda697fa6dac-00006" "tx51e1bc114e0442e7b103f-006a3a62ee" "object-server 84038" 0.0004 "-" 84496 0
Jun 23 10:41:50.925488 np0000003455 swift-container-server[84494]: container-server: 127.0.0.1 - - [23/Jun/2026:10:41:50 +0000] "GET /sdb1/54/AUTH_7412411cd07a4647a1483cc8c8cfbe35/volumebackups" 200 2 "GET http://10.4.3.187:8081/v1/AUTH_7412411cd07a4647a1483cc8c8cfbe35/volumebackups?format=json&marker=volume_cff63388-4200-4996-90db-6daa25a5529c%2F20260623104134%2Faz_nova_backup_4ff1be09-35b0-4f39-a538-6cae4b941ac8_sha256file&prefix=volume_cff63388-4200-4996-90db-6daa25a5529c%2F20260623104134%2Faz_nova_backup_4ff1be09-35b0-4f39-a538-6cae4b941ac8&states=listing" "txf0f9f4747b284603964aa-006a3a62ee" "proxy-server 86137" 0.0045 "-" 84494 0
Jun 23 10:41:50.435459 np0000003455 container-server[84493]: 127.0.0.1 - - [23/Jun/2026:10:41:50 +0000] "GET /sdb1/367/AUTH_c68ae161bb3e4a3bbee048a506e3fa50/volumebackups" 200 6477 "GET http://10.4.3.187:8081/v1/AUTH_c68ae161bb3e4a3bbee048a506e3fa50/volumebackups?format=json&prefix=volume_869caa48-6122-4774-b292-8745cd01fcfe%2F20260623104018%2Faz_nova_backup_dc57ae7f-ddd6-4ea9-9d6c-8abdf4da6394&states=listing" "txce3b96cdeed042dca1628-006a3a62ee" "proxy-server 86137" 0.0029 "-" 84493 0
Jun 23 10:41:50.925767 np0000003455 swift-container-server[84492]: container-server: 127.0.0.1 - - [23/Jun/2026:10:41:50 +0000] "DELETE /sdb1/367/AUTH_c68ae161bb3e4a3bbee048a506e3fa50/volumebackups/volume_869caa48-6122-4774-b292-8745cd01fcfe/20260623104018/az_nova_backup_dc57ae7f-ddd6-4ea9-9d6c-8abdf4da6394-00006" 204 - "DELETE http://10.4.3.187:8081/sdb1/391/AUTH_c68ae161bb3e4a3bbee048a506e3fa50/volumebackups/volume_869caa48-6122-4774-b292-8745cd01fcfe/20260623104018/az_nova_backup_dc57ae7f-ddd6-4ea9-9d6c-8abdf4da6394-00006" "tx9b319756f774429ba472b-006a3a62ee" "object-server 84029" 0.0005 "-" 84492 0
Jun 23 10:41:50.930257 np0000003455 swift-container-server[84496]: container-server: 127.0.0.1 - - [23/Jun/2026:10:41:50 +0000] "DELETE /sdb1/407/AUTH_7b249a5ea5f545f9abf30c0e04955299/tempest-volumesbackupsv39test-backup-container-800720676/volume_ef3de8e0-9149-4910-945c-43c6c29c63f3/20260623104132/az_nova_backup_e5654612-3e72-4fae-bf3e-cda697fa6dac-00007" 204 - "DELETE http://10.4.3.187:8081/sdb1/372/AUTH_7b249a5ea5f545f9abf30c0e04955299/tempest-volumesbackupsv39test-backup-container-800720676/volume_ef3de8e0-9149-4910-945c-43c6c29c63f3/20260623104132/az_nova_backup_e5654612-3e72-4fae-bf3e-cda697fa6dac-00007" "tx77477601e4d2496e95912-006a3a62ee" "object-server 84029" 0.0004 "-" 84496 0
Jun 23 10:41:50.930257 np0000003455 swift-container-server[84496]: container-server: 127.0.0.1 - - [23/Jun/2026:10:41:50 +0000] "DELETE /sdb1/54/AUTH_7412411cd07a4647a1483cc8c8cfbe35/volumebackups/volume_cff63388-4200-4996-90db-6daa25a5529c/20260623104134/az_nova_backup_4ff1be09-35b0-4f39-a538-6cae4b941ac8-00001" 204 - "DELETE http://10.4.3.187:8081/sdb1/107/AUTH_7412411cd07a4647a1483cc8c8cfbe35/volumebackups/volume_cff63388-4200-4996-90db-6daa25a5529c/20260623104134/az_nova_backup_4ff1be09-35b0-4f39-a538-6cae4b941ac8-00001" "tx2973820b9f7e4edaa1265-006a3a62ee" "object-server 84038" 0.0005 "-" 84496 0
Jun 23 10:41:50.930681 np0000003455 swift-container-server[84493]: container-server: 127.0.0.1 - - [23/Jun/2026:10:41:50 +0000] "DELETE /sdb1/367/AUTH_c68ae161bb3e4a3bbee048a506e3fa50/volumebackups/volume_869caa48-6122-4774-b292-8745cd01fcfe/20260623104018/az_nova_backup_dc57ae7f-ddd6-4ea9-9d6c-8abdf4da6394-00007" 204 - "DELETE http://10.4.3.187:8081/sdb1/221/AUTH_c68ae161bb3e4a3bbee048a506e3fa50/volumebackups/volume_869caa48-6122-4774-b292-8745cd01fcfe/20260623104018/az_nova_backup_dc57ae7f-ddd6-4ea9-9d6c-8abdf4da6394-00007" "tx1f316f34c8cd487eb0333-006a3a62ee" "object-server 84026" 0.0005 "-" 84493 0
Jun 23 10:41:50.931132 np0000003455 swift-container-server[84496]: container-server: 127.0.0.1 - - [23/Jun/2026:10:41:50 +0000] "DELETE /sdb1/407/AUTH_7b249a5ea5f545f9abf30c0e04955299/tempest-volumesbackupsv39test-backup-container-800720676/volume_ef3de8e0-9149-4910-945c-43c6c29c63f3/20260623104132/az_nova_backup_e5654612-3e72-4fae-bf3e-cda697fa6dac-00008" 204 - "DELETE http://10.4.3.187:8081/sdb1/292/AUTH_7b249a5ea5f545f9abf30c0e04955299/tempest-volumesbackupsv39test-backup-container-800720676/volume_ef3de8e0-9149-4910-945c-43c6c29c63f3/20260623104132/az_nova_backup_e5654612-3e72-4fae-bf3e-cda697fa6dac-00008" "tx28defffe777b4b829b959-006a3a62ee" "object-server 84026" 0.0004 "-" 84496 0
Jun 23 10:41:50.931499 np0000003455 swift-container-server[84493]: container-server: 127.0.0.1 - - [23/Jun/2026:10:41:50 +0000] "DELETE /sdb1/54/AUTH_7412411cd07a4647a1483cc8c8cfbe35/volumebackups/volume_cff63388-4200-4996-90db-6daa25a5529c/20260623104134/az_nova_backup_4ff1be09-35b0-4f39-a538-6cae4b941ac8-00002" 204 - "DELETE http://10.4.3.187:8081/sdb1/414/AUTH_7412411cd07a4647a1483cc8c8cfbe35/volumebackups/volume_cff63388-4200-4996-90db-6daa25a5529c/20260623104134/az_nova_backup_4ff1be09-35b0-4f39-a538-6cae4b941ac8-00002" "tx733f02cf564a4388a160d-006a3a62ee" "object-server 84032" 0.0006 "-" 84493 0
Jun 23 10:41:50.931835 np0000003455 swift-container-server[84496]: container-server: 127.0.0.1 - - [23/Jun/2026:10:41:50 +0000] "DELETE /sdb1/367/AUTH_c68ae161bb3e4a3bbee048a506e3fa50/volumebackups/volume_869caa48-6122-4774-b292-8745cd01fcfe/20260623104018/az_nova_backup_dc57ae7f-ddd6-4ea9-9d6c-8abdf4da6394-00008" 204 - "DELETE http://10.4.3.187:8081/sdb1/62/AUTH_c68ae161bb3e4a3bbee048a506e3fa50/volumebackups/volume_869caa48-6122-4774-b292-8745cd01fcfe/20260623104018/az_nova_backup_dc57ae7f-ddd6-4ea9-9d6c-8abdf4da6394-00008" "tx0c3d7cafd5ef4e92ad5f1-006a3a62ee" "object-server 84026" 0.0005 "-" 84496 0
Jun 23 10:41:50.932219 np0000003455 swift-container-server[84493]: container-server: 127.0.0.1 - - [23/Jun/2026:10:41:50 +0000] "DELETE /sdb1/54/AUTH_7412411cd07a4647a1483cc8c8cfbe35/volumebackups/volume_cff63388-4200-4996-90db-6daa25a5529c/20260623104134/az_nova_backup_4ff1be09-35b0-4f39-a538-6cae4b941ac8-00003" 204 - "DELETE http://10.4.3.187:8081/sdb1/85/AUTH_7412411cd07a4647a1483cc8c8cfbe35/volumebackups/volume_cff63388-4200-4996-90db-6daa25a5529c/20260623104134/az_nova_backup_4ff1be09-35b0-4f39-a538-6cae4b941ac8-00003" "tx0b8cb13aaffc4d3c9d73b-006a3a62ee" "object-server 84038" 0.0005 "-" 84493 0
Jun 23 10:41:50.932764 np0000003455 swift-container-server[84492]: container-server: 127.0.0.1 - - [23/Jun/2026:10:41:50 +0000] "DELETE /sdb1/407/AUTH_7b249a5ea5f545f9abf30c0e04955299/tempest-volumesbackupsv39test-backup-container-800720676/volume_ef3de8e0-9149-4910-945c-43c6c29c63f3/20260623104132/az_nova_backup_e5654612-3e72-4fae-bf3e-cda697fa6dac-00009" 204 - "DELETE http://10.4.3.187:8081/sdb1/462/AUTH_7b249a5ea5f545f9abf30c0e04955299/tempest-volumesbackupsv39test-backup-container-800720676/volume_ef3de8e0-9149-4910-945c-43c6c29c63f3/20260623104132/az_nova_backup_e5654612-3e72-4fae-bf3e-cda697fa6dac-00009" "txc0490125e9cc4fe0b8f76-006a3a62ee" "object-server 84026" 0.0004 "-" 84492 0
Jun 23 10:41:50.933311 np0000003455 swift-container-server[84494]: container-server: 127.0.0.1 - - [23/Jun/2026:10:41:50 +0000] "DELETE /sdb1/367/AUTH_c68ae161bb3e4a3bbee048a506e3fa50/volumebackups/volume_869caa48-6122-4774-b292-8745cd01fcfe/20260623104018/az_nova_backup_dc57ae7f-ddd6-4ea9-9d6c-8abdf4da6394-00009" 204 - "DELETE http://10.4.3.187:8081/sdb1/350/AUTH_c68ae161bb3e4a3bbee048a506e3fa50/volumebackups/volume_869caa48-6122-4774-b292-8745cd01fcfe/20260623104018/az_nova_backup_dc57ae7f-ddd6-4ea9-9d6c-8abdf4da6394-00009" "txcd94459412a1486b9ee3c-006a3a62ee" "object-server 84038" 0.0005 "-" 84494 0
Jun 23 10:41:50.933311 np0000003455 swift-container-server[84494]: container-server: 127.0.0.1 - - [23/Jun/2026:10:41:50 +0000] "DELETE /sdb1/54/AUTH_7412411cd07a4647a1483cc8c8cfbe35/volumebackups/volume_cff63388-4200-4996-90db-6daa25a5529c/20260623104134/az_nova_backup_4ff1be09-35b0-4f39-a538-6cae4b941ac8-00004" 204 - "DELETE http://10.4.3.187:8081/sdb1/167/AUTH_7412411cd07a4647a1483cc8c8cfbe35/volumebackups/volume_cff63388-4200-4996-90db-6daa25a5529c/20260623104134/az_nova_backup_4ff1be09-35b0-4f39-a538-6cae4b941ac8-00004" "tx6bda777ae5694daaa8b52-006a3a62ee" "object-server 84026" 0.0004 "-" 84494 0
Jun 23 10:41:50.933922 np0000003455 swift-container-server[84496]: container-server: 127.0.0.1 - - [23/Jun/2026:10:41:50 +0000] "DELETE /sdb1/367/AUTH_c68ae161bb3e4a3bbee048a506e3fa50/volumebackups/volume_869caa48-6122-4774-b292-8745cd01fcfe/20260623104018/az_nova_backup_dc57ae7f-ddd6-4ea9-9d6c-8abdf4da6394-00010" 204 - "DELETE http://10.4.3.187:8081/sdb1/231/AUTH_c68ae161bb3e4a3bbee048a506e3fa50/volumebackups/volume_869caa48-6122-4774-b292-8745cd01fcfe/20260623104018/az_nova_backup_dc57ae7f-ddd6-4ea9-9d6c-8abdf4da6394-00010" "tx2949d4949aa943208cadd-006a3a62ee" "object-server 84029" 0.0005 "-" 84496 0
Jun 23 10:41:50.933922 np0000003455 swift-container-server[84496]: container-server: 127.0.0.1 - - [23/Jun/2026:10:41:50 +0000] "DELETE /sdb1/407/AUTH_7b249a5ea5f545f9abf30c0e04955299/tempest-volumesbackupsv39test-backup-container-800720676/volume_ef3de8e0-9149-4910-945c-43c6c29c63f3/20260623104132/az_nova_backup_e5654612-3e72-4fae-bf3e-cda697fa6dac-00010" 204 - "DELETE http://10.4.3.187:8081/sdb1/120/AUTH_7b249a5ea5f545f9abf30c0e04955299/tempest-volumesbackupsv39test-backup-container-800720676/volume_ef3de8e0-9149-4910-945c-43c6c29c63f3/20260623104132/az_nova_backup_e5654612-3e72-4fae-bf3e-cda697fa6dac-00010" "txa65528168dd54334a91f5-006a3a62ee" "object-server 84038" 0.0004 "-" 84496 0
Jun 23 10:41:50.933922 np0000003455 swift-container-server[84496]: container-server: 127.0.0.1 - - [23/Jun/2026:10:41:50 +0000] "DELETE /sdb1/54/AUTH_7412411cd07a4647a1483cc8c8cfbe35/volumebackups/volume_cff63388-4200-4996-90db-6daa25a5529c/20260623104134/az_nova_backup_4ff1be09-35b0-4f39-a538-6cae4b941ac8-00005" 204 - "DELETE http://10.4.3.187:8081/sdb1/25/AUTH_7412411cd07a4647a1483cc8c8cfbe35/volumebackups/volume_cff63388-4200-4996-90db-6daa25a5529c/20260623104134/az_nova_backup_4ff1be09-35b0-4f39-a538-6cae4b941ac8-00005" "tx8524c8919d43442db2e4e-006a3a62ee" "object-server 84029" 0.0004 "-" 84496 0
Jun 23 10:41:50.934718 np0000003455 swift-container-server[84494]: container-server: 127.0.0.1 - - [23/Jun/2026:10:41:50 +0000] "DELETE /sdb1/367/AUTH_c68ae161bb3e4a3bbee048a506e3fa50/volumebackups/volume_869caa48-6122-4774-b292-8745cd01fcfe/20260623104018/az_nova_backup_dc57ae7f-ddd6-4ea9-9d6c-8abdf4da6394-00011" 204 - "DELETE http://10.4.3.187:8081/sdb1/165/AUTH_c68ae161bb3e4a3bbee048a506e3fa50/volumebackups/volume_869caa48-6122-4774-b292-8745cd01fcfe/20260623104018/az_nova_backup_dc57ae7f-ddd6-4ea9-9d6c-8abdf4da6394-00011" "tx10e53b852b244ac69ac58-006a3a62ee" "object-server 84032" 0.0005 "-" 84494 0
Jun 23 10:41:50.934718 np0000003455 swift-container-server[84494]: container-server: 127.0.0.1 - - [23/Jun/2026:10:41:50 +0000] "DELETE /sdb1/407/AUTH_7b249a5ea5f545f9abf30c0e04955299/tempest-volumesbackupsv39test-backup-container-800720676/volume_ef3de8e0-9149-4910-945c-43c6c29c63f3/20260623104132/az_nova_backup_e5654612-3e72-4fae-bf3e-cda697fa6dac-00011" 204 - "DELETE http://10.4.3.187:8081/sdb1/461/AUTH_7b249a5ea5f545f9abf30c0e04955299/tempest-volumesbackupsv39test-backup-container-800720676/volume_ef3de8e0-9149-4910-945c-43c6c29c63f3/20260623104132/az_nova_backup_e5654612-3e72-4fae-bf3e-cda697fa6dac-00011" "tx636d3bdeeec14ebaa6054-006a3a62ee" "object-server 84032" 0.0005 "-" 84494 0
Jun 23 10:41:50.935192 np0000003455 swift-container-server[84493]: container-server: 127.0.0.1 - - [23/Jun/2026:10:41:50 +0000] "DELETE /sdb1/54/AUTH_7412411cd07a4647a1483cc8c8cfbe35/volumebackups/volume_cff63388-4200-4996-90db-6daa25a5529c/20260623104134/az_nova_backup_4ff1be09-35b0-4f39-a538-6cae4b941ac8-00006" 204 - "DELETE http://10.4.3.187:8081/sdb1/506/AUTH_7412411cd07a4647a1483cc8c8cfbe35/volumebackups/volume_cff63388-4200-4996-90db-6daa25a5529c/20260623104134/az_nova_backup_4ff1be09-35b0-4f39-a538-6cae4b941ac8-00006" "tx0884b830b71345ffa0120-006a3a62ee" "object-server 84026" 0.0005 "-" 84493 0
Jun 23 10:41:50.935192 np0000003455 swift-container-server[84493]: container-server: 127.0.0.1 - - [23/Jun/2026:10:41:50 +0000] "DELETE /sdb1/367/AUTH_c68ae161bb3e4a3bbee048a506e3fa50/volumebackups/volume_869caa48-6122-4774-b292-8745cd01fcfe/20260623104018/az_nova_backup_dc57ae7f-ddd6-4ea9-9d6c-8abdf4da6394-00012" 204 - "DELETE http://10.4.3.187:8081/sdb1/477/AUTH_c68ae161bb3e4a3bbee048a506e3fa50/volumebackups/volume_869caa48-6122-4774-b292-8745cd01fcfe/20260623104018/az_nova_backup_dc57ae7f-ddd6-4ea9-9d6c-8abdf4da6394-00012" "tx18988b7371464b4b91232-006a3a62ee" "object-server 84026" 0.0006 "-" 84493 0
Jun 23 10:41:50.935398 np0000003455 swift-container-server[84492]: container-server: 127.0.0.1 - - [23/Jun/2026:10:41:50 +0000] "DELETE /sdb1/407/AUTH_7b249a5ea5f545f9abf30c0e04955299/tempest-volumesbackupsv39test-backup-container-800720676/volume_ef3de8e0-9149-4910-945c-43c6c29c63f3/20260623104132/az_nova_backup_e5654612-3e72-4fae-bf3e-cda697fa6dac-00012" 204 - "DELETE http://10.4.3.187:8081/sdb1/138/AUTH_7b249a5ea5f545f9abf30c0e04955299/tempest-volumesbackupsv39test-backup-container-800720676/volume_ef3de8e0-9149-4910-945c-43c6c29c63f3/20260623104132/az_nova_backup_e5654612-3e72-4fae-bf3e-cda697fa6dac-00012" "tx486ca0fe794f45cd86693-006a3a62ee" "object-server 84026" 0.0005 "-" 84492 0
Jun 23 10:41:50.935842 np0000003455 swift-container-server[84493]: container-server: 127.0.0.1 - - [23/Jun/2026:10:41:50 +0000] "DELETE /sdb1/54/AUTH_7412411cd07a4647a1483cc8c8cfbe35/volumebackups/volume_cff63388-4200-4996-90db-6daa25a5529c/20260623104134/az_nova_backup_4ff1be09-35b0-4f39-a538-6cae4b941ac8-00007" 204 - "DELETE http://10.4.3.187:8081/sdb1/362/AUTH_7412411cd07a4647a1483cc8c8cfbe35/volumebackups/volume_cff63388-4200-4996-90db-6daa25a5529c/20260623104134/az_nova_backup_4ff1be09-35b0-4f39-a538-6cae4b941ac8-00007" "tx20c96a7c8c4d4aed8feb9-006a3a62ee" "object-server 84029" 0.0004 "-" 84493 0
Jun 23 10:41:50.935980 np0000003455 swift-container-server[84494]: container-server: 127.0.0.1 - - [23/Jun/2026:10:41:50 +0000] "DELETE /sdb1/367/AUTH_c68ae161bb3e4a3bbee048a506e3fa50/volumebackups/volume_869caa48-6122-4774-b292-8745cd01fcfe/20260623104018/az_nova_backup_dc57ae7f-ddd6-4ea9-9d6c-8abdf4da6394-00013" 204 - "DELETE http://10.4.3.187:8081/sdb1/408/AUTH_c68ae161bb3e4a3bbee048a506e3fa50/volumebackups/volume_869caa48-6122-4774-b292-8745cd01fcfe/20260623104018/az_nova_backup_dc57ae7f-ddd6-4ea9-9d6c-8abdf4da6394-00013" "txa8a2e03c45574069aff06-006a3a62ee" "object-server 84032" 0.0005 "-" 84494 0
Jun 23 10:41:50.936317 np0000003455 swift-container-server[84496]: container-server: 127.0.0.1 - - [23/Jun/2026:10:41:50 +0000] "DELETE /sdb1/407/AUTH_7b249a5ea5f545f9abf30c0e04955299/tempest-volumesbackupsv39test-backup-container-800720676/volume_ef3de8e0-9149-4910-945c-43c6c29c63f3/20260623104132/az_nova_backup_e5654612-3e72-4fae-bf3e-cda697fa6dac-00013" 204 - "DELETE http://10.4.3.187:8081/sdb1/259/AUTH_7b249a5ea5f545f9abf30c0e04955299/tempest-volumesbackupsv39test-backup-container-800720676/volume_ef3de8e0-9149-4910-945c-43c6c29c63f3/20260623104132/az_nova_backup_e5654612-3e72-4fae-bf3e-cda697fa6dac-00013" "txc5c8eaf766674456a6cca-006a3a62ee" "object-server 84029" 0.0004 "-" 84496 0
Jun 23 10:41:50.936865 np0000003455 swift-container-server[84494]: container-server: 127.0.0.1 - - [23/Jun/2026:10:41:50 +0000] "DELETE /sdb1/54/AUTH_7412411cd07a4647a1483cc8c8cfbe35/volumebackups/volume_cff63388-4200-4996-90db-6daa25a5529c/20260623104134/az_nova_backup_4ff1be09-35b0-4f39-a538-6cae4b941ac8-00008" 204 - "DELETE http://10.4.3.187:8081/sdb1/38/AUTH_7412411cd07a4647a1483cc8c8cfbe35/volumebackups/volume_cff63388-4200-4996-90db-6daa25a5529c/20260623104134/az_nova_backup_4ff1be09-35b0-4f39-a538-6cae4b941ac8-00008" "txa115b230e4384142acb63-006a3a62ee" "object-server 84026" 0.0006 "-" 84494 0
Jun 23 10:41:50.936865 np0000003455 swift-container-server[84494]: container-server: 127.0.0.1 - - [23/Jun/2026:10:41:50 +0000] "DELETE /sdb1/367/AUTH_c68ae161bb3e4a3bbee048a506e3fa50/volumebackups/volume_869caa48-6122-4774-b292-8745cd01fcfe/20260623104018/az_nova_backup_dc57ae7f-ddd6-4ea9-9d6c-8abdf4da6394-00014" 204 - "DELETE http://10.4.3.187:8081/sdb1/410/AUTH_c68ae161bb3e4a3bbee048a506e3fa50/volumebackups/volume_869caa48-6122-4774-b292-8745cd01fcfe/20260623104018/az_nova_backup_dc57ae7f-ddd6-4ea9-9d6c-8abdf4da6394-00014" "tx8eb1019c8cdf47c4b4eb8-006a3a62ee" "object-server 84032" 0.0005 "-" 84494 0
Jun 23 10:41:50.937004 np0000003455 swift-container-server[84496]: container-server: 127.0.0.1 - - [23/Jun/2026:10:41:50 +0000] "DELETE /sdb1/407/AUTH_7b249a5ea5f545f9abf30c0e04955299/tempest-volumesbackupsv39test-backup-container-800720676/volume_ef3de8e0-9149-4910-945c-43c6c29c63f3/20260623104132/az_nova_backup_e5654612-3e72-4fae-bf3e-cda697fa6dac-00014" 204 - "DELETE http://10.4.3.187:8081/sdb1/505/AUTH_7b249a5ea5f545f9abf30c0e04955299/tempest-volumesbackupsv39test-backup-container-800720676/volume_ef3de8e0-9149-4910-945c-43c6c29c63f3/20260623104132/az_nova_backup_e5654612-3e72-4fae-bf3e-cda697fa6dac-00014" "tx3a82f0bffdcc41eeb2086-006a3a62ee" "object-server 84029" 0.0005 "-" 84496 0
Jun 23 10:41:50.453330 np0000003455 container-server[84496]: 127.0.0.1 - - [23/Jun/2026:10:41:50 +0000] "GET /sdb1/407/AUTH_7b249a5ea5f545f9abf30c0e04955299/tempest-volumesbackupsv39test-backup-container-800720676" 200 2 "GET http://10.4.3.187:8081/v1/AUTH_7b249a5ea5f545f9abf30c0e04955299/tempest-volumesbackupsv39test-backup-container-800720676?format=json&marker=volume_ef3de8e0-9149-4910-945c-43c6c29c63f3%2F20260623104132%2Faz_nova_backup_e5654612-3e72-4fae-bf3e-cda697fa6dac_sha256file&prefix=volume_ef3de8e0-9149-4910-945c-43c6c29c63f3%2F20260623104132%2Faz_nova_backup_e5654612-3e72-4fae-bf3e-cda697fa6dac&states=listing" "txbb5cace3dc6f4139bf278-006a3a62ee" "proxy-server 86137" 0.0060 "-" 84496 0
Jun 23 10:41:50.937347 np0000003455 swift-container-server[84493]: container-server: 127.0.0.1 - - [23/Jun/2026:10:41:50 +0000] "DELETE /sdb1/54/AUTH_7412411cd07a4647a1483cc8c8cfbe35/volumebackups/volume_cff63388-4200-4996-90db-6daa25a5529c/20260623104134/az_nova_backup_4ff1be09-35b0-4f39-a538-6cae4b941ac8-00009" 204 - "DELETE http://10.4.3.187:8081/sdb1/265/AUTH_7412411cd07a4647a1483cc8c8cfbe35/volumebackups/volume_cff63388-4200-4996-90db-6daa25a5529c/20260623104134/az_nova_backup_4ff1be09-35b0-4f39-a538-6cae4b941ac8-00009" "txc810fc08be7847caa1eaf-006a3a62ee" "object-server 84032" 0.0005 "-" 84493 0
Jun 23 10:41:50.458938 np0000003455 container-server[84496]: 127.0.0.1 - - [23/Jun/2026:10:41:50 +0000] "GET /sdb1/367/AUTH_c68ae161bb3e4a3bbee048a506e3fa50/volumebackups" 200 2 "GET http://10.4.3.187:8081/v1/AUTH_c68ae161bb3e4a3bbee048a506e3fa50/volumebackups?format=json&marker=volume_869caa48-6122-4774-b292-8745cd01fcfe%2F20260623104018%2Faz_nova_backup_dc57ae7f-ddd6-4ea9-9d6c-8abdf4da6394_sha256file&prefix=volume_869caa48-6122-4774-b292-8745cd01fcfe%2F20260623104018%2Faz_nova_backup_dc57ae7f-ddd6-4ea9-9d6c-8abdf4da6394&states=listing" "tx7022369235554b5292d70-006a3a62ee" "proxy-server 86137" 0.0031 "-" 84496 0
Jun 23 10:41:50.466794 np0000003455 container-server[84493]: 127.0.0.1 - - [23/Jun/2026:10:41:50 +0000] "PUT /sdb1/486/AUTH_bde85afb4a7a421cb0ced033c3a2a507/tempest-volumesbackupstest-backup-container-1735640689/volume_415604b4-14fd-4ac0-82ce-614a2901af0d/20260623104139/az_nova_backup_809f9838-fe95-4daa-a4ed-9e3ceae71f6c-00017" 201 - "PUT http://10.4.3.187:8081/sdb1/214/AUTH_bde85afb4a7a421cb0ced033c3a2a507/tempest-volumesbackupstest-backup-container-1735640689/volume_415604b4-14fd-4ac0-82ce-614a2901af0d/20260623104139/az_nova_backup_809f9838-fe95-4daa-a4ed-9e3ceae71f6c-00017" "txf6e07e3ed12e4a11878a7-006a3a62ee" "object-server 84038" 0.0006 "-" 84493 0
Jun 23 10:41:50.480978 np0000003455 container-server[84494]: 127.0.0.1 - - [23/Jun/2026:10:41:50 +0000] "DELETE /sdb1/407/AUTH_7b249a5ea5f545f9abf30c0e04955299/tempest-volumesbackupsv39test-backup-container-800720676/volume_ef3de8e0-9149-4910-945c-43c6c29c63f3/20260623104132/az_nova_backup_e5654612-3e72-4fae-bf3e-cda697fa6dac-00001" 204 - "DELETE http://10.4.3.187:8081/sdb1/92/AUTH_7b249a5ea5f545f9abf30c0e04955299/tempest-volumesbackupsv39test-backup-container-800720676/volume_ef3de8e0-9149-4910-945c-43c6c29c63f3/20260623104132/az_nova_backup_e5654612-3e72-4fae-bf3e-cda697fa6dac-00001" "txea5873e130b241aeb25d8-006a3a62ee" "object-server 84026" 0.0004 "-" 84494 0
Jun 23 10:41:50.943341 np0000003455 swift-container-server[84492]: container-server: 127.0.0.1 - - [23/Jun/2026:10:41:50 +0000] "DELETE /sdb1/407/AUTH_7b249a5ea5f545f9abf30c0e04955299/tempest-volumesbackupsv39test-backup-container-800720676/volume_ef3de8e0-9149-4910-945c-43c6c29c63f3/20260623104132/az_nova_backup_e5654612-3e72-4fae-bf3e-cda697fa6dac-00015" 204 - "DELETE http://10.4.3.187:8081/sdb1/132/AUTH_7b249a5ea5f545f9abf30c0e04955299/tempest-volumesbackupsv39test-backup-container-800720676/volume_ef3de8e0-9149-4910-945c-43c6c29c63f3/20260623104132/az_nova_backup_e5654612-3e72-4fae-bf3e-cda697fa6dac-00015" "tx06d65acb835b47d1b926b-006a3a62ee" "object-server 84032" 0.0004 "-" 84492 0
Jun 23 10:41:50.486090 np0000003455 container-server[84493]: 127.0.0.1 - - [23/Jun/2026:10:41:50 +0000] "DELETE /sdb1/367/AUTH_c68ae161bb3e4a3bbee048a506e3fa50/volumebackups/volume_869caa48-6122-4774-b292-8745cd01fcfe/20260623104018/az_nova_backup_dc57ae7f-ddd6-4ea9-9d6c-8abdf4da6394-00001" 204 - "DELETE http://10.4.3.187:8081/sdb1/287/AUTH_c68ae161bb3e4a3bbee048a506e3fa50/volumebackups/volume_869caa48-6122-4774-b292-8745cd01fcfe/20260623104018/az_nova_backup_dc57ae7f-ddd6-4ea9-9d6c-8abdf4da6394-00001" "txabe80469f6694d61b7385-006a3a62ee" "object-server 84029" 0.0004 "-" 84493 0
Jun 23 10:41:50.943997 np0000003455 swift-container-server[84493]: container-server: 127.0.0.1 - - [23/Jun/2026:10:41:50 +0000] "DELETE /sdb1/367/AUTH_c68ae161bb3e4a3bbee048a506e3fa50/volumebackups/volume_869caa48-6122-4774-b292-8745cd01fcfe/20260623104018/az_nova_backup_dc57ae7f-ddd6-4ea9-9d6c-8abdf4da6394-00015" 204 - "DELETE http://10.4.3.187:8081/sdb1/198/AUTH_c68ae161bb3e4a3bbee048a506e3fa50/volumebackups/volume_869caa48-6122-4774-b292-8745cd01fcfe/20260623104018/az_nova_backup_dc57ae7f-ddd6-4ea9-9d6c-8abdf4da6394-00015" "tx8ee7f5e7ef2949cb9e542-006a3a62ee" "object-server 84032" 0.0004 "-" 84493 0
Jun 23 10:41:50.518727 np0000003455 container-server[84496]: 127.0.0.1 - - [23/Jun/2026:10:41:50 +0000] "DELETE /sdb1/407/AUTH_7b249a5ea5f545f9abf30c0e04955299/tempest-volumesbackupsv39test-backup-container-800720676/volume_ef3de8e0-9149-4910-945c-43c6c29c63f3/20260623104132/az_nova_backup_e5654612-3e72-4fae-bf3e-cda697fa6dac-00002" 204 - "DELETE http://10.4.3.187:8081/sdb1/366/AUTH_7b249a5ea5f545f9abf30c0e04955299/tempest-volumesbackupsv39test-backup-container-800720676/volume_ef3de8e0-9149-4910-945c-43c6c29c63f3/20260623104132/az_nova_backup_e5654612-3e72-4fae-bf3e-cda697fa6dac-00002" "txecb600f8741146c4aafd7-006a3a62ee" "object-server 84032" 0.0006 "-" 84496 0
Jun 23 10:41:50.522701 np0000003455 container-server[84492]: 127.0.0.1 - - [23/Jun/2026:10:41:50 +0000] "DELETE /sdb1/367/AUTH_c68ae161bb3e4a3bbee048a506e3fa50/volumebackups/volume_869caa48-6122-4774-b292-8745cd01fcfe/20260623104018/az_nova_backup_dc57ae7f-ddd6-4ea9-9d6c-8abdf4da6394-00002" 204 - "DELETE http://10.4.3.187:8081/sdb1/13/AUTH_c68ae161bb3e4a3bbee048a506e3fa50/volumebackups/volume_869caa48-6122-4774-b292-8745cd01fcfe/20260623104018/az_nova_backup_dc57ae7f-ddd6-4ea9-9d6c-8abdf4da6394-00002" "txa4ae8bd1710e4f928e3f1-006a3a62ee" "object-server 84032" 0.0006 "-" 84492 0
Jun 23 10:41:50.542385 np0000003455 container-server[84494]: 127.0.0.1 - - [23/Jun/2026:10:41:50 +0000] "DELETE /sdb1/407/AUTH_7b249a5ea5f545f9abf30c0e04955299/tempest-volumesbackupsv39test-backup-container-800720676/volume_ef3de8e0-9149-4910-945c-43c6c29c63f3/20260623104132/az_nova_backup_e5654612-3e72-4fae-bf3e-cda697fa6dac-00003" 204 - "DELETE http://10.4.3.187:8081/sdb1/279/AUTH_7b249a5ea5f545f9abf30c0e04955299/tempest-volumesbackupsv39test-backup-container-800720676/volume_ef3de8e0-9149-4910-945c-43c6c29c63f3/20260623104132/az_nova_backup_e5654612-3e72-4fae-bf3e-cda697fa6dac-00003" "txbe741f4503cf4e0c8cac2-006a3a62ee" "object-server 84038" 0.0004 "-" 84494 0
Jun 23 10:41:50.549262 np0000003455 container-server[84496]: 127.0.0.1 - - [23/Jun/2026:10:41:50 +0000] "DELETE /sdb1/367/AUTH_c68ae161bb3e4a3bbee048a506e3fa50/volumebackups/volume_869caa48-6122-4774-b292-8745cd01fcfe/20260623104018/az_nova_backup_dc57ae7f-ddd6-4ea9-9d6c-8abdf4da6394-00003" 204 - "DELETE http://10.4.3.187:8081/sdb1/281/AUTH_c68ae161bb3e4a3bbee048a506e3fa50/volumebackups/volume_869caa48-6122-4774-b292-8745cd01fcfe/20260623104018/az_nova_backup_dc57ae7f-ddd6-4ea9-9d6c-8abdf4da6394-00003" "tx6e6742c9cb3c41bd9a25f-006a3a62ee" "object-server 84032" 0.0005 "-" 84496 0
Jun 23 10:41:50.601593 np0000003455 container-server[84493]: 127.0.0.1 - - [23/Jun/2026:10:41:50 +0000] "DELETE /sdb1/407/AUTH_7b249a5ea5f545f9abf30c0e04955299/tempest-volumesbackupsv39test-backup-container-800720676/volume_ef3de8e0-9149-4910-945c-43c6c29c63f3/20260623104132/az_nova_backup_e5654612-3e72-4fae-bf3e-cda697fa6dac-00004" 204 - "DELETE http://10.4.3.187:8081/sdb1/481/AUTH_7b249a5ea5f545f9abf30c0e04955299/tempest-volumesbackupsv39test-backup-container-800720676/volume_ef3de8e0-9149-4910-945c-43c6c29c63f3/20260623104132/az_nova_backup_e5654612-3e72-4fae-bf3e-cda697fa6dac-00004" "tx03eb098e704047bf9609e-006a3a62ee" "object-server 84026" 0.0005 "-" 84493 0
Jun 23 10:41:50.953470 np0000003455 swift-container-server[84494]: container-server: 127.0.0.1 - - [23/Jun/2026:10:41:50 +0000] "DELETE /sdb1/54/AUTH_7412411cd07a4647a1483cc8c8cfbe35/volumebackups/volume_cff63388-4200-4996-90db-6daa25a5529c/20260623104134/az_nova_backup_4ff1be09-35b0-4f39-a538-6cae4b941ac8-00010" 204 - "DELETE http://10.4.3.187:8081/sdb1/422/AUTH_7412411cd07a4647a1483cc8c8cfbe35/volumebackups/volume_cff63388-4200-4996-90db-6daa25a5529c/20260623104134/az_nova_backup_4ff1be09-35b0-4f39-a538-6cae4b941ac8-00010" "tx9ef01ac60fe0403ca4da6-006a3a62ee" "object-server 84032" 0.0004 "-" 84494 0
Jun 23 10:41:50.607937 np0000003455 container-server[84492]: 127.0.0.1 - - [23/Jun/2026:10:41:50 +0000] "DELETE /sdb1/367/AUTH_c68ae161bb3e4a3bbee048a506e3fa50/volumebackups/volume_869caa48-6122-4774-b292-8745cd01fcfe/20260623104018/az_nova_backup_dc57ae7f-ddd6-4ea9-9d6c-8abdf4da6394-00004" 204 - "DELETE http://10.4.3.187:8081/sdb1/161/AUTH_c68ae161bb3e4a3bbee048a506e3fa50/volumebackups/volume_869caa48-6122-4774-b292-8745cd01fcfe/20260623104018/az_nova_backup_dc57ae7f-ddd6-4ea9-9d6c-8abdf4da6394-00004" "txc0abbc7d95c54c66bcdc3-006a3a62ee" "object-server 84029" 0.0004 "-" 84492 0
Jun 23 10:41:50.634575 np0000003455 container-server[84496]: 127.0.0.1 - - [23/Jun/2026:10:41:50 +0000] "DELETE /sdb1/407/AUTH_7b249a5ea5f545f9abf30c0e04955299/tempest-volumesbackupsv39test-backup-container-800720676/volume_ef3de8e0-9149-4910-945c-43c6c29c63f3/20260623104132/az_nova_backup_e5654612-3e72-4fae-bf3e-cda697fa6dac-00005" 204 - "DELETE http://10.4.3.187:8081/sdb1/42/AUTH_7b249a5ea5f545f9abf30c0e04955299/tempest-volumesbackupsv39test-backup-container-800720676/volume_ef3de8e0-9149-4910-945c-43c6c29c63f3/20260623104132/az_nova_backup_e5654612-3e72-4fae-bf3e-cda697fa6dac-00005" "tx2bb48fbfa5774fcc8f8d7-006a3a62ee" "object-server 84038" 0.0005 "-" 84496 0
Jun 23 10:41:50.640135 np0000003455 container-server[84496]: 127.0.0.1 - - [23/Jun/2026:10:41:50 +0000] "GET /sdb1/54/AUTH_7412411cd07a4647a1483cc8c8cfbe35/volumebackups" 200 6472 "GET http://10.4.3.187:8081/v1/AUTH_7412411cd07a4647a1483cc8c8cfbe35/volumebackups?format=json&prefix=volume_cff63388-4200-4996-90db-6daa25a5529c%2F20260623104134%2Faz_nova_backup_4ff1be09-35b0-4f39-a538-6cae4b941ac8&states=listing" "txf07d1e4f0c924b9a854ad-006a3a62ee" "proxy-server 86137" 0.0131 "-" 84496 0
Jun 23 10:41:50.644791 np0000003455 container-server[84492]: 127.0.0.1 - - [23/Jun/2026:10:41:50 +0000] "DELETE /sdb1/367/AUTH_c68ae161bb3e4a3bbee048a506e3fa50/volumebackups/volume_869caa48-6122-4774-b292-8745cd01fcfe/20260623104018/az_nova_backup_dc57ae7f-ddd6-4ea9-9d6c-8abdf4da6394-00005" 204 - "DELETE http://10.4.3.187:8081/sdb1/455/AUTH_c68ae161bb3e4a3bbee048a506e3fa50/volumebackups/volume_869caa48-6122-4774-b292-8745cd01fcfe/20260623104018/az_nova_backup_dc57ae7f-ddd6-4ea9-9d6c-8abdf4da6394-00005" "txf42d9e6a9379431bba462-006a3a62ee" "object-server 84026" 0.0006 "-" 84492 0
Jun 23 10:41:50.664286 np0000003455 container-server[84496]: 127.0.0.1 - - [23/Jun/2026:10:41:50 +0000] "DELETE /sdb1/407/AUTH_7b249a5ea5f545f9abf30c0e04955299/tempest-volumesbackupsv39test-backup-container-800720676/volume_ef3de8e0-9149-4910-945c-43c6c29c63f3/20260623104132/az_nova_backup_e5654612-3e72-4fae-bf3e-cda697fa6dac-00006" 204 - "DELETE http://10.4.3.187:8081/sdb1/112/AUTH_7b249a5ea5f545f9abf30c0e04955299/tempest-volumesbackupsv39test-backup-container-800720676/volume_ef3de8e0-9149-4910-945c-43c6c29c63f3/20260623104132/az_nova_backup_e5654612-3e72-4fae-bf3e-cda697fa6dac-00006" "tx51e1bc114e0442e7b103f-006a3a62ee" "object-server 84038" 0.0004 "-" 84496 0
