Jul 07 19:32:40.214506 np0000004760 devstack@neutron-api.service[90453]: INFO neutron.api.extensions [None req-fa81ed1a-e7d4-4bf2-956e-b648c13fe820 None None] Loaded extension: dns-integration
Jul 07 19:32:40.214578 np0000004760 devstack@neutron-api.service[90451]: DEBUG neutron_lib.callbacks.manager [None req-ffa5ae73-1d28-434e-947d-782a9894cf17 None None] Subscribe: > allowed_address_pair before_create 55550000, False {{(pid=90451) subscribe /opt/stack/data/venv/lib/python3.12/site-packages/neutron_lib/callbacks/manager.py:52}}
Jul 07 19:32:40.214659 np0000004760 devstack@neutron-api.service[90453]: DEBUG neutron.api.extensions [None req-fa81ed1a-e7d4-4bf2-956e-b648c13fe820 None None] Loading extension file: dns_domain_ports.py {{(pid=90453) _load_all_extensions_from_path /opt/stack/neutron/neutron/api/extensions.py:449}}
Jul 07 19:32:40.214732 np0000004760 devstack@neutron-api.service[90451]: DEBUG neutron_lib.callbacks.manager [None req-ffa5ae73-1d28-434e-947d-782a9894cf17 None None] Subscribe: > security_group precommit_create 55550000, False {{(pid=90451) subscribe /opt/stack/data/venv/lib/python3.12/site-packages/neutron_lib/callbacks/manager.py:52}}
Jul 07 19:32:40.214732 np0000004760 devstack@neutron-api.service[90451]: DEBUG neutron_lib.callbacks.manager [None req-ffa5ae73-1d28-434e-947d-782a9894cf17 None None] Subscribe: > security_group after_update 55550000, False {{(pid=90451) subscribe /opt/stack/data/venv/lib/python3.12/site-packages/neutron_lib/callbacks/manager.py:52}}
Jul 07 19:32:40.215054 np0000004760 devstack@neutron-api.service[90453]: DEBUG neutron.api.extensions [None req-fa81ed1a-e7d4-4bf2-956e-b648c13fe820 None None] Ext name="dns_domain for ports" alias="dns-domain-ports" description="Allows the DNS domain to be specified for a network port." updated="2017-04-24T10:00:00-00:00" {{(pid=90453) _check_extension /opt/stack/neutron/neutron/api/extensions.py:415}}
Jul 07 19:32:40.215148 np0000004760 devstack@neutron-api.service[90451]: DEBUG neutron_lib.callbacks.manager [None req-ffa5ae73-1d28-434e-947d-782a9894cf17 None None] Subscribe: > security_group after_create 55550000, False {{(pid=90451) subscribe /opt/stack/data/venv/lib/python3.12/site-packages/neutron_lib/callbacks/manager.py:52}}
Jul 07 19:32:40.215226 np0000004760 devstack@neutron-api.service[90453]: INFO neutron.api.extensions [None req-fa81ed1a-e7d4-4bf2-956e-b648c13fe820 None None] Loaded extension: dns-domain-ports
Jul 07 19:32:40.215330 np0000004760 devstack@neutron-api.service[90451]: DEBUG neutron_lib.callbacks.manager [None req-ffa5ae73-1d28-434e-947d-782a9894cf17 None None] Subscribe: > security_group precommit_delete 55550000, False {{(pid=90451) subscribe /opt/stack/data/venv/lib/python3.12/site-packages/neutron_lib/callbacks/manager.py:52}}
Jul 07 19:32:40.215547 np0000004760 devstack@neutron-api.service[90453]: DEBUG neutron.api.extensions [None req-fa81ed1a-e7d4-4bf2-956e-b648c13fe820 None None] Loading extension file: dns_integration_domain_keywords.py {{(pid=90453) _load_all_extensions_from_path /opt/stack/neutron/neutron/api/extensions.py:449}}
Jul 07 19:32:40.215623 np0000004760 devstack@neutron-api.service[90451]: DEBUG neutron_lib.callbacks.manager [None req-ffa5ae73-1d28-434e-947d-782a9894cf17 None None] Subscribe: > security_group after_delete 55550000, False {{(pid=90451) subscribe /opt/stack/data/venv/lib/python3.12/site-packages/neutron_lib/callbacks/manager.py:52}}
Jul 07 19:32:40.215623 np0000004760 devstack@neutron-api.service[90451]: DEBUG neutron_lib.callbacks.manager [None req-ffa5ae73-1d28-434e-947d-782a9894cf17 None None] Subscribe: > security_group_rule precommit_create 55550000, False {{(pid=90451) subscribe /opt/stack/data/venv/lib/python3.12/site-packages/neutron_lib/callbacks/manager.py:52}}
Jul 07 19:32:40.215716 np0000004760 devstack@neutron-api.service[90453]: DEBUG neutron.api.extensions [None req-fa81ed1a-e7d4-4bf2-956e-b648c13fe820 None None] Ext name="DNS domain names with keywords allowed" alias="dns-integration-domain-keywords" description="Allows to use keywords like , , and as DNS domain name" updated="2020-06-15T18:00:00-00:00" {{(pid=90453) _check_extension /opt/stack/neutron/neutron/api/extensions.py:415}}
Jul 07 19:32:40.215778 np0000004760 devstack@neutron-api.service[90451]: DEBUG neutron_lib.callbacks.manager [None req-ffa5ae73-1d28-434e-947d-782a9894cf17 None None] Subscribe: > security_group_rule after_create 55550000, False {{(pid=90451) subscribe /opt/stack/data/venv/lib/python3.12/site-packages/neutron_lib/callbacks/manager.py:52}}
Jul 07 19:32:40.215778 np0000004760 devstack@neutron-api.service[90451]: DEBUG neutron_lib.callbacks.manager [None req-ffa5ae73-1d28-434e-947d-782a9894cf17 None None] Subscribe: > security_group_rule before_delete 55550000, False {{(pid=90451) subscribe /opt/stack/data/venv/lib/python3.12/site-packages/neutron_lib/callbacks/manager.py:52}}
Jul 07 19:32:40.215879 np0000004760 devstack@neutron-api.service[90453]: INFO neutron.api.extensions [None req-fa81ed1a-e7d4-4bf2-956e-b648c13fe820 None None] Loaded extension: dns-integration-domain-keywords
Jul 07 19:32:40.215954 np0000004760 devstack@neutron-api.service[90451]: DEBUG neutron_lib.callbacks.manager [None req-ffa5ae73-1d28-434e-947d-782a9894cf17 None None] Subscribe: > address_group after_create 55550000, False {{(pid=90451) subscribe /opt/stack/data/venv/lib/python3.12/site-packages/neutron_lib/callbacks/manager.py:52}}
Jul 07 19:32:40.216068 np0000004760 devstack@neutron-api.service[90453]: DEBUG neutron.api.extensions [None req-fa81ed1a-e7d4-4bf2-956e-b648c13fe820 None None] Loading extension file: dvr.py {{(pid=90453) _load_all_extensions_from_path /opt/stack/neutron/neutron/api/extensions.py:449}}
Jul 07 19:32:40.216154 np0000004760 devstack@neutron-api.service[90451]: DEBUG neutron_lib.callbacks.manager [None req-ffa5ae73-1d28-434e-947d-782a9894cf17 None None] Subscribe: > address_group after_update 55550000, False {{(pid=90451) subscribe /opt/stack/data/venv/lib/python3.12/site-packages/neutron_lib/callbacks/manager.py:52}}
Jul 07 19:32:40.216154 np0000004760 devstack@neutron-api.service[90451]: DEBUG neutron_lib.callbacks.manager [None req-ffa5ae73-1d28-434e-947d-782a9894cf17 None None] Subscribe: > address_group after_delete 55550000, False {{(pid=90451) subscribe /opt/stack/data/venv/lib/python3.12/site-packages/neutron_lib/callbacks/manager.py:52}}
Jul 07 19:32:40.216239 np0000004760 devstack@neutron-api.service[90453]: DEBUG neutron.api.extensions [None req-fa81ed1a-e7d4-4bf2-956e-b648c13fe820 None None] Ext name="Distributed Virtual Router" alias="dvr" description="Enables configuration of Distributed Virtual Routers." updated="2014-06-1T10:00:00-00:00" {{(pid=90453) _check_extension /opt/stack/neutron/neutron/api/extensions.py:415}}
Jul 07 19:32:40.216327 np0000004760 devstack@neutron-api.service[90451]: DEBUG neutron_lib.callbacks.manager [None req-ffa5ae73-1d28-434e-947d-782a9894cf17 None None] Subscribe: > qos_plugin after_init 55550000, False {{(pid=90451) subscribe /opt/stack/data/venv/lib/python3.12/site-packages/neutron_lib/callbacks/manager.py:52}}
Jul 07 19:32:40.216390 np0000004760 devstack@neutron-api.service[90453]: INFO neutron.api.extensions [None req-fa81ed1a-e7d4-4bf2-956e-b648c13fe820 None None] Extension dvr not supported by any of loaded plugins
Jul 07 19:32:40.216390 np0000004760 devstack@neutron-api.service[90453]: DEBUG neutron.api.extensions [None req-fa81ed1a-e7d4-4bf2-956e-b648c13fe820 None None] Loading extension file: ecmp_routes.py {{(pid=90453) _load_all_extensions_from_path /opt/stack/neutron/neutron/api/extensions.py:449}}
Jul 07 19:32:40.216453 np0000004760 devstack@neutron-api.service[90451]: DEBUG neutron_lib.callbacks.manager [None req-ffa5ae73-1d28-434e-947d-782a9894cf17 None None] Subscribe: > trunk_plugin after_init 55550000, False {{(pid=90451) subscribe /opt/stack/data/venv/lib/python3.12/site-packages/neutron_lib/callbacks/manager.py:52}}
Jul 07 19:32:40.216709 np0000004760 devstack@neutron-api.service[90453]: DEBUG neutron.api.extensions [None req-fa81ed1a-e7d4-4bf2-956e-b648c13fe820 None None] Ext name="Equal Cost Multipath Routing" alias="ecmp_routes" description="Allows traffic to reach thesame destination via multiple different links " updated="2020-11-26T18:00:00-00:00" {{(pid=90453) _check_extension /opt/stack/neutron/neutron/api/extensions.py:415}}
Jul 07 19:32:40.216755 np0000004760 devstack@neutron-api.service[90451]: DEBUG neutron_lib.callbacks.manager [None req-ffa5ae73-1d28-434e-947d-782a9894cf17 None None] Subscribe: > logging-plugin after_init 55550000, False {{(pid=90451) subscribe /opt/stack/data/venv/lib/python3.12/site-packages/neutron_lib/callbacks/manager.py:52}}
Jul 07 19:32:40.216956 np0000004760 devstack@neutron-api.service[90453]: INFO neutron.api.extensions [None req-fa81ed1a-e7d4-4bf2-956e-b648c13fe820 None None] Extension ecmp_routes not supported by any of loaded plugins
Jul 07 19:32:40.217061 np0000004760 devstack@neutron-api.service[90453]: DEBUG neutron.api.extensions [None req-fa81ed1a-e7d4-4bf2-956e-b648c13fe820 None None] Loading extension file: empty_string_filtering.py {{(pid=90453) _load_all_extensions_from_path /opt/stack/neutron/neutron/api/extensions.py:449}}
Jul 07 19:32:40.217375 np0000004760 devstack@neutron-api.service[90451]: INFO neutron.services.logapi.drivers.ovn.driver [None req-ffa5ae73-1d28-434e-947d-782a9894cf17 None None] OVN logging driver registered
Jul 07 19:32:40.217417 np0000004760 devstack@neutron-api.service[90453]: DEBUG neutron.api.extensions [None req-fa81ed1a-e7d4-4bf2-956e-b648c13fe820 None None] Ext name="Empty String Filtering Extension" alias="empty-string-filtering" description="Allow filtering by attributes with empty string value" updated="2018-05-01T10:00:00-00:00" {{(pid=90453) _check_extension /opt/stack/neutron/neutron/api/extensions.py:415}}
Jul 07 19:32:40.217530 np0000004760 devstack@neutron-api.service[90451]: DEBUG neutron_lib.callbacks.manager [None req-ffa5ae73-1d28-434e-947d-782a9894cf17 None None] Subscribe: ._register_pvlan_driver at 0x734353827c40> pvlan_plugin before_spawn 55550000, False {{(pid=90451) subscribe /opt/stack/data/venv/lib/python3.12/site-packages/neutron_lib/callbacks/manager.py:52}}
Jul 07 19:32:40.217633 np0000004760 devstack@neutron-api.service[90453]: INFO neutron.api.extensions [None req-fa81ed1a-e7d4-4bf2-956e-b648c13fe820 None None] Loaded extension: empty-string-filtering
Jul 07 19:32:40.217680 np0000004760 devstack@neutron-api.service[90451]: DEBUG neutron_lib.callbacks.manager [None req-ffa5ae73-1d28-434e-947d-782a9894cf17 None None] Subscribe: process after_init 55550000, False {{(pid=90451) subscribe /opt/stack/data/venv/lib/python3.12/site-packages/neutron_lib/callbacks/manager.py:52}}
Jul 07 19:32:40.217740 np0000004760 devstack@neutron-api.service[90453]: DEBUG neutron.api.extensions [None req-fa81ed1a-e7d4-4bf2-956e-b648c13fe820 None None] Loading extension file: evpn.py {{(pid=90453) _load_all_extensions_from_path /opt/stack/neutron/neutron/api/extensions.py:449}}
Jul 07 19:32:40.217987 np0000004760 devstack@neutron-api.service[90453]: DEBUG neutron.api.extensions [None req-fa81ed1a-e7d4-4bf2-956e-b648c13fe820 None None] Ext name="EVPN" alias="evpn" description="Router extension to support EVPN Type-5 route advertisement" updated="2026-04-28T00:00:00-00:00" {{(pid=90453) _check_extension /opt/stack/neutron/neutron/api/extensions.py:415}}
Jul 07 19:32:40.218230 np0000004760 devstack@neutron-api.service[90453]: INFO neutron.api.extensions [None req-fa81ed1a-e7d4-4bf2-956e-b648c13fe820 None None] Extension evpn not supported by any of loaded plugins
Jul 07 19:32:40.218353 np0000004760 devstack@neutron-api.service[90453]: DEBUG neutron.api.extensions [None req-fa81ed1a-e7d4-4bf2-956e-b648c13fe820 None None] Loading extension file: expose_l3_conntrack_helper.py {{(pid=90453) _load_all_extensions_from_path /opt/stack/neutron/neutron/api/extensions.py:449}}
Jul 07 19:32:40.218675 np0000004760 devstack@neutron-api.service[90453]: DEBUG neutron.api.extensions [None req-fa81ed1a-e7d4-4bf2-956e-b648c13fe820 None None] Ext name="Expose CT target rules for conntrack helper" alias="expose-l3-conntrack-helper" description="Expose allow adding CT target rules for conntrack helper" updated="2019-04-04T10:00:00-00:00" {{(pid=90453) _check_extension /opt/stack/neutron/neutron/api/extensions.py:415}}
Jul 07 19:32:40.218957 np0000004760 devstack@neutron-api.service[90453]: INFO neutron.api.extensions [None req-fa81ed1a-e7d4-4bf2-956e-b648c13fe820 None None] Extension expose-l3-conntrack-helper not supported by any of loaded plugins
Jul 07 19:32:40.219181 np0000004760 devstack@neutron-api.service[90453]: DEBUG neutron.api.extensions [None req-fa81ed1a-e7d4-4bf2-956e-b648c13fe820 None None] Loading extension file: expose_port_forwarding_in_fip.py {{(pid=90453) _load_all_extensions_from_path /opt/stack/neutron/neutron/api/extensions.py:449}}
Jul 07 19:32:40.219590 np0000004760 devstack@neutron-api.service[90453]: DEBUG neutron.api.extensions [None req-fa81ed1a-e7d4-4bf2-956e-b648c13fe820 None None] Ext name="Expose Floating IP port forwardings" alias="expose-port-forwarding-in-fip" description="Expose port forwarding fields in floating IP response" updated="2018-06-28T16:00:00-00:00" {{(pid=90453) _check_extension /opt/stack/neutron/neutron/api/extensions.py:415}}
Jul 07 19:32:40.219643 np0000004760 devstack@neutron-api.service[90453]: INFO neutron.api.extensions [None req-fa81ed1a-e7d4-4bf2-956e-b648c13fe820 None None] Extension expose-port-forwarding-in-fip not supported by any of loaded plugins
Jul 07 19:32:40.220061 np0000004760 devstack@neutron-api.service[90453]: DEBUG neutron.api.extensions [None req-fa81ed1a-e7d4-4bf2-956e-b648c13fe820 None None] Loading extension file: external_net.py {{(pid=90453) _load_all_extensions_from_path /opt/stack/neutron/neutron/api/extensions.py:449}}
Jul 07 19:32:40.220301 np0000004760 devstack@neutron-api.service[90451]: DEBUG neutron.plugins.ml2.plugin [None req-ffa5ae73-1d28-434e-947d-782a9894cf17 None None] neutron.plugins.ml2.plugin.Ml2Plugin method _start_rpc_notifiers called with arguments () {} {{(pid=90451) wrapper /opt/stack/data/venv/lib/python3.12/site-packages/oslo_log/helpers.py:77}}
Jul 07 19:32:40.220530 np0000004760 devstack@neutron-api.service[90453]: DEBUG neutron.api.extensions [None req-fa81ed1a-e7d4-4bf2-956e-b648c13fe820 None None] Ext name="Neutron external network" alias="external-net" description="Adds external network attribute to network resource." updated="2013-01-14T10:00:00-00:00" {{(pid=90453) _check_extension /opt/stack/neutron/neutron/api/extensions.py:415}}
Jul 07 19:32:40.221025 np0000004760 devstack@neutron-api.service[90451]: DEBUG neutron_lib.callbacks.manager [None req-ffa5ae73-1d28-434e-947d-782a9894cf17 None None] Subscribe: > port after_create 55550000, False {{(pid=90451) subscribe /opt/stack/data/venv/lib/python3.12/site-packages/neutron_lib/callbacks/manager.py:52}}
Jul 07 19:32:40.221025 np0000004760 devstack@neutron-api.service[90451]: DEBUG neutron_lib.callbacks.manager [None req-ffa5ae73-1d28-434e-947d-782a9894cf17 None None] Subscribe: > port after_update 55550000, False {{(pid=90451) subscribe /opt/stack/data/venv/lib/python3.12/site-packages/neutron_lib/callbacks/manager.py:52}}
Jul 07 19:32:40.221359 np0000004760 devstack@neutron-api.service[90453]: INFO neutron.api.extensions [None req-fa81ed1a-e7d4-4bf2-956e-b648c13fe820 None None] Loaded extension: external-net
Jul 07 19:32:40.221584 np0000004760 devstack@neutron-api.service[90451]: DEBUG neutron_lib.callbacks.manager [None req-ffa5ae73-1d28-434e-947d-782a9894cf17 None None] Subscribe: > port after_delete 55550000, False {{(pid=90451) subscribe /opt/stack/data/venv/lib/python3.12/site-packages/neutron_lib/callbacks/manager.py:52}}
Jul 07 19:32:40.222205 np0000004760 devstack@neutron-api.service[90453]: DEBUG neutron.api.extensions [None req-fa81ed1a-e7d4-4bf2-956e-b648c13fe820 None None] Loading extension file: extra_dhcp_opt.py {{(pid=90453) _load_all_extensions_from_path /opt/stack/neutron/neutron/api/extensions.py:449}}
Jul 07 19:32:40.223012 np0000004760 devstack@neutron-api.service[90451]: DEBUG neutron_lib.callbacks.manager [None req-ffa5ae73-1d28-434e-947d-782a9894cf17 None None] Subscribe: > subnet after_create 55550000, False {{(pid=90451) subscribe /opt/stack/data/venv/lib/python3.12/site-packages/neutron_lib/callbacks/manager.py:52}}
Jul 07 19:32:40.223012 np0000004760 devstack@neutron-api.service[90451]: DEBUG neutron_lib.callbacks.manager [None req-ffa5ae73-1d28-434e-947d-782a9894cf17 None None] Subscribe: > subnet after_update 55550000, False {{(pid=90451) subscribe /opt/stack/data/venv/lib/python3.12/site-packages/neutron_lib/callbacks/manager.py:52}}
Jul 07 19:32:40.223307 np0000004760 devstack@neutron-api.service[90453]: DEBUG neutron.api.extensions [None req-fa81ed1a-e7d4-4bf2-956e-b648c13fe820 None None] Ext name="Neutron Extra DHCP options" alias="extra_dhcp_opt" description="Extra options configuration for DHCP. For example PXE boot options to DHCP clients can be specified (e.g. tftp-server, server-ip-address, bootfile-name)" updated="2013-03-17T12:00:00-00:00" {{(pid=90453) _check_extension /opt/stack/neutron/neutron/api/extensions.py:415}}
Jul 07 19:32:40.223499 np0000004760 devstack@neutron-api.service[90451]: DEBUG neutron_lib.callbacks.manager [None req-ffa5ae73-1d28-434e-947d-782a9894cf17 None None] Subscribe: > subnet after_delete 55550000, False {{(pid=90451) subscribe /opt/stack/data/venv/lib/python3.12/site-packages/neutron_lib/callbacks/manager.py:52}}
Jul 07 19:32:40.223499 np0000004760 devstack@neutron-api.service[90451]: DEBUG neutron_lib.callbacks.manager [None req-ffa5ae73-1d28-434e-947d-782a9894cf17 None None] Subscribe: > network after_create 55550000, False {{(pid=90451) subscribe /opt/stack/data/venv/lib/python3.12/site-packages/neutron_lib/callbacks/manager.py:52}}
Jul 07 19:32:40.223674 np0000004760 devstack@neutron-api.service[90452]: DEBUG neutron.manager [None req-99e32777-7390-4525-a195-15a452d4e058 None None] Successfully loaded network-ip-availability plugin. Description: Provides IP availability data for each network and subnet. {{(pid=90452) _create_and_add_service_plugin /opt/stack/neutron/neutron/manager.py:236}}
Jul 07 19:32:40.224044 np0000004760 devstack@neutron-api.service[90453]: INFO neutron.api.extensions [None req-fa81ed1a-e7d4-4bf2-956e-b648c13fe820 None None] Loaded extension: extra_dhcp_opt
Jul 07 19:32:40.224185 np0000004760 devstack@neutron-api.service[90452]: INFO neutron.manager [None req-99e32777-7390-4525-a195-15a452d4e058 None None] Loading Plugin: flavors
Jul 07 19:32:40.224345 np0000004760 devstack@neutron-api.service[90451]: DEBUG neutron_lib.callbacks.manager [None req-ffa5ae73-1d28-434e-947d-782a9894cf17 None None] Subscribe: > network after_update 55550000, False {{(pid=90451) subscribe /opt/stack/data/venv/lib/python3.12/site-packages/neutron_lib/callbacks/manager.py:52}}
Jul 07 19:32:40.224494 np0000004760 devstack@neutron-api.service[90453]: DEBUG neutron.api.extensions [None req-fa81ed1a-e7d4-4bf2-956e-b648c13fe820 None None] Loading extension file: extraroute.py {{(pid=90453) _load_all_extensions_from_path /opt/stack/neutron/neutron/api/extensions.py:449}}
Jul 07 19:32:40.224638 np0000004760 devstack@neutron-api.service[90451]: DEBUG neutron_lib.callbacks.manager [None req-ffa5ae73-1d28-434e-947d-782a9894cf17 None None] Subscribe: > network after_delete 55550000, False {{(pid=90451) subscribe /opt/stack/data/venv/lib/python3.12/site-packages/neutron_lib/callbacks/manager.py:52}}
Jul 07 19:32:40.224638 np0000004760 devstack@neutron-api.service[90451]: DEBUG neutron_lib.callbacks.manager [None req-ffa5ae73-1d28-434e-947d-782a9894cf17 None None] Subscribe: > security_group after_create 55550000, False {{(pid=90451) subscribe /opt/stack/data/venv/lib/python3.12/site-packages/neutron_lib/callbacks/manager.py:52}}
Jul 07 19:32:40.225197 np0000004760 devstack@neutron-api.service[90453]: DEBUG neutron.api.extensions [None req-fa81ed1a-e7d4-4bf2-956e-b648c13fe820 None None] Ext name="Neutron Extra Route" alias="extraroute" description="Extra routes configuration for L3 router" updated="2013-02-01T10:00:00-00:00" {{(pid=90453) _check_extension /opt/stack/neutron/neutron/api/extensions.py:415}}
Jul 07 19:32:40.225342 np0000004760 devstack@neutron-api.service[90451]: DEBUG neutron_lib.callbacks.manager [None req-ffa5ae73-1d28-434e-947d-782a9894cf17 None None] Subscribe: > security_group after_update 55550000, False {{(pid=90451) subscribe /opt/stack/data/venv/lib/python3.12/site-packages/neutron_lib/callbacks/manager.py:52}}
Jul 07 19:32:40.225451 np0000004760 devstack@neutron-api.service[90453]: INFO neutron.api.extensions [None req-fa81ed1a-e7d4-4bf2-956e-b648c13fe820 None None] Loaded extension: extraroute
Jul 07 19:32:40.225705 np0000004760 devstack@neutron-api.service[90451]: DEBUG neutron_lib.callbacks.manager [None req-ffa5ae73-1d28-434e-947d-782a9894cf17 None None] Subscribe: > security_group after_delete 55550000, False {{(pid=90451) subscribe /opt/stack/data/venv/lib/python3.12/site-packages/neutron_lib/callbacks/manager.py:52}}
Jul 07 19:32:40.225825 np0000004760 devstack@neutron-api.service[90453]: DEBUG neutron.api.extensions [None req-fa81ed1a-e7d4-4bf2-956e-b648c13fe820 None None] Loading extension file: extraroute_atomic.py {{(pid=90453) _load_all_extensions_from_path /opt/stack/neutron/neutron/api/extensions.py:449}}
Jul 07 19:32:40.225932 np0000004760 devstack@neutron-api.service[90451]: DEBUG neutron_lib.callbacks.manager [None req-ffa5ae73-1d28-434e-947d-782a9894cf17 None None] Subscribe: > security_group_rule after_create 55550000, False {{(pid=90451) subscribe /opt/stack/data/venv/lib/python3.12/site-packages/neutron_lib/callbacks/manager.py:52}}
Jul 07 19:32:40.225932 np0000004760 devstack@neutron-api.service[90451]: DEBUG neutron_lib.callbacks.manager [None req-ffa5ae73-1d28-434e-947d-782a9894cf17 None None] Subscribe: > security_group_rule after_update 55550000, False {{(pid=90451) subscribe /opt/stack/data/venv/lib/python3.12/site-packages/neutron_lib/callbacks/manager.py:52}}
Jul 07 19:32:40.226134 np0000004760 devstack@neutron-api.service[90452]: DEBUG neutron.manager [None req-99e32777-7390-4525-a195-15a452d4e058 None None] Successfully loaded FLAVORS plugin. Description: Neutron Flavors and Service Profiles manager plugin {{(pid=90452) _create_and_add_service_plugin /opt/stack/neutron/neutron/manager.py:236}}
Jul 07 19:32:40.226375 np0000004760 devstack@neutron-api.service[90451]: DEBUG neutron_lib.callbacks.manager [None req-ffa5ae73-1d28-434e-947d-782a9894cf17 None None] Subscribe: > security_group_rule after_delete 55550000, False {{(pid=90451) subscribe /opt/stack/data/venv/lib/python3.12/site-packages/neutron_lib/callbacks/manager.py:52}}
Jul 07 19:32:40.226516 np0000004760 devstack@neutron-api.service[90452]: INFO neutron.manager [None req-99e32777-7390-4525-a195-15a452d4e058 None None] Loading Plugin: revisions
Jul 07 19:32:40.226649 np0000004760 devstack@neutron-api.service[90453]: DEBUG neutron.api.extensions [None req-fa81ed1a-e7d4-4bf2-956e-b648c13fe820 None None] Ext name="Atomically add/remove extra routes" alias="extraroute-atomic" description="Edit extra routes of a router on server side by atomically adding/removing extra routes" updated="2019-07-10T00:00:00+00:00" {{(pid=90453) _check_extension /opt/stack/neutron/neutron/api/extensions.py:415}}
Jul 07 19:32:40.226727 np0000004760 devstack@neutron-api.service[90451]: DEBUG neutron_lib.callbacks.manager [None req-ffa5ae73-1d28-434e-947d-782a9894cf17 None None] Subscribe: > address_group after_create 55550000, False {{(pid=90451) subscribe /opt/stack/data/venv/lib/python3.12/site-packages/neutron_lib/callbacks/manager.py:52}}
Jul 07 19:32:40.226727 np0000004760 devstack@neutron-api.service[90451]: DEBUG neutron_lib.callbacks.manager [None req-ffa5ae73-1d28-434e-947d-782a9894cf17 None None] Subscribe: > address_group after_update 55550000, False {{(pid=90451) subscribe /opt/stack/data/venv/lib/python3.12/site-packages/neutron_lib/callbacks/manager.py:52}}
Jul 07 19:32:40.226816 np0000004760 devstack@neutron-api.service[90453]: INFO neutron.api.extensions [None req-fa81ed1a-e7d4-4bf2-956e-b648c13fe820 None None] Loaded extension: extraroute-atomic
Jul 07 19:32:40.226816 np0000004760 devstack@neutron-api.service[90453]: DEBUG neutron.api.extensions [None req-fa81ed1a-e7d4-4bf2-956e-b648c13fe820 None None] Loading extension file: filter_validation.py {{(pid=90453) _load_all_extensions_from_path /opt/stack/neutron/neutron/api/extensions.py:449}}
Jul 07 19:32:40.226916 np0000004760 devstack@neutron-api.service[90451]: DEBUG neutron_lib.callbacks.manager [None req-ffa5ae73-1d28-434e-947d-782a9894cf17 None None] Subscribe: > address_group after_delete 55550000, False {{(pid=90451) subscribe /opt/stack/data/venv/lib/python3.12/site-packages/neutron_lib/callbacks/manager.py:52}}
Jul 07 19:32:40.226916 np0000004760 devstack@neutron-api.service[90451]: DEBUG neutron.plugins.ml2.ovo_rpc [None req-ffa5ae73-1d28-434e-947d-782a9894cf17 None None] ML2 OVO RPC backend initialized. {{(pid=90451) __init__ /opt/stack/neutron/neutron/plugins/ml2/ovo_rpc.py:117}}
Jul 07 19:32:40.227020 np0000004760 devstack@neutron-api.service[90453]: DEBUG neutron.api.extensions [None req-fa81ed1a-e7d4-4bf2-956e-b648c13fe820 None None] Ext name="Filter parameters validation" alias="filter-validation" description="Provides validation on filter parameters." updated="2018-07-04T10:00:00-00:00" {{(pid=90453) _check_extension /opt/stack/neutron/neutron/api/extensions.py:415}}
Jul 07 19:32:40.227020 np0000004760 devstack@neutron-api.service[90453]: INFO neutron.api.extensions [None req-fa81ed1a-e7d4-4bf2-956e-b648c13fe820 None None] Loaded extension: filter-validation
Jul 07 19:32:40.227144 np0000004760 devstack@neutron-api.service[90452]: DEBUG neutron.manager [None req-99e32777-7390-4525-a195-15a452d4e058 None None] Successfully loaded revision_plugin plugin. Description: Adds revision numbers to resources. {{(pid=90452) _create_and_add_service_plugin /opt/stack/neutron/neutron/manager.py:236}}
Jul 07 19:32:40.227246 np0000004760 devstack@neutron-api.service[90453]: DEBUG neutron.api.extensions [None req-fa81ed1a-e7d4-4bf2-956e-b648c13fe820 None None] Loading extension file: fip_pf_description.py {{(pid=90453) _load_all_extensions_from_path /opt/stack/neutron/neutron/api/extensions.py:449}}
Jul 07 19:32:40.227355 np0000004760 devstack@neutron-api.service[90452]: DEBUG oslo_concurrency.lockutils [None req-99e32777-7390-4525-a195-15a452d4e058 None None] Lock "manager" "released" by "neutron.manager.NeutronManager._create_instance" :: held 3.874s {{(pid=90452) inner /opt/stack/data/venv/lib/python3.12/site-packages/oslo_concurrency/lockutils.py:543}}
Jul 07 19:32:40.227355 np0000004760 devstack@neutron-api.service[90452]: DEBUG neutron.api.extensions [None req-99e32777-7390-4525-a195-15a452d4e058 None None] get_extension_paths = OrderedDict({'/opt/stack/neutron/neutron/extensions': 1}) {{(pid=90452) get_extensions_path /opt/stack/neutron/neutron/api/extensions.py:640}}
Jul 07 19:32:40.227479 np0000004760 devstack@neutron-api.service[90453]: DEBUG neutron.api.extensions [None req-fa81ed1a-e7d4-4bf2-956e-b648c13fe820 None None] Ext name="Floating IP Port Forwarding new attribute description" alias="floating-ip-port-forwarding-description" description="Add a description field to Port Forwarding rules" updated="2019-11-01T10:00:00-00:00" {{(pid=90453) _check_extension /opt/stack/neutron/neutron/api/extensions.py:415}}
Jul 07 19:32:40.227567 np0000004760 devstack@neutron-api.service[90452]: INFO neutron.api.extensions [None req-99e32777-7390-4525-a195-15a452d4e058 None None] Initializing extension manager.
Jul 07 19:32:40.227662 np0000004760 devstack@neutron-api.service[90453]: INFO neutron.api.extensions [None req-fa81ed1a-e7d4-4bf2-956e-b648c13fe820 None None] Extension floating-ip-port-forwarding-description not supported by any of loaded plugins
Jul 07 19:32:40.227734 np0000004760 devstack@neutron-api.service[90452]: DEBUG neutron.api.extensions [None req-99e32777-7390-4525-a195-15a452d4e058 None None] Loading extension file: __init__.py {{(pid=90452) _load_all_extensions_from_path /opt/stack/neutron/neutron/api/extensions.py:449}}
Jul 07 19:32:40.227959 np0000004760 devstack@neutron-api.service[90451]: INFO neutron.quota [None req-ffa5ae73-1d28-434e-947d-782a9894cf17 None None] Loaded quota_driver: .
Jul 07 19:32:40.228358 np0000004760 devstack@neutron-api.service[90453]: DEBUG neutron.api.extensions [None req-fa81ed1a-e7d4-4bf2-956e-b648c13fe820 None None] Loading extension file: fip_pf_detail.py {{(pid=90453) _load_all_extensions_from_path /opt/stack/neutron/neutron/api/extensions.py:449}}
Jul 07 19:32:40.228739 np0000004760 devstack@neutron-api.service[90452]: DEBUG neutron.api.extensions [None req-99e32777-7390-4525-a195-15a452d4e058 None None] Loading extension file: __pycache__ {{(pid=90452) _load_all_extensions_from_path /opt/stack/neutron/neutron/api/extensions.py:449}}
Jul 07 19:32:40.229125 np0000004760 devstack@neutron-api.service[90451]: INFO neutron.plugins.ml2.plugin [None req-ffa5ae73-1d28-434e-947d-782a9894cf17 None None] Modular L2 Plugin initialization complete
Jul 07 19:32:40.229834 np0000004760 devstack@neutron-api.service[90452]: DEBUG neutron.api.extensions [None req-99e32777-7390-4525-a195-15a452d4e058 None None] Loading extension file: aap_reject_multicast.py {{(pid=90452) _load_all_extensions_from_path /opt/stack/neutron/neutron/api/extensions.py:449}}
Jul 07 19:32:40.230290 np0000004760 devstack@neutron-api.service[90453]: DEBUG neutron.api.extensions [None req-fa81ed1a-e7d4-4bf2-956e-b648c13fe820 None None] Ext name="Floating IP port forwarding detail" alias="floating-ip-port-forwarding-detail" description="Allow list floating ip return more port forwarding data, include'id' and 'internal_port_id'" updated="2022-05-06T10:00:00-00:00" {{(pid=90453) _check_extension /opt/stack/neutron/neutron/api/extensions.py:415}}
Jul 07 19:32:40.230439 np0000004760 devstack@neutron-api.service[90451]: DEBUG neutron.manager [None req-ffa5ae73-1d28-434e-947d-782a9894cf17 None None] Loading services supported by the core plugin {{(pid=90451) _load_services_from_core_plugin /opt/stack/neutron/neutron/manager.py:167}}
Jul 07 19:32:40.230787 np0000004760 devstack@neutron-api.service[90452]: DEBUG neutron.api.extensions [None req-99e32777-7390-4525-a195-15a452d4e058 None None] Ext name="Allowed address pairs reject multicast extension" alias="aap-reject-multicast" description="Reject multicast addresses in Allowed Address Pairs" updated="2026-04-01T00:00:00-00:00" {{(pid=90452) _check_extension /opt/stack/neutron/neutron/api/extensions.py:415}}
Jul 07 19:32:40.231182 np0000004760 devstack@neutron-api.service[90451]: INFO neutron.plugins.ml2.managers [None req-ffa5ae73-1d28-434e-947d-782a9894cf17 None None] Got port-security extension from driver 'port_security'
Jul 07 19:32:40.231531 np0000004760 devstack@neutron-api.service[90453]: INFO neutron.api.extensions [None req-fa81ed1a-e7d4-4bf2-956e-b648c13fe820 None None] Loaded extension: floating-ip-port-forwarding-detail
Jul 07 19:32:40.231531 np0000004760 devstack@neutron-api.service[90453]: DEBUG neutron.api.extensions [None req-fa81ed1a-e7d4-4bf2-956e-b648c13fe820 None None] Loading extension file: fip_pf_port_range.py {{(pid=90453) _load_all_extensions_from_path /opt/stack/neutron/neutron/api/extensions.py:449}}
Jul 07 19:32:40.231897 np0000004760 devstack@neutron-api.service[90452]: INFO neutron.api.extensions [None req-99e32777-7390-4525-a195-15a452d4e058 None None] Extension aap-reject-multicast not supported by any of loaded plugins
Jul 07 19:32:40.231897 np0000004760 devstack@neutron-api.service[90452]: DEBUG neutron.api.extensions [None req-99e32777-7390-4525-a195-15a452d4e058 None None] Loading extension file: address_group.py {{(pid=90452) _load_all_extensions_from_path /opt/stack/neutron/neutron/api/extensions.py:449}}
Jul 07 19:32:40.232491 np0000004760 devstack@neutron-api.service[90451]: DEBUG neutron.manager [None req-ffa5ae73-1d28-434e-947d-782a9894cf17 None None] Loading service plugins: ['ovn-router', 'auto_allocate', 'tag', 'timestamp', 'network_ip_availability', 'flavors', 'revisions'] {{(pid=90451) _load_service_plugins /opt/stack/neutron/neutron/manager.py:192}}
Jul 07 19:32:40.232848 np0000004760 devstack@neutron-api.service[90453]: DEBUG neutron.api.extensions [None req-fa81ed1a-e7d4-4bf2-956e-b648c13fe820 None None] Ext name="Floating IP Port Forwarding support port ranges" alias="floating-ip-port-forwarding-port-ranges" description="Add support to port ranges" updated="2020-07-01T10:00:00-00:00" {{(pid=90453) _check_extension /opt/stack/neutron/neutron/api/extensions.py:415}}
Jul 07 19:32:40.233235 np0000004760 devstack@neutron-api.service[90451]: INFO neutron.manager [None req-ffa5ae73-1d28-434e-947d-782a9894cf17 None None] Loading Plugin: ovn-router
Jul 07 19:32:40.233670 np0000004760 devstack@neutron-api.service[90452]: DEBUG neutron.api.extensions [None req-99e32777-7390-4525-a195-15a452d4e058 None None] Ext name="Address group" alias="address-group" description="Support address group" updated="2020-07-15T10:00:00-00:00" {{(pid=90452) _check_extension /opt/stack/neutron/neutron/api/extensions.py:415}}
Jul 07 19:32:40.233934 np0000004760 devstack@neutron-api.service[90453]: INFO neutron.api.extensions [None req-fa81ed1a-e7d4-4bf2-956e-b648c13fe820 None None] Extension floating-ip-port-forwarding-port-ranges not supported by any of loaded plugins
Jul 07 19:32:40.234129 np0000004760 devstack@neutron-api.service[90452]: INFO neutron.api.extensions [None req-99e32777-7390-4525-a195-15a452d4e058 None None] Loaded extension: address-group
Jul 07 19:32:40.234364 np0000004760 devstack@neutron-api.service[90453]: DEBUG neutron.api.extensions [None req-fa81ed1a-e7d4-4bf2-956e-b648c13fe820 None None] Loading extension file: fip_port_details.py {{(pid=90453) _load_all_extensions_from_path /opt/stack/neutron/neutron/api/extensions.py:449}}
Jul 07 19:32:40.234524 np0000004760 devstack@neutron-api.service[90452]: DEBUG neutron.api.extensions [None req-99e32777-7390-4525-a195-15a452d4e058 None None] Loading extension file: address_scope.py {{(pid=90452) _load_all_extensions_from_path /opt/stack/neutron/neutron/api/extensions.py:449}}
Jul 07 19:32:40.234524 np0000004760 devstack@neutron-api.service[90452]: DEBUG neutron.api.extensions [None req-99e32777-7390-4525-a195-15a452d4e058 None None] Ext name="Address scope" alias="address-scope" description="Address scopes extension." updated="2015-07-26T10:00:00-00:00" {{(pid=90452) _check_extension /opt/stack/neutron/neutron/api/extensions.py:415}}
Jul 07 19:32:40.234766 np0000004760 devstack@neutron-api.service[90453]: DEBUG neutron.api.extensions [None req-fa81ed1a-e7d4-4bf2-956e-b648c13fe820 None None] Ext name="Floating IP Port Details Extension" alias="fip-port-details" description="Add port_details attribute to Floating IP resource" updated="2018-04-09T10:00:00-00:00" {{(pid=90453) _check_extension /opt/stack/neutron/neutron/api/extensions.py:415}}
Jul 07 19:32:40.234903 np0000004760 devstack@neutron-api.service[90452]: INFO neutron.api.extensions [None req-99e32777-7390-4525-a195-15a452d4e058 None None] Loaded extension: address-scope
Jul 07 19:32:40.235034 np0000004760 devstack@neutron-api.service[90453]: INFO neutron.api.extensions [None req-fa81ed1a-e7d4-4bf2-956e-b648c13fe820 None None] Loaded extension: fip-port-details
Jul 07 19:32:40.235188 np0000004760 devstack@neutron-api.service[90452]: DEBUG neutron.api.extensions [None req-99e32777-7390-4525-a195-15a452d4e058 None None] Loading extension file: admin_state_down_before_update.py {{(pid=90452) _load_all_extensions_from_path /opt/stack/neutron/neutron/api/extensions.py:449}}
Jul 07 19:32:40.235342 np0000004760 devstack@neutron-api.service[90453]: DEBUG neutron.api.extensions [None req-fa81ed1a-e7d4-4bf2-956e-b648c13fe820 None None] Loading extension file: flavors.py {{(pid=90453) _load_all_extensions_from_path /opt/stack/neutron/neutron/api/extensions.py:449}}
Jul 07 19:32:40.235498 np0000004760 devstack@neutron-api.service[90452]: DEBUG neutron.api.extensions [None req-99e32777-7390-4525-a195-15a452d4e058 None None] Ext name="Enforce Router's Admin State Down Before Update Extension" alias="router-admin-state-down-before-update" description="Ensure that the admin state of a router is DOWN (admin_state_up=False) before updating the distributed attribute" updated="2019-07-02T15:56:00" {{(pid=90452) _check_extension /opt/stack/neutron/neutron/api/extensions.py:415}}
Jul 07 19:32:40.235498 np0000004760 devstack@neutron-api.service[90452]: INFO neutron.api.extensions [None req-99e32777-7390-4525-a195-15a452d4e058 None None] Extension router-admin-state-down-before-update not supported by any of loaded plugins
Jul 07 19:32:40.235498 np0000004760 devstack@neutron-api.service[90452]: DEBUG neutron.api.extensions [None req-99e32777-7390-4525-a195-15a452d4e058 None None] Loading extension file: agent.py {{(pid=90452) _load_all_extensions_from_path /opt/stack/neutron/neutron/api/extensions.py:449}}
Jul 07 19:32:40.235762 np0000004760 devstack@neutron-api.service[90453]: DEBUG neutron.api.extensions [None req-fa81ed1a-e7d4-4bf2-956e-b648c13fe820 None None] Ext name="Neutron Service Flavors" alias="flavors" description="Flavor specification for Neutron advanced services." updated="2015-09-17T10:00:00-00:00" {{(pid=90453) _check_extension /opt/stack/neutron/neutron/api/extensions.py:415}}
Jul 07 19:32:40.235762 np0000004760 devstack@neutron-api.service[90453]: INFO neutron.api.extensions [None req-fa81ed1a-e7d4-4bf2-956e-b648c13fe820 None None] Loaded extension: flavors
Jul 07 19:32:40.236015 np0000004760 devstack@neutron-api.service[90452]: DEBUG neutron.api.extensions [None req-99e32777-7390-4525-a195-15a452d4e058 None None] Ext name="agent" alias="agent" description="The agent management extension." updated="2013-02-03T10:00:00-00:00" {{(pid=90452) _check_extension /opt/stack/neutron/neutron/api/extensions.py:415}}
Jul 07 19:32:40.236197 np0000004760 devstack@neutron-api.service[90453]: DEBUG neutron.api.extensions [None req-fa81ed1a-e7d4-4bf2-956e-b648c13fe820 None None] Loading extension file: floating_ip_port_forwarding.py {{(pid=90453) _load_all_extensions_from_path /opt/stack/neutron/neutron/api/extensions.py:449}}
Jul 07 19:32:40.236403 np0000004760 devstack@neutron-api.service[90452]: INFO neutron.api.extensions [None req-99e32777-7390-4525-a195-15a452d4e058 None None] Loaded extension: agent
Jul 07 19:32:40.236403 np0000004760 devstack@neutron-api.service[90452]: DEBUG neutron.api.extensions [None req-99e32777-7390-4525-a195-15a452d4e058 None None] Loading extension file: agent_resources_synced.py {{(pid=90452) _load_all_extensions_from_path /opt/stack/neutron/neutron/api/extensions.py:449}}
Jul 07 19:32:40.236403 np0000004760 devstack@neutron-api.service[90452]: DEBUG neutron.api.extensions [None req-99e32777-7390-4525-a195-15a452d4e058 None None] Ext name="Agent's Resource View Synced to Placement" alias="agent-resources-synced" description="Stores success/failure of last sync to Placement" updated="2018-12-19T00:00:00-00:00" {{(pid=90452) _check_extension /opt/stack/neutron/neutron/api/extensions.py:415}}
Jul 07 19:32:40.236643 np0000004760 devstack@neutron-api.service[90453]: DEBUG neutron.api.extensions [None req-fa81ed1a-e7d4-4bf2-956e-b648c13fe820 None None] Ext name="Floating IP Port Forwarding" alias="floating-ip-port-forwarding" description="Allow port forwarding from floating IP port to an internal port" updated="2018-01-19T10:00:00-00:00" {{(pid=90453) _check_extension /opt/stack/neutron/neutron/api/extensions.py:415}}
Jul 07 19:32:40.236777 np0000004760 devstack@neutron-api.service[90452]: INFO neutron.api.extensions [None req-99e32777-7390-4525-a195-15a452d4e058 None None] Extension agent-resources-synced not supported by any of loaded plugins
Jul 07 19:32:40.236777 np0000004760 devstack@neutron-api.service[90452]: DEBUG neutron.api.extensions [None req-99e32777-7390-4525-a195-15a452d4e058 None None] Loading extension file: agent_sort_key.py {{(pid=90452) _load_all_extensions_from_path /opt/stack/neutron/neutron/api/extensions.py:449}}
Jul 07 19:32:40.236945 np0000004760 devstack@neutron-api.service[90453]: INFO neutron.api.extensions [None req-fa81ed1a-e7d4-4bf2-956e-b648c13fe820 None None] Extension floating-ip-port-forwarding not supported by any of loaded plugins
Jul 07 19:32:40.236945 np0000004760 devstack@neutron-api.service[90453]: DEBUG neutron.api.extensions [None req-fa81ed1a-e7d4-4bf2-956e-b648c13fe820 None None] Loading extension file: floatingip_pools.py {{(pid=90453) _load_all_extensions_from_path /opt/stack/neutron/neutron/api/extensions.py:449}}
Jul 07 19:32:40.237137 np0000004760 devstack@neutron-api.service[90452]: DEBUG neutron.api.extensions [None req-99e32777-7390-4525-a195-15a452d4e058 None None] Ext name="Agents Sort Key" alias="agent_sort_key" description="Enabling the keyword sort_key for sorting in agents." updated="2013-02-03T10:00:00-00:00" {{(pid=90452) _check_extension /opt/stack/neutron/neutron/api/extensions.py:415}}
Jul 07 19:32:40.237137 np0000004760 devstack@neutron-api.service[90452]: INFO neutron.api.extensions [None req-99e32777-7390-4525-a195-15a452d4e058 None None] Extension agent_sort_key not supported by any of loaded plugins
Jul 07 19:32:40.237137 np0000004760 devstack@neutron-api.service[90452]: DEBUG neutron.api.extensions [None req-99e32777-7390-4525-a195-15a452d4e058 None None] Loading extension file: allowedaddresspairs.py {{(pid=90452) _load_all_extensions_from_path /opt/stack/neutron/neutron/api/extensions.py:449}}
Jul 07 19:32:40.237372 np0000004760 devstack@neutron-api.service[90453]: DEBUG neutron.api.extensions [None req-fa81ed1a-e7d4-4bf2-956e-b648c13fe820 None None] Ext name="Floating IP Pools Extension" alias="floatingip-pools" description="Provides a floating IP pools API." updated="2018-03-21T10:00:00-00:00" {{(pid=90453) _check_extension /opt/stack/neutron/neutron/api/extensions.py:415}}
Jul 07 19:32:40.237372 np0000004760 devstack@neutron-api.service[90453]: INFO neutron.api.extensions [None req-fa81ed1a-e7d4-4bf2-956e-b648c13fe820 None None] Loaded extension: floatingip-pools
Jul 07 19:32:40.237372 np0000004760 devstack@neutron-api.service[90453]: DEBUG neutron.api.extensions [None req-fa81ed1a-e7d4-4bf2-956e-b648c13fe820 None None] Loading extension file: ip_allocation.py {{(pid=90453) _load_all_extensions_from_path /opt/stack/neutron/neutron/api/extensions.py:449}}
Jul 07 19:32:40.237372 np0000004760 devstack@neutron-api.service[90453]: DEBUG neutron.api.extensions [None req-fa81ed1a-e7d4-4bf2-956e-b648c13fe820 None None] Ext name="IP Allocation" alias="ip_allocation" description="IP allocation extension." updated="2016-06-10T23:00:00-00:00" {{(pid=90453) _check_extension /opt/stack/neutron/neutron/api/extensions.py:415}}
Jul 07 19:32:40.237642 np0000004760 devstack@neutron-api.service[90452]: DEBUG neutron.api.extensions [None req-99e32777-7390-4525-a195-15a452d4e058 None None] Ext name="Allowed Address Pairs" alias="allowed-address-pairs" description="Provides allowed address pairs" updated="2013-07-23T10:00:00-00:00" {{(pid=90452) _check_extension /opt/stack/neutron/neutron/api/extensions.py:415}}
Jul 07 19:32:40.237642 np0000004760 devstack@neutron-api.service[90452]: INFO neutron.api.extensions [None req-99e32777-7390-4525-a195-15a452d4e058 None None] Loaded extension: allowed-address-pairs
Jul 07 19:32:40.237834 np0000004760 devstack@neutron-api.service[90453]: INFO neutron.api.extensions [None req-fa81ed1a-e7d4-4bf2-956e-b648c13fe820 None None] Extension ip_allocation not supported by any of loaded plugins
Jul 07 19:32:40.237975 np0000004760 devstack@neutron-api.service[90452]: DEBUG neutron.api.extensions [None req-99e32777-7390-4525-a195-15a452d4e058 None None] Loading extension file: auto_allocated_topology.py {{(pid=90452) _load_all_extensions_from_path /opt/stack/neutron/neutron/api/extensions.py:449}}
Jul 07 19:32:40.238236 np0000004760 devstack@neutron-api.service[90453]: DEBUG neutron.api.extensions [None req-fa81ed1a-e7d4-4bf2-956e-b648c13fe820 None None] Loading extension file: ip_substring_port_filtering.py {{(pid=90453) _load_all_extensions_from_path /opt/stack/neutron/neutron/api/extensions.py:449}}
Jul 07 19:32:40.238405 np0000004760 devstack@neutron-api.service[90452]: DEBUG neutron.api.extensions [None req-99e32777-7390-4525-a195-15a452d4e058 None None] Ext name="Auto Allocated Topology Services" alias="auto-allocated-topology" description="Auto Allocated Topology Services." updated="2016-01-01T00:00:00-00:00" {{(pid=90452) _check_extension /opt/stack/neutron/neutron/api/extensions.py:415}}
Jul 07 19:32:40.238549 np0000004760 devstack@neutron-api.service[90453]: DEBUG neutron.api.extensions [None req-fa81ed1a-e7d4-4bf2-956e-b648c13fe820 None None] Ext name="IP address substring filtering" alias="ip-substring-filtering" description="Provides IP address substring filtering when listing ports" updated="2017-11-28T09:00:00-00:00" {{(pid=90453) _check_extension /opt/stack/neutron/neutron/api/extensions.py:415}}
Jul 07 19:32:40.238676 np0000004760 devstack@neutron-api.service[90452]: INFO neutron.api.extensions [None req-99e32777-7390-4525-a195-15a452d4e058 None None] Loaded extension: auto-allocated-topology
Jul 07 19:32:40.238799 np0000004760 devstack@neutron-api.service[90453]: INFO neutron.api.extensions [None req-fa81ed1a-e7d4-4bf2-956e-b648c13fe820 None None] Extension ip-substring-filtering not supported by any of loaded plugins
Jul 07 19:32:40.238912 np0000004760 devstack@neutron-api.service[90452]: DEBUG neutron.api.extensions [None req-99e32777-7390-4525-a195-15a452d4e058 None None] Loading extension file: availability_zone.py {{(pid=90452) _load_all_extensions_from_path /opt/stack/neutron/neutron/api/extensions.py:449}}
Jul 07 19:32:40.239307 np0000004760 devstack@neutron-api.service[90453]: DEBUG neutron.api.extensions [None req-fa81ed1a-e7d4-4bf2-956e-b648c13fe820 None None] Loading extension file: l2_adjacency.py {{(pid=90453) _load_all_extensions_from_path /opt/stack/neutron/neutron/api/extensions.py:449}}
Jul 07 19:32:40.239721 np0000004760 devstack@neutron-api.service[90452]: DEBUG neutron.api.extensions [None req-99e32777-7390-4525-a195-15a452d4e058 None None] Ext name="Availability Zone" alias="availability_zone" description="The availability zone extension." updated="2015-01-01T10:00:00-00:00" {{(pid=90452) _check_extension /opt/stack/neutron/neutron/api/extensions.py:415}}
Jul 07 19:32:40.240125 np0000004760 devstack@neutron-api.service[90453]: DEBUG neutron.api.extensions [None req-fa81ed1a-e7d4-4bf2-956e-b648c13fe820 None None] Ext name="L2 Adjacency" alias="l2_adjacency" description="Display L2 Adjacency for Neutron Networks." updated="2016-04-12T16:00:00-00:00" {{(pid=90453) _check_extension /opt/stack/neutron/neutron/api/extensions.py:415}}
Jul 07 19:32:40.240486 np0000004760 devstack@neutron-api.service[90452]: INFO neutron.api.extensions [None req-99e32777-7390-4525-a195-15a452d4e058 None None] Loaded extension: availability_zone
Jul 07 19:32:40.240854 np0000004760 devstack@neutron-api.service[90453]: INFO neutron.api.extensions [None req-fa81ed1a-e7d4-4bf2-956e-b648c13fe820 None None] Extension l2_adjacency not supported by any of loaded plugins
Jul 07 19:32:40.241320 np0000004760 devstack@neutron-api.service[90452]: DEBUG neutron.api.extensions [None req-99e32777-7390-4525-a195-15a452d4e058 None None] Loading extension file: availability_zone_filter.py {{(pid=90452) _load_all_extensions_from_path /opt/stack/neutron/neutron/api/extensions.py:449}}
Jul 07 19:32:40.241705 np0000004760 devstack@neutron-api.service[90453]: DEBUG neutron.api.extensions [None req-fa81ed1a-e7d4-4bf2-956e-b648c13fe820 None None] Loading extension file: l3.py {{(pid=90453) _load_all_extensions_from_path /opt/stack/neutron/neutron/api/extensions.py:449}}
Jul 07 19:32:40.241870 np0000004760 devstack@neutron-api.service[90452]: DEBUG neutron.api.extensions [None req-99e32777-7390-4525-a195-15a452d4e058 None None] Ext name="Availability Zone Filter Extension" alias="availability_zone_filter" description="Add filter parameters to AvailabilityZone resource" updated="2018-06-22T10:00:00-00:00" {{(pid=90452) _check_extension /opt/stack/neutron/neutron/api/extensions.py:415}}
Jul 07 19:32:40.241870 np0000004760 devstack@neutron-api.service[90452]: INFO neutron.api.extensions [None req-99e32777-7390-4525-a195-15a452d4e058 None None] Extension availability_zone_filter not supported by any of loaded plugins
Jul 07 19:32:40.242194 np0000004760 devstack@neutron-api.service[90453]: DEBUG neutron.api.extensions [None req-fa81ed1a-e7d4-4bf2-956e-b648c13fe820 None None] Ext name="Neutron L3 Router" alias="router" description="Router abstraction for basic L3 forwarding between L2 Neutron networks and access to external networks via a NAT gateway." updated="2012-07-20T10:00:00-00:00" {{(pid=90453) _check_extension /opt/stack/neutron/neutron/api/extensions.py:415}}
Jul 07 19:32:40.242493 np0000004760 devstack@neutron-api.service[90452]: DEBUG neutron.api.extensions [None req-99e32777-7390-4525-a195-15a452d4e058 None None] Loading extension file: data_plane_status.py {{(pid=90452) _load_all_extensions_from_path /opt/stack/neutron/neutron/api/extensions.py:449}}
Jul 07 19:32:40.242926 np0000004760 devstack@neutron-api.service[90453]: INFO neutron.api.extensions [None req-fa81ed1a-e7d4-4bf2-956e-b648c13fe820 None None] Loaded extension: router
