Aug 07 21:37:28.649209 np0000006758 devstack@neutron-api.service[87649]: INFO neutron.plugins.ml2.drivers.ovn.mech_driver.ovsdb.impl_idl_ovn [None req-73abdd33-f080-46f8-bb02-9458f745377b None None] Getting OvsdbSbOvnIdl for WorkerService with retry
Aug 07 21:37:28.671751 np0000006758 devstack@neutron-api.service[87649]: DEBUG ovsdbapp.backend.ovs_idl [None req-73abdd33-f080-46f8-bb02-9458f745377b None None] Created lookup_table index Chassis.name {{(pid=87649) autocreate_indices /opt/stack/data/venv/lib/python3.12/site-packages/ovsdbapp/backend/ovs_idl/__init__.py:87}}
Aug 07 21:37:28.671852 np0000006758 devstack@neutron-api.service[87649]: DEBUG ovsdbapp.backend.ovs_idl [None req-73abdd33-f080-46f8-bb02-9458f745377b None None] Created lookup_table index Port_Binding.logical_port {{(pid=87649) autocreate_indices /opt/stack/data/venv/lib/python3.12/site-packages/ovsdbapp/backend/ovs_idl/__init__.py:87}}
Aug 07 21:37:28.671979 np0000006758 devstack@neutron-api.service[87649]: DEBUG ovsdbapp.backend.ovs_idl [None req-73abdd33-f080-46f8-bb02-9458f745377b None None] Created schema index Chassis_Private.name {{(pid=87649) autocreate_indices /opt/stack/data/venv/lib/python3.12/site-packages/ovsdbapp/backend/ovs_idl/__init__.py:106}}
Aug 07 21:37:28.672101 np0000006758 devstack@neutron-api.service[87649]: DEBUG ovsdbapp.backend.ovs_idl [None req-73abdd33-f080-46f8-bb02-9458f745377b None None] Created schema index Datapath_Binding.tunnel_key {{(pid=87649) autocreate_indices /opt/stack/data/venv/lib/python3.12/site-packages/ovsdbapp/backend/ovs_idl/__init__.py:106}}
Aug 07 21:37:28.673484 np0000006758 devstack@neutron-api.service[87648]: DEBUG ovsdbapp.backend.ovs_idl [None req-43efa1f0-75db-486d-b6c6-a17514ff1e1c None None] Created lookup_table index Chassis.name {{(pid=87648) autocreate_indices /opt/stack/data/venv/lib/python3.12/site-packages/ovsdbapp/backend/ovs_idl/__init__.py:87}}
Aug 07 21:37:28.673602 np0000006758 devstack@neutron-api.service[87648]: DEBUG ovsdbapp.backend.ovs_idl [None req-43efa1f0-75db-486d-b6c6-a17514ff1e1c None None] Created lookup_table index Port_Binding.logical_port {{(pid=87648) autocreate_indices /opt/stack/data/venv/lib/python3.12/site-packages/ovsdbapp/backend/ovs_idl/__init__.py:87}}
Aug 07 21:37:28.673696 np0000006758 devstack@neutron-api.service[87648]: DEBUG ovsdbapp.backend.ovs_idl [None req-43efa1f0-75db-486d-b6c6-a17514ff1e1c None None] Created schema index Chassis_Private.name {{(pid=87648) autocreate_indices /opt/stack/data/venv/lib/python3.12/site-packages/ovsdbapp/backend/ovs_idl/__init__.py:106}}
Aug 07 21:37:28.673783 np0000006758 devstack@neutron-api.service[87648]: DEBUG ovsdbapp.backend.ovs_idl [None req-43efa1f0-75db-486d-b6c6-a17514ff1e1c None None] Created schema index Datapath_Binding.tunnel_key {{(pid=87648) autocreate_indices /opt/stack/data/venv/lib/python3.12/site-packages/ovsdbapp/backend/ovs_idl/__init__.py:106}}
Aug 07 21:37:28.674300 np0000006758 devstack@neutron-api.service[87649]: INFO ovsdbapp.backend.ovs_idl.vlog [None req-73abdd33-f080-46f8-bb02-9458f745377b None None] ssl:10.4.3.45:6642: connecting...
Aug 07 21:37:28.675847 np0000006758 devstack@neutron-api.service[87648]: INFO ovsdbapp.backend.ovs_idl.vlog [None req-43efa1f0-75db-486d-b6c6-a17514ff1e1c None None] ssl:10.4.3.45:6642: connecting...
Aug 07 21:37:28.678368 np0000006758 devstack@neutron-api.service[87649]: INFO ovsdbapp.backend.ovs_idl.vlog [None req-73abdd33-f080-46f8-bb02-9458f745377b None None] ssl:10.4.3.45:6642: connected
Aug 07 21:37:28.680195 np0000006758 devstack@neutron-api.service[87648]: INFO ovsdbapp.backend.ovs_idl.vlog [None req-43efa1f0-75db-486d-b6c6-a17514ff1e1c None None] ssl:10.4.3.45:6642: connected
Aug 07 21:37:28.700312 np0000006758 devstack@neutron-api.service[87649]: DEBUG neutron.common.ovn.hash_ring_manager [None req-73abdd33-f080-46f8-bb02-9458f745377b None None] Allow caching, nodes 3>=3 {{(pid=87649) _wait_startup_before_caching /opt/stack/neutron/neutron/common/ovn/hash_ring_manager.py:71}}
Aug 07 21:37:28.702501 np0000006758 devstack@neutron-api.service[87648]: DEBUG neutron.common.ovn.hash_ring_manager [None req-43efa1f0-75db-486d-b6c6-a17514ff1e1c None None] Allow caching, nodes 3>=3 {{(pid=87648) _wait_startup_before_caching /opt/stack/neutron/neutron/common/ovn/hash_ring_manager.py:71}}
Aug 07 21:37:28.704576 np0000006758 devstack@neutron-api.service[87649]: DEBUG neutron.common.ovn.hash_ring_manager [None req-73abdd33-f080-46f8-bb02-9458f745377b None None] Hash Ring loaded. 3 active nodes. 0 offline nodes {{(pid=87649) _load_hash_ring /opt/stack/neutron/neutron/common/ovn/hash_ring_manager.py:110}}
Aug 07 21:37:28.705133 np0000006758 devstack@neutron-api.service[87649]: DEBUG ovsdbapp.backend.ovs_idl.event [None req-73abdd33-f080-46f8-bb02-9458f745377b None None] Matched CREATE: ChassisOVNAgentWriteEvent(events=('create', 'update'), table='Chassis_Private', conditions=None, old_conditions=None), priority=20 to row=Chassis_Private(uuid=bcdd2888-a56d-4f54-b571-2f3c366aaec2, chassis=5427df4a-0a4d-4a08-9fc5-9dec2f339194, external_ids={'neutron:ovn-bridge': 'br-int', 'neutron:ovn-neutron-agent-id': '0d1e9e74-8a28-526c-9f7d-c442b1f18364', 'neutron:ovn-neutron-agent-sb-cfg': '0'}, name='b7fbfaa4-c560-4ee9-9082-f00f3aa96e2b', nb_cfg=0, nb_cfg_timestamp=0) old= {{(pid=87649) matches /opt/stack/data/venv/lib/python3.12/site-packages/ovsdbapp/backend/ovs_idl/event.py:55}}
Aug 07 21:37:28.705471 np0000006758 devstack@neutron-api.service[87649]: DEBUG ovsdbapp.backend.ovs_idl.event [None req-73abdd33-f080-46f8-bb02-9458f745377b None None] Matched CREATE: ChassisAgentWriteEvent(events=('create', 'update'), table='Chassis_Private', conditions=None, old_conditions=None), priority=20 to row=Chassis_Private(uuid=bcdd2888-a56d-4f54-b571-2f3c366aaec2, chassis=5427df4a-0a4d-4a08-9fc5-9dec2f339194, external_ids={'neutron:ovn-bridge': 'br-int', 'neutron:ovn-neutron-agent-id': '0d1e9e74-8a28-526c-9f7d-c442b1f18364', 'neutron:ovn-neutron-agent-sb-cfg': '0'}, name='b7fbfaa4-c560-4ee9-9082-f00f3aa96e2b', nb_cfg=0, nb_cfg_timestamp=0) old= {{(pid=87649) matches /opt/stack/data/venv/lib/python3.12/site-packages/ovsdbapp/backend/ovs_idl/event.py:55}}
Aug 07 21:37:28.707558 np0000006758 devstack@neutron-api.service[87649]: INFO neutron.plugins.ml2.drivers.ovn.mech_driver.mech_driver [None req-73abdd33-f080-46f8-bb02-9458f745377b None None] WorkerService process has finished the post initialization
Aug 07 21:37:28.707702 np0000006758 devstack@neutron-api.service[87648]: DEBUG neutron.common.ovn.hash_ring_manager [None req-43efa1f0-75db-486d-b6c6-a17514ff1e1c None None] Hash Ring loaded. 3 active nodes. 0 offline nodes {{(pid=87648) _load_hash_ring /opt/stack/neutron/neutron/common/ovn/hash_ring_manager.py:110}}
Aug 07 21:37:28.707858 np0000006758 devstack@neutron-api.service[87649]: DEBUG oslo_concurrency.processutils [None req-73abdd33-f080-46f8-bb02-9458f745377b None None] Running cmd (subprocess): ovsdb-client transact ssl:10.4.3.45:6641 --timeout 180 -p /opt/stack/data/CA/int-ca/private/devstack-cert.key -c /opt/stack/data/CA/int-ca/devstack-cert.crt -C /opt/stack/data/CA/int-ca/ca-chain.pem ["OVN_Northbound", {"op": "wait", "timeout": 0, "table": "Port_Group", "where": [["name", "==", "pvlan_pg_drop"]], "until": "==", "rows": []}, {"op": "insert", "table": "ACL", "row": {"action": "drop", "direction": "to-lport", "match": "outport == @pvlan_pg_drop && ip", "priority": 1010}, "uuid-name": "pvlandroptoport"}, {"op": "insert", "table": "ACL", "row": {"action": "drop", "direction": "from-lport", "match": "inport == @pvlan_pg_drop && ip", "priority": 1010}, "uuid-name": "pvlandropfromport"}, {"op": "insert", "table": "Port_Group", "row": {"name": "pvlan_pg_drop", "acls": ["set", [["named-uuid", "pvlandroptoport"], ["named-uuid", "pvlandropfromport"]]]}}] {{(pid=87649) execute /opt/stack/data/venv/lib/python3.12/site-packages/oslo_concurrency/processutils.py:440}}
Aug 07 21:37:28.707921 np0000006758 devstack@neutron-api.service[87648]: DEBUG neutron.plugins.ml2.drivers.ovn.mech_driver.ovsdb.ovsdb_monitor [None req-43efa1f0-75db-486d-b6c6-a17514ff1e1c None None] Hash Ring: Node 39ce5333563457929eb882a1800fae2e (host: np0000006758) handling event "create" for row 5427df4a-0a4d-4a08-9fc5-9dec2f339194 (table: Chassis) {{(pid=87648) notify /opt/stack/neutron/neutron/plugins/ml2/drivers/ovn/mech_driver/ovsdb/ovsdb_monitor.py:1099}}
Aug 07 21:37:28.708726 np0000006758 devstack@neutron-api.service[87648]: DEBUG ovsdbapp.backend.ovs_idl.event [None req-43efa1f0-75db-486d-b6c6-a17514ff1e1c None None] Matched CREATE: ChassisBandwidthConfigEvent(events=('create', 'update'), table='Chassis', conditions=None, old_conditions=None), priority=20 to row=Chassis(uuid=5427df4a-0a4d-4a08-9fc5-9dec2f339194, encaps=[5fed0ddd-2355-423e-b3a3-b0998d1599e6], external_ids={}, hostname='np0000006758', name='b7fbfaa4-c560-4ee9-9082-f00f3aa96e2b', nb_cfg=0, other_config={'ct-commit-nat-v2': 'true', 'ct-commit-to-zone': 'true', 'ct-next-zone': 'true', 'ct-no-masked-label': 'true', 'ct-state-save': 'true', 'datapath-type': 'system', 'fdb-timestamp': 'true', 'iface-types': 'afxdp,afxdp-nonpmd,bareudp,erspan,geneve,gre,gtpu,internal,ip6erspan,ip6gre,lisp,patch,srv6,stt,system,tap,vxlan', 'is-interconn': 'false', 'ls-dpg-column': 'true', 'mac-binding-timestamp': 'true', 'ovn-bridge-mappings': 'public:br-ex', 'ovn-chassis-mac-mappings': '', 'ovn-cms-options': 'enable-chassis-as-gw', 'ovn-ct-lb-related': 'true', 'ovn-enable-lflow-cache': 'true', 'ovn-limit-lflow-cache': '', 'ovn-memlimit-lflow-cache-kb': '', 'ovn-monitor-all': 'false', 'ovn-trim-limit-lflow-cache': '', 'ovn-trim-timeout-ms': '', 'ovn-trim-wmark-perc-lflow-cache': '', 'port-up-notif': 'true'}, transport_zones=[], vtep_logical_switches=[]) old= {{(pid=87648) matches /opt/stack/data/venv/lib/python3.12/site-packages/ovsdbapp/backend/ovs_idl/event.py:55}}
Aug 07 21:37:28.709635 np0000006758 devstack@neutron-api.service[87648]: DEBUG ovsdbapp.backend.ovs_idl.event [None req-43efa1f0-75db-486d-b6c6-a17514ff1e1c None None] Matched CREATE: ChassisOVNAgentWriteEvent(events=('create', 'update'), table='Chassis_Private', conditions=None, old_conditions=None), priority=20 to row=Chassis_Private(uuid=bcdd2888-a56d-4f54-b571-2f3c366aaec2, chassis=5427df4a-0a4d-4a08-9fc5-9dec2f339194, external_ids={'neutron:ovn-bridge': 'br-int', 'neutron:ovn-neutron-agent-id': '0d1e9e74-8a28-526c-9f7d-c442b1f18364', 'neutron:ovn-neutron-agent-sb-cfg': '0'}, name='b7fbfaa4-c560-4ee9-9082-f00f3aa96e2b', nb_cfg=0, nb_cfg_timestamp=0) old= {{(pid=87648) matches /opt/stack/data/venv/lib/python3.12/site-packages/ovsdbapp/backend/ovs_idl/event.py:55}}
Aug 07 21:37:28.710020 np0000006758 devstack@neutron-api.service[87648]: DEBUG ovsdbapp.backend.ovs_idl.event [None req-43efa1f0-75db-486d-b6c6-a17514ff1e1c None None] Matched CREATE: ChassisAgentWriteEvent(events=('create', 'update'), table='Chassis_Private', conditions=None, old_conditions=None), priority=20 to row=Chassis_Private(uuid=bcdd2888-a56d-4f54-b571-2f3c366aaec2, chassis=5427df4a-0a4d-4a08-9fc5-9dec2f339194, external_ids={'neutron:ovn-bridge': 'br-int', 'neutron:ovn-neutron-agent-id': '0d1e9e74-8a28-526c-9f7d-c442b1f18364', 'neutron:ovn-neutron-agent-sb-cfg': '0'}, name='b7fbfaa4-c560-4ee9-9082-f00f3aa96e2b', nb_cfg=0, nb_cfg_timestamp=0) old= {{(pid=87648) matches /opt/stack/data/venv/lib/python3.12/site-packages/ovsdbapp/backend/ovs_idl/event.py:55}}
Aug 07 21:37:28.710421 np0000006758 devstack@neutron-api.service[87648]: DEBUG neutron.plugins.ml2.drivers.ovn.mech_driver.ovsdb.ovsdb_monitor [None req-43efa1f0-75db-486d-b6c6-a17514ff1e1c None None] Hash Ring: Node 39ce5333563457929eb882a1800fae2e (host: np0000006758) handling event "create" for row bcdd2888-a56d-4f54-b571-2f3c366aaec2 (table: Chassis_Private) {{(pid=87648) notify /opt/stack/neutron/neutron/plugins/ml2/drivers/ovn/mech_driver/ovsdb/ovsdb_monitor.py:1099}}
Aug 07 21:37:28.711500 np0000006758 devstack@neutron-api.service[87648]: INFO neutron.plugins.ml2.drivers.ovn.mech_driver.mech_driver [None req-43efa1f0-75db-486d-b6c6-a17514ff1e1c None None] WorkerService process has finished the post initialization
Aug 07 21:37:28.711843 np0000006758 devstack@neutron-api.service[87648]: DEBUG oslo_concurrency.processutils [None req-43efa1f0-75db-486d-b6c6-a17514ff1e1c None None] Running cmd (subprocess): ovsdb-client transact ssl:10.4.3.45:6641 --timeout 180 -p /opt/stack/data/CA/int-ca/private/devstack-cert.key -c /opt/stack/data/CA/int-ca/devstack-cert.crt -C /opt/stack/data/CA/int-ca/ca-chain.pem ["OVN_Northbound", {"op": "wait", "timeout": 0, "table": "Port_Group", "where": [["name", "==", "pvlan_pg_drop"]], "until": "==", "rows": []}, {"op": "insert", "table": "ACL", "row": {"action": "drop", "direction": "to-lport", "match": "outport == @pvlan_pg_drop && ip", "priority": 1010}, "uuid-name": "pvlandroptoport"}, {"op": "insert", "table": "ACL", "row": {"action": "drop", "direction": "from-lport", "match": "inport == @pvlan_pg_drop && ip", "priority": 1010}, "uuid-name": "pvlandropfromport"}, {"op": "insert", "table": "Port_Group", "row": {"name": "pvlan_pg_drop", "acls": ["set", [["named-uuid", "pvlandroptoport"], ["named-uuid", "pvlandropfromport"]]]}}] {{(pid=87648) execute /opt/stack/data/venv/lib/python3.12/site-packages/oslo_concurrency/processutils.py:440}}
Aug 07 21:37:28.712369 np0000006758 devstack@neutron-api.service[87648]: INFO neutron.plugins.ml2.drivers.ovn.mech_driver.ovsdb.extensions.qos [-] Starting OVNClientQosExtension
Aug 07 21:37:28.712612 np0000006758 devstack@neutron-api.service[87648]: INFO neutron.plugins.ml2.drivers.ovn.mech_driver.ovsdb.extensions.placement [-] Starting OVNClientPlacementExtension
Aug 07 21:37:28.733192 np0000006758 devstack@neutron-api.service[87649]: DEBUG oslo_concurrency.processutils [None req-73abdd33-f080-46f8-bb02-9458f745377b None None] CMD "ovsdb-client transact ssl:10.4.3.45:6641 --timeout 180 -p /opt/stack/data/CA/int-ca/private/devstack-cert.key -c /opt/stack/data/CA/int-ca/devstack-cert.crt -C /opt/stack/data/CA/int-ca/ca-chain.pem ["OVN_Northbound", {"op": "wait", "timeout": 0, "table": "Port_Group", "where": [["name", "==", "pvlan_pg_drop"]], "until": "==", "rows": []}, {"op": "insert", "table": "ACL", "row": {"action": "drop", "direction": "to-lport", "match": "outport == @pvlan_pg_drop && ip", "priority": 1010}, "uuid-name": "pvlandroptoport"}, {"op": "insert", "table": "ACL", "row": {"action": "drop", "direction": "from-lport", "match": "inport == @pvlan_pg_drop && ip", "priority": 1010}, "uuid-name": "pvlandropfromport"}, {"op": "insert", "table": "Port_Group", "row": {"name": "pvlan_pg_drop", "acls": ["set", [["named-uuid", "pvlandroptoport"], ["named-uuid", "pvlandropfromport"]]]}}]" returned: 0 in 0.025s {{(pid=87649) execute /opt/stack/data/venv/lib/python3.12/site-packages/oslo_concurrency/processutils.py:468}}
Aug 07 21:37:28.735152 np0000006758 devstack@neutron-api.service[87649]: WSGI app 0 (mountpoint='') ready in 6 seconds on interpreter 0x786376ca4668 pid: 87649 (default app)
Aug 07 21:37:28.739159 np0000006758 devstack@neutron-api.service[87648]: DEBUG oslo_concurrency.processutils [None req-43efa1f0-75db-486d-b6c6-a17514ff1e1c None None] CMD "ovsdb-client transact ssl:10.4.3.45:6641 --timeout 180 -p /opt/stack/data/CA/int-ca/private/devstack-cert.key -c /opt/stack/data/CA/int-ca/devstack-cert.crt -C /opt/stack/data/CA/int-ca/ca-chain.pem ["OVN_Northbound", {"op": "wait", "timeout": 0, "table": "Port_Group", "where": [["name", "==", "pvlan_pg_drop"]], "until": "==", "rows": []}, {"op": "insert", "table": "ACL", "row": {"action": "drop", "direction": "to-lport", "match": "outport == @pvlan_pg_drop && ip", "priority": 1010}, "uuid-name": "pvlandroptoport"}, {"op": "insert", "table": "ACL", "row": {"action": "drop", "direction": "from-lport", "match": "inport == @pvlan_pg_drop && ip", "priority": 1010}, "uuid-name": "pvlandropfromport"}, {"op": "insert", "table": "Port_Group", "row": {"name": "pvlan_pg_drop", "acls": ["set", [["named-uuid", "pvlandroptoport"], ["named-uuid", "pvlandropfromport"]]]}}]" returned: 0 in 0.027s {{(pid=87648) execute /opt/stack/data/venv/lib/python3.12/site-packages/oslo_concurrency/processutils.py:468}}
Aug 07 21:37:28.741230 np0000006758 devstack@neutron-api.service[87648]: WSGI app 0 (mountpoint='') ready in 6 seconds on interpreter 0x786376ca4668 pid: 87648 (default app)
Aug 07 21:37:29.601318 np0000006758 devstack@neutron-api.service[87648]: DEBUG neutron.plugins.ml2.drivers.ovn.mech_driver.ovsdb.ovsdb_monitor [-] Hash Ring: Node 39ce5333563457929eb882a1800fae2e (host: np0000006758) handling event "update" for row f46b5862-7f2c-4749-8b8b-ffd629489ba1 (table: Connection) {{(pid=87648) notify /opt/stack/neutron/neutron/plugins/ml2/drivers/ovn/mech_driver/ovsdb/ovsdb_monitor.py:1099}}
Aug 07 21:37:29.605068 np0000006758 devstack@neutron-api.service[87650]: DEBUG neutron.common.ovn.hash_ring_manager [-] Allow caching, nodes 3>=3 {{(pid=87650) _wait_startup_before_caching /opt/stack/neutron/neutron/common/ovn/hash_ring_manager.py:71}}
Aug 07 21:37:29.605297 np0000006758 devstack@neutron-api.service[87650]: DEBUG neutron.plugins.ml2.drivers.ovn.mech_driver.ovsdb.ovsdb_monitor [-] Hash Ring: Node 7dd399d0327e5222b228a967b610d9ad (host: np0000006758) handling event "update" for row f46b5862-7f2c-4749-8b8b-ffd629489ba1 (table: Connection) {{(pid=87650) notify /opt/stack/neutron/neutron/plugins/ml2/drivers/ovn/mech_driver/ovsdb/ovsdb_monitor.py:1099}}
Aug 07 21:37:32.109004 np0000006758 devstack@neutron-api.service[87650]: DEBUG neutron.plugins.ml2.drivers.ovn.mech_driver.ovsdb.ovsdb_monitor [-] Hash Ring: Node 7dd399d0327e5222b228a967b610d9ad (host: np0000006758) handling event "update" for row f46b5862-7f2c-4749-8b8b-ffd629489ba1 (table: Connection) {{(pid=87650) notify /opt/stack/neutron/neutron/plugins/ml2/drivers/ovn/mech_driver/ovsdb/ovsdb_monitor.py:1099}}
Aug 07 21:37:32.110408 np0000006758 devstack@neutron-api.service[87648]: DEBUG neutron.plugins.ml2.drivers.ovn.mech_driver.ovsdb.ovsdb_monitor [-] Hash Ring: Node 39ce5333563457929eb882a1800fae2e (host: np0000006758) handling event "update" for row f46b5862-7f2c-4749-8b8b-ffd629489ba1 (table: Connection) {{(pid=87648) notify /opt/stack/neutron/neutron/plugins/ml2/drivers/ovn/mech_driver/ovsdb/ovsdb_monitor.py:1099}}
Aug 07 21:37:32.365477 np0000006758 devstack@neutron-api.service[87650]: DEBUG neutron.api.wsgi [None req-d2f5cc5e-c02f-4edf-8316-34bd20b38289 admin admin] Missing Content-Type {{(pid=87650) get_content_type /opt/stack/neutron/neutron/api/wsgi.py:80}}
Aug 07 21:37:32.365983 np0000006758 devstack@neutron-api.service[87650]: DEBUG neutron.api.wsgi [None req-d2f5cc5e-c02f-4edf-8316-34bd20b38289 admin admin] https://10.4.3.45/networking/v2.0/extensions returned with HTTP 200 {{(pid=87650) __call__ /opt/stack/neutron/neutron/api/wsgi.py:540}}
Aug 07 21:37:32.366607 np0000006758 devstack@neutron-api.service[87650]: [pid: 87650|app: 0|req: 2/2] 10.4.3.45 () {64 vars in 1285 bytes} [Fri Aug 7 21:37:31 2026] GET /networking/v2.0/extensions => generated 16171 bytes in 540 msecs (HTTP/1.1 200) 4 headers in 159 bytes (1 switches on core 0)
Aug 07 21:37:32.721890 np0000006758 devstack@neutron-api.service[87649]: DEBUG neutron.api.v2.base [None req-ac07d156-da7b-45f7-b3e2-04c46153ab69 admin admin] Request body: {'subnetpool': {'shared': True, 'default_prefixlen': 26, 'is_default': True, 'prefixes': ['10.1.0.0/20'], 'name': 'shared-default-subnetpool-v4'}} {{(pid=87649) prepare_request_body /opt/stack/neutron/neutron/api/v2/base.py:727}}
Aug 07 21:37:32.917932 np0000006758 devstack@neutron-api.service[87649]: DEBUG neutron.policy [None req-ac07d156-da7b-45f7-b3e2-04c46153ab69 admin admin] Loaded default policies from ['neutron'] under neutron.policies entry points {{(pid=87649) register_rules /opt/stack/neutron/neutron/policy.py:65}}
Aug 07 21:37:33.052062 np0000006758 devstack@neutron-api.service[87649]: DEBUG neutron_lib.callbacks.manager [None req-ac07d156-da7b-45f7-b3e2-04c46153ab69 admin admin] Publish callbacks ['neutron.objects.securitygroup.RbacNeutronDbObjectMixin.validate_rbac_policy_change-3265697946135', 'neutron.objects.address_group.RbacNeutronDbObjectMixin.validate_rbac_policy_change-3265698380902', 'neutron.objects.network.RbacNeutronDbObjectMixin.validate_rbac_policy_change-3265697981174', 'neutron.objects.qos.policy.RbacNeutronDbObjectMixin.validate_rbac_policy_change-3265697979457', 'neutron.objects.subnetpool.RbacNeutronDbObjectMixin.validate_rbac_policy_change-3265698152331', 'neutron.objects.address_scope.RbacNeutronDbObjectMixin.validate_rbac_policy_change-3265698146423', 'neutron.plugins.ml2.plugin.External_net_db_mixin._process_ext_policy_create-32530829', 'neutron.plugins.ml2.plugin.NeutronDbPluginV2.validate_network_rbac_policy_change-32522581'] for rbac-policy (None), before_create {{(pid=87649) _notify_loop /opt/stack/data/venv/lib/python3.12/site-packages/neutron_lib/callbacks/manager.py:184}}
Aug 07 21:37:33.088224 np0000006758 devstack@neutron-api.service[87649]: DEBUG neutron_lib.callbacks.manager [None req-ac07d156-da7b-45f7-b3e2-04c46153ab69 admin admin] Publish callbacks [] for subnetpool (None), before_response {{(pid=87649) _notify_loop /opt/stack/data/venv/lib/python3.12/site-packages/neutron_lib/callbacks/manager.py:184}}
Aug 07 21:37:33.088632 np0000006758 devstack@neutron-api.service[87649]: [pid: 87649|app: 0|req: 1/3] 10.4.3.45 () {68 vars in 1329 bytes} [Fri Aug 7 21:37:32 2026] POST /networking/v2.0/subnetpools => generated 533 bytes in 457 msecs (HTTP/1.1 201) 4 headers in 162 bytes (1 switches on core 0)
Aug 07 21:37:33.418533 np0000006758 devstack@neutron-api.service[87648]: DEBUG neutron.api.v2.base [None req-dedd6c86-5721-4a50-9249-df40d2d82f41 admin admin] Request body: {'subnetpool': {'shared': True, 'default_prefixlen': 64, 'is_default': True, 'prefixes': ['fd8e:dee9:3cd6::/56'], 'name': 'shared-default-subnetpool-v6'}} {{(pid=87648) prepare_request_body /opt/stack/neutron/neutron/api/v2/base.py:727}}
Aug 07 21:37:33.566655 np0000006758 devstack@neutron-api.service[87648]: DEBUG neutron.policy [None req-dedd6c86-5721-4a50-9249-df40d2d82f41 admin admin] Loaded default policies from ['neutron'] under neutron.policies entry points {{(pid=87648) register_rules /opt/stack/neutron/neutron/policy.py:65}}
Aug 07 21:37:33.694421 np0000006758 devstack@neutron-api.service[87648]: DEBUG neutron_lib.callbacks.manager [None req-dedd6c86-5721-4a50-9249-df40d2d82f41 admin admin] Publish callbacks ['neutron.objects.securitygroup.RbacNeutronDbObjectMixin.validate_rbac_policy_change-3265697946198', 'neutron.objects.address_group.RbacNeutronDbObjectMixin.validate_rbac_policy_change-3265698381778', 'neutron.objects.network.RbacNeutronDbObjectMixin.validate_rbac_policy_change-3265697981013', 'neutron.objects.qos.policy.RbacNeutronDbObjectMixin.validate_rbac_policy_change-3265697980189', 'neutron.objects.subnetpool.RbacNeutronDbObjectMixin.validate_rbac_policy_change-3265698152156', 'neutron.objects.address_scope.RbacNeutronDbObjectMixin.validate_rbac_policy_change-3265698136990', 'neutron.plugins.ml2.plugin.External_net_db_mixin._process_ext_policy_create-132697', 'neutron.plugins.ml2.plugin.NeutronDbPluginV2.validate_network_rbac_policy_change-139873'] for rbac-policy (None), before_create {{(pid=87648) _notify_loop /opt/stack/data/venv/lib/python3.12/site-packages/neutron_lib/callbacks/manager.py:184}}
Aug 07 21:37:33.730329 np0000006758 devstack@neutron-api.service[87648]: DEBUG neutron_lib.callbacks.manager [None req-dedd6c86-5721-4a50-9249-df40d2d82f41 admin admin] Publish callbacks [] for subnetpool (None), before_response {{(pid=87648) _notify_loop /opt/stack/data/venv/lib/python3.12/site-packages/neutron_lib/callbacks/manager.py:184}}
Aug 07 21:37:33.730841 np0000006758 devstack@neutron-api.service[87648]: [pid: 87648|app: 0|req: 1/4] 10.4.3.45 () {68 vars in 1329 bytes} [Fri Aug 7 21:37:33 2026] POST /networking/v2.0/subnetpools => generated 543 bytes in 414 msecs (HTTP/1.1 201) 4 headers in 162 bytes (1 switches on core 0)
Aug 07 21:37:33.971286 np0000006758 devstack@neutron-api.service[87650]: DEBUG neutron.api.v2.base [None req-c3204232-6993-446f-a934-2c6fc6dd88a5 admin admin] Request body: {'network': {'admin_state_up': True, 'name': 'private'}} {{(pid=87650) prepare_request_body /opt/stack/neutron/neutron/api/v2/base.py:727}}
Aug 07 21:37:33.998683 np0000006758 devstack@neutron-api.service[87650]: DEBUG neutron.pecan_wsgi.hooks.quota_enforcement [None req-c3204232-6993-446f-a934-2c6fc6dd88a5 admin admin] Made reservation on behalf of b622144d2ac04b69bc50ad3f99a24477 for: {'network': 1} {{(pid=87650) before /opt/stack/neutron/neutron/pecan_wsgi/hooks/quota_enforcement.py:66}}
Aug 07 21:37:34.144484 np0000006758 devstack@neutron-api.service[87650]: DEBUG neutron.policy [None req-c3204232-6993-446f-a934-2c6fc6dd88a5 admin admin] Loaded default policies from ['neutron'] under neutron.policies entry points {{(pid=87650) register_rules /opt/stack/neutron/neutron/policy.py:65}}
Aug 07 21:37:34.237996 np0000006758 devstack@neutron-api.service[87650]: DEBUG neutron_lib.callbacks.manager [None req-c3204232-6993-446f-a934-2c6fc6dd88a5 admin admin] Publish callbacks ['neutron.plugins.ml2.plugin.SecurityGroupDbMixin._ensure_default_security_group_handler-12322'] for network (None), before_create {{(pid=87650) _notify_loop /opt/stack/data/venv/lib/python3.12/site-packages/neutron_lib/callbacks/manager.py:184}}
Aug 07 21:37:34.256816 np0000006758 devstack@neutron-api.service[87650]: DEBUG neutron_lib.callbacks.manager [None req-c3204232-6993-446f-a934-2c6fc6dd88a5 admin admin] Publish callbacks [] for security_group (None), before_create {{(pid=87650) _notify_loop /opt/stack/data/venv/lib/python3.12/site-packages/neutron_lib/callbacks/manager.py:184}}
Aug 07 21:37:34.357002 np0000006758 devstack@neutron-api.service[87650]: DEBUG neutron_lib.callbacks.manager [None req-c3204232-6993-446f-a934-2c6fc6dd88a5 admin admin] Publish callbacks ['neutron.plugins.ml2.drivers.ovn.mech_driver.mech_driver.OVNMechanismDriver._create_security_group_precommit-213345'] for security_group (2531e65b-d5a7-4693-8323-9cd017f7596a), precommit_create {{(pid=87650) _notify_loop /opt/stack/data/venv/lib/python3.12/site-packages/neutron_lib/callbacks/manager.py:184}}
Aug 07 21:37:34.357284 np0000006758 devstack@neutron-api.service[87650]: DEBUG neutron.db.ovn_revision_numbers_db [None req-c3204232-6993-446f-a934-2c6fc6dd88a5 admin admin] create_initial_revision uuid=2531e65b-d5a7-4693-8323-9cd017f7596a, type=security_groups, rev=-1 {{(pid=87650) create_initial_revision /opt/stack/neutron/neutron/db/ovn_revision_numbers_db.py:98}}
Aug 07 21:37:34.359668 np0000006758 devstack@neutron-api.service[87650]: DEBUG neutron.db.ovn_revision_numbers_db [None req-c3204232-6993-446f-a934-2c6fc6dd88a5 admin admin] create_initial_revision uuid=994d8c41-d900-4f2c-9579-08cfdc9207a4, type=security_group_rules, rev=-1 {{(pid=87650) create_initial_revision /opt/stack/neutron/neutron/db/ovn_revision_numbers_db.py:98}}
Aug 07 21:37:34.360900 np0000006758 devstack@neutron-api.service[87650]: DEBUG neutron.db.ovn_revision_numbers_db [None req-c3204232-6993-446f-a934-2c6fc6dd88a5 admin admin] create_initial_revision uuid=bf5b5b80-2e72-426f-a941-e23f5a0b0893, type=security_group_rules, rev=-1 {{(pid=87650) create_initial_revision /opt/stack/neutron/neutron/db/ovn_revision_numbers_db.py:98}}
Aug 07 21:37:34.362116 np0000006758 devstack@neutron-api.service[87650]: DEBUG neutron.db.ovn_revision_numbers_db [None req-c3204232-6993-446f-a934-2c6fc6dd88a5 admin admin] create_initial_revision uuid=c6356901-951f-4139-a989-a6c940d5b43e, type=security_group_rules, rev=-1 {{(pid=87650) create_initial_revision /opt/stack/neutron/neutron/db/ovn_revision_numbers_db.py:98}}
Aug 07 21:37:34.363222 np0000006758 devstack@neutron-api.service[87650]: DEBUG neutron.db.ovn_revision_numbers_db [None req-c3204232-6993-446f-a934-2c6fc6dd88a5 admin admin] create_initial_revision uuid=e6c8457b-85bd-47de-95a5-02aaf7953c4f, type=security_group_rules, rev=-1 {{(pid=87650) create_initial_revision /opt/stack/neutron/neutron/db/ovn_revision_numbers_db.py:98}}
Aug 07 21:37:34.367308 np0000006758 devstack@neutron-api.service[87650]: DEBUG neutron_lib.callbacks.manager [None req-c3204232-6993-446f-a934-2c6fc6dd88a5 admin admin] Publish callbacks ['neutron.plugins.ml2.drivers.ovn.mech_driver.mech_driver.OVNMechanismDriver._create_security_group-213355', 'neutron.plugins.ml2.ovo_rpc._ObjectChangeHandler.handle_event-1069207'] for security_group (2531e65b-d5a7-4693-8323-9cd017f7596a), after_create {{(pid=87650) _notify_loop /opt/stack/data/venv/lib/python3.12/site-packages/neutron_lib/callbacks/manager.py:184}}
Aug 07 21:37:34.368256 np0000006758 devstack@neutron-api.service[87650]: DEBUG ovsdbapp.backend.ovs_idl.transaction [-] Running txn n=1 command(idx=0): PgAddCommand(_result=None, name=pg_2531e65b_d5a7_4693_8323_9cd017f7596a, may_exist=False, columns={'acls': [], 'external_ids': {'neutron:security_group_id': '2531e65b-d5a7-4693-8323-9cd017f7596a'}}) {{(pid=87650) do_commit /opt/stack/data/venv/lib/python3.12/site-packages/ovsdbapp/backend/ovs_idl/transaction.py:89}}
Aug 07 21:37:34.369402 np0000006758 devstack@neutron-api.service[87650]: DEBUG ovsdbapp.backend.ovs_idl.transaction [-] Running txn n=1 command(idx=1): PgAclAddCommand(_result=None, entity=pg_2531e65b_d5a7_4693_8323_9cd017f7596a, direction=to-lport, priority=1002, match=outport == @pg_2531e65b_d5a7_4693_8323_9cd017f7596a && ip6 && ip6.src == $pg_2531e65b_d5a7_4693_8323_9cd017f7596a_ip6, action=allow-related, log=False, may_exist=True, severity=[], name=[], meter=[], external_ids={'neutron:security_group_rule_id': '994d8c41-d900-4f2c-9579-08cfdc9207a4'}) {{(pid=87650) do_commit /opt/stack/data/venv/lib/python3.12/site-packages/ovsdbapp/backend/ovs_idl/transaction.py:89}}
Aug 07 21:37:34.369761 np0000006758 devstack@neutron-api.service[87650]: DEBUG ovsdbapp.backend.ovs_idl.transaction [-] Running txn n=1 command(idx=2): PgAclAddCommand(_result=None, entity=pg_2531e65b_d5a7_4693_8323_9cd017f7596a, direction=from-lport, priority=1002, match=inport == @pg_2531e65b_d5a7_4693_8323_9cd017f7596a && ip6, action=allow-related, log=False, may_exist=True, severity=[], name=[], meter=[], external_ids={'neutron:security_group_rule_id': 'bf5b5b80-2e72-426f-a941-e23f5a0b0893'}) {{(pid=87650) do_commit /opt/stack/data/venv/lib/python3.12/site-packages/ovsdbapp/backend/ovs_idl/transaction.py:89}}
Aug 07 21:37:34.369993 np0000006758 devstack@neutron-api.service[87650]: DEBUG ovsdbapp.backend.ovs_idl.transaction [-] Running txn n=1 command(idx=3): PgAclAddCommand(_result=None, entity=pg_2531e65b_d5a7_4693_8323_9cd017f7596a, direction=to-lport, priority=1002, match=outport == @pg_2531e65b_d5a7_4693_8323_9cd017f7596a && ip4 && ip4.src == $pg_2531e65b_d5a7_4693_8323_9cd017f7596a_ip4, action=allow-related, log=False, may_exist=True, severity=[], name=[], meter=[], external_ids={'neutron:security_group_rule_id': 'c6356901-951f-4139-a989-a6c940d5b43e'}) {{(pid=87650) do_commit /opt/stack/data/venv/lib/python3.12/site-packages/ovsdbapp/backend/ovs_idl/transaction.py:89}}
Aug 07 21:37:34.370265 np0000006758 devstack@neutron-api.service[87650]: DEBUG ovsdbapp.backend.ovs_idl.transaction [-] Running txn n=1 command(idx=4): PgAclAddCommand(_result=None, entity=pg_2531e65b_d5a7_4693_8323_9cd017f7596a, direction=from-lport, priority=1002, match=inport == @pg_2531e65b_d5a7_4693_8323_9cd017f7596a && ip4, action=allow-related, log=False, may_exist=True, severity=[], name=[], meter=[], external_ids={'neutron:security_group_rule_id': 'e6c8457b-85bd-47de-95a5-02aaf7953c4f'}) {{(pid=87650) do_commit /opt/stack/data/venv/lib/python3.12/site-packages/ovsdbapp/backend/ovs_idl/transaction.py:89}}
Aug 07 21:37:34.375632 np0000006758 devstack@neutron-api.service[87650]: DEBUG neutron.plugins.ml2.drivers.ovn.mech_driver.ovsdb.ovsdb_monitor [-] Hash Ring: Node 7dd399d0327e5222b228a967b610d9ad (host: np0000006758) handling event "create" for row 732d9239-6120-442d-9df6-be0a2b2507e7 (table: ACL) {{(pid=87650) notify /opt/stack/neutron/neutron/plugins/ml2/drivers/ovn/mech_driver/ovsdb/ovsdb_monitor.py:1099}}
Aug 07 21:37:34.375632 np0000006758 devstack@neutron-api.service[87650]: DEBUG neutron.plugins.ml2.drivers.ovn.mech_driver.ovsdb.ovsdb_monitor [-] Hash Ring: Node 7dd399d0327e5222b228a967b610d9ad (host: np0000006758) handling event "create" for row 89f60825-7bb7-4abb-af90-18a966a9afdc (table: ACL) {{(pid=87650) notify /opt/stack/neutron/neutron/plugins/ml2/drivers/ovn/mech_driver/ovsdb/ovsdb_monitor.py:1099}}
Aug 07 21:37:34.375632 np0000006758 devstack@neutron-api.service[87650]: DEBUG neutron.plugins.ml2.drivers.ovn.mech_driver.ovsdb.ovsdb_monitor [-] Hash Ring: Node 7dd399d0327e5222b228a967b610d9ad (host: np0000006758) handling event "create" for row b9f1add7-b061-45ec-8b64-8e6fe3c5ffd8 (table: ACL) {{(pid=87650) notify /opt/stack/neutron/neutron/plugins/ml2/drivers/ovn/mech_driver/ovsdb/ovsdb_monitor.py:1099}}
Aug 07 21:37:34.375632 np0000006758 devstack@neutron-api.service[87650]: DEBUG neutron.plugins.ml2.drivers.ovn.mech_driver.ovsdb.ovsdb_monitor [-] Hash Ring: Node 7dd399d0327e5222b228a967b610d9ad (host: np0000006758) handling event "create" for row d8b76b43-b256-4e0b-b24f-24ee881e945a (table: ACL) {{(pid=87650) notify /opt/stack/neutron/neutron/plugins/ml2/drivers/ovn/mech_driver/ovsdb/ovsdb_monitor.py:1099}}
Aug 07 21:37:34.375632 np0000006758 devstack@neutron-api.service[87650]: DEBUG neutron.plugins.ml2.drivers.ovn.mech_driver.ovsdb.ovsdb_monitor [-] Hash Ring: Node 7dd399d0327e5222b228a967b610d9ad (host: np0000006758) handling event "create" for row c45cb48c-a769-4eeb-86b2-ab59d8aa74dd (table: Port_Group) {{(pid=87650) notify /opt/stack/neutron/neutron/plugins/ml2/drivers/ovn/mech_driver/ovsdb/ovsdb_monitor.py:1099}}
Aug 07 21:37:34.379102 np0000006758 devstack@neutron-api.service[87648]: DEBUG neutron.plugins.ml2.drivers.ovn.mech_driver.ovsdb.ovsdb_monitor [-] Hash Ring: Node 39ce5333563457929eb882a1800fae2e (host: np0000006758) handling event "create" for row c45cb48c-a769-4eeb-86b2-ab59d8aa74dd (table: Port_Group) {{(pid=87648) notify /opt/stack/neutron/neutron/plugins/ml2/drivers/ovn/mech_driver/ovsdb/ovsdb_monitor.py:1099}}
Aug 07 21:37:34.380510 np0000006758 devstack@neutron-api.service[87649]: DEBUG neutron.plugins.ml2.drivers.ovn.mech_driver.ovsdb.ovsdb_monitor [-] Hash Ring: Node cb112c221790532193176c9ae55fe41c (host: np0000006758) handling event "create" for row 732d9239-6120-442d-9df6-be0a2b2507e7 (table: ACL) {{(pid=87649) notify /opt/stack/neutron/neutron/plugins/ml2/drivers/ovn/mech_driver/ovsdb/ovsdb_monitor.py:1099}}
Aug 07 21:37:34.380875 np0000006758 devstack@neutron-api.service[87649]: DEBUG neutron.plugins.ml2.drivers.ovn.mech_driver.ovsdb.ovsdb_monitor [-] Hash Ring: Node cb112c221790532193176c9ae55fe41c (host: np0000006758) handling event "create" for row 89f60825-7bb7-4abb-af90-18a966a9afdc (table: ACL) {{(pid=87649) notify /opt/stack/neutron/neutron/plugins/ml2/drivers/ovn/mech_driver/ovsdb/ovsdb_monitor.py:1099}}
Aug 07 21:37:34.380875 np0000006758 devstack@neutron-api.service[87649]: DEBUG neutron.plugins.ml2.drivers.ovn.mech_driver.ovsdb.ovsdb_monitor [-] Hash Ring: Node cb112c221790532193176c9ae55fe41c (host: np0000006758) handling event "create" for row b9f1add7-b061-45ec-8b64-8e6fe3c5ffd8 (table: ACL) {{(pid=87649) notify /opt/stack/neutron/neutron/plugins/ml2/drivers/ovn/mech_driver/ovsdb/ovsdb_monitor.py:1099}}
Aug 07 21:37:34.400583 np0000006758 devstack@neutron-api.service[87650]: INFO neutron.db.ovn_revision_numbers_db [None req-c3204232-6993-446f-a934-2c6fc6dd88a5 admin admin] Successfully bumped revision number for resource 2531e65b-d5a7-4693-8323-9cd017f7596a (type: security_groups) to 1
Aug 07 21:37:34.415538 np0000006758 devstack@neutron-api.service[87650]: INFO neutron.db.ovn_revision_numbers_db [None req-c3204232-6993-446f-a934-2c6fc6dd88a5 admin admin] Successfully bumped revision number for resource 994d8c41-d900-4f2c-9579-08cfdc9207a4 (type: security_group_rules) to 0
Aug 07 21:37:34.426606 np0000006758 devstack@neutron-api.service[87650]: INFO neutron.db.ovn_revision_numbers_db [None req-c3204232-6993-446f-a934-2c6fc6dd88a5 admin admin] Successfully bumped revision number for resource bf5b5b80-2e72-426f-a941-e23f5a0b0893 (type: security_group_rules) to 0
Aug 07 21:37:34.435903 np0000006758 devstack@neutron-api.service[87650]: INFO neutron.db.ovn_revision_numbers_db [None req-c3204232-6993-446f-a934-2c6fc6dd88a5 admin admin] Successfully bumped revision number for resource c6356901-951f-4139-a989-a6c940d5b43e (type: security_group_rules) to 0
Aug 07 21:37:34.444884 np0000006758 devstack@neutron-api.service[87650]: INFO neutron.db.ovn_revision_numbers_db [None req-c3204232-6993-446f-a934-2c6fc6dd88a5 admin admin] Successfully bumped revision number for resource e6c8457b-85bd-47de-95a5-02aaf7953c4f (type: security_group_rules) to 0
Aug 07 21:37:34.463894 np0000006758 devstack@neutron-api.service[87650]: DEBUG neutron.api.rpc.handlers.resources_rpc [None req-c3204232-6993-446f-a934-2c6fc6dd88a5 admin admin] Pushing event updated for resources: {'SecurityGroup': ['ID=2531e65b-d5a7-4693-8323-9cd017f7596a,revision_number=1']} {{(pid=87650) push /opt/stack/neutron/neutron/api/rpc/handlers/resources_rpc.py:237}}
Aug 07 21:37:34.470437 np0000006758 devstack@neutron-api.service[87650]: DEBUG ovsdbapp.backend.ovs_idl.transaction [-] Running txn n=1 command(idx=0): CheckLivenessCommand(_result=None) {{(pid=87650) do_commit /opt/stack/data/venv/lib/python3.12/site-packages/ovsdbapp/backend/ovs_idl/transaction.py:89}}
Aug 07 21:37:34.472331 np0000006758 devstack@neutron-api.service[87650]: DEBUG neutron.plugins.ml2.drivers.ovn.mech_driver.ovsdb.ovsdb_monitor [-] Hash Ring: Node 7dd399d0327e5222b228a967b610d9ad (host: np0000006758) handling event "update" for row 7b665e56-1edd-4b57-baf7-d5e430f98916 (table: NB_Global) {{(pid=87650) notify /opt/stack/neutron/neutron/plugins/ml2/drivers/ovn/mech_driver/ovsdb/ovsdb_monitor.py:1099}}
Aug 07 21:37:34.475186 np0000006758 devstack@neutron-api.service[87650]: DEBUG neutron.api.rpc.callbacks.version_manager [None req-c3204232-6993-446f-a934-2c6fc6dd88a5 admin admin] Tracked resource versions report:
Aug 07 21:37:34.475186 np0000006758 devstack@neutron-api.service[87650]: pushed versions:
Aug 07 21:37:34.475186 np0000006758 devstack@neutron-api.service[87650]: { 'AddressGroup': {'1.2'},
Aug 07 21:37:34.475186 np0000006758 devstack@neutron-api.service[87650]: 'Agent': {'1.1'},
Aug 07 21:37:34.475186 np0000006758 devstack@neutron-api.service[87650]: 'ConntrackHelper': {'1.0'},
Aug 07 21:37:34.475186 np0000006758 devstack@neutron-api.service[87650]: 'LocalIPAssociation': {'1.0'},
Aug 07 21:37:34.475186 np0000006758 devstack@neutron-api.service[87650]: 'Log': {'1.0'},
Aug 07 21:37:34.475186 np0000006758 devstack@neutron-api.service[87650]: 'NDPProxy': {'1.0'},
Aug 07 21:37:34.475186 np0000006758 devstack@neutron-api.service[87650]: 'Network': {'1.3'},
Aug 07 21:37:34.475186 np0000006758 devstack@neutron-api.service[87650]: 'Port': {'1.11'},
Aug 07 21:37:34.475186 np0000006758 devstack@neutron-api.service[87650]: 'PortForwarding': {'1.3'},
Aug 07 21:37:34.475186 np0000006758 devstack@neutron-api.service[87650]: 'QosPolicy': {'1.10'},
Aug 07 21:37:34.475186 np0000006758 devstack@neutron-api.service[87650]: 'SecurityGroup': {'1.6'},
Aug 07 21:37:34.475186 np0000006758 devstack@neutron-api.service[87650]: 'SecurityGroupRule': {'1.3'},
Aug 07 21:37:34.475186 np0000006758 devstack@neutron-api.service[87650]: 'SubPort': {'1.0'},
Aug 07 21:37:34.475186 np0000006758 devstack@neutron-api.service[87650]: 'Subnet': {'1.2'},
Aug 07 21:37:34.475186 np0000006758 devstack@neutron-api.service[87650]: 'Trunk': {'1.1'}}
Aug 07 21:37:34.475186 np0000006758 devstack@neutron-api.service[87650]: consumer versions:
Aug 07 21:37:34.475186 np0000006758 devstack@neutron-api.service[87650]: {}
Aug 07 21:37:34.475186 np0000006758 devstack@neutron-api.service[87650]: {{(pid=87650) report /opt/stack/neutron/neutron/api/rpc/callbacks/version_manager.py:183}}
Aug 07 21:37:34.479226 np0000006758 devstack@neutron-api.service[87648]: DEBUG ovsdbapp.backend.ovs_idl.event [-] Matched UPDATE: ChassisAgentWriteEvent(events=('create', 'update'), table='Chassis_Private', conditions=None, old_conditions=None), priority=20 to row=Chassis_Private(uuid=bcdd2888-a56d-4f54-b571-2f3c366aaec2, chassis=5427df4a-0a4d-4a08-9fc5-9dec2f339194, external_ids={'neutron:ovn-bridge': 'br-int', 'neutron:ovn-neutron-agent-id': '0d1e9e74-8a28-526c-9f7d-c442b1f18364', 'neutron:ovn-neutron-agent-sb-cfg': '0'}, name='b7fbfaa4-c560-4ee9-9082-f00f3aa96e2b', nb_cfg=1, nb_cfg_timestamp=1786138654475) old=Chassis_Private(uuid=bcdd2888-a56d-4f54-b571-2f3c366aaec2, nb_cfg=0, nb_cfg_timestamp=0) {{(pid=87648) matches /opt/stack/data/venv/lib/python3.12/site-packages/ovsdbapp/backend/ovs_idl/event.py:55}}
Aug 07 21:37:34.479708 np0000006758 devstack@neutron-api.service[87648]: DEBUG neutron.plugins.ml2.drivers.ovn.mech_driver.ovsdb.ovsdb_monitor [-] Hash Ring: Node 39ce5333563457929eb882a1800fae2e (host: np0000006758) handling event "update" for row bcdd2888-a56d-4f54-b571-2f3c366aaec2 (table: Chassis_Private) {{(pid=87648) notify /opt/stack/neutron/neutron/plugins/ml2/drivers/ovn/mech_driver/ovsdb/ovsdb_monitor.py:1099}}
Aug 07 21:37:34.480168 np0000006758 devstack@neutron-api.service[87649]: DEBUG ovsdbapp.backend.ovs_idl.event [-] Matched UPDATE: ChassisAgentWriteEvent(events=('create', 'update'), table='Chassis_Private', conditions=None, old_conditions=None), priority=20 to row=Chassis_Private(uuid=bcdd2888-a56d-4f54-b571-2f3c366aaec2, chassis=5427df4a-0a4d-4a08-9fc5-9dec2f339194, external_ids={'neutron:ovn-bridge': 'br-int', 'neutron:ovn-neutron-agent-id': '0d1e9e74-8a28-526c-9f7d-c442b1f18364', 'neutron:ovn-neutron-agent-sb-cfg': '0'}, name='b7fbfaa4-c560-4ee9-9082-f00f3aa96e2b', nb_cfg=1, nb_cfg_timestamp=1786138654475) old=Chassis_Private(uuid=bcdd2888-a56d-4f54-b571-2f3c366aaec2, nb_cfg=0, nb_cfg_timestamp=0) {{(pid=87649) matches /opt/stack/data/venv/lib/python3.12/site-packages/ovsdbapp/backend/ovs_idl/event.py:55}}
Aug 07 21:37:34.482203 np0000006758 devstack@neutron-api.service[87650]: DEBUG neutron.plugins.ml2.drivers.ovn.mech_driver.ovsdb.ovsdb_monitor [-] Hash Ring: Node 7dd399d0327e5222b228a967b610d9ad (host: np0000006758) handling event "update" for row 7b665e56-1edd-4b57-baf7-d5e430f98916 (table: NB_Global) {{(pid=87650) notify /opt/stack/neutron/neutron/plugins/ml2/drivers/ovn/mech_driver/ovsdb/ovsdb_monitor.py:1099}}
Aug 07 21:37:34.483024 np0000006758 devstack@neutron-api.service[87650]: DEBUG ovsdbapp.backend.ovs_idl.event [-] Matched UPDATE: ChassisAgentWriteEvent(events=('create', 'update'), table='Chassis_Private', conditions=None, old_conditions=None), priority=20 to row=Chassis_Private(uuid=bcdd2888-a56d-4f54-b571-2f3c366aaec2, chassis=5427df4a-0a4d-4a08-9fc5-9dec2f339194, external_ids={'neutron:ovn-bridge': 'br-int', 'neutron:ovn-neutron-agent-id': '0d1e9e74-8a28-526c-9f7d-c442b1f18364', 'neutron:ovn-neutron-agent-sb-cfg': '0'}, name='b7fbfaa4-c560-4ee9-9082-f00f3aa96e2b', nb_cfg=1, nb_cfg_timestamp=1786138654475) old=Chassis_Private(uuid=bcdd2888-a56d-4f54-b571-2f3c366aaec2, nb_cfg=0, nb_cfg_timestamp=0) {{(pid=87650) matches /opt/stack/data/venv/lib/python3.12/site-packages/ovsdbapp/backend/ovs_idl/event.py:55}}
Aug 07 21:37:34.484683 np0000006758 devstack@neutron-api.service[87648]: DEBUG ovsdbapp.backend.ovs_idl.event [-] Matched UPDATE: ChassisOVNAgentWriteEvent(events=('create', 'update'), table='Chassis_Private', conditions=None, old_conditions=None), priority=20 to row=Chassis_Private(uuid=bcdd2888-a56d-4f54-b571-2f3c366aaec2, chassis=5427df4a-0a4d-4a08-9fc5-9dec2f339194, external_ids={'neutron:ovn-bridge': 'br-int', 'neutron:ovn-neutron-agent-id': '0d1e9e74-8a28-526c-9f7d-c442b1f18364', 'neutron:ovn-neutron-agent-sb-cfg': '1'}, name='b7fbfaa4-c560-4ee9-9082-f00f3aa96e2b', nb_cfg=1, nb_cfg_timestamp=1786138654475) old=Chassis_Private(uuid=bcdd2888-a56d-4f54-b571-2f3c366aaec2, external_ids={'neutron:ovn-bridge': 'br-int', 'neutron:ovn-neutron-agent-id': '0d1e9e74-8a28-526c-9f7d-c442b1f18364', 'neutron:ovn-neutron-agent-sb-cfg': '0'}) {{(pid=87648) matches /opt/stack/data/venv/lib/python3.12/site-packages/ovsdbapp/backend/ovs_idl/event.py:55}}
Aug 07 21:37:34.484815 np0000006758 devstack@neutron-api.service[87649]: DEBUG ovsdbapp.backend.ovs_idl.event [-] Matched UPDATE: ChassisOVNAgentWriteEvent(events=('create', 'update'), table='Chassis_Private', conditions=None, old_conditions=None), priority=20 to row=Chassis_Private(uuid=bcdd2888-a56d-4f54-b571-2f3c366aaec2, chassis=5427df4a-0a4d-4a08-9fc5-9dec2f339194, external_ids={'neutron:ovn-bridge': 'br-int', 'neutron:ovn-neutron-agent-id': '0d1e9e74-8a28-526c-9f7d-c442b1f18364', 'neutron:ovn-neutron-agent-sb-cfg': '1'}, name='b7fbfaa4-c560-4ee9-9082-f00f3aa96e2b', nb_cfg=1, nb_cfg_timestamp=1786138654475) old=Chassis_Private(uuid=bcdd2888-a56d-4f54-b571-2f3c366aaec2, external_ids={'neutron:ovn-bridge': 'br-int', 'neutron:ovn-neutron-agent-id': '0d1e9e74-8a28-526c-9f7d-c442b1f18364', 'neutron:ovn-neutron-agent-sb-cfg': '0'}) {{(pid=87649) matches /opt/stack/data/venv/lib/python3.12/site-packages/ovsdbapp/backend/ovs_idl/event.py:55}}
Aug 07 21:37:34.485036 np0000006758 devstack@neutron-api.service[87648]: DEBUG neutron.plugins.ml2.drivers.ovn.mech_driver.ovsdb.ovsdb_monitor [-] Hash Ring: Node 39ce5333563457929eb882a1800fae2e (host: np0000006758) handling event "update" for row bcdd2888-a56d-4f54-b571-2f3c366aaec2 (table: Chassis_Private) {{(pid=87648) notify /opt/stack/neutron/neutron/plugins/ml2/drivers/ovn/mech_driver/ovsdb/ovsdb_monitor.py:1099}}
Aug 07 21:37:34.486139 np0000006758 devstack@neutron-api.service[87650]: DEBUG neutron.plugins.ml2.drivers.ovn.mech_driver.ovsdb.ovsdb_monitor [-] Hash Ring: Node 7dd399d0327e5222b228a967b610d9ad (host: np0000006758) handling event "update" for row 7b665e56-1edd-4b57-baf7-d5e430f98916 (table: NB_Global) {{(pid=87650) notify /opt/stack/neutron/neutron/plugins/ml2/drivers/ovn/mech_driver/ovsdb/ovsdb_monitor.py:1099}}
Aug 07 21:37:34.488492 np0000006758 devstack@neutron-api.service[87650]: DEBUG neutron.plugins.ml2.drivers.ovn.mech_driver.ovsdb.ovsdb_monitor [-] Hash Ring: Node 7dd399d0327e5222b228a967b610d9ad (host: np0000006758) handling event "update" for row 7b665e56-1edd-4b57-baf7-d5e430f98916 (table: NB_Global) {{(pid=87650) notify /opt/stack/neutron/neutron/plugins/ml2/drivers/ovn/mech_driver/ovsdb/ovsdb_monitor.py:1099}}
Aug 07 21:37:34.490671 np0000006758 devstack@neutron-api.service[87650]: DEBUG neutron.common.ovn.hash_ring_manager [-] Allow caching, nodes 3>=3 {{(pid=87650) _wait_startup_before_caching /opt/stack/neutron/neutron/common/ovn/hash_ring_manager.py:71}}
Aug 07 21:37:34.490805 np0000006758 devstack@neutron-api.service[87650]: DEBUG neutron.plugins.ml2.drivers.ovn.mech_driver.ovsdb.ovsdb_monitor [-] Hash Ring: Node 7dd399d0327e5222b228a967b610d9ad (host: np0000006758) handling event "update" for row bcdd2888-a56d-4f54-b571-2f3c366aaec2 (table: Chassis_Private) {{(pid=87650) notify /opt/stack/neutron/neutron/plugins/ml2/drivers/ovn/mech_driver/ovsdb/ovsdb_monitor.py:1099}}
Aug 07 21:37:34.493770 np0000006758 devstack@neutron-api.service[87650]: DEBUG ovsdbapp.backend.ovs_idl.event [-] Matched UPDATE: ChassisOVNAgentWriteEvent(events=('create', 'update'), table='Chassis_Private', conditions=None, old_conditions=None), priority=20 to row=Chassis_Private(uuid=bcdd2888-a56d-4f54-b571-2f3c366aaec2, chassis=5427df4a-0a4d-4a08-9fc5-9dec2f339194, external_ids={'neutron:ovn-bridge': 'br-int', 'neutron:ovn-neutron-agent-id': '0d1e9e74-8a28-526c-9f7d-c442b1f18364', 'neutron:ovn-neutron-agent-sb-cfg': '1'}, name='b7fbfaa4-c560-4ee9-9082-f00f3aa96e2b', nb_cfg=1, nb_cfg_timestamp=1786138654475) old=Chassis_Private(uuid=bcdd2888-a56d-4f54-b571-2f3c366aaec2, external_ids={'neutron:ovn-bridge': 'br-int', 'neutron:ovn-neutron-agent-id': '0d1e9e74-8a28-526c-9f7d-c442b1f18364', 'neutron:ovn-neutron-agent-sb-cfg': '0'}) {{(pid=87650) matches /opt/stack/data/venv/lib/python3.12/site-packages/ovsdbapp/backend/ovs_idl/event.py:55}}
Aug 07 21:37:34.494244 np0000006758 devstack@neutron-api.service[87650]: DEBUG neutron.plugins.ml2.drivers.ovn.mech_driver.ovsdb.ovsdb_monitor [-] Hash Ring: Node 7dd399d0327e5222b228a967b610d9ad (host: np0000006758) handling event "update" for row bcdd2888-a56d-4f54-b571-2f3c366aaec2 (table: Chassis_Private) {{(pid=87650) notify /opt/stack/neutron/neutron/plugins/ml2/drivers/ovn/mech_driver/ovsdb/ovsdb_monitor.py:1099}}
Aug 07 21:37:34.527439 np0000006758 devstack@neutron-api.service[87650]: DEBUG neutron.plugins.ml2.drivers.helpers [None req-c3204232-6993-446f-a934-2c6fc6dd88a5 admin admin] geneve segment allocate from pool success with {'geneve_vni': 39515} {{(pid=87650) allocate_partially_specified_segment /opt/stack/neutron/neutron/plugins/ml2/drivers/helpers.py:142}}
Aug 07 21:37:34.537480 np0000006758 devstack@neutron-api.service[87650]: DEBUG neutron_lib.callbacks.manager [None req-c3204232-6993-446f-a934-2c6fc6dd88a5 admin admin] Publish callbacks ['neutron.services.segments.db._add_segment_host_mapping_for_segment-8273029676136', 'neutron.plugins.ml2.plugin.Ml2Plugin._handle_segment_change-33290822'] for segment (4cb078f4-0e75-4a2c-9ae8-3ae2be943e67), precommit_create {{(pid=87650) _notify_loop /opt/stack/data/venv/lib/python3.12/site-packages/neutron_lib/callbacks/manager.py:184}}
Aug 07 21:37:34.537651 np0000006758 devstack@neutron-api.service[87650]: INFO neutron.db.segments_db [None req-c3204232-6993-446f-a934-2c6fc6dd88a5 admin admin] Added segment 4cb078f4-0e75-4a2c-9ae8-3ae2be943e67 of type geneve for network 0e111e09-e534-4075-bd79-37ffeae45582
