Jun 16 16:38:45.740828 np0000002969 nova-scheduler[95653]: DEBUG cotyledon.oslo_config_glue [-] oslo_limit.cafile = None {{(pid=95653) log_opt_values /opt/stack/data/venv/lib/python3.12/site-packages/oslo_config/cfg.py:3253}}
Jun 16 16:38:45.740889 np0000002969 nova-scheduler[95653]: DEBUG cotyledon.oslo_config_glue [-] oslo_limit.certfile = None {{(pid=95653) log_opt_values /opt/stack/data/venv/lib/python3.12/site-packages/oslo_config/cfg.py:3253}}
Jun 16 16:38:45.740948 np0000002969 nova-scheduler[95653]: DEBUG cotyledon.oslo_config_glue [-] oslo_limit.collect_timing = False {{(pid=95653) log_opt_values /opt/stack/data/venv/lib/python3.12/site-packages/oslo_config/cfg.py:3253}}
Jun 16 16:38:45.741090 np0000002969 nova-scheduler[95653]: DEBUG cotyledon.oslo_config_glue [-] oslo_limit.connect_retries = None {{(pid=95653) log_opt_values /opt/stack/data/venv/lib/python3.12/site-packages/oslo_config/cfg.py:3253}}
Jun 16 16:38:45.741090 np0000002969 nova-scheduler[95653]: DEBUG cotyledon.oslo_config_glue [-] oslo_limit.connect_retry_delay = None {{(pid=95653) log_opt_values /opt/stack/data/venv/lib/python3.12/site-packages/oslo_config/cfg.py:3253}}
Jun 16 16:38:45.741143 np0000002969 nova-scheduler[95653]: DEBUG cotyledon.oslo_config_glue [-] oslo_limit.endpoint_id = None {{(pid=95653) log_opt_values /opt/stack/data/venv/lib/python3.12/site-packages/oslo_config/cfg.py:3253}}
Jun 16 16:38:45.741195 np0000002969 nova-scheduler[95653]: DEBUG cotyledon.oslo_config_glue [-] oslo_limit.endpoint_interface = public {{(pid=95653) log_opt_values /opt/stack/data/venv/lib/python3.12/site-packages/oslo_config/cfg.py:3253}}
Jun 16 16:38:45.741251 np0000002969 nova-scheduler[95653]: DEBUG cotyledon.oslo_config_glue [-] oslo_limit.endpoint_override = None {{(pid=95653) log_opt_values /opt/stack/data/venv/lib/python3.12/site-packages/oslo_config/cfg.py:3253}}
Jun 16 16:38:45.741301 np0000002969 nova-scheduler[95653]: DEBUG cotyledon.oslo_config_glue [-] oslo_limit.endpoint_region_name = None {{(pid=95653) log_opt_values /opt/stack/data/venv/lib/python3.12/site-packages/oslo_config/cfg.py:3253}}
Jun 16 16:38:45.741435 np0000002969 nova-scheduler[95653]: DEBUG cotyledon.oslo_config_glue [-] oslo_limit.endpoint_service_name = None {{(pid=95653) log_opt_values /opt/stack/data/venv/lib/python3.12/site-packages/oslo_config/cfg.py:3253}}
Jun 16 16:38:45.741435 np0000002969 nova-scheduler[95653]: DEBUG cotyledon.oslo_config_glue [-] oslo_limit.endpoint_service_type = None {{(pid=95653) log_opt_values /opt/stack/data/venv/lib/python3.12/site-packages/oslo_config/cfg.py:3253}}
Jun 16 16:38:45.741488 np0000002969 nova-scheduler[95653]: DEBUG cotyledon.oslo_config_glue [-] oslo_limit.insecure = False {{(pid=95653) log_opt_values /opt/stack/data/venv/lib/python3.12/site-packages/oslo_config/cfg.py:3253}}
Jun 16 16:38:45.741567 np0000002969 nova-scheduler[95653]: DEBUG cotyledon.oslo_config_glue [-] oslo_limit.keyfile = None {{(pid=95653) log_opt_values /opt/stack/data/venv/lib/python3.12/site-packages/oslo_config/cfg.py:3253}}
Jun 16 16:38:45.741637 np0000002969 nova-scheduler[95653]: DEBUG cotyledon.oslo_config_glue [-] oslo_limit.max_version = None {{(pid=95653) log_opt_values /opt/stack/data/venv/lib/python3.12/site-packages/oslo_config/cfg.py:3253}}
Jun 16 16:38:45.741702 np0000002969 nova-scheduler[95653]: DEBUG cotyledon.oslo_config_glue [-] oslo_limit.min_version = None {{(pid=95653) log_opt_values /opt/stack/data/venv/lib/python3.12/site-packages/oslo_config/cfg.py:3253}}
Jun 16 16:38:45.741768 np0000002969 nova-scheduler[95653]: DEBUG cotyledon.oslo_config_glue [-] oslo_limit.region_name = None {{(pid=95653) log_opt_values /opt/stack/data/venv/lib/python3.12/site-packages/oslo_config/cfg.py:3253}}
Jun 16 16:38:45.741832 np0000002969 nova-scheduler[95653]: DEBUG cotyledon.oslo_config_glue [-] oslo_limit.retriable_status_codes = None {{(pid=95653) log_opt_values /opt/stack/data/venv/lib/python3.12/site-packages/oslo_config/cfg.py:3253}}
Jun 16 16:38:45.741913 np0000002969 nova-scheduler[95653]: DEBUG cotyledon.oslo_config_glue [-] oslo_limit.service_name = None {{(pid=95653) log_opt_values /opt/stack/data/venv/lib/python3.12/site-packages/oslo_config/cfg.py:3253}}
Jun 16 16:38:45.741981 np0000002969 nova-scheduler[95653]: DEBUG cotyledon.oslo_config_glue [-] oslo_limit.service_type = None {{(pid=95653) log_opt_values /opt/stack/data/venv/lib/python3.12/site-packages/oslo_config/cfg.py:3253}}
Jun 16 16:38:45.742039 np0000002969 nova-scheduler[95653]: DEBUG cotyledon.oslo_config_glue [-] oslo_limit.split_loggers = False {{(pid=95653) log_opt_values /opt/stack/data/venv/lib/python3.12/site-packages/oslo_config/cfg.py:3253}}
Jun 16 16:38:45.742095 np0000002969 nova-scheduler[95653]: DEBUG cotyledon.oslo_config_glue [-] oslo_limit.status_code_retries = None {{(pid=95653) log_opt_values /opt/stack/data/venv/lib/python3.12/site-packages/oslo_config/cfg.py:3253}}
Jun 16 16:38:45.742157 np0000002969 nova-scheduler[95653]: DEBUG cotyledon.oslo_config_glue [-] oslo_limit.status_code_retry_delay = None {{(pid=95653) log_opt_values /opt/stack/data/venv/lib/python3.12/site-packages/oslo_config/cfg.py:3253}}
Jun 16 16:38:45.742262 np0000002969 nova-scheduler[95653]: DEBUG cotyledon.oslo_config_glue [-] oslo_limit.timeout = None {{(pid=95653) log_opt_values /opt/stack/data/venv/lib/python3.12/site-packages/oslo_config/cfg.py:3253}}
Jun 16 16:38:45.742304 np0000002969 nova-scheduler[95653]: DEBUG cotyledon.oslo_config_glue [-] oslo_limit.valid_interfaces = None {{(pid=95653) log_opt_values /opt/stack/data/venv/lib/python3.12/site-packages/oslo_config/cfg.py:3253}}
Jun 16 16:38:45.742364 np0000002969 nova-scheduler[95653]: DEBUG cotyledon.oslo_config_glue [-] oslo_limit.version = None {{(pid=95653) log_opt_values /opt/stack/data/venv/lib/python3.12/site-packages/oslo_config/cfg.py:3253}}
Jun 16 16:38:45.742448 np0000002969 nova-scheduler[95653]: DEBUG cotyledon.oslo_config_glue [-] oslo_reports.file_event_handler = None {{(pid=95653) log_opt_values /opt/stack/data/venv/lib/python3.12/site-packages/oslo_config/cfg.py:3253}}
Jun 16 16:38:45.742532 np0000002969 nova-scheduler[95653]: DEBUG cotyledon.oslo_config_glue [-] oslo_reports.file_event_handler_interval = 1 {{(pid=95653) log_opt_values /opt/stack/data/venv/lib/python3.12/site-packages/oslo_config/cfg.py:3253}}
Jun 16 16:38:45.742605 np0000002969 nova-scheduler[95653]: DEBUG cotyledon.oslo_config_glue [-] oslo_reports.log_dir = None {{(pid=95653) log_opt_values /opt/stack/data/venv/lib/python3.12/site-packages/oslo_config/cfg.py:3253}}
Jun 16 16:38:45.742674 np0000002969 nova-scheduler[95653]: DEBUG cotyledon.oslo_config_glue [-] ******************************************************************************** {{(pid=95653) log_opt_values /opt/stack/data/venv/lib/python3.12/site-packages/oslo_config/cfg.py:3260}}
Jun 16 16:38:45.742865 np0000002969 nova-scheduler[95653]: DEBUG cotyledon._service_worker [-] Run service ServiceWrapper(2) [95653] {{(pid=95653) wait_forever /opt/stack/data/venv/lib/python3.12/site-packages/cotyledon/_service_worker.py:218}}
Jun 16 16:38:45.744674 np0000002969 nova-scheduler[95653]: INFO nova.service [-] Starting scheduler node (version 33.1.0)
Jun 16 16:38:45.749749 np0000002969 nova-scheduler[95653]: INFO dbcounter [None req-02836d2f-0d97-4dfc-b535-55db90bfb177 None None] Registered counter for database nova_cell0
Jun 16 16:38:45.763393 np0000002969 nova-scheduler[95649]: DEBUG oslo_db.sqlalchemy.engines [None req-10b9f1ef-8a33-4833-8221-c410e05ec7dc None None] MySQL server mode set to STRICT_TRANS_TABLES,STRICT_ALL_TABLES,NO_ZERO_IN_DATE,NO_ZERO_DATE,ERROR_FOR_DIVISION_BY_ZERO,TRADITIONAL,NO_ENGINE_SUBSTITUTION {{(pid=95649) _check_effective_sql_mode /opt/stack/data/venv/lib/python3.12/site-packages/oslo_db/sqlalchemy/engines.py:325}}
Jun 16 16:38:45.775023 np0000002969 nova-scheduler[95649]: DEBUG dbcounter [-] [95649] Writer thread running {{(pid=95649) stat_writer /opt/stack/data/venv/lib/python3.12/site-packages/dbcounter.py:102}}
Jun 16 16:38:45.789520 np0000002969 nova-scheduler[95651]: DEBUG oslo_db.sqlalchemy.engines [None req-0f755e3a-c735-4fa6-9fd8-3bcb85a7420e None None] MySQL server mode set to STRICT_TRANS_TABLES,STRICT_ALL_TABLES,NO_ZERO_IN_DATE,NO_ZERO_DATE,ERROR_FOR_DIVISION_BY_ZERO,TRADITIONAL,NO_ENGINE_SUBSTITUTION {{(pid=95651) _check_effective_sql_mode /opt/stack/data/venv/lib/python3.12/site-packages/oslo_db/sqlalchemy/engines.py:325}}
Jun 16 16:38:45.792183 np0000002969 nova-scheduler[95649]: DEBUG nova.service [None req-10b9f1ef-8a33-4833-8221-c410e05ec7dc None None] Creating RPC server for service: nova-scheduler on topic: scheduler {{(pid=95649) start /opt/stack/nova/nova/service.py:196}}
Jun 16 16:38:45.805463 np0000002969 nova-scheduler[95651]: DEBUG dbcounter [-] [95651] Writer thread running {{(pid=95651) stat_writer /opt/stack/data/venv/lib/python3.12/site-packages/dbcounter.py:102}}
Jun 16 16:38:45.806908 np0000002969 nova-scheduler[95653]: DEBUG oslo_db.sqlalchemy.engines [None req-02836d2f-0d97-4dfc-b535-55db90bfb177 None None] MySQL server mode set to STRICT_TRANS_TABLES,STRICT_ALL_TABLES,NO_ZERO_IN_DATE,NO_ZERO_DATE,ERROR_FOR_DIVISION_BY_ZERO,TRADITIONAL,NO_ENGINE_SUBSTITUTION {{(pid=95653) _check_effective_sql_mode /opt/stack/data/venv/lib/python3.12/site-packages/oslo_db/sqlalchemy/engines.py:325}}
Jun 16 16:38:45.815238 np0000002969 nova-scheduler[95651]: DEBUG nova.service [None req-0f755e3a-c735-4fa6-9fd8-3bcb85a7420e None None] Creating RPC server for service: nova-scheduler on topic: scheduler {{(pid=95651) start /opt/stack/nova/nova/service.py:196}}
Jun 16 16:38:45.828744 np0000002969 nova-scheduler[95653]: DEBUG dbcounter [-] [95653] Writer thread running {{(pid=95653) stat_writer /opt/stack/data/venv/lib/python3.12/site-packages/dbcounter.py:102}}
Jun 16 16:38:45.833893 np0000002969 nova-scheduler[95653]: DEBUG nova.service [None req-02836d2f-0d97-4dfc-b535-55db90bfb177 None None] Creating RPC server for service: nova-scheduler on topic: scheduler {{(pid=95653) start /opt/stack/nova/nova/service.py:196}}
Jun 16 16:38:45.838624 np0000002969 nova-scheduler[95649]: DEBUG nova.service [None req-10b9f1ef-8a33-4833-8221-c410e05ec7dc None None] Join ServiceGroup membership for this service scheduler {{(pid=95649) start /opt/stack/nova/nova/service.py:222}}
Jun 16 16:38:45.838911 np0000002969 nova-scheduler[95649]: DEBUG nova.servicegroup.drivers.db [None req-10b9f1ef-8a33-4833-8221-c410e05ec7dc None None] DB_Driver: join new ServiceGroup member np0000002969 to the scheduler group, service = {{(pid=95649) join /opt/stack/nova/nova/servicegroup/drivers/db.py:44}}
Jun 16 16:38:45.842734 np0000002969 nova-scheduler[95651]: DEBUG nova.service [None req-0f755e3a-c735-4fa6-9fd8-3bcb85a7420e None None] Join ServiceGroup membership for this service scheduler {{(pid=95651) start /opt/stack/nova/nova/service.py:222}}
Jun 16 16:38:45.843029 np0000002969 nova-scheduler[95651]: DEBUG nova.servicegroup.drivers.db [None req-0f755e3a-c735-4fa6-9fd8-3bcb85a7420e None None] DB_Driver: join new ServiceGroup member np0000002969 to the scheduler group, service = {{(pid=95651) join /opt/stack/nova/nova/servicegroup/drivers/db.py:44}}
Jun 16 16:38:45.855308 np0000002969 nova-scheduler[95653]: DEBUG nova.service [None req-02836d2f-0d97-4dfc-b535-55db90bfb177 None None] Join ServiceGroup membership for this service scheduler {{(pid=95653) start /opt/stack/nova/nova/service.py:222}}
Jun 16 16:38:45.855676 np0000002969 nova-scheduler[95653]: DEBUG nova.servicegroup.drivers.db [None req-02836d2f-0d97-4dfc-b535-55db90bfb177 None None] DB_Driver: join new ServiceGroup member np0000002969 to the scheduler group, service = {{(pid=95653) join /opt/stack/nova/nova/servicegroup/drivers/db.py:44}}
Jun 16 16:38:50.854773 np0000002969 nova-scheduler[95649]: DEBUG oslo.service.backend._threading.loopingcall [-] Fixed interval looping call 'nova.servicegroup.drivers.db.DbDriver._report_state' sleeping for 119.99 seconds {{(pid=95649) _run_loop /opt/stack/data/venv/lib/python3.12/site-packages/oslo_service/backend/_threading/loopingcall.py:125}}
Jun 16 16:38:50.861047 np0000002969 nova-scheduler[95651]: DEBUG oslo.service.backend._threading.loopingcall [-] Fixed interval looping call 'nova.servicegroup.drivers.db.DbDriver._report_state' sleeping for 119.99 seconds {{(pid=95651) _run_loop /opt/stack/data/venv/lib/python3.12/site-packages/oslo_service/backend/_threading/loopingcall.py:125}}
Jun 16 16:38:50.867905 np0000002969 nova-scheduler[95653]: DEBUG oslo.service.backend._threading.loopingcall [-] Fixed interval looping call 'nova.servicegroup.drivers.db.DbDriver._report_state' sleeping for 119.99 seconds {{(pid=95653) _run_loop /opt/stack/data/venv/lib/python3.12/site-packages/oslo_service/backend/_threading/loopingcall.py:125}}
Jun 16 16:38:54.358113 np0000002969 nova-scheduler[94457]: DEBUG dbcounter [-] [94457] Writing DB stats nova_api:SELECT=3 {{(pid=94457) stat_writer /opt/stack/data/venv/lib/python3.12/site-packages/dbcounter.py:115}}
Jun 16 16:38:54.504875 np0000002969 nova-scheduler[94457]: DEBUG dbcounter [-] [94457] Writing DB stats nova_cell0:SELECT=1 {{(pid=94457) stat_writer /opt/stack/data/venv/lib/python3.12/site-packages/dbcounter.py:115}}
Jun 16 16:38:54.515572 np0000002969 nova-scheduler[94457]: DEBUG dbcounter [-] [94457] Writing DB stats nova_cell1:SELECT=1 {{(pid=94457) stat_writer /opt/stack/data/venv/lib/python3.12/site-packages/dbcounter.py:115}}
Jun 16 16:38:55.841206 np0000002969 nova-scheduler[95649]: DEBUG oslo.service.backend._threading.loopingcall [None req-52910625-29bb-4e25-85e3-fd02a2c823f7 None None] Dynamic interval looping call 'nova.service.Service.periodic_tasks' sleeping for 60.00 seconds {{(pid=95649) _run_loop /opt/stack/data/venv/lib/python3.12/site-packages/oslo_service/backend/_threading/loopingcall.py:125}}
Jun 16 16:39:00.848967 np0000002969 nova-scheduler[95649]: DEBUG dbcounter [-] [95649] Writing DB stats nova_cell0:SELECT=4,nova_cell0:INSERT=1,nova_cell0:UPDATE=1 {{(pid=95649) stat_writer /opt/stack/data/venv/lib/python3.12/site-packages/dbcounter.py:115}}
Jun 16 16:39:00.856325 np0000002969 nova-scheduler[95651]: DEBUG dbcounter [-] [95651] Writing DB stats nova_cell0:SELECT=3 {{(pid=95651) stat_writer /opt/stack/data/venv/lib/python3.12/site-packages/dbcounter.py:115}}
Jun 16 16:39:00.865004 np0000002969 nova-scheduler[95653]: DEBUG dbcounter [-] [95653] Writing DB stats nova_cell0:SELECT=3 {{(pid=95653) stat_writer /opt/stack/data/venv/lib/python3.12/site-packages/dbcounter.py:115}}
Jun 16 16:39:18.858095 np0000002969 nova-scheduler[95653]: DEBUG oslo.service.backend._threading.loopingcall [None req-a74fd439-928c-4f70-8581-3837d98fd2cc None None] Dynamic interval looping call 'nova.service.Service.periodic_tasks' sleeping for 60.00 seconds {{(pid=95653) _run_loop /opt/stack/data/venv/lib/python3.12/site-packages/oslo_service/backend/_threading/loopingcall.py:125}}
Jun 16 16:39:32.846774 np0000002969 nova-scheduler[95651]: DEBUG oslo.service.backend._threading.loopingcall [None req-5e162861-d522-4f53-a524-29c4293f2457 None None] Dynamic interval looping call 'nova.service.Service.periodic_tasks' sleeping for 60.00 seconds {{(pid=95651) _run_loop /opt/stack/data/venv/lib/python3.12/site-packages/oslo_service/backend/_threading/loopingcall.py:125}}
Jun 16 16:39:55.841672 np0000002969 nova-scheduler[95649]: DEBUG oslo.service.backend._threading.loopingcall [None req-52910625-29bb-4e25-85e3-fd02a2c823f7 None None] Dynamic interval looping call 'nova.service.Service.periodic_tasks' sleeping for 60.00 seconds {{(pid=95649) _run_loop /opt/stack/data/venv/lib/python3.12/site-packages/oslo_service/backend/_threading/loopingcall.py:125}}
Jun 16 16:40:18.858691 np0000002969 nova-scheduler[95653]: DEBUG oslo.service.backend._threading.loopingcall [None req-a74fd439-928c-4f70-8581-3837d98fd2cc None None] Dynamic interval looping call 'nova.service.Service.periodic_tasks' sleeping for 60.00 seconds {{(pid=95653) _run_loop /opt/stack/data/venv/lib/python3.12/site-packages/oslo_service/backend/_threading/loopingcall.py:125}}
Jun 16 16:40:32.847397 np0000002969 nova-scheduler[95651]: DEBUG oslo.service.backend._threading.loopingcall [None req-5e162861-d522-4f53-a524-29c4293f2457 None None] Dynamic interval looping call 'nova.service.Service.periodic_tasks' sleeping for 60.00 seconds {{(pid=95651) _run_loop /opt/stack/data/venv/lib/python3.12/site-packages/oslo_service/backend/_threading/loopingcall.py:125}}
Jun 16 16:40:50.854655 np0000002969 nova-scheduler[95649]: DEBUG oslo.service.backend._threading.loopingcall [-] Fixed interval looping call 'nova.servicegroup.drivers.db.DbDriver._report_state' sleeping for 119.99 seconds {{(pid=95649) _run_loop /opt/stack/data/venv/lib/python3.12/site-packages/oslo_service/backend/_threading/loopingcall.py:125}}
Jun 16 16:40:50.855666 np0000002969 nova-scheduler[95651]: DEBUG oslo.service.backend._threading.loopingcall [-] Fixed interval looping call 'nova.servicegroup.drivers.db.DbDriver._report_state' sleeping for 119.99 seconds {{(pid=95651) _run_loop /opt/stack/data/venv/lib/python3.12/site-packages/oslo_service/backend/_threading/loopingcall.py:125}}
Jun 16 16:40:50.861566 np0000002969 nova-scheduler[95653]: DEBUG oslo.service.backend._threading.loopingcall [-] Fixed interval looping call 'nova.servicegroup.drivers.db.DbDriver._report_state' sleeping for 120.00 seconds {{(pid=95653) _run_loop /opt/stack/data/venv/lib/python3.12/site-packages/oslo_service/backend/_threading/loopingcall.py:125}}
Jun 16 16:40:55.842148 np0000002969 nova-scheduler[95649]: DEBUG oslo.service.backend._threading.loopingcall [None req-52910625-29bb-4e25-85e3-fd02a2c823f7 None None] Dynamic interval looping call 'nova.service.Service.periodic_tasks' sleeping for 60.00 seconds {{(pid=95649) _run_loop /opt/stack/data/venv/lib/python3.12/site-packages/oslo_service/backend/_threading/loopingcall.py:125}}
Jun 16 16:41:00.848239 np0000002969 nova-scheduler[95649]: DEBUG dbcounter [-] [95649] Writing DB stats nova_cell0:SELECT=1,nova_cell0:UPDATE=1 {{(pid=95649) stat_writer /opt/stack/data/venv/lib/python3.12/site-packages/dbcounter.py:115}}
Jun 16 16:41:00.854519 np0000002969 nova-scheduler[95651]: DEBUG dbcounter [-] [95651] Writing DB stats nova_cell0:SELECT=1,nova_cell0:UPDATE=1 {{(pid=95651) stat_writer /opt/stack/data/venv/lib/python3.12/site-packages/dbcounter.py:115}}
Jun 16 16:41:00.859941 np0000002969 nova-scheduler[95653]: DEBUG dbcounter [-] [95653] Writing DB stats nova_cell0:SELECT=1 {{(pid=95653) stat_writer /opt/stack/data/venv/lib/python3.12/site-packages/dbcounter.py:115}}
Jun 16 16:41:18.859186 np0000002969 nova-scheduler[95653]: DEBUG oslo.service.backend._threading.loopingcall [None req-a74fd439-928c-4f70-8581-3837d98fd2cc None None] Dynamic interval looping call 'nova.service.Service.periodic_tasks' sleeping for 60.00 seconds {{(pid=95653) _run_loop /opt/stack/data/venv/lib/python3.12/site-packages/oslo_service/backend/_threading/loopingcall.py:125}}
Jun 16 16:41:32.847939 np0000002969 nova-scheduler[95651]: DEBUG oslo.service.backend._threading.loopingcall [None req-5e162861-d522-4f53-a524-29c4293f2457 None None] Dynamic interval looping call 'nova.service.Service.periodic_tasks' sleeping for 60.00 seconds {{(pid=95651) _run_loop /opt/stack/data/venv/lib/python3.12/site-packages/oslo_service/backend/_threading/loopingcall.py:125}}
Jun 16 16:41:44.010877 np0000002969 nova-scheduler[95649]: DEBUG nova.scheduler.manager [None req-a10b7726-c530-48cb-b10d-fb6a5eb984a7 tempest-ServerBootFromVolumeStableRescueTest-1353837406 tempest-ServerBootFromVolumeStableRescueTest-1353837406-project-member] Starting to schedule for instances: ['2aea2b78-3297-454c-b1d8-e1571e12e710'] {{(pid=95649) select_destinations /opt/stack/nova/nova/scheduler/manager.py:210}}
Jun 16 16:41:44.012108 np0000002969 nova-scheduler[95649]: DEBUG nova.scheduler.request_filter [None req-a10b7726-c530-48cb-b10d-fb6a5eb984a7 tempest-ServerBootFromVolumeStableRescueTest-1353837406 tempest-ServerBootFromVolumeStableRescueTest-1353837406-project-member] compute_status_filter request filter added forbidden trait COMPUTE_STATUS_DISABLED {{(pid=95649) compute_status_filter /opt/stack/nova/nova/scheduler/request_filter.py:253}}
Jun 16 16:41:44.012334 np0000002969 nova-scheduler[95649]: DEBUG nova.scheduler.request_filter [None req-a10b7726-c530-48cb-b10d-fb6a5eb984a7 tempest-ServerBootFromVolumeStableRescueTest-1353837406 tempest-ServerBootFromVolumeStableRescueTest-1353837406-project-member] Request filter 'compute_status_filter' took 0.0 seconds {{(pid=95649) wrapper /opt/stack/nova/nova/scheduler/request_filter.py:46}}
Jun 16 16:41:44.012654 np0000002969 nova-scheduler[95649]: DEBUG nova.scheduler.request_filter [None req-a10b7726-c530-48cb-b10d-fb6a5eb984a7 tempest-ServerBootFromVolumeStableRescueTest-1353837406 tempest-ServerBootFromVolumeStableRescueTest-1353837406-project-member] Request filter 'accelerators_filter' took 0.0 seconds {{(pid=95649) wrapper /opt/stack/nova/nova/scheduler/request_filter.py:46}}
Jun 16 16:41:44.013083 np0000002969 nova-scheduler[95649]: DEBUG nova.scheduler.request_filter [None req-a10b7726-c530-48cb-b10d-fb6a5eb984a7 tempest-ServerBootFromVolumeStableRescueTest-1353837406 tempest-ServerBootFromVolumeStableRescueTest-1353837406-project-member] Request filter 'packed_virtqueue_filter' took 0.0 seconds {{(pid=95649) wrapper /opt/stack/nova/nova/scheduler/request_filter.py:46}}
Jun 16 16:41:44.013453 np0000002969 nova-scheduler[95649]: DEBUG nova.scheduler.request_filter [None req-a10b7726-c530-48cb-b10d-fb6a5eb984a7 tempest-ServerBootFromVolumeStableRescueTest-1353837406 tempest-ServerBootFromVolumeStableRescueTest-1353837406-project-member] Request filter 'remote_managed_ports_filter' took 0.0 seconds {{(pid=95649) wrapper /opt/stack/nova/nova/scheduler/request_filter.py:46}}
Jun 16 16:41:44.014116 np0000002969 nova-scheduler[95649]: DEBUG nova.scheduler.request_filter [None req-a10b7726-c530-48cb-b10d-fb6a5eb984a7 tempest-ServerBootFromVolumeStableRescueTest-1353837406 tempest-ServerBootFromVolumeStableRescueTest-1353837406-project-member] ephemeral_encryption_filter skipped {{(pid=95649) ephemeral_encryption_filter /opt/stack/nova/nova/scheduler/request_filter.py:426}}
Jun 16 16:41:44.014389 np0000002969 nova-scheduler[95649]: DEBUG nova.scheduler.request_filter [None req-a10b7726-c530-48cb-b10d-fb6a5eb984a7 tempest-ServerBootFromVolumeStableRescueTest-1353837406 tempest-ServerBootFromVolumeStableRescueTest-1353837406-project-member] virtio_sound_filter skipped {{(pid=95649) virtio_sound_filter /opt/stack/nova/nova/scheduler/request_filter.py:460}}
Jun 16 16:41:44.016907 np0000002969 nova-scheduler[95649]: DEBUG nova.scheduler.request_filter [None req-a10b7726-c530-48cb-b10d-fb6a5eb984a7 tempest-ServerBootFromVolumeStableRescueTest-1353837406 tempest-ServerBootFromVolumeStableRescueTest-1353837406-project-member] tpm_secret_security_filter skipped {{(pid=95649) tpm_secret_security_filter /opt/stack/nova/nova/scheduler/request_filter.py:477}}
Jun 16 16:41:44.076753 np0000002969 nova-scheduler[95651]: DEBUG nova.scheduler.manager [None req-aa98ca4e-99d4-4b6c-aa67-31d02fdd1859 tempest-DeleteServersTestJSON-1116919405 tempest-DeleteServersTestJSON-1116919405-project-member] Starting to schedule for instances: ['005768ed-8341-492d-9ee8-524d5631099d'] {{(pid=95651) select_destinations /opt/stack/nova/nova/scheduler/manager.py:210}}
Jun 16 16:41:44.077679 np0000002969 nova-scheduler[95651]: DEBUG nova.scheduler.request_filter [None req-aa98ca4e-99d4-4b6c-aa67-31d02fdd1859 tempest-DeleteServersTestJSON-1116919405 tempest-DeleteServersTestJSON-1116919405-project-member] compute_status_filter request filter added forbidden trait COMPUTE_STATUS_DISABLED {{(pid=95651) compute_status_filter /opt/stack/nova/nova/scheduler/request_filter.py:253}}
Jun 16 16:41:44.077797 np0000002969 nova-scheduler[95651]: DEBUG nova.scheduler.request_filter [None req-aa98ca4e-99d4-4b6c-aa67-31d02fdd1859 tempest-DeleteServersTestJSON-1116919405 tempest-DeleteServersTestJSON-1116919405-project-member] Request filter 'compute_status_filter' took 0.0 seconds {{(pid=95651) wrapper /opt/stack/nova/nova/scheduler/request_filter.py:46}}
Jun 16 16:41:44.078073 np0000002969 nova-scheduler[95651]: DEBUG nova.scheduler.request_filter [None req-aa98ca4e-99d4-4b6c-aa67-31d02fdd1859 tempest-DeleteServersTestJSON-1116919405 tempest-DeleteServersTestJSON-1116919405-project-member] Request filter 'accelerators_filter' took 0.0 seconds {{(pid=95651) wrapper /opt/stack/nova/nova/scheduler/request_filter.py:46}}
Jun 16 16:41:44.078330 np0000002969 nova-scheduler[95651]: DEBUG nova.scheduler.request_filter [None req-aa98ca4e-99d4-4b6c-aa67-31d02fdd1859 tempest-DeleteServersTestJSON-1116919405 tempest-DeleteServersTestJSON-1116919405-project-member] Request filter 'packed_virtqueue_filter' took 0.0 seconds {{(pid=95651) wrapper /opt/stack/nova/nova/scheduler/request_filter.py:46}}
Jun 16 16:41:44.078719 np0000002969 nova-scheduler[95651]: DEBUG nova.scheduler.request_filter [None req-aa98ca4e-99d4-4b6c-aa67-31d02fdd1859 tempest-DeleteServersTestJSON-1116919405 tempest-DeleteServersTestJSON-1116919405-project-member] Request filter 'remote_managed_ports_filter' took 0.0 seconds {{(pid=95651) wrapper /opt/stack/nova/nova/scheduler/request_filter.py:46}}
Jun 16 16:41:44.078922 np0000002969 nova-scheduler[95651]: DEBUG nova.scheduler.request_filter [None req-aa98ca4e-99d4-4b6c-aa67-31d02fdd1859 tempest-DeleteServersTestJSON-1116919405 tempest-DeleteServersTestJSON-1116919405-project-member] ephemeral_encryption_filter skipped {{(pid=95651) ephemeral_encryption_filter /opt/stack/nova/nova/scheduler/request_filter.py:426}}
Jun 16 16:41:44.079122 np0000002969 nova-scheduler[95651]: DEBUG nova.scheduler.request_filter [None req-aa98ca4e-99d4-4b6c-aa67-31d02fdd1859 tempest-DeleteServersTestJSON-1116919405 tempest-DeleteServersTestJSON-1116919405-project-member] virtio_sound_filter skipped {{(pid=95651) virtio_sound_filter /opt/stack/nova/nova/scheduler/request_filter.py:460}}
Jun 16 16:41:44.079567 np0000002969 nova-scheduler[95651]: DEBUG nova.scheduler.request_filter [None req-aa98ca4e-99d4-4b6c-aa67-31d02fdd1859 tempest-DeleteServersTestJSON-1116919405 tempest-DeleteServersTestJSON-1116919405-project-member] tpm_secret_security_filter skipped {{(pid=95651) tpm_secret_security_filter /opt/stack/nova/nova/scheduler/request_filter.py:477}}
Jun 16 16:41:44.553172 np0000002969 nova-scheduler[95651]: INFO nova.utils [None req-aa98ca4e-99d4-4b6c-aa67-31d02fdd1859 tempest-DeleteServersTestJSON-1116919405 tempest-DeleteServersTestJSON-1116919405-project-member] The cell worker thread pool ForkProcess-2.cell_worker is initialized
Jun 16 16:41:44.553723 np0000002969 nova-scheduler[95651]: DEBUG oslo_concurrency.lockutils [None req-aa98ca4e-99d4-4b6c-aa67-31d02fdd1859 tempest-DeleteServersTestJSON-1116919405 tempest-DeleteServersTestJSON-1116919405-project-member] Acquiring lock "8d63bd01-8ceb-4045-9479-8507346eae2c" by "nova.context.set_target_cell..get_or_set_cached_cell_and_set_connections" {{(pid=95651) inner /opt/stack/data/venv/lib/python3.12/site-packages/oslo_concurrency/lockutils.py:511}}
Jun 16 16:41:44.553723 np0000002969 nova-scheduler[95651]: DEBUG oslo_concurrency.lockutils [None req-aa98ca4e-99d4-4b6c-aa67-31d02fdd1859 tempest-DeleteServersTestJSON-1116919405 tempest-DeleteServersTestJSON-1116919405-project-member] Lock "8d63bd01-8ceb-4045-9479-8507346eae2c" acquired by "nova.context.set_target_cell..get_or_set_cached_cell_and_set_connections" :: waited 0.000s {{(pid=95651) inner /opt/stack/data/venv/lib/python3.12/site-packages/oslo_concurrency/lockutils.py:524}}
Jun 16 16:41:44.554883 np0000002969 nova-scheduler[95651]: DEBUG oslo_concurrency.lockutils [None req-aa98ca4e-99d4-4b6c-aa67-31d02fdd1859 tempest-DeleteServersTestJSON-1116919405 tempest-DeleteServersTestJSON-1116919405-project-member] Lock "8d63bd01-8ceb-4045-9479-8507346eae2c" "released" by "nova.context.set_target_cell..get_or_set_cached_cell_and_set_connections" :: held 0.001s {{(pid=95651) inner /opt/stack/data/venv/lib/python3.12/site-packages/oslo_concurrency/lockutils.py:543}}
Jun 16 16:41:44.556434 np0000002969 nova-scheduler[95651]: INFO dbcounter [None req-aa98ca4e-99d4-4b6c-aa67-31d02fdd1859 tempest-DeleteServersTestJSON-1116919405 tempest-DeleteServersTestJSON-1116919405-project-member] Registered counter for database nova_cell1
Jun 16 16:41:44.611299 np0000002969 nova-scheduler[95651]: DEBUG oslo_db.sqlalchemy.engines [None req-aa98ca4e-99d4-4b6c-aa67-31d02fdd1859 tempest-DeleteServersTestJSON-1116919405 tempest-DeleteServersTestJSON-1116919405-project-member] MySQL server mode set to STRICT_TRANS_TABLES,STRICT_ALL_TABLES,NO_ZERO_IN_DATE,NO_ZERO_DATE,ERROR_FOR_DIVISION_BY_ZERO,TRADITIONAL,NO_ENGINE_SUBSTITUTION {{(pid=95651) _check_effective_sql_mode /opt/stack/data/venv/lib/python3.12/site-packages/oslo_db/sqlalchemy/engines.py:325}}
Jun 16 16:41:44.614802 np0000002969 nova-scheduler[95651]: DEBUG dbcounter [-] [95651] Writer thread running {{(pid=95651) stat_writer /opt/stack/data/venv/lib/python3.12/site-packages/dbcounter.py:102}}
Jun 16 16:41:44.638029 np0000002969 nova-scheduler[95651]: DEBUG oslo_db.sqlalchemy.engines [None req-aa98ca4e-99d4-4b6c-aa67-31d02fdd1859 tempest-DeleteServersTestJSON-1116919405 tempest-DeleteServersTestJSON-1116919405-project-member] Parent process 94457 forked (95651) with an open database connection, which is being discarded and recreated. {{(pid=95651) checkout /opt/stack/data/venv/lib/python3.12/site-packages/oslo_db/sqlalchemy/engines.py:402}}
Jun 16 16:41:44.673018 np0000002969 nova-scheduler[95649]: INFO nova.utils [None req-a10b7726-c530-48cb-b10d-fb6a5eb984a7 tempest-ServerBootFromVolumeStableRescueTest-1353837406 tempest-ServerBootFromVolumeStableRescueTest-1353837406-project-member] The cell worker thread pool ForkProcess-1.cell_worker is initialized
Jun 16 16:41:44.673442 np0000002969 nova-scheduler[95649]: DEBUG oslo_concurrency.lockutils [None req-a10b7726-c530-48cb-b10d-fb6a5eb984a7 tempest-ServerBootFromVolumeStableRescueTest-1353837406 tempest-ServerBootFromVolumeStableRescueTest-1353837406-project-member] Acquiring lock "8d63bd01-8ceb-4045-9479-8507346eae2c" by "nova.context.set_target_cell..get_or_set_cached_cell_and_set_connections" {{(pid=95649) inner /opt/stack/data/venv/lib/python3.12/site-packages/oslo_concurrency/lockutils.py:511}}
Jun 16 16:41:44.674018 np0000002969 nova-scheduler[95649]: DEBUG oslo_concurrency.lockutils [None req-a10b7726-c530-48cb-b10d-fb6a5eb984a7 tempest-ServerBootFromVolumeStableRescueTest-1353837406 tempest-ServerBootFromVolumeStableRescueTest-1353837406-project-member] Lock "8d63bd01-8ceb-4045-9479-8507346eae2c" acquired by "nova.context.set_target_cell..get_or_set_cached_cell_and_set_connections" :: waited 0.000s {{(pid=95649) inner /opt/stack/data/venv/lib/python3.12/site-packages/oslo_concurrency/lockutils.py:524}}
Jun 16 16:41:44.676463 np0000002969 nova-scheduler[95649]: DEBUG oslo_concurrency.lockutils [None req-a10b7726-c530-48cb-b10d-fb6a5eb984a7 tempest-ServerBootFromVolumeStableRescueTest-1353837406 tempest-ServerBootFromVolumeStableRescueTest-1353837406-project-member] Lock "8d63bd01-8ceb-4045-9479-8507346eae2c" "released" by "nova.context.set_target_cell..get_or_set_cached_cell_and_set_connections" :: held 0.002s {{(pid=95649) inner /opt/stack/data/venv/lib/python3.12/site-packages/oslo_concurrency/lockutils.py:543}}
Jun 16 16:41:44.679155 np0000002969 nova-scheduler[95649]: INFO dbcounter [None req-a10b7726-c530-48cb-b10d-fb6a5eb984a7 tempest-ServerBootFromVolumeStableRescueTest-1353837406 tempest-ServerBootFromVolumeStableRescueTest-1353837406-project-member] Registered counter for database nova_cell1
Jun 16 16:41:44.680996 np0000002969 nova-scheduler[95651]: DEBUG dbcounter [-] [95651] Writer thread running {{(pid=95651) stat_writer /opt/stack/data/venv/lib/python3.12/site-packages/dbcounter.py:102}}
Jun 16 16:41:44.693653 np0000002969 nova-scheduler[95651]: DEBUG oslo_concurrency.lockutils [None req-aa98ca4e-99d4-4b6c-aa67-31d02fdd1859 tempest-DeleteServersTestJSON-1116919405 tempest-DeleteServersTestJSON-1116919405-project-member] Acquiring lock "8d63bd01-8ceb-4045-9479-8507346eae2c" by "nova.context.set_target_cell..get_or_set_cached_cell_and_set_connections" {{(pid=95651) inner /opt/stack/data/venv/lib/python3.12/site-packages/oslo_concurrency/lockutils.py:511}}
Jun 16 16:41:44.693834 np0000002969 nova-scheduler[95651]: DEBUG oslo_concurrency.lockutils [None req-aa98ca4e-99d4-4b6c-aa67-31d02fdd1859 tempest-DeleteServersTestJSON-1116919405 tempest-DeleteServersTestJSON-1116919405-project-member] Lock "8d63bd01-8ceb-4045-9479-8507346eae2c" acquired by "nova.context.set_target_cell..get_or_set_cached_cell_and_set_connections" :: waited 0.000s {{(pid=95651) inner /opt/stack/data/venv/lib/python3.12/site-packages/oslo_concurrency/lockutils.py:524}}
Jun 16 16:41:44.694065 np0000002969 nova-scheduler[95651]: DEBUG oslo_concurrency.lockutils [None req-aa98ca4e-99d4-4b6c-aa67-31d02fdd1859 tempest-DeleteServersTestJSON-1116919405 tempest-DeleteServersTestJSON-1116919405-project-member] Lock "8d63bd01-8ceb-4045-9479-8507346eae2c" "released" by "nova.context.set_target_cell..get_or_set_cached_cell_and_set_connections" :: held 0.000s {{(pid=95651) inner /opt/stack/data/venv/lib/python3.12/site-packages/oslo_concurrency/lockutils.py:543}}
Jun 16 16:41:44.698514 np0000002969 nova-scheduler[95651]: DEBUG oslo_concurrency.lockutils [None req-aa98ca4e-99d4-4b6c-aa67-31d02fdd1859 tempest-DeleteServersTestJSON-1116919405 tempest-DeleteServersTestJSON-1116919405-project-member] Acquiring lock "('np0000002969', 'np0000002969')" by "nova.scheduler.host_manager.HostState.update.._locked_update" {{(pid=95651) inner /opt/stack/data/venv/lib/python3.12/site-packages/oslo_concurrency/lockutils.py:511}}
Jun 16 16:41:44.698711 np0000002969 nova-scheduler[95651]: DEBUG oslo_concurrency.lockutils [None req-aa98ca4e-99d4-4b6c-aa67-31d02fdd1859 tempest-DeleteServersTestJSON-1116919405 tempest-DeleteServersTestJSON-1116919405-project-member] Lock "('np0000002969', 'np0000002969')" acquired by "nova.scheduler.host_manager.HostState.update.._locked_update" :: waited 0.000s {{(pid=95651) inner /opt/stack/data/venv/lib/python3.12/site-packages/oslo_concurrency/lockutils.py:524}}
Jun 16 16:41:44.699905 np0000002969 nova-scheduler[95651]: DEBUG nova.scheduler.host_manager [None req-aa98ca4e-99d4-4b6c-aa67-31d02fdd1859 tempest-DeleteServersTestJSON-1116919405 tempest-DeleteServersTestJSON-1116919405-project-member] Update host state from compute node: ComputeNode(cpu_allocation_ratio=4.0,cpu_info='{"arch": "x86_64", "model": "EPYC-Milan", "vendor": "AMD", "topology": {"cells": 1, "sockets": 12, "cores": 1, "threads": 1}, "maxphysaddr": {"mode": "emulate", "bits": 40}, "features": ["svme-addr-chk", "cmp_legacy", "sse", "avx", "clwb", "movbe", "tsc-scale", "tsc", "mca", "de", "rdrand", "syscall", "adx", "mmx", "pse", "stibp", "arat", "bmi2", "lahf_lm", "fma", "rdpid", "popcnt", "tsc-deadline", "flushbyasid", "vpclmulqdq", "ssse3", "sse4.2", "xsaves", "nx", "nrip-save", "f16c", "v-vmsave-vmload", "vme", "xsaveerptr", "pku", "cr8legacy", "erms", "rdtscp", "pclmuldq", "sep", "sse4a", "msr", "fpu", "cx16", "pae", "fxsr", "sha-ni", "sse2", "smap", "lfence-always-serializing", "osvw", "amd-psfd", "pat", "pfthreshold", "ssbd", "stibp-always-on", "xgetbv1", "apic", "lbrv", "cx8", "amd-stibp", "mds-no", "spec-ctrl", "cmov", "pause-filter", "perfctr_core", "fsgsbase", "clflushopt", "virt-ssbd", "pcid", "pni", "mmxext", "rdseed", "pse36", "umip", "npt", "null-sel-clr-base", "vgif", "no-nested-data-bp", "arch-capabilities", "avx2", "amd-ssbd", "topoext", "pdpe1gb", "xsaveopt", "rdctl-no", "mce", "ibrs", "misalignsse", "hypervisor", "clflush", "ibpb", "smep", "mtrr", "sse4.1", "svm", "aes", "invpcid", "pge", "vmcb-clean", "bmi1", "fxsr_opt", "lm", "pschange-mc-no", "xsave", "vaes", "fsrm", "wbnoinvd", "clzero", "xsavec", "x2apic", "gds-no", "abm", "3dnowprefetch", "skip-l1dfl-vmentry", "tsc_adjust"]}',created_at=2026-06-16T16:39:12Z,current_workload=0,deleted=False,deleted_at=None,disk_allocation_ratio=1.0,disk_available_least=74,free_disk_gb=95,free_ram_mb=23518,host='np0000002969',host_ip=10.4.3.38,hypervisor_hostname='np0000002969',hypervisor_type='QEMU',hypervisor_version=8002002,id=1,local_gb=95,local_gb_used=0,mapped=1,memory_mb=24030,memory_mb_used=512,metrics='[]',numa_topology='{"nova_object.name": "NUMATopology", "nova_object.namespace": "nova", "nova_object.version": "1.2", "nova_object.data": {"cells": [{"nova_object.name": "NUMACell", "nova_object.namespace": "nova", "nova_object.version": "1.5", "nova_object.data": {"id": 0, "cpuset": [0, 1, 2, 3, 4, 5, 6, 7, 8, 9, 10, 11], "pcpuset": [0, 1, 2, 3, 4, 5, 6, 7, 8, 9, 10, 11], "memory": 24030, "cpu_usage": 0, "memory_usage": 0, "pinned_cpus": [], "siblings": [[6], [2], [5], [11], [8], [4], [1], [7], [10], [0], [3], [9]], "mempages": [{"nova_object.name": "NUMAPagesTopology", "nova_object.namespace": "nova", "nova_object.version": "1.1", "nova_object.data": {"size_kb": 4, "total": 6151798, "used": 0, "reserved": 0}, "nova_object.changes": ["reserved", "total", "used", "size_kb"]}, {"nova_object.name": "NUMAPagesTopology", "nova_object.namespace": "nova", "nova_object.version": "1.1", "nova_object.data": {"size_kb": 2048, "total": 0, "used": 0, "reserved": 0}, "nova_object.changes": ["reserved", "total", "used", "size_kb"]}, {"nova_object.name": "NUMAPagesTopology", "nova_object.namespace": "nova", "nova_object.version": "1.1", "nova_object.data": {"size_kb": 1048576, "total": 0, "used": 0, "reserved": 0}, "nova_object.changes": ["reserved", "total", "used", "size_kb"]}], "network_metadata": {"nova_object.name": "NetworkMetadata", "nova_object.namespace": "nova", "nova_object.version": "1.0", "nova_object.data": {"physnets": [], "tunneled": false}, "nova_object.changes": ["physnets", "tunneled"]}, "socket": null}, "nova_object.changes": ["memory_usage", "socket", "memory", "cpu_usage", "siblings", "pcpuset", "cpuset", "id", "network_metadata", "mempages", "pinned_cpus"]}]}, "nova_object.changes": ["cells"]}',pci_device_pools=PciDevicePoolList,ram_allocation_ratio=1.0,running_vms=0,service_id=3,stats={failed_builds='0',uptime=' 16:40:57 up 25 min, 2 users, load average: 1.29, 1.38, 0.83
Jun 16 16:41:44.699905 np0000002969 nova-scheduler[95651]: '},supported_hv_specs=[HVSpec,HVSpec,HVSpec,HVSpec,HVSpec,HVSpec,HVSpec,HVSpec,HVSpec,HVSpec,HVSpec,HVSpec,HVSpec,HVSpec,HVSpec,HVSpec,HVSpec,HVSpec,HVSpec,HVSpec,HVSpec,HVSpec,HVSpec,HVSpec,HVSpec],updated_at=2026-06-16T16:40:59Z,uuid=cb620354-0fad-4e6e-92be-47324ad1ba0d,vcpus=12,vcpus_used=0) {{(pid=95651) _locked_update /opt/stack/nova/nova/scheduler/host_manager.py:168}}
Jun 16 16:41:44.700722 np0000002969 nova-scheduler[95651]: DEBUG nova.scheduler.host_manager [None req-aa98ca4e-99d4-4b6c-aa67-31d02fdd1859 tempest-DeleteServersTestJSON-1116919405 tempest-DeleteServersTestJSON-1116919405-project-member] Update host state with aggregates: [] {{(pid=95651) _locked_update /opt/stack/nova/nova/scheduler/host_manager.py:171}}
Jun 16 16:41:44.700844 np0000002969 nova-scheduler[95651]: DEBUG nova.scheduler.host_manager [None req-aa98ca4e-99d4-4b6c-aa67-31d02fdd1859 tempest-DeleteServersTestJSON-1116919405 tempest-DeleteServersTestJSON-1116919405-project-member] Update host state with service dict: {'id': 3, 'uuid': 'b982f647-8320-46f4-8135-011b2b5cee44', 'host': 'np0000002969', 'binary': 'nova-compute', 'topic': 'compute', 'report_count': 2, 'disabled': False, 'disabled_reason': None, 'last_seen_up': datetime.datetime(2026, 6, 16, 16, 41, 20, tzinfo=datetime.timezone.utc), 'forced_down': False, 'version': 72, 'created_at': datetime.datetime(2026, 6, 16, 16, 39, 10, tzinfo=datetime.timezone.utc), 'updated_at': datetime.datetime(2026, 6, 16, 16, 41, 20, tzinfo=datetime.timezone.utc), 'deleted_at': None, 'deleted': False} {{(pid=95651) _locked_update /opt/stack/nova/nova/scheduler/host_manager.py:174}}
Jun 16 16:41:44.701028 np0000002969 nova-scheduler[95651]: DEBUG nova.scheduler.host_manager [None req-aa98ca4e-99d4-4b6c-aa67-31d02fdd1859 tempest-DeleteServersTestJSON-1116919405 tempest-DeleteServersTestJSON-1116919405-project-member] Update host state with instances: [] {{(pid=95651) _locked_update /opt/stack/nova/nova/scheduler/host_manager.py:177}}
Jun 16 16:41:44.701114 np0000002969 nova-scheduler[95651]: DEBUG oslo_concurrency.lockutils [None req-aa98ca4e-99d4-4b6c-aa67-31d02fdd1859 tempest-DeleteServersTestJSON-1116919405 tempest-DeleteServersTestJSON-1116919405-project-member] Lock "('np0000002969', 'np0000002969')" "released" by "nova.scheduler.host_manager.HostState.update.._locked_update" :: held 0.002s {{(pid=95651) inner /opt/stack/data/venv/lib/python3.12/site-packages/oslo_concurrency/lockutils.py:543}}
Jun 16 16:41:44.701975 np0000002969 nova-scheduler[95651]: DEBUG nova.filters [None req-aa98ca4e-99d4-4b6c-aa67-31d02fdd1859 tempest-DeleteServersTestJSON-1116919405 tempest-DeleteServersTestJSON-1116919405-project-member] Starting with 1 host(s) {{(pid=95651) get_filtered_objects /opt/stack/nova/nova/filters.py:70}}
Jun 16 16:41:44.702190 np0000002969 nova-scheduler[95651]: DEBUG nova.filters [None req-aa98ca4e-99d4-4b6c-aa67-31d02fdd1859 tempest-DeleteServersTestJSON-1116919405 tempest-DeleteServersTestJSON-1116919405-project-member] Filter ComputeFilter returned 1 host(s) {{(pid=95651) get_filtered_objects /opt/stack/nova/nova/filters.py:102}}
Jun 16 16:41:44.702323 np0000002969 nova-scheduler[95651]: DEBUG nova.filters [None req-aa98ca4e-99d4-4b6c-aa67-31d02fdd1859 tempest-DeleteServersTestJSON-1116919405 tempest-DeleteServersTestJSON-1116919405-project-member] Filter ComputeCapabilitiesFilter returned 1 host(s) {{(pid=95651) get_filtered_objects /opt/stack/nova/nova/filters.py:102}}
Jun 16 16:41:44.702553 np0000002969 nova-scheduler[95651]: DEBUG nova.filters [None req-aa98ca4e-99d4-4b6c-aa67-31d02fdd1859 tempest-DeleteServersTestJSON-1116919405 tempest-DeleteServersTestJSON-1116919405-project-member] Filter ImagePropertiesFilter returned 1 host(s) {{(pid=95651) get_filtered_objects /opt/stack/nova/nova/filters.py:102}}
Jun 16 16:41:44.702683 np0000002969 nova-scheduler[95651]: DEBUG nova.filters [None req-aa98ca4e-99d4-4b6c-aa67-31d02fdd1859 tempest-DeleteServersTestJSON-1116919405 tempest-DeleteServersTestJSON-1116919405-project-member] Filter ServerGroupAntiAffinityFilter returned 1 host(s) {{(pid=95651) get_filtered_objects /opt/stack/nova/nova/filters.py:102}}
Jun 16 16:41:44.702791 np0000002969 nova-scheduler[95651]: DEBUG nova.filters [None req-aa98ca4e-99d4-4b6c-aa67-31d02fdd1859 tempest-DeleteServersTestJSON-1116919405 tempest-DeleteServersTestJSON-1116919405-project-member] Filter ServerGroupAffinityFilter returned 1 host(s) {{(pid=95651) get_filtered_objects /opt/stack/nova/nova/filters.py:102}}
Jun 16 16:41:44.702912 np0000002969 nova-scheduler[95651]: DEBUG nova.filters [None req-aa98ca4e-99d4-4b6c-aa67-31d02fdd1859 tempest-DeleteServersTestJSON-1116919405 tempest-DeleteServersTestJSON-1116919405-project-member] Filter SameHostFilter returned 1 host(s) {{(pid=95651) get_filtered_objects /opt/stack/nova/nova/filters.py:102}}
Jun 16 16:41:44.703039 np0000002969 nova-scheduler[95651]: DEBUG nova.filters [None req-aa98ca4e-99d4-4b6c-aa67-31d02fdd1859 tempest-DeleteServersTestJSON-1116919405 tempest-DeleteServersTestJSON-1116919405-project-member] Filter DifferentHostFilter returned 1 host(s) {{(pid=95651) get_filtered_objects /opt/stack/nova/nova/filters.py:102}}
Jun 16 16:41:44.703344 np0000002969 nova-scheduler[95651]: DEBUG nova.scheduler.manager [None req-aa98ca4e-99d4-4b6c-aa67-31d02fdd1859 tempest-DeleteServersTestJSON-1116919405 tempest-DeleteServersTestJSON-1116919405-project-member] Filtered [(np0000002969, np0000002969) ram: 23518MB disk: 75776MB io_ops: 0 instances: 0, allocation_candidates: 1] {{(pid=95651) _get_sorted_hosts /opt/stack/nova/nova/scheduler/manager.py:743}}
Jun 16 16:41:44.703678 np0000002969 nova-scheduler[95651]: DEBUG nova.scheduler.manager [None req-aa98ca4e-99d4-4b6c-aa67-31d02fdd1859 tempest-DeleteServersTestJSON-1116919405 tempest-DeleteServersTestJSON-1116919405-project-member] Weighed [WeighedHost [host: (np0000002969, np0000002969) ram: 23518MB disk: 75776MB io_ops: 0 instances: 0, allocation_candidates: 1, weight: 0.0]] {{(pid=95651) _get_sorted_hosts /opt/stack/nova/nova/scheduler/manager.py:765}}
Jun 16 16:41:44.703856 np0000002969 nova-scheduler[95651]: DEBUG nova.scheduler.utils [None req-aa98ca4e-99d4-4b6c-aa67-31d02fdd1859 tempest-DeleteServersTestJSON-1116919405 tempest-DeleteServersTestJSON-1116919405-project-member] Attempting to claim resources in the placement API for instance 005768ed-8341-492d-9ee8-524d5631099d {{(pid=95651) claim_resources /opt/stack/nova/nova/scheduler/utils.py:1345}}
Jun 16 16:41:44.735930 np0000002969 nova-scheduler[95649]: DEBUG oslo_db.sqlalchemy.engines [None req-a10b7726-c530-48cb-b10d-fb6a5eb984a7 tempest-ServerBootFromVolumeStableRescueTest-1353837406 tempest-ServerBootFromVolumeStableRescueTest-1353837406-project-member] MySQL server mode set to STRICT_TRANS_TABLES,STRICT_ALL_TABLES,NO_ZERO_IN_DATE,NO_ZERO_DATE,ERROR_FOR_DIVISION_BY_ZERO,TRADITIONAL,NO_ENGINE_SUBSTITUTION {{(pid=95649) _check_effective_sql_mode /opt/stack/data/venv/lib/python3.12/site-packages/oslo_db/sqlalchemy/engines.py:325}}
Jun 16 16:41:44.750967 np0000002969 nova-scheduler[95649]: DEBUG dbcounter [-] [95649] Writer thread running {{(pid=95649) stat_writer /opt/stack/data/venv/lib/python3.12/site-packages/dbcounter.py:102}}
Jun 16 16:41:44.817910 np0000002969 nova-scheduler[95649]: DEBUG dbcounter [-] [95649] Writer thread running {{(pid=95649) stat_writer /opt/stack/data/venv/lib/python3.12/site-packages/dbcounter.py:102}}
Jun 16 16:41:44.825767 np0000002969 nova-scheduler[95649]: DEBUG oslo_concurrency.lockutils [None req-a10b7726-c530-48cb-b10d-fb6a5eb984a7 tempest-ServerBootFromVolumeStableRescueTest-1353837406 tempest-ServerBootFromVolumeStableRescueTest-1353837406-project-member] Acquiring lock "8d63bd01-8ceb-4045-9479-8507346eae2c" by "nova.context.set_target_cell..get_or_set_cached_cell_and_set_connections" {{(pid=95649) inner /opt/stack/data/venv/lib/python3.12/site-packages/oslo_concurrency/lockutils.py:511}}
Jun 16 16:41:44.826513 np0000002969 nova-scheduler[95649]: DEBUG oslo_concurrency.lockutils [None req-a10b7726-c530-48cb-b10d-fb6a5eb984a7 tempest-ServerBootFromVolumeStableRescueTest-1353837406 tempest-ServerBootFromVolumeStableRescueTest-1353837406-project-member] Lock "8d63bd01-8ceb-4045-9479-8507346eae2c" acquired by "nova.context.set_target_cell..get_or_set_cached_cell_and_set_connections" :: waited 0.000s {{(pid=95649) inner /opt/stack/data/venv/lib/python3.12/site-packages/oslo_concurrency/lockutils.py:524}}
Jun 16 16:41:44.826513 np0000002969 nova-scheduler[95649]: DEBUG oslo_concurrency.lockutils [None req-a10b7726-c530-48cb-b10d-fb6a5eb984a7 tempest-ServerBootFromVolumeStableRescueTest-1353837406 tempest-ServerBootFromVolumeStableRescueTest-1353837406-project-member] Lock "8d63bd01-8ceb-4045-9479-8507346eae2c" "released" by "nova.context.set_target_cell..get_or_set_cached_cell_and_set_connections" :: held 0.000s {{(pid=95649) inner /opt/stack/data/venv/lib/python3.12/site-packages/oslo_concurrency/lockutils.py:543}}
Jun 16 16:41:44.830747 np0000002969 nova-scheduler[95649]: DEBUG oslo_concurrency.lockutils [None req-a10b7726-c530-48cb-b10d-fb6a5eb984a7 tempest-ServerBootFromVolumeStableRescueTest-1353837406 tempest-ServerBootFromVolumeStableRescueTest-1353837406-project-member] Acquiring lock "('np0000002969', 'np0000002969')" by "nova.scheduler.host_manager.HostState.update.._locked_update" {{(pid=95649) inner /opt/stack/data/venv/lib/python3.12/site-packages/oslo_concurrency/lockutils.py:511}}
Jun 16 16:41:44.832077 np0000002969 nova-scheduler[95649]: DEBUG oslo_concurrency.lockutils [None req-a10b7726-c530-48cb-b10d-fb6a5eb984a7 tempest-ServerBootFromVolumeStableRescueTest-1353837406 tempest-ServerBootFromVolumeStableRescueTest-1353837406-project-member] Lock "('np0000002969', 'np0000002969')" acquired by "nova.scheduler.host_manager.HostState.update.._locked_update" :: waited 0.000s {{(pid=95649) inner /opt/stack/data/venv/lib/python3.12/site-packages/oslo_concurrency/lockutils.py:524}}
