Jun 16 16:38:45.299992 np0000002969 devstack@neutron-api.service[89975]: DEBUG ovsdbapp.backend.ovs_idl.transaction [None req-62a1025d-e67b-4e4a-ac28-15b8cce0453b None None] Transaction caused no change {{(pid=89975) do_commit /opt/stack/data/venv/lib/python3.12/site-packages/ovsdbapp/backend/ovs_idl/transaction.py:129}}
Jun 16 16:38:48.267822 np0000002969 devstack@neutron-api.service[89975]: DEBUG futurist.periodics [-] Submitting periodic callback 'neutron.plugins.ml2.drivers.ovn.mech_driver.ovsdb.maintenance.HashRingHealthCheckPeriodics.touch_hash_ring_node' {{(pid=89975) _process_scheduled /opt/stack/data/venv/lib/python3.12/site-packages/futurist/periodics.py:784}}
Jun 16 16:38:48.268240 np0000002969 devstack@neutron-api.service[89975]: DEBUG neutron.plugins.ml2.drivers.ovn.mech_driver.ovsdb.maintenance [-] Touching Hash Ring node "4da2b3dcf98d53fa88a0d889acb997e3" from periodic health check thread {{(pid=89975) touch_hash_ring_node /opt/stack/neutron/neutron/plugins/ml2/drivers/ovn/mech_driver/ovsdb/maintenance.py:1418}}
Jun 16 16:38:49.138807 np0000002969 devstack@neutron-api.service[89974]: DEBUG futurist.periodics [-] Submitting periodic callback 'neutron.plugins.ml2.drivers.ovn.mech_driver.ovsdb.maintenance.HashRingHealthCheckPeriodics.touch_hash_ring_node' {{(pid=89974) _process_scheduled /opt/stack/data/venv/lib/python3.12/site-packages/futurist/periodics.py:784}}
Jun 16 16:38:49.139195 np0000002969 devstack@neutron-api.service[89974]: DEBUG neutron.plugins.ml2.drivers.ovn.mech_driver.ovsdb.maintenance [-] Touching Hash Ring node "cfa33cced5b653c2a3126e7086bf778a" from periodic health check thread {{(pid=89974) touch_hash_ring_node /opt/stack/neutron/neutron/plugins/ml2/drivers/ovn/mech_driver/ovsdb/maintenance.py:1418}}
Jun 16 16:38:49.375683 np0000002969 devstack@neutron-api.service[89976]: DEBUG futurist.periodics [-] Submitting periodic callback 'neutron.plugins.ml2.drivers.ovn.mech_driver.ovsdb.maintenance.HashRingHealthCheckPeriodics.touch_hash_ring_node' {{(pid=89976) _process_scheduled /opt/stack/data/venv/lib/python3.12/site-packages/futurist/periodics.py:784}}
Jun 16 16:38:49.376139 np0000002969 devstack@neutron-api.service[89976]: DEBUG neutron.plugins.ml2.drivers.ovn.mech_driver.ovsdb.maintenance [-] Touching Hash Ring node "f57f1f8b135e528db70318d5eebc1b64" from periodic health check thread {{(pid=89976) touch_hash_ring_node /opt/stack/neutron/neutron/plugins/ml2/drivers/ovn/mech_driver/ovsdb/maintenance.py:1418}}
Jun 16 16:38:58.281387 np0000002969 devstack@neutron-api.service[89975]: DEBUG dbcounter [-] [89975] Writing DB stats neutron:SELECT=3152,neutron:INSERT=729,neutron:DELETE=12,neutron:UPDATE=140 {{(pid=89975) stat_writer /opt/stack/data/venv/lib/python3.12/site-packages/dbcounter.py:115}}
Jun 16 16:38:59.148394 np0000002969 devstack@neutron-api.service[89974]: DEBUG dbcounter [-] [89974] Writing DB stats neutron:SELECT=251,neutron:INSERT=19,neutron:DELETE=5,neutron:UPDATE=18 {{(pid=89974) stat_writer /opt/stack/data/venv/lib/python3.12/site-packages/dbcounter.py:115}}
Jun 16 16:38:59.386787 np0000002969 devstack@neutron-api.service[89976]: DEBUG dbcounter [-] [89976] Writing DB stats neutron:SELECT=1940,neutron:INSERT=55,neutron:DELETE=9,neutron:UPDATE=54 {{(pid=89976) stat_writer /opt/stack/data/venv/lib/python3.12/site-packages/dbcounter.py:115}}
Jun 16 16:39:03.268331 np0000002969 devstack@neutron-api.service[89975]: DEBUG futurist.periodics [-] Submitting periodic callback 'neutron.plugins.ml2.drivers.ovn.mech_driver.ovsdb.maintenance.HashRingHealthCheckPeriodics.touch_hash_ring_node' {{(pid=89975) _process_scheduled /opt/stack/data/venv/lib/python3.12/site-packages/futurist/periodics.py:784}}
Jun 16 16:39:03.268671 np0000002969 devstack@neutron-api.service[89975]: DEBUG neutron.plugins.ml2.drivers.ovn.mech_driver.ovsdb.maintenance [-] Touching Hash Ring node "4da2b3dcf98d53fa88a0d889acb997e3" from periodic health check thread {{(pid=89975) touch_hash_ring_node /opt/stack/neutron/neutron/plugins/ml2/drivers/ovn/mech_driver/ovsdb/maintenance.py:1418}}
Jun 16 16:39:04.139859 np0000002969 devstack@neutron-api.service[89974]: DEBUG futurist.periodics [-] Submitting periodic callback 'neutron.plugins.ml2.drivers.ovn.mech_driver.ovsdb.maintenance.HashRingHealthCheckPeriodics.touch_hash_ring_node' {{(pid=89974) _process_scheduled /opt/stack/data/venv/lib/python3.12/site-packages/futurist/periodics.py:784}}
Jun 16 16:39:04.140205 np0000002969 devstack@neutron-api.service[89974]: DEBUG neutron.plugins.ml2.drivers.ovn.mech_driver.ovsdb.maintenance [-] Touching Hash Ring node "cfa33cced5b653c2a3126e7086bf778a" from periodic health check thread {{(pid=89974) touch_hash_ring_node /opt/stack/neutron/neutron/plugins/ml2/drivers/ovn/mech_driver/ovsdb/maintenance.py:1418}}
Jun 16 16:39:04.376327 np0000002969 devstack@neutron-api.service[89976]: DEBUG futurist.periodics [-] Submitting periodic callback 'neutron.plugins.ml2.drivers.ovn.mech_driver.ovsdb.maintenance.HashRingHealthCheckPeriodics.touch_hash_ring_node' {{(pid=89976) _process_scheduled /opt/stack/data/venv/lib/python3.12/site-packages/futurist/periodics.py:784}}
Jun 16 16:39:04.376726 np0000002969 devstack@neutron-api.service[89976]: DEBUG neutron.plugins.ml2.drivers.ovn.mech_driver.ovsdb.maintenance [-] Touching Hash Ring node "f57f1f8b135e528db70318d5eebc1b64" from periodic health check thread {{(pid=89976) touch_hash_ring_node /opt/stack/neutron/neutron/plugins/ml2/drivers/ovn/mech_driver/ovsdb/maintenance.py:1418}}
Jun 16 16:39:13.279113 np0000002969 devstack@neutron-api.service[89975]: DEBUG dbcounter [-] [89975] Writing DB stats neutron:UPDATE=1,neutron:SELECT=1 {{(pid=89975) stat_writer /opt/stack/data/venv/lib/python3.12/site-packages/dbcounter.py:115}}
Jun 16 16:39:14.147063 np0000002969 devstack@neutron-api.service[89974]: DEBUG dbcounter [-] [89974] Writing DB stats neutron:UPDATE=1,neutron:SELECT=1 {{(pid=89974) stat_writer /opt/stack/data/venv/lib/python3.12/site-packages/dbcounter.py:115}}
Jun 16 16:39:14.384693 np0000002969 devstack@neutron-api.service[89976]: DEBUG dbcounter [-] [89976] Writing DB stats neutron:UPDATE=1,neutron:SELECT=1 {{(pid=89976) stat_writer /opt/stack/data/venv/lib/python3.12/site-packages/dbcounter.py:115}}
Jun 16 16:39:18.268877 np0000002969 devstack@neutron-api.service[89975]: DEBUG futurist.periodics [-] Submitting periodic callback 'neutron.plugins.ml2.drivers.ovn.mech_driver.ovsdb.maintenance.HashRingHealthCheckPeriodics.touch_hash_ring_node' {{(pid=89975) _process_scheduled /opt/stack/data/venv/lib/python3.12/site-packages/futurist/periodics.py:784}}
Jun 16 16:39:18.269327 np0000002969 devstack@neutron-api.service[89975]: DEBUG neutron.plugins.ml2.drivers.ovn.mech_driver.ovsdb.maintenance [-] Touching Hash Ring node "4da2b3dcf98d53fa88a0d889acb997e3" from periodic health check thread {{(pid=89975) touch_hash_ring_node /opt/stack/neutron/neutron/plugins/ml2/drivers/ovn/mech_driver/ovsdb/maintenance.py:1418}}
Jun 16 16:39:19.140338 np0000002969 devstack@neutron-api.service[89974]: DEBUG futurist.periodics [-] Submitting periodic callback 'neutron.plugins.ml2.drivers.ovn.mech_driver.ovsdb.maintenance.HashRingHealthCheckPeriodics.touch_hash_ring_node' {{(pid=89974) _process_scheduled /opt/stack/data/venv/lib/python3.12/site-packages/futurist/periodics.py:784}}
Jun 16 16:39:19.140682 np0000002969 devstack@neutron-api.service[89974]: DEBUG neutron.plugins.ml2.drivers.ovn.mech_driver.ovsdb.maintenance [-] Touching Hash Ring node "cfa33cced5b653c2a3126e7086bf778a" from periodic health check thread {{(pid=89974) touch_hash_ring_node /opt/stack/neutron/neutron/plugins/ml2/drivers/ovn/mech_driver/ovsdb/maintenance.py:1418}}
Jun 16 16:39:19.376808 np0000002969 devstack@neutron-api.service[89976]: DEBUG futurist.periodics [-] Submitting periodic callback 'neutron.plugins.ml2.drivers.ovn.mech_driver.ovsdb.maintenance.HashRingHealthCheckPeriodics.touch_hash_ring_node' {{(pid=89976) _process_scheduled /opt/stack/data/venv/lib/python3.12/site-packages/futurist/periodics.py:784}}
Jun 16 16:39:19.377238 np0000002969 devstack@neutron-api.service[89976]: DEBUG neutron.plugins.ml2.drivers.ovn.mech_driver.ovsdb.maintenance [-] Touching Hash Ring node "f57f1f8b135e528db70318d5eebc1b64" from periodic health check thread {{(pid=89976) touch_hash_ring_node /opt/stack/neutron/neutron/plugins/ml2/drivers/ovn/mech_driver/ovsdb/maintenance.py:1418}}
Jun 16 16:39:28.276566 np0000002969 devstack@neutron-api.service[89975]: DEBUG dbcounter [-] [89975] Writing DB stats neutron:UPDATE=1,neutron:SELECT=1 {{(pid=89975) stat_writer /opt/stack/data/venv/lib/python3.12/site-packages/dbcounter.py:115}}
Jun 16 16:39:29.147063 np0000002969 devstack@neutron-api.service[89974]: DEBUG dbcounter [-] [89974] Writing DB stats neutron:UPDATE=1,neutron:SELECT=1 {{(pid=89974) stat_writer /opt/stack/data/venv/lib/python3.12/site-packages/dbcounter.py:115}}
Jun 16 16:39:29.383544 np0000002969 devstack@neutron-api.service[89976]: DEBUG dbcounter [-] [89976] Writing DB stats neutron:UPDATE=1,neutron:SELECT=1 {{(pid=89976) stat_writer /opt/stack/data/venv/lib/python3.12/site-packages/dbcounter.py:115}}
Jun 16 16:39:33.269477 np0000002969 devstack@neutron-api.service[89975]: DEBUG futurist.periodics [-] Submitting periodic callback 'neutron.plugins.ml2.drivers.ovn.mech_driver.ovsdb.maintenance.HashRingHealthCheckPeriodics.touch_hash_ring_node' {{(pid=89975) _process_scheduled /opt/stack/data/venv/lib/python3.12/site-packages/futurist/periodics.py:784}}
Jun 16 16:39:33.269889 np0000002969 devstack@neutron-api.service[89975]: DEBUG neutron.plugins.ml2.drivers.ovn.mech_driver.ovsdb.maintenance [-] Touching Hash Ring node "4da2b3dcf98d53fa88a0d889acb997e3" from periodic health check thread {{(pid=89975) touch_hash_ring_node /opt/stack/neutron/neutron/plugins/ml2/drivers/ovn/mech_driver/ovsdb/maintenance.py:1418}}
Jun 16 16:39:34.140945 np0000002969 devstack@neutron-api.service[89974]: DEBUG futurist.periodics [-] Submitting periodic callback 'neutron.plugins.ml2.drivers.ovn.mech_driver.ovsdb.maintenance.HashRingHealthCheckPeriodics.touch_hash_ring_node' {{(pid=89974) _process_scheduled /opt/stack/data/venv/lib/python3.12/site-packages/futurist/periodics.py:784}}
Jun 16 16:39:34.141440 np0000002969 devstack@neutron-api.service[89974]: DEBUG neutron.plugins.ml2.drivers.ovn.mech_driver.ovsdb.maintenance [-] Touching Hash Ring node "cfa33cced5b653c2a3126e7086bf778a" from periodic health check thread {{(pid=89974) touch_hash_ring_node /opt/stack/neutron/neutron/plugins/ml2/drivers/ovn/mech_driver/ovsdb/maintenance.py:1418}}
Jun 16 16:39:34.377279 np0000002969 devstack@neutron-api.service[89976]: DEBUG futurist.periodics [-] Submitting periodic callback 'neutron.plugins.ml2.drivers.ovn.mech_driver.ovsdb.maintenance.HashRingHealthCheckPeriodics.touch_hash_ring_node' {{(pid=89976) _process_scheduled /opt/stack/data/venv/lib/python3.12/site-packages/futurist/periodics.py:784}}
Jun 16 16:39:34.377819 np0000002969 devstack@neutron-api.service[89976]: DEBUG neutron.plugins.ml2.drivers.ovn.mech_driver.ovsdb.maintenance [-] Touching Hash Ring node "f57f1f8b135e528db70318d5eebc1b64" from periodic health check thread {{(pid=89976) touch_hash_ring_node /opt/stack/neutron/neutron/plugins/ml2/drivers/ovn/mech_driver/ovsdb/maintenance.py:1418}}
Jun 16 16:39:43.276951 np0000002969 devstack@neutron-api.service[89975]: DEBUG dbcounter [-] [89975] Writing DB stats neutron:UPDATE=1,neutron:SELECT=1 {{(pid=89975) stat_writer /opt/stack/data/venv/lib/python3.12/site-packages/dbcounter.py:115}}
Jun 16 16:39:44.149071 np0000002969 devstack@neutron-api.service[89974]: DEBUG dbcounter [-] [89974] Writing DB stats neutron:UPDATE=1,neutron:SELECT=1 {{(pid=89974) stat_writer /opt/stack/data/venv/lib/python3.12/site-packages/dbcounter.py:115}}
Jun 16 16:39:44.383773 np0000002969 devstack@neutron-api.service[89976]: DEBUG dbcounter [-] [89976] Writing DB stats neutron:UPDATE=1,neutron:SELECT=1 {{(pid=89976) stat_writer /opt/stack/data/venv/lib/python3.12/site-packages/dbcounter.py:115}}
Jun 16 16:39:46.066029 np0000002969 devstack@neutron-api.service[89976]: DEBUG neutron.api.wsgi [None req-6d2d9ff9-a7e5-46d8-8d60-72cdd5731923 admin admin] Missing Content-Type {{(pid=89976) get_content_type /opt/stack/neutron/neutron/api/wsgi.py:80}}
Jun 16 16:39:46.066529 np0000002969 devstack@neutron-api.service[89976]: DEBUG neutron.api.wsgi [None req-6d2d9ff9-a7e5-46d8-8d60-72cdd5731923 admin admin] https://10.4.3.38/networking/v2.0/extensions returned with HTTP 200 {{(pid=89976) __call__ /opt/stack/neutron/neutron/api/wsgi.py:540}}
Jun 16 16:39:46.066768 np0000002969 devstack@neutron-api.service[89976]: [pid: 89976|app: 0|req: 11/34] 10.4.3.38 () {64 vars in 1285 bytes} [Tue Jun 16 16:39:46 2026] GET /networking/v2.0/extensions => generated 15873 bytes in 3 msecs (HTTP/1.1 200) 4 headers in 159 bytes (1 switches on core 0)
Jun 16 16:39:46.334391 np0000002969 devstack@neutron-api.service[89975]: INFO neutron.pecan_wsgi.hooks.translation [None req-78464649-f330-4fd3-b58c-781bc5c59946 admin admin] GET failed (client error): The resource could not be found.
Jun 16 16:39:46.335081 np0000002969 devstack@neutron-api.service[89975]: [pid: 89975|app: 0|req: 13/35] 10.4.3.38 () {64 vars in 1287 bytes} [Tue Jun 16 16:39:46 2026] GET /networking/v2.0/networks/public => generated 108 bytes in 9 msecs (HTTP/1.1 404) 4 headers in 164 bytes (1 switches on core 0)
Jun 16 16:39:46.378584 np0000002969 devstack@neutron-api.service[89974]: DEBUG neutron.pecan_wsgi.hooks.policy_enforcement [None req-7e3e33cd-596a-40ab-8690-1b4a5367e4d1 admin admin] Attributes excluded by policy engine: ['standard_attr_id'] {{(pid=89974) _exclude_attributes_by_policy /opt/stack/neutron/neutron/pecan_wsgi/hooks/policy_enforcement.py:259}}
Jun 16 16:39:46.379733 np0000002969 devstack@neutron-api.service[89974]: [pid: 89974|app: 0|req: 12/36] 10.4.3.38 () {64 vars in 1302 bytes} [Tue Jun 16 16:39:46 2026] GET /networking/v2.0/networks?name=public => generated 759 bytes in 38 msecs (HTTP/1.1 200) 4 headers in 157 bytes (1 switches on core 0)
Jun 16 16:39:46.583403 np0000002969 devstack@neutron-api.service[89976]: DEBUG neutron.api.v2.base [None req-fbcde08d-5121-494b-bede-b573a0c2b08b admin admin] Request body: {'network': {'admin_state_up': True, 'name': 'shared', 'shared': True}} {{(pid=89976) prepare_request_body /opt/stack/neutron/neutron/api/v2/base.py:727}}
Jun 16 16:39:46.597480 np0000002969 devstack@neutron-api.service[89976]: DEBUG neutron.pecan_wsgi.hooks.quota_enforcement [None req-fbcde08d-5121-494b-bede-b573a0c2b08b admin admin] Made reservation on behalf of ad4771a9022e4903ba9a24a1d017ea81 for: {'network': 1} {{(pid=89976) before /opt/stack/neutron/neutron/pecan_wsgi/hooks/quota_enforcement.py:66}}
Jun 16 16:39:46.600044 np0000002969 devstack@neutron-api.service[89976]: DEBUG neutron_lib.callbacks.manager [None req-fbcde08d-5121-494b-bede-b573a0c2b08b admin admin] Publish callbacks ['neutron.plugins.ml2.plugin.SecurityGroupDbMixin._ensure_default_security_group_handler-7030695'] for network (None), before_create {{(pid=89976) _notify_loop /opt/stack/data/venv/lib/python3.12/site-packages/neutron_lib/callbacks/manager.py:184}}
Jun 16 16:39:46.626170 np0000002969 devstack@neutron-api.service[89976]: WARNING neutron.services.revisions.revision_plugin [None req-fbcde08d-5121-494b-bede-b573a0c2b08b admin admin] Could not find related network for resource to bump revision.
Jun 16 16:39:46.651199 np0000002969 devstack@neutron-api.service[89976]: DEBUG neutron.plugins.ml2.drivers.helpers [None req-fbcde08d-5121-494b-bede-b573a0c2b08b admin admin] geneve segment allocate from pool success with {'geneve_vni': 27306} {{(pid=89976) allocate_partially_specified_segment /opt/stack/neutron/neutron/plugins/ml2/drivers/helpers.py:142}}
Jun 16 16:39:46.658406 np0000002969 devstack@neutron-api.service[89976]: DEBUG neutron_lib.callbacks.manager [None req-fbcde08d-5121-494b-bede-b573a0c2b08b admin admin] Publish callbacks ['neutron.plugins.ml2.plugin.Ml2Plugin._handle_segment_change-6772589'] for segment (17efa0b6-869d-428e-9034-45b476e560a6), precommit_create {{(pid=89976) _notify_loop /opt/stack/data/venv/lib/python3.12/site-packages/neutron_lib/callbacks/manager.py:184}}
Jun 16 16:39:46.658661 np0000002969 devstack@neutron-api.service[89976]: INFO neutron.db.segments_db [None req-fbcde08d-5121-494b-bede-b573a0c2b08b admin admin] Added segment 17efa0b6-869d-428e-9034-45b476e560a6 of type geneve for network 345b9d06-f5a5-4968-b362-33eec2fbd94b
Jun 16 16:39:46.672741 np0000002969 devstack@neutron-api.service[89976]: DEBUG neutron_lib.callbacks.manager [None req-fbcde08d-5121-494b-bede-b573a0c2b08b admin admin] Publish callbacks ['neutron.services.auto_allocate.db._ensure_external_network_default_value_callback-7952755267758'] for network (345b9d06-f5a5-4968-b362-33eec2fbd94b), precommit_create {{(pid=89976) _notify_loop /opt/stack/data/venv/lib/python3.12/site-packages/neutron_lib/callbacks/manager.py:184}}
Jun 16 16:39:46.686229 np0000002969 devstack@neutron-api.service[89976]: DEBUG neutron.plugins.ml2.drivers.ovn.mech_driver.mech_driver [None req-fbcde08d-5121-494b-bede-b573a0c2b08b admin admin] Validating network segment with type geneve, segmentation ID 27306, physical network None {{(pid=89976) _validate_network_segments /opt/stack/neutron/neutron/plugins/ml2/drivers/ovn/mech_driver/mech_driver.py:643}}
Jun 16 16:39:46.686381 np0000002969 devstack@neutron-api.service[89976]: DEBUG neutron.db.ovn_revision_numbers_db [None req-fbcde08d-5121-494b-bede-b573a0c2b08b admin admin] create_initial_revision uuid=345b9d06-f5a5-4968-b362-33eec2fbd94b, type=networks, rev=-1 {{(pid=89976) create_initial_revision /opt/stack/neutron/neutron/db/ovn_revision_numbers_db.py:98}}
Jun 16 16:39:46.694976 np0000002969 devstack@neutron-api.service[89976]: DEBUG neutron_lib.callbacks.manager [None req-fbcde08d-5121-494b-bede-b573a0c2b08b admin admin] Publish callbacks ['neutron.plugins.ml2.ovo_rpc._ObjectChangeHandler.handle_event-1723582'] for network (345b9d06-f5a5-4968-b362-33eec2fbd94b), after_create {{(pid=89976) _notify_loop /opt/stack/data/venv/lib/python3.12/site-packages/neutron_lib/callbacks/manager.py:184}}
Jun 16 16:39:46.713115 np0000002969 devstack@neutron-api.service[89976]: DEBUG neutron.api.rpc.handlers.resources_rpc [None req-fbcde08d-5121-494b-bede-b573a0c2b08b admin admin] Pushing event updated for resources: {'Network': ['ID=345b9d06-f5a5-4968-b362-33eec2fbd94b,revision_number=1']} {{(pid=89976) push /opt/stack/neutron/neutron/api/rpc/handlers/resources_rpc.py:237}}
Jun 16 16:39:46.718620 np0000002969 devstack@neutron-api.service[89976]: DEBUG ovsdbapp.backend.ovs_idl.transaction [None req-725b5d5e-4569-47ad-8119-9fa6a8c39a39 None None] Running txn n=1 command(idx=0): CheckLivenessCommand(_result=None) {{(pid=89976) do_commit /opt/stack/data/venv/lib/python3.12/site-packages/ovsdbapp/backend/ovs_idl/transaction.py:89}}
Jun 16 16:39:46.725012 np0000002969 devstack@neutron-api.service[89976]: DEBUG neutron.plugins.ml2.drivers.ovn.mech_driver.ovsdb.ovsdb_monitor [None req-d78dc6cf-1e63-4283-8a5d-e1778839e96d None None] ChassisAgentWriteEvent : Matched Chassis_Private, update, None None {{(pid=89976) matches /opt/stack/neutron/neutron/plugins/ml2/drivers/ovn/mech_driver/ovsdb/ovsdb_monitor.py:64}}
Jun 16 16:39:46.725150 np0000002969 devstack@neutron-api.service[89974]: DEBUG neutron.plugins.ml2.drivers.ovn.mech_driver.ovsdb.ovsdb_monitor [None req-47aba8fb-1877-4e2e-8d9e-e7c53d60cccd None None] ChassisAgentWriteEvent : Matched Chassis_Private, update, None None {{(pid=89974) matches /opt/stack/neutron/neutron/plugins/ml2/drivers/ovn/mech_driver/ovsdb/ovsdb_monitor.py:64}}
Jun 16 16:39:46.725271 np0000002969 devstack@neutron-api.service[89975]: DEBUG neutron.plugins.ml2.drivers.ovn.mech_driver.ovsdb.ovsdb_monitor [None req-8d32582f-2bdc-4cd0-b988-3bac9ab77a3c None None] ChassisAgentWriteEvent : Matched Chassis_Private, update, None None {{(pid=89975) matches /opt/stack/neutron/neutron/plugins/ml2/drivers/ovn/mech_driver/ovsdb/ovsdb_monitor.py:64}}
Jun 16 16:39:46.729793 np0000002969 devstack@neutron-api.service[89976]: DEBUG neutron.common.ovn.hash_ring_manager [None req-725b5d5e-4569-47ad-8119-9fa6a8c39a39 None None] Hash Ring loaded. 3 active nodes. 0 offline nodes {{(pid=89976) _load_hash_ring /opt/stack/neutron/neutron/common/ovn/hash_ring_manager.py:102}}
Jun 16 16:39:46.732619 np0000002969 devstack@neutron-api.service[89976]: DEBUG neutron.common.ovn.hash_ring_manager [None req-d78dc6cf-1e63-4283-8a5d-e1778839e96d None None] Hash Ring loaded. 3 active nodes. 0 offline nodes {{(pid=89976) _load_hash_ring /opt/stack/neutron/neutron/common/ovn/hash_ring_manager.py:102}}
Jun 16 16:39:46.733512 np0000002969 devstack@neutron-api.service[89975]: DEBUG neutron.common.ovn.hash_ring_manager [None req-62a1025d-e67b-4e4a-ac28-15b8cce0453b None None] Hash Ring loaded. 3 active nodes. 0 offline nodes {{(pid=89975) _load_hash_ring /opt/stack/neutron/neutron/common/ovn/hash_ring_manager.py:102}}
Jun 16 16:39:46.733913 np0000002969 devstack@neutron-api.service[89975]: DEBUG neutron.plugins.ml2.drivers.ovn.mech_driver.ovsdb.ovsdb_monitor [None req-62a1025d-e67b-4e4a-ac28-15b8cce0453b None None] Hash Ring: Node 4da2b3dcf98d53fa88a0d889acb997e3 (host: np0000002969) handling event "update" for row 6d060bcc-a466-4139-bd30-12c36313148e (table: NB_Global) {{(pid=89975) notify /opt/stack/neutron/neutron/plugins/ml2/drivers/ovn/mech_driver/ovsdb/ovsdb_monitor.py:1015}}
Jun 16 16:39:46.734631 np0000002969 devstack@neutron-api.service[89975]: DEBUG neutron.plugins.ml2.drivers.ovn.mech_driver.ovsdb.ovsdb_monitor [None req-62a1025d-e67b-4e4a-ac28-15b8cce0453b None None] Hash Ring: Node 4da2b3dcf98d53fa88a0d889acb997e3 (host: np0000002969) handling event "update" for row 6d060bcc-a466-4139-bd30-12c36313148e (table: NB_Global) {{(pid=89975) notify /opt/stack/neutron/neutron/plugins/ml2/drivers/ovn/mech_driver/ovsdb/ovsdb_monitor.py:1015}}
Jun 16 16:39:46.734995 np0000002969 devstack@neutron-api.service[89975]: DEBUG neutron.common.ovn.hash_ring_manager [None req-8d32582f-2bdc-4cd0-b988-3bac9ab77a3c None None] Hash Ring loaded. 3 active nodes. 0 offline nodes {{(pid=89975) _load_hash_ring /opt/stack/neutron/neutron/common/ovn/hash_ring_manager.py:102}}
Jun 16 16:39:46.735390 np0000002969 devstack@neutron-api.service[89974]: DEBUG neutron.common.ovn.hash_ring_manager [None req-47aba8fb-1877-4e2e-8d9e-e7c53d60cccd None None] Hash Ring loaded. 3 active nodes. 0 offline nodes {{(pid=89974) _load_hash_ring /opt/stack/neutron/neutron/common/ovn/hash_ring_manager.py:102}}
Jun 16 16:39:46.735486 np0000002969 devstack@neutron-api.service[89975]: DEBUG neutron.plugins.ml2.drivers.ovn.mech_driver.ovsdb.ovsdb_monitor [None req-62a1025d-e67b-4e4a-ac28-15b8cce0453b None None] Hash Ring: Node 4da2b3dcf98d53fa88a0d889acb997e3 (host: np0000002969) handling event "update" for row 6d060bcc-a466-4139-bd30-12c36313148e (table: NB_Global) {{(pid=89975) notify /opt/stack/neutron/neutron/plugins/ml2/drivers/ovn/mech_driver/ovsdb/ovsdb_monitor.py:1015}}
Jun 16 16:39:46.735644 np0000002969 devstack@neutron-api.service[89974]: DEBUG neutron.plugins.ml2.drivers.ovn.mech_driver.ovsdb.ovsdb_monitor [None req-47aba8fb-1877-4e2e-8d9e-e7c53d60cccd None None] Hash Ring: Node cfa33cced5b653c2a3126e7086bf778a (host: np0000002969) handling event "update" for row 8c6a8894-7c9c-4026-b9a5-a739c6151c45 (table: Chassis_Private) {{(pid=89974) notify /opt/stack/neutron/neutron/plugins/ml2/drivers/ovn/mech_driver/ovsdb/ovsdb_monitor.py:1015}}
Jun 16 16:39:46.735938 np0000002969 devstack@neutron-api.service[89975]: DEBUG neutron.plugins.ml2.drivers.ovn.mech_driver.ovsdb.ovsdb_monitor [None req-62a1025d-e67b-4e4a-ac28-15b8cce0453b None None] Hash Ring: Node 4da2b3dcf98d53fa88a0d889acb997e3 (host: np0000002969) handling event "update" for row 6d060bcc-a466-4139-bd30-12c36313148e (table: NB_Global) {{(pid=89975) notify /opt/stack/neutron/neutron/plugins/ml2/drivers/ovn/mech_driver/ovsdb/ovsdb_monitor.py:1015}}
Jun 16 16:39:46.737127 np0000002969 devstack@neutron-api.service[89974]: DEBUG neutron.common.ovn.hash_ring_manager [None req-970e4390-ea45-49a7-85eb-d4953c6a62cb None None] Hash Ring loaded. 3 active nodes. 0 offline nodes {{(pid=89974) _load_hash_ring /opt/stack/neutron/neutron/common/ovn/hash_ring_manager.py:102}}
Jun 16 16:39:46.742243 np0000002969 devstack@neutron-api.service[89976]: DEBUG ovsdbapp.backend.ovs_idl.transaction [None req-725b5d5e-4569-47ad-8119-9fa6a8c39a39 None None] Running txn n=1 command(idx=0): AddNetworkCommand(_result=None, network_uuid=345b9d06-f5a5-4968-b362-33eec2fbd94b, may_exist=True, columns={'external_ids': {'neutron:network_name': 'shared', 'neutron:mtu': '1372', 'neutron:revision_number': '1', 'neutron:availability_zone_hints': '', 'neutron:provnet-network-type': 'geneve'}, 'other_config': {'mcast_snoop': 'false', 'mcast_flood_unregistered': 'false', 'vlan-passthru': 'false'}}) {{(pid=89976) do_commit /opt/stack/data/venv/lib/python3.12/site-packages/ovsdbapp/backend/ovs_idl/transaction.py:89}}
Jun 16 16:39:46.744702 np0000002969 devstack@neutron-api.service[89976]: DEBUG neutron.plugins.ml2.drivers.ovn.mech_driver.ovsdb.ovsdb_monitor [None req-725b5d5e-4569-47ad-8119-9fa6a8c39a39 None None] Hash Ring: Node f57f1f8b135e528db70318d5eebc1b64 (host: np0000002969) handling event "create" for row 345b9d06-f5a5-4968-b362-33eec2fbd94b (table: Logical_Switch) {{(pid=89976) notify /opt/stack/neutron/neutron/plugins/ml2/drivers/ovn/mech_driver/ovsdb/ovsdb_monitor.py:1015}}
Jun 16 16:39:46.747833 np0000002969 devstack@neutron-api.service[89975]: DEBUG neutron.plugins.ml2.drivers.ovn.mech_driver.ovsdb.ovsdb_monitor [None req-8d32582f-2bdc-4cd0-b988-3bac9ab77a3c None None] Hash Ring: Node 4da2b3dcf98d53fa88a0d889acb997e3 (host: np0000002969) handling event "create" for row dbc48629-47d3-4e88-8fac-0b8e710fa293 (table: Datapath_Binding) {{(pid=89975) notify /opt/stack/neutron/neutron/plugins/ml2/drivers/ovn/mech_driver/ovsdb/ovsdb_monitor.py:1015}}
Jun 16 16:39:46.767699 np0000002969 devstack@neutron-api.service[89976]: INFO neutron.db.ovn_revision_numbers_db [None req-fbcde08d-5121-494b-bede-b573a0c2b08b admin admin] Successfully bumped revision number for resource 345b9d06-f5a5-4968-b362-33eec2fbd94b (type: networks) to 1
Jun 16 16:39:46.784122 np0000002969 devstack@neutron-api.service[89976]: DEBUG neutron_lib.callbacks.manager [None req-fbcde08d-5121-494b-bede-b573a0c2b08b admin admin] Publish callbacks ['neutron.plugins.ml2.plugin.SecurityGroupDbMixin._ensure_default_security_group_handler-7030695'] for port (None), before_create {{(pid=89976) _notify_loop /opt/stack/data/venv/lib/python3.12/site-packages/neutron_lib/callbacks/manager.py:184}}
Jun 16 16:39:46.852315 np0000002969 devstack@neutron-api.service[89976]: DEBUG neutron_lib.callbacks.manager [None req-fbcde08d-5121-494b-bede-b573a0c2b08b admin admin] Publish callbacks ['neutron.plugins.ml2.drivers.ovn.mech_driver.mech_driver.OVNMechanismDriver._validate_allowed_address_pairs-84919'] for allowed_address_pair (bca1f763-cc18-49b8-b2f9-6fb1a7c50bc2), before_create {{(pid=89976) _notify_loop /opt/stack/data/venv/lib/python3.12/site-packages/neutron_lib/callbacks/manager.py:184}}
Jun 16 16:39:46.852864 np0000002969 devstack@neutron-api.service[89976]: DEBUG neutron_lib.callbacks.manager [None req-fbcde08d-5121-494b-bede-b573a0c2b08b admin admin] Publish callbacks [] for port (bca1f763-cc18-49b8-b2f9-6fb1a7c50bc2), precommit_create {{(pid=89976) _notify_loop /opt/stack/data/venv/lib/python3.12/site-packages/neutron_lib/callbacks/manager.py:184}}
Jun 16 16:39:46.853002 np0000002969 devstack@neutron-api.service[89976]: DEBUG neutron.plugins.ml2.drivers.ovn.mech_driver.mech_driver [None req-fbcde08d-5121-494b-bede-b573a0c2b08b admin admin] No provisioning block for port bca1f763-cc18-49b8-b2f9-6fb1a7c50bc2 since it does not have a host {{(pid=89976) _is_port_provisioning_required /opt/stack/neutron/neutron/plugins/ml2/drivers/ovn/mech_driver/mech_driver.py:896}}
Jun 16 16:39:46.853103 np0000002969 devstack@neutron-api.service[89976]: DEBUG neutron.db.ovn_revision_numbers_db [None req-fbcde08d-5121-494b-bede-b573a0c2b08b admin admin] create_initial_revision uuid=bca1f763-cc18-49b8-b2f9-6fb1a7c50bc2, type=ports, rev=-1 {{(pid=89976) create_initial_revision /opt/stack/neutron/neutron/db/ovn_revision_numbers_db.py:98}}
Jun 16 16:39:46.880867 np0000002969 devstack@neutron-api.service[89976]: DEBUG neutron_lib.callbacks.manager [None req-fbcde08d-5121-494b-bede-b573a0c2b08b admin admin] Publish callbacks ['neutron.plugins.ml2.ovo_rpc._ObjectChangeHandler.handle_event-1723688'] for port (bca1f763-cc18-49b8-b2f9-6fb1a7c50bc2), after_create {{(pid=89976) _notify_loop /opt/stack/data/venv/lib/python3.12/site-packages/neutron_lib/callbacks/manager.py:184}}
Jun 16 16:39:46.909216 np0000002969 devstack@neutron-api.service[89976]: DEBUG neutron.api.rpc.handlers.resources_rpc [None req-fbcde08d-5121-494b-bede-b573a0c2b08b admin admin] Pushing event updated for resources: {'Port': ['ID=bca1f763-cc18-49b8-b2f9-6fb1a7c50bc2,revision_number=1']} {{(pid=89976) push /opt/stack/neutron/neutron/api/rpc/handlers/resources_rpc.py:237}}
Jun 16 16:39:46.914639 np0000002969 devstack@neutron-api.service[89976]: DEBUG neutron.plugins.ml2.drivers.ovn.mech_driver.ovsdb.commands [None req-fbcde08d-5121-494b-bede-b573a0c2b08b admin admin] Converting tag [] to a tag_request {{(pid=89976) _tag_column_to_tag_request /opt/stack/neutron/neutron/plugins/ml2/drivers/ovn/mech_driver/ovsdb/commands.py:205}}
Jun 16 16:39:46.915258 np0000002969 devstack@neutron-api.service[89976]: DEBUG ovsdbapp.backend.ovs_idl.transaction [None req-725b5d5e-4569-47ad-8119-9fa6a8c39a39 None None] Running txn n=1 command(idx=0): AddLSwitchPortCommand(_result=None, lport=bca1f763-cc18-49b8-b2f9-6fb1a7c50bc2, lswitch=neutron-345b9d06-f5a5-4968-b362-33eec2fbd94b, may_exist=True, network_uuid=345b9d06-f5a5-4968-b362-33eec2fbd94b, columns={'addresses': ['fa:16:3e:40:bd:ec'], 'external_ids': {'neutron:port_name': '', 'neutron:device_id': 'ovnmeta-345b9d06-f5a5-4968-b362-33eec2fbd94b', 'neutron:project_id': 'ad4771a9022e4903ba9a24a1d017ea81', 'neutron:cidrs': '', 'neutron:device_owner': 'network:distributed', 'neutron:subnet_pool_addr_scope4': '', 'neutron:subnet_pool_addr_scope6': '', 'neutron:network_name': 'neutron-345b9d06-f5a5-4968-b362-33eec2fbd94b', 'neutron:security_group_ids': '', 'neutron:revision_number': '1', 'neutron:vnic_type': 'normal', 'neutron:port_capabilities': '', 'neutron:mtu': '1372'}, 'parent_name': [], 'enabled': True, 'options': {}, 'type': 'localport', 'port_security': [], 'dhcpv4_options': [], 'dhcpv6_options': [], 'tag_request': []}) {{(pid=89976) do_commit /opt/stack/data/venv/lib/python3.12/site-packages/ovsdbapp/backend/ovs_idl/transaction.py:89}}
Jun 16 16:39:46.915859 np0000002969 devstack@neutron-api.service[89976]: DEBUG ovsdbapp.backend.ovs_idl.transaction [None req-725b5d5e-4569-47ad-8119-9fa6a8c39a39 None None] Running txn n=1 command(idx=1): QoSDelCommand(_result=None, switch=neutron-345b9d06-f5a5-4968-b362-33eec2fbd94b, conditions=[('direction', '=', 'to-lport'), ('priority', '=', 2002), ('match', '=', 'outport == "bca1f763-cc18-49b8-b2f9-6fb1a7c50bc2"')], if_exists=True) {{(pid=89976) do_commit /opt/stack/data/venv/lib/python3.12/site-packages/ovsdbapp/backend/ovs_idl/transaction.py:89}}
Jun 16 16:39:46.916092 np0000002969 devstack@neutron-api.service[89976]: DEBUG ovsdbapp.backend.ovs_idl.transaction [None req-725b5d5e-4569-47ad-8119-9fa6a8c39a39 None None] Running txn n=1 command(idx=2): QoSDelCommand(_result=None, switch=neutron-345b9d06-f5a5-4968-b362-33eec2fbd94b, conditions=[('direction', '=', 'from-lport'), ('priority', '=', 2002), ('match', '=', 'inport == "bca1f763-cc18-49b8-b2f9-6fb1a7c50bc2"')], if_exists=True) {{(pid=89976) do_commit /opt/stack/data/venv/lib/python3.12/site-packages/ovsdbapp/backend/ovs_idl/transaction.py:89}}
Jun 16 16:39:46.919416 np0000002969 devstack@neutron-api.service[89976]: DEBUG neutron.plugins.ml2.drivers.ovn.mech_driver.ovsdb.ovsdb_monitor [None req-725b5d5e-4569-47ad-8119-9fa6a8c39a39 None None] Hash Ring: Node f57f1f8b135e528db70318d5eebc1b64 (host: np0000002969) handling event "update" for row 345b9d06-f5a5-4968-b362-33eec2fbd94b (table: Logical_Switch) {{(pid=89976) notify /opt/stack/neutron/neutron/plugins/ml2/drivers/ovn/mech_driver/ovsdb/ovsdb_monitor.py:1015}}
Jun 16 16:39:46.920213 np0000002969 devstack@neutron-api.service[89974]: DEBUG neutron.plugins.ml2.drivers.ovn.mech_driver.ovsdb.ovsdb_monitor [None req-970e4390-ea45-49a7-85eb-d4953c6a62cb None None] Hash Ring: Node cfa33cced5b653c2a3126e7086bf778a (host: np0000002969) handling event "create" for row edbe6026-4488-453b-a995-4d24bf05fe66 (table: Logical_Switch_Port) {{(pid=89974) notify /opt/stack/neutron/neutron/plugins/ml2/drivers/ovn/mech_driver/ovsdb/ovsdb_monitor.py:1015}}
Jun 16 16:39:46.921476 np0000002969 devstack@neutron-api.service[89974]: DEBUG ovsdbapp.backend.ovs_idl.event [None req-970e4390-ea45-49a7-85eb-d4953c6a62cb None None] Matched CREATE: LogicalSwitchPortCreateEvent(events=('create',), table='Logical_Switch_Port', conditions=[], old_conditions=None), priority=20 to row=Logical_Switch_Port(uuid=edbe6026-4488-453b-a995-4d24bf05fe66, addresses=['fa:16:3e:40:bd:ec'], dhcpv4_options=[], dhcpv6_options=[], dynamic_addresses=[], enabled=True, external_ids={'neutron:cidrs': '', 'neutron:device_id': 'ovnmeta-345b9d06-f5a5-4968-b362-33eec2fbd94b', 'neutron:device_owner': 'network:distributed', 'neutron:mtu': '1372', 'neutron:network_name': 'neutron-345b9d06-f5a5-4968-b362-33eec2fbd94b', 'neutron:port_capabilities': '', 'neutron:port_name': '', 'neutron:project_id': 'ad4771a9022e4903ba9a24a1d017ea81', 'neutron:revision_number': '1', 'neutron:security_group_ids': '', 'neutron:subnet_pool_addr_scope4': '', 'neutron:subnet_pool_addr_scope6': '', 'neutron:vnic_type': 'normal'}, ha_chassis_group=[], mirror_rules=[], name='bca1f763-cc18-49b8-b2f9-6fb1a7c50bc2', options={}, parent_name=[], port_security=[], tag=[], tag_request=[], type='localport', up=[]) old= {{(pid=89974) matches /opt/stack/data/venv/lib/python3.12/site-packages/ovsdbapp/backend/ovs_idl/event.py:55}}
Jun 16 16:39:46.922883 np0000002969 devstack@neutron-api.service[89976]: DEBUG neutron.plugins.ml2.drivers.ovn.mech_driver.ovsdb.ovsdb_monitor [None req-d78dc6cf-1e63-4283-8a5d-e1778839e96d None None] Hash Ring: Node f57f1f8b135e528db70318d5eebc1b64 (host: np0000002969) handling event "create" for row 548d91c6-fee8-4015-91f5-ac14477a7f47 (table: Port_Binding) {{(pid=89976) notify /opt/stack/neutron/neutron/plugins/ml2/drivers/ovn/mech_driver/ovsdb/ovsdb_monitor.py:1015}}
Jun 16 16:39:46.923452 np0000002969 devstack@neutron-api.service[89974]: DEBUG neutron.plugins.ml2.drivers.ovn.mech_driver.ovsdb.ovsdb_monitor [None req-970e4390-ea45-49a7-85eb-d4953c6a62cb None None] Hash Ring: Node cfa33cced5b653c2a3126e7086bf778a (host: np0000002969) handling event "update" for row edbe6026-4488-453b-a995-4d24bf05fe66 (table: Logical_Switch_Port) {{(pid=89974) notify /opt/stack/neutron/neutron/plugins/ml2/drivers/ovn/mech_driver/ovsdb/ovsdb_monitor.py:1015}}
Jun 16 16:39:46.924914 np0000002969 devstack@neutron-api.service[89974]: INFO neutron.plugins.ml2.drivers.ovn.mech_driver.mech_driver [None req-83d13e0b-204f-41db-962a-c709c2e0f122 None None] OVN reports status down for port: bca1f763-cc18-49b8-b2f9-6fb1a7c50bc2
Jun 16 16:39:46.944791 np0000002969 devstack@neutron-api.service[89974]: DEBUG neutron.db.provisioning_blocks [None req-83d13e0b-204f-41db-962a-c709c2e0f122 None None] Transition to ACTIVE for port object bca1f763-cc18-49b8-b2f9-6fb1a7c50bc2 will not be triggered until provisioned by entity L2. {{(pid=89974) add_provisioning_component /opt/stack/neutron/neutron/db/provisioning_blocks.py:74}}
Jun 16 16:39:46.948963 np0000002969 devstack@neutron-api.service[89976]: INFO neutron.db.ovn_revision_numbers_db [None req-fbcde08d-5121-494b-bede-b573a0c2b08b admin admin] Successfully bumped revision number for resource bca1f763-cc18-49b8-b2f9-6fb1a7c50bc2 (type: ports) to 1
Jun 16 16:39:46.958911 np0000002969 devstack@neutron-api.service[89976]: DEBUG neutron.pecan_wsgi.hooks.policy_enforcement [None req-fbcde08d-5121-494b-bede-b573a0c2b08b admin admin] Attributes excluded by policy engine: ['standard_attr_id'] {{(pid=89976) _exclude_attributes_by_policy /opt/stack/neutron/neutron/pecan_wsgi/hooks/policy_enforcement.py:259}}
Jun 16 16:39:46.959214 np0000002969 devstack@neutron-api.service[89976]: DEBUG neutron_lib.callbacks.manager [None req-fbcde08d-5121-494b-bede-b573a0c2b08b admin admin] Publish callbacks [] for network (None), before_response {{(pid=89976) _notify_loop /opt/stack/data/venv/lib/python3.12/site-packages/neutron_lib/callbacks/manager.py:184}}
Jun 16 16:39:46.963574 np0000002969 devstack@neutron-api.service[89974]: DEBUG neutron.plugins.ml2.plugin [None req-83d13e0b-204f-41db-962a-c709c2e0f122 None None] Current status of the port bca1f763-cc18-49b8-b2f9-6fb1a7c50bc2 is: DOWN; New status is: DOWN {{(pid=89974) _update_individual_port_db_status /opt/stack/neutron/neutron/plugins/ml2/plugin.py:2470}}
Jun 16 16:39:46.964326 np0000002969 devstack@neutron-api.service[89974]: DEBUG ovsdbapp.backend.ovs_idl.transaction [None req-970e4390-ea45-49a7-85eb-d4953c6a62cb None None] Running txn n=1 command(idx=0): DbRemoveCommand(_result=None, table=Logical_Switch_Port, record=bca1f763-cc18-49b8-b2f9-6fb1a7c50bc2, column=external_ids, values=('neutron:host_id',), keyvalues={}, if_exists=True) {{(pid=89974) do_commit /opt/stack/data/venv/lib/python3.12/site-packages/ovsdbapp/backend/ovs_idl/transaction.py:89}}
Jun 16 16:39:46.970193 np0000002969 devstack@neutron-api.service[89976]: [pid: 89976|app: 0|req: 12/37] 10.4.3.38 () {68 vars in 1319 bytes} [Tue Jun 16 16:39:46 2026] POST /networking/v2.0/networks => generated 679 bytes in 389 msecs (HTTP/1.1 201) 4 headers in 162 bytes (1 switches on core 0)
Jun 16 16:39:47.185619 np0000002969 devstack@neutron-api.service[89975]: INFO neutron.pecan_wsgi.hooks.translation [None req-2eb4a34f-1c68-4825-88c2-e03ad52ec793 admin admin] GET failed (client error): The resource could not be found.
Jun 16 16:39:47.186320 np0000002969 devstack@neutron-api.service[89975]: [pid: 89975|app: 0|req: 14/38] 10.4.3.38 () {64 vars in 1287 bytes} [Tue Jun 16 16:39:47 2026] GET /networking/v2.0/networks/shared => generated 108 bytes in 8 msecs (HTTP/1.1 404) 4 headers in 164 bytes (1 switches on core 0)
Jun 16 16:39:47.216264 np0000002969 devstack@neutron-api.service[89974]: DEBUG neutron.pecan_wsgi.hooks.policy_enforcement [None req-6ff889cc-b4c3-40a2-b33a-b4282836f829 admin admin] Attributes excluded by policy engine: ['standard_attr_id'] {{(pid=89974) _exclude_attributes_by_policy /opt/stack/neutron/neutron/pecan_wsgi/hooks/policy_enforcement.py:259}}
Jun 16 16:39:47.217234 np0000002969 devstack@neutron-api.service[89974]: [pid: 89974|app: 0|req: 13/39] 10.4.3.38 () {64 vars in 1302 bytes} [Tue Jun 16 16:39:47 2026] GET /networking/v2.0/networks?name=shared => generated 663 bytes in 24 msecs (HTTP/1.1 200) 4 headers in 157 bytes (1 switches on core 0)
Jun 16 16:39:47.231114 np0000002969 devstack@neutron-api.service[89976]: DEBUG neutron.api.v2.base [None req-6446f67a-4ccb-4880-96ab-2e8894f0eb2e admin admin] Request body: {'subnet': {'cidr': '192.168.233.0/24', 'description': 'shared-subnet', 'name': 'shared-subnet', 'network_id': '345b9d06-f5a5-4968-b362-33eec2fbd94b', 'ip_version': 4}} {{(pid=89976) prepare_request_body /opt/stack/neutron/neutron/api/v2/base.py:727}}
Jun 16 16:39:47.242848 np0000002969 devstack@neutron-api.service[89976]: DEBUG neutron.pecan_wsgi.hooks.quota_enforcement [None req-6446f67a-4ccb-4880-96ab-2e8894f0eb2e admin admin] Made reservation on behalf of ad4771a9022e4903ba9a24a1d017ea81 for: {'subnet': 1} {{(pid=89976) before /opt/stack/neutron/neutron/pecan_wsgi/hooks/quota_enforcement.py:66}}
Jun 16 16:39:47.245267 np0000002969 devstack@neutron-api.service[89976]: DEBUG neutron_lib.callbacks.manager [None req-6446f67a-4ccb-4880-96ab-2e8894f0eb2e admin admin] Publish callbacks [] for subnet (None), before_create {{(pid=89976) _notify_loop /opt/stack/data/venv/lib/python3.12/site-packages/neutron_lib/callbacks/manager.py:184}}
Jun 16 16:39:47.300487 np0000002969 devstack@neutron-api.service[89976]: DEBUG neutron.db.ovn_revision_numbers_db [None req-6446f67a-4ccb-4880-96ab-2e8894f0eb2e admin admin] create_initial_revision uuid=254daa6c-01d2-473f-95c1-34bf06a32bbb, type=subnets, rev=-1 {{(pid=89976) create_initial_revision /opt/stack/neutron/neutron/db/ovn_revision_numbers_db.py:98}}
Jun 16 16:39:47.303982 np0000002969 devstack@neutron-api.service[89976]: DEBUG neutron_lib.callbacks.manager [None req-6446f67a-4ccb-4880-96ab-2e8894f0eb2e admin admin] Publish callbacks ['neutron.plugins.ml2.ovo_rpc._ObjectChangeHandler.handle_event-1723568'] for subnet (254daa6c-01d2-473f-95c1-34bf06a32bbb), after_create {{(pid=89976) _notify_loop /opt/stack/data/venv/lib/python3.12/site-packages/neutron_lib/callbacks/manager.py:184}}
Jun 16 16:39:47.316030 np0000002969 devstack@neutron-api.service[89976]: DEBUG neutron.api.rpc.handlers.resources_rpc [None req-6446f67a-4ccb-4880-96ab-2e8894f0eb2e admin admin] Pushing event updated for resources: {'Subnet': ['ID=254daa6c-01d2-473f-95c1-34bf06a32bbb,revision_number=0']} {{(pid=89976) push /opt/stack/neutron/neutron/api/rpc/handlers/resources_rpc.py:237}}
Jun 16 16:39:47.359733 np0000002969 devstack@neutron-api.service[89976]: DEBUG neutron_lib.callbacks.manager [None req-6446f67a-4ccb-4880-96ab-2e8894f0eb2e admin admin] Publish callbacks ['neutron.plugins.ml2.plugin.SecurityGroupDbMixin._ensure_default_security_group_handler-7030695', 'neutron.services.ovn_l3.plugin.OVNL3RouterPlugin._port_update-7952755464112', 'neutron.db.l3_db.L3_NAT_dbonly_mixin._prevent_internal_ip_change_for_fip-7952756393524'] for port (bca1f763-cc18-49b8-b2f9-6fb1a7c50bc2), before_update {{(pid=89976) _notify_loop /opt/stack/data/venv/lib/python3.12/site-packages/neutron_lib/callbacks/manager.py:184}}
Jun 16 16:39:47.435965 np0000002969 devstack@neutron-api.service[89976]: DEBUG neutron.db.db_base_plugin_common [None req-6446f67a-4ccb-4880-96ab-2e8894f0eb2e admin admin] Allocated IP 192.168.233.2 (345b9d06-f5a5-4968-b362-33eec2fbd94b/254daa6c-01d2-473f-95c1-34bf06a32bbb/bca1f763-cc18-49b8-b2f9-6fb1a7c50bc2) {{(pid=89976) _store_ip_allocation /opt/stack/neutron/neutron/db/db_base_plugin_common.py:131}}
Jun 16 16:39:47.501100 np0000002969 devstack@neutron-api.service[89976]: DEBUG neutron_lib.callbacks.manager [None req-6446f67a-4ccb-4880-96ab-2e8894f0eb2e admin admin] Publish callbacks [] for port (bca1f763-cc18-49b8-b2f9-6fb1a7c50bc2), precommit_update {{(pid=89976) _notify_loop /opt/stack/data/venv/lib/python3.12/site-packages/neutron_lib/callbacks/manager.py:184}}
Jun 16 16:39:47.501227 np0000002969 devstack@neutron-api.service[89976]: DEBUG neutron.plugins.ml2.drivers.ovn.mech_driver.mech_driver [None req-6446f67a-4ccb-4880-96ab-2e8894f0eb2e admin admin] No provisioning block for port bca1f763-cc18-49b8-b2f9-6fb1a7c50bc2 since it does not have a host {{(pid=89976) _is_port_provisioning_required /opt/stack/neutron/neutron/plugins/ml2/drivers/ovn/mech_driver/mech_driver.py:896}}
Jun 16 16:39:47.511306 np0000002969 devstack@neutron-api.service[89976]: DEBUG neutron_lib.callbacks.manager [None req-6446f67a-4ccb-4880-96ab-2e8894f0eb2e admin admin] Publish callbacks ['neutron.plugins.ml2.ovo_rpc._ObjectChangeHandler.handle_event-1723688', 'neutron.services.ovn_l3.plugin.OVNL3RouterPlugin._port_update-7952755464112'] for port (bca1f763-cc18-49b8-b2f9-6fb1a7c50bc2), after_update {{(pid=89976) _notify_loop /opt/stack/data/venv/lib/python3.12/site-packages/neutron_lib/callbacks/manager.py:184}}
Jun 16 16:39:47.540247 np0000002969 devstack@neutron-api.service[89976]: DEBUG neutron.api.rpc.handlers.resources_rpc [None req-6446f67a-4ccb-4880-96ab-2e8894f0eb2e admin admin] Pushing event updated for resources: {'Port': ['ID=bca1f763-cc18-49b8-b2f9-6fb1a7c50bc2,revision_number=2']} {{(pid=89976) push /opt/stack/neutron/neutron/api/rpc/handlers/resources_rpc.py:237}}
Jun 16 16:39:47.623806 np0000002969 devstack@neutron-api.service[89976]: DEBUG neutron.plugins.ml2.drivers.ovn.mech_driver.ovsdb.commands [None req-6446f67a-4ccb-4880-96ab-2e8894f0eb2e admin admin] Converting tag [] to a tag_request {{(pid=89976) _tag_column_to_tag_request /opt/stack/neutron/neutron/plugins/ml2/drivers/ovn/mech_driver/ovsdb/commands.py:205}}
Jun 16 16:39:47.624516 np0000002969 devstack@neutron-api.service[89976]: DEBUG ovsdbapp.backend.ovs_idl.transaction [None req-725b5d5e-4569-47ad-8119-9fa6a8c39a39 None None] Running txn n=1 command(idx=0): CheckRevisionNumberCommand(_result=None, name=bca1f763-cc18-49b8-b2f9-6fb1a7c50bc2, resource={'id': 'bca1f763-cc18-49b8-b2f9-6fb1a7c50bc2', 'name': '', 'network_id': '345b9d06-f5a5-4968-b362-33eec2fbd94b', 'project_id': 'ad4771a9022e4903ba9a24a1d017ea81', 'mac_address': 'fa:16:3e:40:bd:ec', 'admin_state_up': True, 'status': 'DOWN', 'device_id': 'ovnmeta-345b9d06-f5a5-4968-b362-33eec2fbd94b', 'device_owner': 'network:distributed', 'standard_attr_id': 28, 'fixed_ips': [{'subnet_id': '254daa6c-01d2-473f-95c1-34bf06a32bbb', 'ip_address': '192.168.233.2'}], 'allowed_address_pairs': [], 'extra_dhcp_opts': [], 'security_groups': [], 'description': '', 'binding:vnic_type': 'normal', 'binding:profile': {}, 'binding:host_id': '', 'binding:vif_type': 'unbound', 'binding:vif_details': {}, 'port_security_enabled': False, 'tags': [], 'created_at': '2026-06-16T16:39:46Z', 'updated_at': '2026-06-16T16:39:47Z', 'revision_number': 2, 'tenant_id': 'ad4771a9022e4903ba9a24a1d017ea81', 'network': {'id': '345b9d06-f5a5-4968-b362-33eec2fbd94b', 'name': 'shared', 'tenant_id': 'ad4771a9022e4903ba9a24a1d017ea81', 'project_id': 'ad4771a9022e4903ba9a24a1d017ea81', 'admin_state_up': True, 'mtu': 1372, 'status': 'ACTIVE', 'subnets': ['254daa6c-01d2-473f-95c1-34bf06a32bbb'], 'standard_attr_id': 26, 'shared': True, 'availability_zone_hints': [], 'availability_zones': [], 'ipv4_address_scope': None, 'ipv6_address_scope': None, 'router:external': False, 'qinq': False, 'vlan_transparent': False, 'description': '', 'port_security_enabled': True, 'tags': [], 'created_at': '2026-06-16T16:39:46Z', 'updated_at': '2026-06-16T16:39:47Z', 'revision_number': 2, 'provider:network_type': 'geneve', 'provider:physical_network': None, 'provider:segmentation_id': 27306}}, resource_type=ports, if_exists=True) {{(pid=89976) do_commit /opt/stack/data/venv/lib/python3.12/site-packages/ovsdbapp/backend/ovs_idl/transaction.py:89}}
Jun 16 16:39:47.624738 np0000002969 devstack@neutron-api.service[89976]: DEBUG ovsdbapp.backend.ovs_idl.transaction [None req-725b5d5e-4569-47ad-8119-9fa6a8c39a39 None None] Running txn n=1 command(idx=1): AddDHCPOptionsCommand(_result=None, columns={'cidr': '192.168.233.0/24', 'options': {'server_id': '192.168.233.1', 'lease_time': '43200', 'mtu': '1372', 'router': '192.168.233.1', 'server_mac': 'fa:16:3e:9f:c6:8e', 'dns_server': '{127.0.0.53}', 'classless_static_route': '{169.254.169.254/32,192.168.233.2, 0.0.0.0/0,192.168.233.1}'}, 'external_ids': {'subnet_id': '254daa6c-01d2-473f-95c1-34bf06a32bbb', 'neutron:network_id': '345b9d06-f5a5-4968-b362-33eec2fbd94b', 'neutron:revision_number': '0'}}, may_exist=True, subnet_id=254daa6c-01d2-473f-95c1-34bf06a32bbb, port_id=None, new_insert=False) {{(pid=89976) do_commit /opt/stack/data/venv/lib/python3.12/site-packages/ovsdbapp/backend/ovs_idl/transaction.py:89}}
Jun 16 16:39:47.625012 np0000002969 devstack@neutron-api.service[89976]: DEBUG ovsdbapp.backend.ovs_idl.transaction [None req-725b5d5e-4569-47ad-8119-9fa6a8c39a39 None None] Running txn n=1 command(idx=2): SetLSwitchPortCommand(_result=None, lport=bca1f763-cc18-49b8-b2f9-6fb1a7c50bc2, external_ids_update=None, columns={'external_ids': {'neutron:port_name': '', 'neutron:device_id': 'ovnmeta-345b9d06-f5a5-4968-b362-33eec2fbd94b', 'neutron:project_id': 'ad4771a9022e4903ba9a24a1d017ea81', 'neutron:cidrs': '192.168.233.2/24', 'neutron:device_owner': 'network:distributed', 'neutron:subnet_pool_addr_scope4': '', 'neutron:subnet_pool_addr_scope6': '', 'neutron:network_name': 'neutron-345b9d06-f5a5-4968-b362-33eec2fbd94b', 'neutron:security_group_ids': '', 'neutron:revision_number': '2', 'neutron:vnic_type': 'normal', 'neutron:port_capabilities': '', 'neutron:mtu': '1372'}, 'parent_name': [], 'options': {}, 'enabled': True, 'port_security': [], 'dhcpv4_options': [], 'dhcpv6_options': [], 'type': 'localport', 'addresses': ['fa:16:3e:40:bd:ec 192.168.233.2'], 'ha_chassis_group': [], 'tag_request': []}, if_exists=False) {{(pid=89976) do_commit /opt/stack/data/venv/lib/python3.12/site-packages/ovsdbapp/backend/ovs_idl/transaction.py:89}}
Jun 16 16:39:47.625663 np0000002969 devstack@neutron-api.service[89976]: DEBUG ovsdbapp.backend.ovs_idl.transaction [None req-725b5d5e-4569-47ad-8119-9fa6a8c39a39 None None] Running txn n=1 command(idx=3): PgDelPortCommand(_result=None, port_group=neutron_pg_drop, lsp=['bca1f763-cc18-49b8-b2f9-6fb1a7c50bc2'], if_exists=False) {{(pid=89976) do_commit /opt/stack/data/venv/lib/python3.12/site-packages/ovsdbapp/backend/ovs_idl/transaction.py:89}}
Jun 16 16:39:47.635936 np0000002969 devstack@neutron-api.service[89974]: DEBUG neutron.plugins.ml2.drivers.ovn.mech_driver.ovsdb.ovsdb_monitor [None req-970e4390-ea45-49a7-85eb-d4953c6a62cb None None] Hash Ring: Node cfa33cced5b653c2a3126e7086bf778a (host: np0000002969) handling event "create" for row ca01a5fd-8e06-4b96-ad6b-b9a7af0e35e6 (table: DHCP_Options) {{(pid=89974) notify /opt/stack/neutron/neutron/plugins/ml2/drivers/ovn/mech_driver/ovsdb/ovsdb_monitor.py:1015}}
